INSERT INTO `geo_osm_ways_tags` (`id_way`, `id_tag`) VALUES
(299463655, 63),
(299463662, 63),
(299463668, 63),
(299463669, 63),
(299463673, 63),
(299463679, 63),
(299463680, 63),
(299463681, 63),
(299463685, 63),
(299463687, 63),
(299463691, 63),
(299463693, 63),
(299463707, 63),
(299463710, 63),
(299463718, 63),
(299463722, 63),
(299463725, 63),
(299463727, 63),
(299463730, 63),
(299463731, 63),
(299463737, 63),
(299463740, 63),
(299463744, 63),
(299463775, 63),
(299463796, 63),
(299463804, 63),
(299463805, 63),
(299463812, 63),
(299463815, 63),
(299463820, 63),
(299463835, 63),
(299463840, 63),
(299463841, 63),
(299463844, 63),
(299463845, 63),
(299463851, 63),
(299463857, 63),
(299463866, 63),
(299463868, 63),
(299463883, 63),
(299463884, 63),
(299463891, 63),
(299463901, 63),
(299463902, 63),
(299463903, 63),
(299463910, 63),
(299463915, 63),
(299463919, 63),
(299463996, 63),
(299464002, 63),
(299464004, 63),
(299464007, 63),
(299464018, 63),
(299464022, 63),
(299464028, 63),
(299464030, 63),
(299464038, 63),
(299464041, 63),
(299464044, 63),
(299464047, 63),
(299464051, 63),
(299464054, 63),
(299464061, 63),
(299464068, 63),
(299464071, 63),
(299464092, 63),
(299464099, 63),
(299464123, 63),
(299464126, 63),
(299464135, 63),
(299464137, 63),
(299464144, 63),
(299464146, 63),
(299464152, 63),
(299464157, 63),
(299464163, 63),
(299464166, 63),
(299464167, 63),
(299464169, 63),
(299464179, 63),
(299464185, 63),
(299464195, 63),
(299464199, 63),
(299464200, 63),
(299464207, 63),
(299464209, 63),
(299464224, 63),
(299464229, 63),
(299464231, 63),
(299464236, 63),
(299464246, 63),
(299464253, 63),
(299464260, 63),
(299464264, 63),
(299464267, 63),
(299464279, 63),
(299464282, 63),
(299464284, 63),
(299464289, 63),
(299464305, 63),
(299464309, 63),
(299464311, 63),
(299464313, 63),
(299464317, 63),
(299464326, 63),
(299464336, 63),
(299464338, 63),
(299464343, 63),
(299464354, 63),
(299464357, 63),
(299464361, 63),
(299464374, 63),
(299464376, 63),
(299464390, 63),
(299464391, 63),
(299464398, 63),
(299464399, 63),
(299464403, 63),
(299464404, 63),
(299464414, 63),
(299464429, 63),
(299464440, 63),
(299464452, 63),
(299464453, 63),
(299464459, 63),
(299464467, 63),
(299464477, 63),
(299464481, 63),
(299464491, 63),
(299464492, 63),
(299464494, 63),
(299464495, 63),
(299464502, 63),
(299464513, 63),
(299464517, 63),
(299464518, 63),
(299464533, 63),
(299464538, 63),
(299464545, 63),
(299464555, 63),
(299464567, 63),
(299464687, 63),
(299464690, 63),
(299464694, 63),
(299464697, 63),
(299464700, 63),
(299464703, 63),
(299464704, 63),
(299464719, 63),
(299464720, 63),
(299464721, 63),
(299464727, 63),
(299464740, 63),
(299464751, 63),
(299464763, 63),
(299464764, 63),
(299464774, 63),
(299464779, 63),
(299464782, 63),
(299464791, 63),
(299464794, 63),
(299464806, 63),
(299464819, 63),
(299464836, 63),
(299464841, 63),
(299464851, 63),
(299464852, 63),
(299464856, 63),
(299464868, 63),
(299464883, 63),
(299464884, 63),
(299464889, 63),
(299464890, 63),
(299464902, 63),
(299464907, 63),
(299464911, 63),
(299464912, 63),
(299464915, 63),
(299464918, 63),
(299464940, 63),
(299464948, 63),
(299464952, 63),
(299464963, 63),
(299464972, 63),
(299464984, 63),
(299464996, 63),
(299465005, 63),
(299465008, 63),
(299465016, 63),
(299465020, 63),
(299465031, 63),
(299465032, 63),
(299465056, 63),
(299465058, 63),
(299465059, 63),
(299465063, 63),
(299465064, 63),
(299465069, 63),
(299465071, 63),
(299465081, 63),
(299465084, 63),
(299465086, 63),
(299465088, 63),
(299465089, 63),
(299465091, 63),
(299465101, 63),
(299465114, 63),
(299465119, 63),
(299465121, 63),
(299465126, 63),
(299465133, 63),
(299465145, 63),
(299465152, 63),
(299465174, 63),
(299465191, 63),
(299465206, 63),
(299465211, 63),
(299465245, 63),
(299465249, 63),
(299465263, 63),
(299465266, 63),
(299465277, 63),
(299466230, 63),
(299466234, 63),
(299466236, 63),
(299466256, 63),
(299466262, 63),
(299466285, 63),
(299466288, 63),
(299466290, 63),
(299466292, 63),
(299466299, 63),
(299466304, 63),
(299466309, 63),
(299466337, 63),
(299466350, 63),
(299466363, 63),
(299466387, 63),
(299466389, 63),
(299466398, 63),
(299466405, 63),
(299466411, 63),
(299466430, 63),
(299466445, 63),
(299466468, 63),
(299466481, 63),
(299466484, 63),
(299466503, 63),
(299466505, 63),
(299466508, 63),
(299466523, 63),
(299466525, 63),
(299466531, 63),
(299466543, 63),
(299466555, 63),
(299466570, 63),
(299466577, 63),
(299466578, 63),
(299466580, 63),
(299466588, 63),
(299466589, 63),
(299466590, 63),
(299466593, 63),
(299466597, 63),
(299466598, 63),
(299466618, 63),
(299466624, 63),
(299466627, 63),
(299466629, 63),
(299466631, 63),
(299466635, 63),
(299466637, 63),
(299466642, 63),
(299466643, 63),
(299466644, 63),
(299466651, 63),
(299466653, 63),
(299466654, 63),
(299466661, 63),
(299466663, 63),
(299537136, 63),
(299537137, 63),
(299537138, 63),
(299537140, 63),
(299537143, 63),
(299537145, 63),
(299537147, 63),
(299537148, 63),
(299537150, 63),
(299537153, 63),
(299537154, 63),
(299537156, 63),
(299537157, 63),
(299537159, 63),
(299537162, 63),
(299537163, 63),
(299537165, 63),
(299537167, 63),
(299537169, 63),
(299537171, 63),
(299537174, 63),
(299537175, 63),
(299537180, 63),
(299537182, 63),
(299537187, 63),
(299537196, 63),
(299537201, 63),
(299537204, 63),
(299537207, 63),
(299537211, 63),
(299537213, 63),
(299537217, 63),
(299537221, 63),
(299537230, 63),
(299537234, 63),
(299537236, 63),
(299537246, 63),
(299537251, 63),
(299537258, 63),
(299537259, 63),
(299537262, 63),
(299537265, 63),
(299537271, 63),
(299537273, 63),
(299537274, 63),
(299537275, 63),
(299537276, 63),
(299537279, 63),
(299537282, 63),
(299537284, 63),
(299537294, 63),
(299537295, 63),
(299537298, 63),
(299537302, 63),
(299537305, 63),
(299537308, 63),
(299537310, 63),
(299537316, 63),
(299537321, 63),
(299537324, 63),
(299537326, 63),
(299537328, 63),
(299537331, 63),
(299537335, 63),
(299537336, 63),
(299537343, 63),
(299537344, 63),
(299537346, 63),
(299537351, 63),
(299537353, 63),
(299537355, 63),
(299537361, 63),
(299537368, 63),
(299537369, 63),
(299537370, 63),
(299537372, 63),
(299537376, 63),
(299537561, 63),
(299537563, 63),
(299537565, 63),
(299537568, 63),
(299537570, 63),
(299537574, 63),
(299537576, 63),
(299537578, 63),
(299537580, 63),
(299537581, 63),
(299537583, 63),
(299537585, 63),
(299537587, 63),
(299537588, 63),
(299537589, 63),
(299537591, 63),
(299537592, 63),
(299537596, 63),
(299537597, 63),
(299537601, 63),
(299537603, 63),
(299537609, 63),
(299537618, 63),
(299537620, 63),
(299537623, 63),
(299537626, 63),
(299537628, 63),
(299537629, 63),
(299537631, 63),
(299537632, 63),
(299537633, 63),
(299537637, 63),
(299537639, 63),
(299537641, 63),
(299537642, 63),
(299537656, 63),
(299537658, 63),
(299537668, 63),
(299537671, 63),
(299537672, 63),
(299537682, 63),
(299537684, 63),
(299537685, 63),
(299537686, 63),
(299537690, 63),
(299537693, 63),
(299537696, 63),
(299537697, 63),
(299537698, 63),
(299537709, 63),
(299537712, 63),
(299537714, 63),
(299537717, 63),
(299537718, 63),
(299537719, 63),
(299537720, 63),
(299537721, 63),
(299537724, 63),
(299537729, 63),
(299537730, 63),
(299537734, 63),
(299537735, 63),
(299537736, 63),
(299537738, 63),
(299537742, 63),
(299537746, 63),
(299537751, 63),
(299537754, 63),
(299537762, 63),
(299537764, 63),
(299537765, 63),
(299537766, 63),
(299537772, 63),
(299537773, 63),
(299537774, 63),
(299537778, 63),
(299537779, 63),
(299537782, 63),
(299537784, 63),
(299537786, 63),
(299537787, 63),
(299537788, 63),
(299537793, 63),
(299537802, 63),
(299537803, 63),
(299537808, 63),
(299537817, 63),
(299537819, 63),
(299537820, 63),
(299537825, 63),
(299537828, 63),
(299537831, 63),
(299537835, 63),
(299537838, 63),
(299537840, 63),
(299537841, 63),
(299537847, 63),
(299537848, 63),
(299537850, 63),
(299537858, 63),
(299537859, 63),
(299537863, 63),
(299537864, 63),
(299537869, 63),
(299537871, 63),
(299537877, 63),
(299537881, 63),
(299537882, 63),
(299537884, 63),
(299537887, 63),
(299537888, 63),
(299537889, 63),
(299537890, 63),
(299537892, 63),
(299537895, 63),
(299537896, 63),
(299537897, 63),
(299537902, 63),
(299537905, 63),
(299537909, 63),
(299537910, 63),
(299537911, 63),
(299537912, 63),
(299537918, 63),
(299537920, 63),
(299537921, 63),
(299537922, 63),
(299537923, 63),
(299537941, 63),
(299537942, 63),
(299537944, 63),
(299537947, 63),
(299537949, 63),
(299537970, 63),
(299537971, 63),
(299537973, 63),
(299537974, 63),
(299537980, 63),
(299537981, 63),
(299537985, 63),
(299537992, 63),
(299537995, 63),
(299537996, 63),
(299538000, 63),
(299538019, 63),
(299538023, 63),
(299538036, 63),
(299538040, 63),
(299538042, 63),
(299538044, 63),
(299538047, 63),
(299538056, 63),
(299538064, 63),
(299538067, 63),
(299538074, 63),
(299538075, 63),
(299538076, 63),
(299538080, 63),
(299538084, 63),
(299538086, 63),
(299538087, 63),
(299538088, 63),
(299538090, 63),
(299538092, 63),
(299538096, 63),
(299538097, 63),
(299538098, 63),
(299538100, 63),
(299538243, 63),
(299538248, 63),
(299538251, 63),
(299538252, 63),
(299538259, 63),
(299538260, 63),
(299538267, 63),
(299538269, 63),
(299538270, 63),
(299538271, 63),
(299538280, 63),
(299538281, 63),
(299538286, 63),
(299538289, 63),
(299538290, 63),
(299538293, 63),
(299538305, 63),
(299538306, 63),
(299538309, 63),
(299538313, 63),
(299538316, 63),
(299538317, 63),
(299538320, 63),
(299538331, 63),
(299538335, 63),
(299538347, 63),
(299538348, 63),
(299538355, 63),
(299538358, 63),
(299538364, 63),
(299538365, 63),
(299538371, 63),
(299538372, 63),
(299538386, 63),
(299538388, 63),
(299538390, 63),
(299538392, 63),
(299538394, 63),
(299538396, 63),
(299538401, 63),
(299538402, 63),
(299538407, 63),
(299538408, 63),
(299538411, 63),
(299538420, 63),
(299538423, 63),
(299538424, 63),
(299538425, 63),
(299538431, 63),
(299538432, 63),
(299538434, 63),
(299538435, 63),
(299538440, 63),
(299538448, 63),
(299538449, 63),
(299538451, 63),
(299538456, 63),
(299538460, 63),
(299538462, 63),
(299538466, 63),
(299538467, 63),
(299538469, 63),
(299538470, 63),
(299538472, 63),
(299538477, 63),
(299538479, 63),
(299538482, 63),
(299538483, 63),
(299538489, 63),
(299538490, 63),
(299538491, 63),
(299538492, 63),
(299538494, 63),
(299538495, 63),
(299538498, 63),
(299538501, 63),
(299538502, 63),
(299538503, 63),
(299538509, 63),
(299538510, 63),
(299538517, 63),
(299538519, 63),
(299538522, 63),
(299538529, 63),
(299538545, 63),
(299538549, 63),
(299538555, 63),
(299538557, 63),
(299538559, 63),
(299538562, 63),
(299538563, 63),
(299538568, 63),
(299538571, 63),
(299538576, 63),
(299538582, 63),
(299538587, 63),
(299538598, 63),
(299538600, 63),
(299538603, 63),
(299538612, 63),
(299538617, 63),
(299538620, 63),
(299538623, 63),
(299538624, 63),
(299538625, 63),
(299538626, 63),
(299538628, 63),
(299538631, 63),
(299538632, 63),
(299538640, 63),
(299538641, 63),
(299538647, 63),
(299538648, 63),
(299538649, 63),
(299538650, 63),
(299538651, 63),
(299538653, 63),
(299538661, 63),
(299538663, 63),
(299538669, 63),
(299538670, 63),
(299538674, 63),
(299538675, 63),
(299538677, 63),
(299538679, 63),
(299538682, 63),
(299538692, 63),
(299538695, 63),
(299538697, 63),
(299538702, 63),
(299538703, 63),
(299538707, 63),
(299538712, 63),
(299538714, 63),
(299538715, 63),
(299538719, 63),
(299538722, 63),
(299538726, 63),
(299538728, 63),
(299538729, 63),
(299538733, 63),
(299538734, 63),
(299538735, 63),
(299538736, 63),
(299538741, 63),
(299538743, 63),
(299538744, 63),
(299538745, 63),
(299538747, 63),
(299538749, 63),
(299538781, 63),
(299538782, 63),
(299538787, 63),
(299538789, 63),
(299538791, 63),
(299538792, 63),
(299538794, 63),
(299538796, 63),
(299538798, 63),
(299538799, 63),
(299538800, 63),
(299538802, 63),
(299538803, 63),
(299538807, 63),
(299538812, 63),
(299538813, 63),
(299538814, 63),
(299538818, 63),
(299538823, 63),
(299538824, 63),
(299538831, 63),
(299538832, 63),
(299538836, 63),
(299538837, 63),
(299538840, 63),
(299538841, 63),
(299538846, 63),
(299538851, 63),
(299538857, 63),
(299538861, 63),
(299538864, 63),
(299538866, 63),
(299538871, 63),
(299538878, 63),
(299538879, 63),
(299538880, 63),
(299538886, 63),
(299538894, 63),
(299538897, 63),
(299538898, 63),
(299538900, 63),
(299538903, 63),
(299538907, 63),
(299538919, 63),
(299538921, 63),
(299538925, 63),
(299538931, 63),
(299538935, 63),
(299538938, 63),
(299538946, 63),
(299538951, 63),
(299538954, 63),
(299538960, 63),
(299538969, 63),
(299538971, 63),
(299538975, 63),
(299538976, 63),
(299538979, 63),
(299538982, 63),
(299538987, 63),
(299539003, 63),
(299539007, 63),
(299539011, 63),
(299539013, 63),
(299539046, 63),
(299539050, 63),
(299539053, 63),
(299539055, 63),
(299539069, 63),
(299539073, 63),
(299539077, 63),
(299539086, 63),
(299539088, 63),
(299539090, 63),
(299539091, 63),
(299539097, 63),
(299539100, 63),
(299539101, 63),
(299539102, 63),
(299539108, 63),
(299539111, 63),
(299539115, 63),
(299539116, 63),
(299539121, 63),
(299539123, 63),
(299539126, 63),
(299539127, 63),
(299539130, 63),
(299539138, 63),
(299539140, 63),
(299539142, 63),
(299539148, 63),
(299539150, 63),
(299539153, 63),
(299539155, 63),
(299539156, 63),
(299539159, 63),
(299539164, 63),
(299539165, 63),
(299539168, 63),
(299539171, 63),
(299539172, 63),
(299539176, 63),
(299539178, 63),
(299539180, 63),
(299539181, 63),
(299539185, 63),
(299539186, 63),
(299539187, 63),
(299539194, 63),
(299539196, 63),
(299539197, 63),
(299539198, 63),
(299539199, 63),
(299539200, 63),
(299539206, 63),
(299539211, 63),
(299539212, 63),
(299539213, 63),
(299539215, 63),
(299539216, 63),
(299539217, 63),
(299539218, 63),
(299539228, 63),
(299539231, 63),
(299539232, 63),
(299539233, 63),
(299539234, 63),
(299539236, 63),
(299539238, 63),
(299539240, 63),
(299539241, 63),
(299539251, 63),
(299539252, 63),
(299539254, 63),
(299539260, 63),
(299539264, 63),
(299539268, 63),
(299539269, 63),
(299539273, 63),
(299539274, 63),
(299539278, 63),
(299539280, 63),
(299539282, 63),
(299539283, 63),
(299539291, 63),
(299539294, 63),
(299539295, 63),
(299539296, 63),
(299539298, 63),
(299539307, 63),
(299539308, 63),
(299539319, 63),
(299539415, 63),
(299539419, 63),
(299539422, 63),
(299539426, 63),
(299539434, 63),
(299539436, 63),
(299539437, 63),
(299539444, 63),
(299539468, 63),
(299539470, 63),
(299539473, 63),
(299539474, 63),
(299539481, 63),
(299539483, 63),
(299539487, 63),
(299539499, 63),
(299539502, 63),
(299539505, 63),
(299539519, 63),
(299539527, 63),
(299539533, 63),
(299539535, 63),
(299539536, 63),
(299539537, 63),
(299539541, 63),
(299539546, 63),
(299539547, 63),
(299539555, 63),
(299539557, 63),
(299539559, 63),
(299539566, 63),
(299539567, 63),
(299539569, 63),
(299539572, 63),
(299539585, 63),
(299539587, 63),
(299539592, 63),
(299539609, 63),
(299539635, 63),
(299539638, 63),
(299539640, 63),
(299539641, 63),
(299539685, 63),
(299539689, 63),
(299539704, 63),
(299539710, 63),
(299539713, 63),
(299539717, 63),
(299539720, 63),
(299539733, 63),
(299539737, 63),
(299539739, 63),
(299539741, 63),
(299539744, 63),
(299539746, 63),
(299539759, 63),
(299539763, 63),
(299539767, 63),
(299539769, 63),
(299539770, 63),
(299539773, 63),
(299539776, 63),
(299539783, 63),
(299539790, 63),
(299539791, 63),
(299539795, 63),
(299539797, 63),
(299539803, 63),
(299539806, 63),
(299539807, 63),
(299539808, 63),
(299539810, 63),
(299539811, 63),
(299539818, 63),
(299539820, 63),
(299539821, 63),
(299539829, 63),
(299539837, 63),
(299539838, 63),
(299539839, 63),
(299539841, 63),
(299539845, 63),
(299539848, 63),
(299539850, 63),
(299539856, 63),
(299539868, 63),
(299539871, 63),
(299539872, 63),
(299539878, 63),
(299539880, 63),
(299539881, 63),
(299539890, 63),
(299539893, 63),
(299539903, 63),
(299539905, 63),
(299539911, 63),
(299539914, 63),
(299539930, 63),
(299539953, 63),
(299539955, 63),
(299539956, 63),
(299539958, 63),
(299539961, 63),
(299539962, 63),
(299539965, 63),
(299539967, 63),
(299539968, 63),
(299539973, 63),
(299539974, 63),
(299539976, 63),
(299539981, 63),
(299539990, 63),
(299539991, 63),
(299539998, 63),
(299539999, 63),
(299540000, 63),
(299540003, 63),
(299540004, 63),
(299540007, 63),
(299540011, 63),
(299540014, 63),
(299540016, 63),
(299540018, 63),
(299540019, 63),
(299540020, 63),
(299540023, 63),
(299540081, 63),
(299540082, 63),
(299540085, 63),
(299540086, 63),
(299540087, 63),
(299540089, 63),
(299540092, 63),
(299540094, 63),
(299540095, 63),
(299540097, 63),
(299540098, 63),
(299540102, 63),
(299540103, 63),
(299540114, 63),
(299540122, 63),
(299540134, 63),
(299540138, 63),
(299540139, 63),
(299540142, 63),
(299540143, 63),
(299540147, 63),
(299540150, 63),
(299540155, 63),
(299540156, 63),
(299540162, 63),
(299540167, 63),
(299540168, 63),
(299540171, 63),
(299540172, 63),
(299540173, 63),
(299540179, 63),
(299540184, 63),
(299540187, 63),
(299540188, 63),
(299540193, 63),
(299540196, 63),
(299540197, 63),
(299540205, 63),
(299540208, 63),
(299540209, 63),
(299540211, 63),
(299540213, 63),
(299540215, 63),
(299540216, 63),
(299540218, 63),
(299540221, 63),
(299540226, 63),
(299540229, 63),
(299540234, 63),
(299540238, 63),
(299540240, 63),
(299540246, 63),
(299540262, 63),
(299540270, 63),
(299540283, 63),
(299540284, 63),
(299540289, 63),
(299540295, 63),
(299540299, 63),
(299540304, 63),
(299540305, 63),
(299540306, 63),
(299540314, 63),
(299540315, 63),
(299540316, 63),
(299540323, 63),
(299540324, 63),
(299540327, 63),
(299540331, 63),
(299540333, 63),
(299540338, 63),
(299540339, 63),
(299540345, 63),
(299540346, 63),
(299540352, 63),
(299540353, 63),
(299540354, 63),
(299540358, 63),
(299540359, 63),
(299540362, 63),
(299540365, 63),
(299540370, 63),
(299540374, 63),
(299540376, 63),
(299540379, 63),
(299540383, 63),
(299540387, 63),
(299540388, 63),
(299540394, 63),
(299540403, 63),
(299540405, 63),
(299540413, 63),
(299540414, 63),
(299540416, 63),
(299540422, 63),
(299540424, 63),
(299540428, 63),
(299540432, 63),
(299540433, 63),
(299540437, 63),
(299540443, 63),
(299540447, 63),
(299540448, 63),
(299540451, 63),
(299540452, 63),
(299540461, 63),
(299540465, 63),
(299540473, 63),
(299540479, 63),
(299540481, 63),
(299540482, 63),
(299540502, 63),
(299540506, 63),
(299540518, 63),
(299540533, 63),
(299540535, 63),
(299540536, 63),
(299540539, 63),
(299540544, 63),
(299540547, 63),
(299540548, 63),
(299540552, 63),
(299540553, 63),
(299540563, 63),
(299540565, 63),
(299540572, 63),
(299540573, 63),
(299540574, 63),
(299540577, 63),
(299540578, 63),
(299540582, 63),
(299540585, 63),
(299540586, 63),
(299540587, 63),
(299540592, 63),
(299540593, 63),
(299540598, 63),
(299540602, 63),
(299540607, 63),
(299540608, 63),
(299540610, 63),
(299540613, 63),
(299540616, 63),
(299540617, 63),
(299540618, 63),
(299540626, 63),
(299540628, 63),
(299540629, 63),
(299540630, 63),
(299540634, 63),
(299540645, 63),
(299541075, 63),
(299541078, 63),
(299541080, 63),
(299541086, 63),
(299541090, 63),
(299541095, 63),
(299541096, 63),
(299541101, 63),
(299541103, 63),
(299541106, 63),
(299541110, 63),
(299541112, 63),
(299541114, 63),
(299541116, 63),
(299541122, 63),
(299541127, 63),
(299541130, 63),
(299541133, 63),
(299541135, 63),
(299541145, 63),
(299541150, 63),
(299541159, 63),
(299541168, 63),
(299541169, 63),
(299541170, 63),
(299541172, 63),
(299541173, 63),
(299541174, 63),
(299541180, 63),
(299541181, 63),
(299541183, 63),
(299541184, 63),
(299541186, 63),
(299541189, 63),
(299541194, 63),
(299541199, 63),
(299541201, 63),
(299541202, 63),
(299541203, 63),
(299541206, 63),
(299541207, 63),
(299541209, 63),
(299541210, 63),
(299541214, 63),
(299541215, 63),
(299541218, 63),
(299541227, 63),
(299541228, 63),
(299541230, 63),
(299541233, 63),
(299541241, 63),
(299541242, 63),
(299541244, 63),
(299541245, 63),
(299541246, 63),
(299541249, 63),
(299541251, 63),
(299541257, 63),
(299541259, 63),
(299541265, 63),
(299541266, 63),
(299541268, 63),
(299541270, 63),
(299541271, 63),
(299541275, 63),
(299541286, 63),
(299541288, 63),
(299541290, 63),
(299541292, 63),
(299541305, 63),
(299541309, 63),
(299541310, 63),
(299541311, 63),
(299541315, 63),
(299541317, 63),
(299541319, 63),
(299541320, 63),
(299541323, 63),
(299541326, 63),
(299541328, 63),
(299541333, 63),
(299541341, 63),
(299541342, 63),
(299541343, 63),
(299541344, 63),
(299541346, 63),
(299541347, 63),
(299541350, 63),
(299541353, 63),
(299541355, 63),
(299541356, 63),
(299541364, 63),
(299541368, 63),
(299541369, 63),
(299541372, 63),
(299541374, 63),
(299541383, 63),
(299541390, 63),
(299541396, 63),
(299541401, 63),
(299541410, 63),
(299541411, 63),
(299541413, 63),
(299541419, 63),
(299541423, 63),
(299541428, 63),
(299541429, 63),
(299541432, 63),
(299541437, 63),
(299541438, 63),
(299541444, 63),
(299541448, 63),
(299541449, 63),
(299541456, 63),
(299541460, 63),
(299541461, 63),
(299541463, 63),
(299541464, 63),
(299541465, 63),
(299541473, 63),
(299541475, 63),
(299541477, 63),
(299541482, 63),
(299541484, 63),
(299541486, 63),
(299541487, 63),
(299541491, 63),
(299541494, 63),
(299541498, 63),
(299541501, 63),
(299541511, 63),
(299541512, 63),
(299541515, 63),
(299541516, 63),
(299541520, 63),
(299541525, 63),
(299541526, 63),
(299541527, 63),
(299541528, 63),
(299541532, 63),
(299541538, 63),
(299541539, 63),
(299541544, 63),
(299541549, 63),
(299541550, 63),
(299541553, 63),
(299541554, 63),
(299541559, 63),
(299541564, 63),
(299541568, 63),
(299541569, 63),
(299541572, 63),
(299541587, 63),
(299541592, 63),
(299541595, 63),
(299541596, 63),
(299541598, 63),
(299541599, 63),
(299541606, 63),
(299541607, 63),
(299541609, 63),
(299541611, 63),
(299541615, 63),
(299541620, 63),
(299541622, 63),
(299541623, 63),
(299541625, 63),
(299541627, 63),
(299541811, 63),
(299541817, 63),
(299541828, 63),
(299541835, 63),
(299541836, 63),
(299541841, 63),
(299541853, 63),
(299541855, 63),
(299541858, 63),
(299541859, 63),
(299541864, 63),
(299541869, 63),
(299541873, 63),
(299541874, 63),
(299541876, 63),
(299541885, 63),
(299541893, 63),
(299541894, 63),
(299541895, 63),
(299541898, 63),
(299541900, 63),
(299541904, 63),
(299541907, 63),
(299541908, 63),
(299541914, 63),
(299541915, 63),
(299541921, 63),
(299541922, 63),
(299541928, 63),
(299541929, 63),
(299541930, 63),
(299541933, 63),
(299541935, 63),
(299541937, 63),
(299541940, 63),
(299541946, 63),
(299541950, 63),
(299541954, 63),
(299541955, 63),
(299541961, 63),
(299541966, 63),
(299541967, 63),
(299541968, 63),
(299541969, 63),
(299541970, 63),
(299541972, 63),
(299541982, 63),
(299541983, 63),
(299541985, 63),
(299541987, 63),
(299541990, 63),
(299541991, 63),
(299541997, 63),
(299541998, 63),
(299542004, 63),
(299542005, 63),
(299542009, 63),
(299542010, 63),
(299542011, 63),
(299542014, 63),
(299542017, 63),
(299542022, 63),
(299542027, 63),
(299542028, 63),
(299542030, 63),
(299542036, 63),
(299542038, 63),
(299542039, 63),
(299542045, 63),
(299542052, 63),
(299542057, 63),
(299542063, 63),
(299542064, 63),
(299542068, 63),
(299542070, 63),
(299542072, 63),
(299542074, 63),
(299542075, 63),
(299542076, 63),
(299542079, 63),
(299542080, 63),
(299542081, 63),
(299542084, 63),
(299542086, 63),
(299542092, 63),
(299542093, 63),
(299542097, 63),
(299542098, 63),
(299542099, 63),
(299542100, 63),
(299542104, 63),
(299542110, 63),
(299542113, 63),
(299542114, 63),
(299542118, 63),
(299542124, 63),
(299542129, 63),
(299542130, 63),
(299542131, 63),
(299542135, 63),
(299542137, 63),
(299542138, 63),
(299542142, 63),
(299542144, 63),
(299542145, 63),
(299542152, 63),
(299542155, 63),
(299542175, 63),
(299542178, 63),
(299542203, 63),
(299542204, 63),
(299542216, 63),
(299542221, 63),
(299542224, 63),
(299542228, 63),
(299542229, 63),
(299542230, 63),
(299542239, 63),
(299542241, 63),
(299542242, 63),
(299542246, 63),
(299542247, 63),
(299542248, 63),
(299542263, 63),
(299542267, 63),
(299542270, 63),
(299542280, 63),
(299542283, 63),
(299542294, 63),
(299542298, 63),
(299542303, 63),
(299542334, 63),
(299542343, 63),
(299542351, 63),
(299542357, 63),
(299542368, 63),
(299542370, 63),
(299542379, 63),
(299542380, 63),
(299542385, 63),
(299542386, 63),
(299542387, 63),
(299542388, 63),
(299542392, 63),
(299542394, 63),
(299542398, 63),
(299542401, 63),
(299542402, 63),
(299542405, 63),
(299542406, 63),
(299542411, 63),
(299542412, 63),
(299542413, 63),
(299542416, 63),
(299542515, 63),
(299542521, 63),
(299542522, 63),
(299542524, 63),
(299542528, 63),
(299542534, 63),
(299542539, 63),
(299542540, 63),
(299542545, 63),
(299542556, 63),
(299542560, 63),
(299542564, 63),
(299542576, 63),
(299542581, 63),
(299542589, 63),
(299542590, 63),
(299542595, 63),
(299542596, 63),
(299542601, 63),
(299542604, 63),
(299542606, 63),
(299542612, 63),
(299542621, 63),
(299542639, 63),
(299542641, 63),
(299542646, 63),
(299542649, 63),
(299542651, 63),
(299542656, 63),
(299542661, 63),
(299542671, 63),
(299542672, 63),
(299542677, 63),
(299542683, 63),
(299542690, 63),
(299542693, 63),
(299542701, 63),
(299542706, 63),
(299542708, 63),
(299542717, 63),
(299542718, 63),
(299542719, 63),
(299542728, 63),
(299542731, 63),
(299542748, 63),
(299542758, 63),
(299542764, 63),
(299542766, 63),
(299542770, 63),
(299542778, 63),
(299542790, 63),
(299542797, 63),
(299542800, 63),
(299542804, 63),
(299542805, 63),
(299542806, 63),
(299542810, 63),
(299542811, 63),
(299542813, 63),
(299542814, 63),
(299542821, 63),
(299542827, 63),
(299542828, 63),
(299542829, 63),
(299542832, 63),
(299542833, 63),
(299542835, 63),
(299542841, 63),
(299542842, 63),
(299542847, 63),
(299542848, 63),
(299542849, 63),
(299542854, 63),
(299542857, 63),
(299542858, 63),
(299542863, 63),
(299542866, 63),
(299542871, 63),
(299542872, 63),
(299542873, 63),
(299542878, 63),
(299542882, 63),
(299542885, 63),
(299542886, 63),
(299542890, 63),
(299542891, 63),
(299542893, 63),
(299542895, 63),
(299542907, 63),
(299542908, 63),
(299542909, 63),
(299542910, 63),
(299542913, 63),
(299542918, 63),
(299542919, 63),
(299542920, 63),
(299542921, 63),
(299542922, 63),
(299542924, 63),
(299542925, 63),
(299542930, 63),
(299542933, 63),
(299542934, 63),
(299542935, 63),
(299542943, 63),
(299542944, 63),
(299542946, 63),
(299542948, 63),
(299542949, 63),
(299542953, 63),
(299542958, 63),
(299542959, 63),
(299542966, 63),
(299542972, 63),
(299542980, 63),
(299542989, 63),
(299542990, 63),
(299542997, 63),
(299542998, 63),
(299543004, 63),
(299543008, 63),
(299543009, 63),
(299543022, 63),
(299543023, 63),
(299543025, 63),
(299543031, 63),
(299543032, 63),
(299543037, 63),
(299543038, 63),
(299543039, 63),
(299543040, 63),
(299543043, 63),
(299543045, 63),
(299543046, 63),
(299543050, 63),
(299543051, 63),
(299543058, 63),
(299543059, 63),
(299543060, 63),
(299543066, 63),
(299543072, 63),
(299543075, 63),
(299543083, 63),
(299543084, 63),
(299543087, 63),
(299543089, 63),
(299543093, 63),
(299543094, 63),
(299543097, 63),
(299543106, 63),
(299543109, 63),
(299543112, 63),
(299543113, 63),
(299543114, 63),
(299543116, 63),
(299543119, 63),
(299543121, 63),
(299543126, 63),
(299543127, 63),
(299543128, 63),
(299543129, 63),
(299543133, 63),
(299543134, 63),
(299543137, 63),
(299543139, 63),
(299543324, 63),
(299543325, 63),
(299543329, 63),
(299543330, 63),
(299543335, 63),
(299543340, 63),
(299543341, 63),
(299543343, 63),
(299543348, 63),
(299543352, 63),
(299543371, 63),
(299543388, 63),
(299543391, 63),
(299543394, 63),
(299543407, 63),
(299543423, 63),
(299543424, 63),
(299543431, 63),
(299543432, 63),
(299543436, 63),
(299543442, 63),
(299543447, 63),
(299543448, 63),
(299543452, 63),
(299543454, 63),
(299543455, 63),
(299543459, 63),
(299543463, 63),
(299543464, 63),
(299543465, 63),
(299543467, 63),
(299543472, 63),
(299543477, 63),
(299543479, 63),
(299543484, 63),
(299543485, 63),
(299543489, 63),
(299543490, 63),
(299543492, 63),
(299543498, 63),
(299543499, 63),
(299543500, 63),
(299543504, 63),
(299543509, 63),
(299543511, 63),
(299543513, 63),
(299543515, 63),
(299543521, 63),
(299543526, 63),
(299543530, 63),
(299543536, 63),
(299543538, 63),
(299543541, 63),
(299543545, 63),
(299543546, 63),
(299543552, 63),
(299543554, 63),
(299543558, 63),
(299543560, 63),
(299543565, 63),
(299543569, 63),
(299543570, 63),
(299543572, 63),
(299543573, 63),
(299543575, 63),
(299543587, 63),
(299543588, 63),
(299543591, 63),
(299543592, 63),
(299543595, 63),
(299543596, 63),
(299543597, 63),
(299543602, 63),
(299543603, 63),
(299543604, 63),
(299543605, 63),
(299543606, 63),
(299543612, 63),
(299543617, 63),
(299543618, 63),
(299543623, 63),
(299543625, 63),
(299543626, 63),
(299543627, 63),
(299543632, 63),
(299543634, 63),
(299543636, 63),
(299543642, 63),
(299543651, 63),
(299543654, 63),
(299543662, 63),
(299543671, 63),
(299543677, 63),
(299543682, 63),
(299543696, 63),
(299543699, 63),
(299543702, 63),
(299543714, 63),
(299543721, 63),
(299543723, 63),
(299543724, 63),
(299543725, 63),
(299543731, 63),
(299543736, 63),
(299543739, 63),
(299543740, 63),
(299543741, 63),
(299543742, 63),
(299543748, 63),
(299543749, 63),
(299543750, 63),
(299543758, 63),
(299543761, 63),
(299543765, 63),
(299543766, 63),
(299543770, 63),
(299543773, 63),
(299543778, 63),
(299543779, 63),
(299543790, 63),
(299543791, 63),
(299543795, 63),
(299543796, 63),
(299543798, 63),
(299543801, 63),
(299543803, 63),
(299543805, 63),
(299543806, 63),
(299543807, 63),
(299543809, 63),
(299543810, 63),
(299543815, 63),
(299543819, 63),
(299543822, 63),
(299543829, 63),
(299543831, 63),
(299543835, 63),
(299543837, 63),
(299543838, 63),
(299543839, 63),
(299543840, 63),
(299543844, 63),
(299543848, 63),
(299543851, 63),
(299543852, 63),
(299543854, 63),
(299543858, 63),
(299543863, 63),
(299543866, 63),
(299543867, 63),
(299543868, 63),
(299543874, 63),
(299543875, 63),
(299543876, 63),
(299543885, 63),
(299543890, 63),
(299543891, 63),
(299543893, 63),
(299543895, 63),
(299543896, 63),
(299543899, 63),
(299543900, 63),
(299543906, 63),
(299543907, 63),
(299543908, 63),
(299543912, 63),
(299543914, 63),
(299543915, 63),
(299543918, 63),
(299543919, 63),
(299543925, 63),
(299543926, 63),
(299544084, 63),
(299544085, 63),
(299544086, 63),
(299544092, 63),
(299544101, 63),
(299544113, 63),
(299544114, 63),
(299544115, 63),
(299544123, 63),
(299544126, 63),
(299544127, 63),
(299544134, 63),
(299544135, 63),
(299544138, 63),
(299544139, 63),
(299544141, 63),
(299544151, 63),
(299544152, 63),
(299544155, 63),
(299544156, 63),
(299544161, 63),
(299544166, 63),
(299544169, 63),
(299544170, 63),
(299544179, 63),
(299544182, 63),
(299544206, 63),
(299544220, 63),
(299544228, 63),
(299544244, 63),
(299544245, 63),
(299544253, 63),
(299544259, 63),
(299544261, 63),
(299544271, 63),
(299544274, 63),
(299544287, 63),
(299544290, 63),
(299544293, 63),
(299544299, 63),
(299544301, 63),
(299544307, 63),
(299544308, 63),
(299544315, 63),
(299544317, 63),
(299544320, 63),
(299544321, 63),
(299544322, 63),
(299544326, 63),
(299544327, 63),
(299544328, 63),
(299544331, 63),
(299544332, 63),
(299544339, 63),
(299544344, 63),
(299544345, 63),
(299544351, 63),
(299544355, 63),
(299544359, 63),
(299544360, 63),
(299544362, 63),
(299544369, 63),
(299544370, 63),
(299544376, 63),
(299544378, 63),
(299544382, 63),
(299544385, 63),
(299544389, 63),
(299544390, 63),
(299544391, 63),
(299544395, 63),
(299544398, 63),
(299544399, 63),
(299544411, 63),
(299544414, 63),
(299544417, 63),
(299544418, 63),
(299544420, 63),
(299544437, 63),
(299544439, 63),
(299544442, 63),
(299544444, 63),
(299544446, 63),
(299544447, 63),
(299544449, 63),
(299544450, 63),
(299544458, 63),
(299544460, 63),
(299544465, 63),
(299544467, 63),
(299544470, 63),
(299544471, 63),
(299544473, 63),
(299544476, 63),
(299544477, 63),
(299544483, 63),
(299544484, 63),
(299544487, 63),
(299544490, 63),
(299544498, 63),
(299544513, 63),
(299544515, 63),
(299544525, 63),
(299544537, 63),
(299544543, 63),
(299544554, 63),
(299544566, 63),
(299544576, 63),
(299544580, 63),
(299544625, 63),
(299544630, 63),
(299544632, 63),
(299544640, 63),
(299544643, 63),
(299544646, 63),
(299544649, 63),
(299544657, 63),
(299544669, 63),
(299544678, 63),
(299544695, 63),
(299544697, 63),
(299544698, 63),
(299544712, 63),
(299544714, 63),
(299544722, 63),
(299544726, 63),
(299544727, 63),
(299544732, 63),
(299544739, 63),
(299544743, 63),
(299544745, 63),
(299544752, 63),
(299544753, 63),
(299544767, 63),
(299544768, 63),
(299544769, 63),
(299544774, 63),
(299544776, 63),
(299544778, 63),
(299544779, 63),
(299544784, 63),
(299544786, 63),
(299544789, 63),
(299544793, 63),
(299544796, 63),
(299544799, 63),
(299544800, 63),
(299544801, 63),
(299544802, 63),
(299544806, 63),
(299544809, 63),
(299544816, 63),
(299544822, 63),
(299544823, 63),
(299544824, 63),
(299544829, 63),
(299544830, 63),
(299544834, 63),
(299544838, 63),
(299544839, 63),
(299544840, 63),
(299544841, 63),
(299544842, 63),
(299544845, 63),
(299544849, 63),
(299544850, 63),
(299544851, 63),
(299544856, 63),
(299544859, 63),
(299544862, 63),
(299545048, 63),
(299545052, 63),
(299545053, 63),
(299545054, 63),
(299545056, 63),
(299545062, 63),
(299545066, 63),
(299545067, 63),
(299545070, 63),
(299545074, 63),
(299545077, 63),
(299545078, 63),
(299545081, 63),
(299545083, 63),
(299545085, 63),
(299545086, 63),
(299545091, 63),
(299545092, 63),
(299545096, 63),
(299545102, 63),
(299545107, 63),
(299545108, 63),
(299545109, 63),
(299545110, 63),
(299545113, 63),
(299545115, 63),
(299545119, 63),
(299545120, 63),
(299545123, 63),
(299545125, 63),
(299545127, 63),
(299545128, 63),
(299545129, 63),
(299545137, 63),
(299545150, 63),
(299545153, 63),
(299545155, 63),
(299545167, 63),
(299545168, 63),
(299545170, 63),
(299545171, 63),
(299545172, 63),
(299545175, 63),
(299545176, 63),
(299545178, 63),
(299545183, 63),
(299545189, 63),
(299545193, 63),
(299545202, 63),
(299545203, 63),
(299545209, 63),
(299545214, 63),
(299545223, 63),
(299545224, 63),
(299545228, 63),
(299545230, 63),
(299545233, 63),
(299545237, 63),
(299545239, 63),
(299545240, 63),
(299545246, 63),
(299545248, 63),
(299545256, 63),
(299545259, 63),
(299545261, 63),
(299545262, 63),
(299545270, 63),
(299545271, 63),
(299545273, 63),
(299545274, 63),
(299545275, 63),
(299545280, 63),
(299545287, 63),
(299545288, 63),
(299545291, 63),
(299545293, 63),
(299545294, 63),
(299545301, 63),
(299545302, 63),
(299545306, 63),
(299545308, 63),
(299545309, 63),
(299545310, 63),
(299545312, 63),
(299545313, 63),
(299545316, 63),
(299545317, 63),
(299545318, 63),
(299545322, 63),
(299545324, 63),
(299545325, 63),
(299545330, 63),
(299545348, 63),
(299545349, 63),
(299545353, 63),
(299545354, 63),
(299545358, 63),
(299545359, 63),
(299545360, 63),
(299545363, 63),
(299545365, 63),
(299545366, 63),
(299545368, 63),
(299545378, 63),
(299545380, 63),
(299545383, 63),
(299545384, 63),
(299545389, 63),
(299545390, 63),
(299545395, 63),
(299545396, 63),
(299545398, 63),
(299545400, 63),
(299545401, 63),
(299545404, 63),
(299545406, 63),
(299545407, 63),
(299545410, 63),
(299545412, 63),
(299545414, 63),
(299545416, 63),
(299545420, 63),
(299545421, 63),
(299545432, 63),
(299545436, 63),
(299545438, 63),
(299545439, 63),
(299545440, 63),
(299545442, 63),
(299545447, 63),
(299545448, 63),
(299545451, 63),
(299545452, 63),
(299545453, 63),
(299545455, 63),
(299545463, 63),
(299545466, 63),
(299545468, 63),
(299545469, 63),
(299545475, 63),
(299545476, 63),
(299545483, 63),
(299545484, 63),
(299545485, 63),
(299545486, 63),
(299545487, 63),
(299545488, 63),
(299545489, 63),
(299545490, 63),
(299545491, 63),
(299545494, 63),
(299545503, 63),
(299545506, 63),
(299545517, 63),
(299545523, 63),
(299545538, 63),
(299545555, 63),
(299545561, 63),
(299545562, 63),
(299545568, 63),
(299545569, 63),
(299545570, 63),
(299545573, 63),
(299545575, 63),
(299545577, 63),
(299545578, 63),
(299545584, 63),
(299545588, 63),
(299545601, 63),
(299545610, 63),
(299545611, 63),
(299545795, 63),
(299545804, 63),
(299545805, 63),
(299545807, 63),
(299545809, 63),
(299545825, 63),
(299545829, 63),
(299545836, 63),
(299545838, 63),
(299545845, 63),
(299545846, 63),
(299545848, 63),
(299545856, 63),
(299545858, 63),
(299545859, 63),
(299545863, 63),
(299545864, 63),
(299545865, 63),
(299545866, 63),
(299545871, 63),
(299545872, 63),
(299545877, 63),
(299545878, 63),
(299545883, 63),
(299545885, 63),
(299545901, 63),
(299545903, 63),
(299545909, 63),
(299545910, 63),
(299545911, 63),
(299545926, 63),
(299545927, 63),
(299545929, 63),
(299545935, 63),
(299545938, 63),
(299545942, 63),
(299545950, 63),
(299545953, 63),
(299545954, 63),
(299545955, 63),
(299545956, 63),
(299545961, 63),
(299545965, 63),
(299545971, 63),
(299545974, 63),
(299545975, 63),
(299545977, 63),
(299545979, 63),
(299545985, 63),
(299545988, 63),
(299545989, 63),
(299545990, 63),
(299545993, 63),
(299546006, 63),
(299546008, 63),
(299546009, 63),
(299546012, 63),
(299546013, 63),
(299546015, 63),
(299546019, 63),
(299546022, 63),
(299546023, 63),
(299546026, 63),
(299546027, 63),
(299546031, 63),
(299546032, 63),
(299546034, 63),
(299546035, 63),
(299546037, 63),
(299546038, 63),
(299546040, 63),
(299546055, 63),
(299546061, 63),
(299546062, 63),
(299546063, 63),
(299546065, 63),
(299546066, 63),
(299546071, 63),
(299546073, 63),
(299546074, 63),
(299546075, 63),
(299546085, 63),
(299546086, 63),
(299546091, 63),
(299546095, 63),
(299546099, 63),
(299546103, 63),
(299546113, 63),
(299546121, 63),
(299546126, 63),
(299546128, 63),
(299546133, 63),
(299546137, 63),
(299546138, 63),
(299546139, 63),
(299546151, 63),
(299546156, 63),
(299546157, 63),
(299546158, 63),
(299546162, 63),
(299546166, 63),
(299546181, 63),
(299546182, 63),
(299546183, 63),
(299546184, 63),
(299546185, 63),
(299546187, 63),
(299546188, 63),
(299546189, 63),
(299546191, 63),
(299546193, 63),
(299546196, 63),
(299546197, 63),
(299546199, 63),
(299546200, 63),
(299546204, 63),
(299546206, 63),
(299546212, 63),
(299546213, 63),
(299546215, 63),
(299546216, 63),
(299546221, 63),
(299546224, 63),
(299546226, 63),
(299546228, 63),
(299546230, 63),
(299546232, 63),
(299546235, 63),
(299546236, 63),
(299546238, 63),
(299546242, 63),
(299546243, 63),
(299546244, 63),
(299546246, 63),
(299546254, 63),
(299546255, 63),
(299546262, 63),
(299546264, 63),
(299546265, 63),
(299546268, 63),
(299546273, 63),
(299546274, 63),
(299546281, 63),
(299546283, 63),
(299546284, 63),
(299546286, 63),
(299546289, 63),
(299546290, 63),
(299546292, 63),
(299546293, 63),
(299546301, 63),
(299546308, 63),
(299546309, 63),
(299546319, 63),
(299546322, 63),
(299546411, 63),
(299546426, 63),
(299546429, 63),
(299546474, 63),
(299546489, 63),
(299546548, 63),
(299546552, 63),
(299546557, 63),
(299546560, 63),
(299546561, 63),
(299546562, 63),
(299546565, 63),
(299546573, 63),
(299546577, 63),
(299546578, 63),
(299546584, 63),
(299546586, 63),
(299546589, 63),
(299546594, 63),
(299546598, 63),
(299546600, 63),
(299546603, 63),
(299546605, 63),
(299546609, 63),
(299546612, 63),
(299546617, 63),
(299546620, 63),
(299546622, 63),
(299546627, 63),
(299546631, 63),
(299546634, 63),
(299546636, 63),
(299546640, 63),
(299546642, 63),
(299546643, 63),
(299546646, 63),
(299546647, 63),
(299546649, 63),
(299546654, 63),
(299546656, 63),
(299546659, 63),
(299546663, 63),
(299546667, 63),
(299546675, 63),
(299546680, 63),
(299546682, 63),
(299546687, 63),
(299546690, 63),
(299546698, 63),
(299546705, 63),
(299546711, 63),
(299546716, 63),
(299546719, 63),
(299546721, 63),
(299546722, 63),
(299546726, 63),
(299546728, 63),
(299546730, 63),
(299546733, 63),
(299546740, 63),
(299546746, 63),
(299546747, 63),
(299546752, 63),
(299546753, 63),
(299546754, 63),
(299546762, 63),
(299546764, 63),
(299546767, 63),
(299546769, 63),
(299546770, 63),
(299546773, 63),
(299546774, 63),
(299546776, 63),
(299546781, 63),
(299546790, 63),
(299546792, 63),
(299546796, 63),
(299546797, 63),
(299546799, 63),
(299546801, 63),
(299546813, 63),
(299546814, 63),
(299546815, 63),
(299546816, 63),
(299546817, 63),
(299546819, 63),
(299546822, 63),
(299546824, 63),
(299546826, 63),
(299546828, 63),
(299546835, 63),
(299546838, 63),
(299546839, 63),
(299546842, 63),
(299546847, 63),
(299546852, 63),
(299546855, 63),
(299546857, 63),
(299546859, 63),
(299546860, 63),
(299546866, 63),
(299546867, 63),
(299546868, 63),
(299546877, 63),
(299546879, 63),
(299546880, 63),
(299546881, 63),
(299546884, 63),
(299546887, 63),
(299546889, 63),
(299546895, 63),
(299546906, 63),
(299546907, 63),
(299546909, 63),
(299546916, 63),
(299546918, 63),
(299546920, 63),
(299546923, 63),
(299546929, 63),
(299546932, 63),
(299546935, 63),
(299546937, 63),
(299546945, 63),
(299546951, 63),
(299546958, 63),
(299546962, 63),
(299546964, 63),
(299546966, 63),
(299546968, 63),
(299546969, 63),
(299546973, 63),
(299546974, 63),
(299546975, 63),
(299546978, 63),
(299546979, 63),
(299546982, 63),
(299546983, 63),
(299546987, 63),
(299546990, 63),
(299546992, 63),
(299546994, 63),
(299546995, 63),
(299546996, 63),
(299547000, 63),
(299547001, 63),
(299547002, 63),
(299547004, 63),
(299547006, 63),
(299547011, 63),
(299547016, 63),
(299547020, 63),
(299547021, 63),
(299547022, 63),
(299547026, 63),
(299547028, 63),
(299547029, 63),
(299547033, 63),
(299547034, 63),
(299547035, 63),
(299547036, 63),
(299547037, 63),
(299547041, 63),
(299547046, 63),
(299547048, 63),
(299547049, 63),
(299547050, 63),
(299547055, 63),
(299547059, 63),
(299547065, 63),
(299547084, 63),
(299547093, 63),
(299547096, 63),
(299547098, 63),
(299547120, 63),
(299547122, 63),
(299547123, 63),
(299547125, 63),
(299547126, 63),
(299547130, 63),
(299547131, 63),
(299547132, 63),
(299547133, 63),
(299547134, 63),
(299547311, 63),
(299547315, 63),
(299547343, 63),
(299547345, 63),
(299547349, 63),
(299547350, 63),
(299547360, 63),
(299547366, 63),
(299547368, 63),
(299547372, 63),
(299547373, 63),
(299547375, 63),
(299547377, 63),
(299547381, 63),
(299547382, 63),
(299547387, 63),
(299547389, 63),
(299547394, 63),
(299547397, 63),
(299547398, 63),
(299547400, 63),
(299547403, 63),
(299547404, 63),
(299547410, 63),
(299547411, 63),
(299547412, 63),
(299547413, 63),
(299547414, 63),
(299547415, 63),
(299547418, 63),
(299547420, 63),
(299547425, 63),
(299547433, 63),
(299547434, 63),
(299547439, 63),
(299547445, 63),
(299547447, 63),
(299547448, 63),
(299547451, 63),
(299547453, 63),
(299547456, 63),
(299547457, 63),
(299547459, 63),
(299547462, 63),
(299547464, 63),
(299547465, 63),
(299547468, 63),
(299547469, 63),
(299547470, 63),
(299547474, 63),
(299547476, 63),
(299547480, 63),
(299547482, 63),
(299547483, 63),
(299547487, 63),
(299547488, 63),
(299547490, 63),
(299547492, 63),
(299547496, 63),
(299547497, 63),
(299547498, 63),
(299547504, 63),
(299547507, 63),
(299547508, 63),
(299547511, 63),
(299547512, 63),
(299547516, 63),
(299547526, 63),
(299547527, 63),
(299547531, 63),
(299547532, 63),
(299547543, 63),
(299547544, 63),
(299547549, 63),
(299547551, 63),
(299547562, 63),
(299547565, 63),
(299547568, 63),
(299547573, 63),
(299547577, 63),
(299547578, 63),
(299547579, 63),
(299547580, 63),
(299547582, 63),
(299547589, 63),
(299547590, 63),
(299547593, 63),
(299547596, 63),
(299547599, 63),
(299547601, 63),
(299547602, 63),
(299547604, 63),
(299547605, 63),
(299547609, 63),
(299547610, 63),
(299547615, 63),
(299547616, 63),
(299547620, 63),
(299547627, 63),
(299547632, 63),
(299547634, 63),
(299547635, 63),
(299547637, 63),
(299547638, 63),
(299547642, 63),
(299547646, 63),
(299547647, 63),
(299547648, 63),
(299547649, 63),
(299547655, 63),
(299547656, 63),
(299547659, 63),
(299547660, 63),
(299547661, 63),
(299547662, 63),
(299547667, 63),
(299547671, 63),
(299547672, 63),
(299547673, 63),
(299547676, 63),
(299547678, 63),
(299547688, 63),
(299547689, 63),
(299547692, 63),
(299547696, 63),
(299547698, 63),
(299547700, 63),
(299547702, 63),
(299547708, 63),
(299547709, 63),
(299547719, 63),
(299547720, 63),
(299547722, 63),
(299547728, 63),
(299547732, 63),
(299547733, 63),
(299547734, 63),
(299547737, 63),
(299547739, 63),
(299547740, 63),
(299547744, 63),
(299547745, 63),
(299547747, 63),
(299547748, 63),
(299547751, 63),
(299547752, 63),
(299547754, 63),
(299547758, 63),
(299547759, 63),
(299547760, 63),
(299547762, 63),
(299547765, 63),
(299547766, 63),
(299547768, 63),
(299547772, 63),
(299547773, 63),
(299547774, 63),
(299547775, 63),
(299547776, 63),
(299547783, 63),
(299547784, 63),
(299547786, 63),
(299547791, 63),
(299547792, 63),
(299547793, 63),
(299547797, 63),
(299547798, 63),
(299547799, 63),
(299547801, 63),
(299547803, 63),
(299547807, 63),
(299547809, 63),
(299547811, 63),
(299547813, 63),
(299547815, 63),
(299547818, 63),
(299547819, 63),
(299547820, 63),
(299547821, 63),
(299547825, 63),
(299547827, 63),
(299547829, 63),
(299547830, 63),
(299547832, 63),
(299547836, 63),
(299547839, 63),
(299547842, 63),
(299547845, 63),
(299547846, 63),
(299547847, 63),
(299547851, 63),
(299547852, 63),
(299547854, 63),
(299547857, 63),
(299547858, 63),
(299548010, 63),
(299548013, 63),
(299548016, 63),
(299548017, 63),
(299548018, 63),
(299548019, 63),
(299548028, 63),
(299548030, 63),
(299548032, 63),
(299548037, 63),
(299548038, 63),
(299548039, 63),
(299548040, 63),
(299548044, 63),
(299548050, 63),
(299548054, 63),
(299548055, 63),
(299548057, 63),
(299548058, 63),
(299548063, 63),
(299548066, 63),
(299548067, 63),
(299548068, 63),
(299548069, 63),
(299548077, 63),
(299548078, 63),
(299548080, 63),
(299548081, 63),
(299548082, 63),
(299548084, 63),
(299548085, 63),
(299548086, 63),
(299548090, 63),
(299548092, 63),
(299548096, 63),
(299548101, 63),
(299548104, 63),
(299548109, 63),
(299548110, 63),
(299548115, 63),
(299548116, 63),
(299548119, 63),
(299548123, 63),
(299548124, 63),
(299548137, 63),
(299548140, 63),
(299548142, 63),
(299548146, 63),
(299548148, 63),
(299548149, 63),
(299548150, 63),
(299548153, 63),
(299548154, 63),
(299548155, 63),
(299548161, 63),
(299548163, 63),
(299548164, 63),
(299548166, 63),
(299548168, 63),
(299548170, 63),
(299548173, 63),
(299548178, 63),
(299548185, 63),
(299548186, 63),
(299548197, 63),
(299548201, 63),
(299548204, 63),
(299548209, 63),
(299548216, 63),
(299548217, 63),
(299548219, 63),
(299548223, 63),
(299548250, 63),
(299548251, 63),
(299548252, 63),
(299548254, 63),
(299548260, 63),
(299548263, 63),
(299548265, 63),
(299548266, 63),
(299548268, 63),
(299548272, 63),
(299548273, 63),
(299548274, 63),
(299548275, 63),
(299548280, 63),
(299548283, 63),
(299548285, 63),
(299548287, 63),
(299548288, 63),
(299548289, 63),
(299548294, 63),
(299548308, 63),
(299548319, 63),
(299548323, 63),
(299548325, 63),
(299548327, 63),
(299548329, 63),
(299548331, 63),
(299548334, 63),
(299548335, 63),
(299548336, 63),
(299548337, 63),
(299548339, 63),
(299548344, 63),
(299548345, 63),
(299548349, 63),
(299548352, 63),
(299548353, 63),
(299548355, 63),
(299548356, 63),
(299548358, 63),
(299548360, 63),
(299548365, 63),
(299548368, 63),
(299548370, 63),
(299548371, 63),
(299548378, 63),
(299548380, 63),
(299548390, 63),
(299548395, 63),
(299548398, 63),
(299548403, 63),
(299548405, 63),
(299548408, 63),
(299548413, 63),
(299548415, 63),
(299548418, 63),
(299548420, 63),
(299548425, 63),
(299548441, 63),
(299548444, 63),
(299548445, 63),
(299548449, 63),
(299548454, 63),
(299548459, 63),
(299548465, 63),
(299548468, 63),
(299548484, 63),
(299548487, 63),
(299548489, 63),
(299548497, 63),
(299548508, 63),
(299548514, 63),
(299548532, 63),
(299548543, 63),
(299548546, 63),
(299548554, 63),
(299548559, 63),
(299548562, 63),
(299548564, 63),
(299548572, 63),
(299548579, 63),
(299548596, 63),
(299548598, 63),
(299548599, 63),
(299548601, 63),
(299548603, 63),
(299548609, 63),
(299548611, 63),
(299548613, 63),
(299548615, 63),
(299548620, 63),
(299548623, 63),
(299548625, 63),
(299548626, 63),
(299548628, 63),
(299548637, 63),
(299548639, 63),
(299548644, 63),
(299548649, 63),
(299548650, 63),
(299548655, 63),
(299548656, 63),
(299548663, 63),
(299548664, 63),
(299548665, 63),
(299548666, 63),
(299548667, 63),
(299548668, 63),
(299548669, 63),
(299548670, 63),
(299548673, 63),
(299548674, 63),
(299548675, 63),
(299548679, 63),
(299548683, 63),
(299548684, 63),
(299548691, 63),
(299548693, 63),
(299548696, 63),
(299548697, 63),
(299548700, 63),
(299548728, 63),
(299548731, 63),
(299548735, 63),
(299548739, 63),
(299549081, 63),
(299549084, 63),
(299549085, 63),
(299549088, 63),
(299549095, 63),
(299549096, 63),
(299549099, 63),
(299549100, 63),
(299549103, 63),
(299549105, 63),
(299549107, 63),
(299549109, 63),
(299549112, 63),
(299549119, 63),
(299549121, 63),
(299549125, 63),
(299549128, 63),
(299549131, 63),
(299549132, 63),
(299549133, 63),
(299549134, 63),
(299549140, 63),
(299549143, 63),
(299549146, 63),
(299549151, 63),
(299549152, 63),
(299549153, 63),
(299549155, 63),
(299549156, 63),
(299549158, 63),
(299549159, 63),
(299549161, 63),
(299549169, 63),
(299549172, 63),
(299549173, 63),
(299549174, 63),
(299549175, 63),
(299549176, 63),
(299549177, 63),
(299549178, 63),
(299549179, 63),
(299549180, 63),
(299549181, 63),
(299549183, 63),
(299549186, 63),
(299549187, 63),
(299549192, 63),
(299549194, 63),
(299549195, 63),
(299549197, 63),
(299549199, 63),
(299549200, 63),
(299549202, 63),
(299549203, 63),
(299549204, 63),
(299549206, 63),
(299549211, 63),
(299549213, 63),
(299549215, 63),
(299549216, 63),
(299549220, 63),
(299549221, 63),
(299549222, 63),
(299549224, 63),
(299549226, 63),
(299549228, 63),
(299549230, 63),
(299549231, 63),
(299549234, 63),
(299549236, 63),
(299549240, 63),
(299549241, 63),
(299549243, 63),
(299549245, 63),
(299549251, 63),
(299549252, 63),
(299549254, 63),
(299549265, 63),
(299549266, 63),
(299549267, 63),
(299549268, 63),
(299549272, 63),
(299549275, 63),
(299549276, 63),
(299549281, 63),
(299549282, 63),
(299549283, 63),
(299549287, 63),
(299549292, 63),
(299549293, 63),
(299549298, 63),
(299549299, 63),
(299549301, 63),
(299549302, 63),
(299549305, 63),
(299549309, 63),
(299549310, 63),
(299549312, 63),
(299549313, 63),
(299549316, 63),
(299549323, 63),
(299549324, 63),
(299549325, 63),
(299549332, 63),
(299549335, 63),
(299549338, 63),
(299549342, 63),
(299549345, 63),
(299549348, 63),
(299549351, 63),
(299549357, 63),
(299549358, 63),
(299549363, 63),
(299549367, 63),
(299549368, 63),
(299549374, 63),
(299549378, 63),
(299549382, 63),
(299549383, 63),
(299549387, 63),
(299549390, 63),
(299549391, 63),
(299549400, 63),
(299549406, 63),
(299549407, 63),
(299549410, 63),
(299549412, 63),
(299549413, 63),
(299549419, 63),
(299549420, 63),
(299549425, 63),
(299549427, 63),
(299549438, 63),
(299549439, 63),
(299549440, 63),
(299549452, 63),
(299549454, 63),
(299549456, 63),
(299549457, 63),
(299549464, 63),
(299549467, 63),
(299549468, 63),
(299549471, 63),
(299549474, 63),
(299549475, 63),
(299549482, 63),
(299549483, 63),
(299549484, 63),
(299549485, 63),
(299549488, 63),
(299549489, 63),
(299549494, 63),
(299549497, 63),
(299549498, 63),
(299549505, 63),
(299549509, 63),
(299549510, 63),
(299549512, 63),
(299549515, 63),
(299549519, 63),
(299549522, 63),
(299549525, 63),
(299549527, 63),
(299549529, 63),
(299549532, 63),
(299549533, 63),
(299549535, 63),
(299549538, 63),
(299549546, 63),
(299549550, 63),
(299549553, 63),
(299549558, 63),
(299549566, 63),
(299549569, 63),
(299549570, 63),
(299549572, 63),
(299549576, 63),
(299549577, 63),
(299549579, 63),
(299549581, 63),
(299549582, 63),
(299549585, 63),
(299549587, 63),
(299549588, 63),
(299549591, 63),
(299549592, 63),
(299549595, 63),
(299549596, 63),
(299549598, 63),
(299549603, 63),
(299549604, 63),
(299549605, 63),
(299549607, 63),
(299549609, 63),
(299549610, 63),
(299549612, 63),
(299549613, 63),
(299549616, 63),
(299549618, 63),
(299549621, 63),
(299549622, 63),
(299549627, 63),
(299549716, 63),
(299549717, 63),
(299549721, 63),
(299549722, 63),
(299549723, 63),
(299549726, 63),
(299549727, 63),
(299549728, 63),
(299549729, 63),
(299549734, 63),
(299549739, 63),
(299549740, 63),
(299549742, 63),
(299549747, 63),
(299549750, 63),
(299549755, 63),
(299549756, 63),
(299549758, 63),
(299549763, 63),
(299549767, 63),
(299549768, 63),
(299549776, 63),
(299549777, 63),
(299549780, 63),
(299549784, 63),
(299549790, 63),
(299549793, 63),
(299549795, 63),
(299549796, 63),
(299549799, 63),
(299549804, 63),
(299549809, 63),
(299549812, 63),
(299549814, 63),
(299549818, 63),
(299549819, 63),
(299549821, 63),
(299549827, 63),
(299549828, 63),
(299549831, 63),
(299549833, 63),
(299549836, 63),
(299549838, 63),
(299549840, 63),
(299549841, 63),
(299549843, 63),
(299549844, 63),
(299549851, 63),
(299549852, 63),
(299549854, 63),
(299549855, 63),
(299549858, 63),
(299549859, 63),
(299549860, 63),
(299549861, 63),
(299549862, 63),
(299549863, 63),
(299549866, 63),
(299549871, 63),
(299549884, 63),
(299549894, 63),
(299549901, 63),
(299549910, 63),
(299549914, 63),
(299549915, 63),
(299549916, 63),
(299549917, 63),
(299549918, 63),
(299549920, 63),
(299549923, 63),
(299549925, 63),
(299549930, 63),
(299549933, 63),
(299549934, 63),
(299549935, 63),
(299549937, 63),
(299549939, 63),
(299549943, 63),
(299549944, 63),
(299549950, 63),
(299549953, 63),
(299549954, 63),
(299549955, 63),
(299549957, 63),
(299549958, 63),
(299549959, 63),
(299549963, 63),
(299549965, 63),
(299549967, 63),
(299549969, 63),
(299549970, 63),
(299549971, 63),
(299549976, 63),
(299549978, 63),
(299549999, 63),
(299550002, 63),
(299550003, 63),
(299550007, 63),
(299550008, 63),
(299550009, 63),
(299550011, 63),
(299550012, 63),
(299550013, 63),
(299550014, 63),
(299550016, 63),
(299550017, 63),
(299550018, 63),
(299550019, 63),
(299550023, 63),
(299550024, 63),
(299550028, 63),
(299550030, 63),
(299550032, 63),
(299550033, 63),
(299550035, 63),
(299550036, 63),
(299550037, 63),
(299550038, 63),
(299550041, 63),
(299550043, 63),
(299550045, 63),
(299550047, 63),
(299550048, 63),
(299550050, 63),
(299550054, 63),
(299550055, 63),
(299550059, 63),
(299550060, 63),
(299550062, 63),
(299550065, 63),
(299550068, 63),
(299550071, 63),
(299550077, 63),
(299550079, 63),
(299550081, 63),
(299550090, 63),
(299550094, 63),
(299550097, 63),
(299550098, 63),
(299550100, 63),
(299550104, 63),
(299550106, 63),
(299550109, 63),
(299550112, 63),
(299550115, 63),
(299550125, 63),
(299550126, 63),
(299550130, 63),
(299550132, 63),
(299550137, 63),
(299550138, 63),
(299550143, 63),
(299550144, 63),
(299550146, 63),
(299550156, 63),
(299550157, 63),
(299550158, 63),
(299550159, 63),
(299550161, 63),
(299550172, 63),
(299550173, 63),
(299550175, 63),
(299550176, 63),
(299550183, 63),
(299550185, 63),
(299550194, 63),
(299550195, 63),
(299550200, 63),
(299550203, 63),
(299550207, 63),
(299550209, 63),
(299550212, 63),
(299550217, 63),
(299550219, 63),
(299550221, 63),
(299550222, 63),
(299550227, 63),
(299550228, 63),
(299550229, 63),
(299550231, 63),
(299550237, 63),
(299550238, 63),
(299550239, 63),
(299550240, 63),
(299550243, 63),
(299550244, 63),
(299550247, 63),
(299550248, 63),
(299550250, 63),
(299550259, 63),
(299550363, 63),
(299550364, 63),
(299550369, 63),
(299550370, 63),
(299550372, 63),
(299550374, 63),
(299550375, 63),
(299550377, 63),
(299550380, 63),
(299550381, 63),
(299550384, 63),
(299550385, 63),
(299550387, 63),
(299550390, 63),
(299550396, 63),
(299550397, 63),
(299550401, 63),
(299550403, 63),
(299550410, 63),
(299550411, 63),
(299550412, 63),
(299550414, 63),
(299550417, 63),
(299550420, 63),
(299550425, 63),
(299550426, 63),
(299550427, 63),
(299550430, 63),
(299550431, 63),
(299550433, 63),
(299550436, 63),
(299550437, 63),
(299550438, 63),
(299550439, 63),
(299550446, 63),
(299550448, 63),
(299550449, 63),
(299550450, 63),
(299550452, 63),
(299550455, 63),
(299550460, 63),
(299550462, 63),
(299550463, 63),
(299550465, 63),
(299550470, 63),
(299550478, 63),
(299550488, 63),
(299550490, 63),
(299550494, 63),
(299550496, 63),
(299550500, 63),
(299550504, 63),
(299550506, 63),
(299550514, 63),
(299550518, 63),
(299550521, 63),
(299550522, 63),
(299550524, 63),
(299550526, 63),
(299550527, 63),
(299550530, 63),
(299550532, 63),
(299550548, 63),
(299550552, 63),
(299550556, 63),
(299550562, 63),
(299550570, 63),
(299550571, 63),
(299550574, 63),
(299550576, 63),
(299550577, 63),
(299550579, 63),
(299550580, 63),
(299550581, 63),
(299550584, 63),
(299550587, 63),
(299550595, 63),
(299550598, 63),
(299550602, 63),
(299550614, 63),
(299550623, 63),
(299550627, 63),
(299550633, 63),
(299550643, 63),
(299550646, 63),
(299550649, 63),
(299550657, 63),
(299550659, 63),
(299550665, 63),
(299550672, 63),
(299550674, 63),
(299550677, 63),
(299550680, 63),
(299550682, 63),
(299550683, 63),
(299550687, 63),
(299550690, 63),
(299550696, 63),
(299550698, 63),
(299550699, 63),
(299550708, 63),
(299550711, 63);
INSERT INTO `geo_osm_ways_tags` (`id_way`, `id_tag`) VALUES
(299550712, 63),
(299550714, 63),
(299550715, 63),
(299550716, 63),
(299550717, 63),
(299550725, 63),
(299550726, 63),
(299550732, 63),
(299550736, 63),
(299550739, 63),
(299550746, 63),
(299550747, 63),
(299550752, 63),
(299550755, 63),
(299550757, 63),
(299550765, 63),
(299550768, 63),
(299550769, 63),
(299550795, 63),
(299550802, 63),
(299550803, 63),
(299550807, 63),
(299550808, 63),
(299550811, 63),
(299550814, 63),
(299550815, 63),
(299550820, 63),
(299550823, 63),
(299550829, 63),
(299550830, 63),
(299550832, 63),
(299550833, 63),
(299550834, 63),
(299550838, 63),
(299550851, 63),
(299550854, 63),
(299550855, 63),
(299550856, 63),
(299550859, 63),
(299550861, 63),
(299550863, 63),
(299550872, 63),
(299550878, 63),
(299550880, 63),
(299550889, 63),
(299550894, 63),
(299550985, 63),
(299550986, 63),
(299550988, 63),
(299550989, 63),
(299550991, 63),
(299550997, 63),
(299551000, 63),
(299551004, 63),
(299551007, 63),
(299551008, 63),
(299551012, 63),
(299551013, 63),
(299551014, 63),
(299551020, 63),
(299551021, 63),
(299551022, 63),
(299551024, 63),
(299551037, 63),
(299551042, 63),
(299551043, 63),
(299551049, 63),
(299551055, 63),
(299551058, 63),
(299551062, 63),
(299551063, 63),
(299551065, 63),
(299551066, 63),
(299551072, 63),
(299551077, 63),
(299551078, 63),
(299551081, 63),
(299551087, 63),
(299551091, 63),
(299551101, 63),
(299551104, 63),
(299551105, 63),
(299551106, 63),
(299551110, 63),
(299551112, 63),
(299551117, 63),
(299551118, 63),
(299551120, 63),
(299551122, 63),
(299551124, 63),
(299551134, 63),
(299551135, 63),
(299551138, 63),
(299551139, 63),
(299551159, 63),
(299551163, 63),
(299551170, 63),
(299551172, 63),
(299551176, 63),
(299551184, 63),
(299551189, 63),
(299551190, 63),
(299551193, 63),
(299551198, 63),
(299551199, 63),
(299551204, 63),
(299551205, 63),
(299551206, 63),
(299551218, 63),
(299551220, 63),
(299551222, 63),
(299551223, 63),
(299551226, 63),
(299551232, 63),
(299551236, 63),
(299551239, 63),
(299551241, 63),
(299551244, 63),
(299551246, 63),
(299551250, 63),
(299551251, 63),
(299551255, 63),
(299551257, 63),
(299551263, 63),
(299551266, 63),
(299551269, 63),
(299551272, 63),
(299551273, 63),
(299551274, 63),
(299551284, 63),
(299551290, 63),
(299551292, 63),
(299551293, 63),
(299551297, 63),
(299551304, 63),
(299551305, 63),
(299551307, 63),
(299551310, 63),
(299551311, 63),
(299551317, 63),
(299551320, 63),
(299551322, 63),
(299551323, 63),
(299551324, 63),
(299551328, 63),
(299551331, 63),
(299551336, 63),
(299551342, 63),
(299551349, 63),
(299551350, 63),
(299551353, 63),
(299551355, 63),
(299551363, 63),
(299551365, 63),
(299551366, 63),
(299551367, 63),
(299551368, 63),
(299551369, 63),
(299551370, 63),
(299551372, 63),
(299551376, 63),
(299551377, 63),
(299551378, 63),
(299551382, 63),
(299551383, 63),
(299551385, 63),
(299551388, 63),
(299551390, 63),
(299551394, 63),
(299551401, 63),
(299551407, 63),
(299551408, 63),
(299551410, 63),
(299551412, 63),
(299551413, 63),
(299551416, 63),
(299551417, 63),
(299551425, 63),
(299551427, 63),
(299551432, 63),
(299551433, 63),
(299551436, 63),
(299551437, 63),
(299551439, 63),
(299551440, 63),
(299551441, 63),
(299551442, 63),
(299551445, 63),
(299551446, 63),
(299551449, 63),
(299551451, 63),
(299551452, 63),
(299551454, 63),
(299551459, 63),
(299551463, 63),
(299551464, 63),
(299551467, 63),
(299551470, 63),
(299551474, 63),
(299551475, 63),
(299551479, 63),
(299551480, 63),
(299551482, 63),
(299551483, 63),
(299551487, 63),
(299551491, 63),
(299551493, 63),
(299551497, 63),
(299551501, 63),
(299551502, 63),
(299551508, 63),
(299551509, 63),
(299551512, 63),
(299551518, 63),
(299551521, 63),
(299551524, 63),
(299551525, 63),
(299551526, 63),
(299551528, 63),
(299551530, 63),
(299551763, 63),
(299551765, 63),
(299551768, 63),
(299551770, 63),
(299551772, 63),
(299551775, 63),
(299551776, 63),
(299551779, 63),
(299551780, 63),
(299551781, 63),
(299551782, 63),
(299551783, 63),
(299551784, 63),
(299551785, 63),
(299551792, 63),
(299551793, 63),
(299551797, 63),
(299551798, 63),
(299551807, 63),
(299551812, 63),
(299551816, 63),
(299551818, 63),
(299551820, 63),
(299551836, 63),
(299551847, 63),
(299551848, 63),
(299551851, 63),
(299551853, 63),
(299551854, 63),
(299551856, 63),
(299551858, 63),
(299551859, 63),
(299551860, 63),
(299551864, 63),
(299551866, 63),
(299551867, 63),
(299551868, 63),
(299551869, 63),
(299551870, 63),
(299551872, 63),
(299551873, 63),
(299551877, 63),
(299551878, 63),
(299551879, 63),
(299551880, 63),
(299551881, 63),
(299551882, 63),
(299551889, 63),
(299551895, 63),
(299551896, 63),
(299551898, 63),
(299551900, 63),
(299551901, 63),
(299551902, 63),
(299551906, 63),
(299551908, 63),
(299551910, 63),
(299551912, 63),
(299551916, 63),
(299551917, 63),
(299551918, 63),
(299551920, 63),
(299551925, 63),
(299551926, 63),
(299551930, 63),
(299551931, 63),
(299551934, 63),
(299551936, 63),
(299551939, 63),
(299551940, 63),
(299551942, 63),
(299551943, 63),
(299551954, 63),
(299551956, 63),
(299551957, 63),
(299551959, 63),
(299551960, 63),
(299551962, 63),
(299551964, 63),
(299551966, 63),
(299551969, 63),
(299551973, 63),
(299551977, 63),
(299551978, 63),
(299551984, 63),
(299551990, 63),
(299551992, 63),
(299551994, 63),
(299551996, 63),
(299552000, 63),
(299552001, 63),
(299552006, 63),
(299552007, 63),
(299552009, 63),
(299552010, 63),
(299552013, 63),
(299552018, 63),
(299552020, 63),
(299552021, 63),
(299552022, 63),
(299552025, 63),
(299552028, 63),
(299552034, 63),
(301594411, 63),
(303174641, 63),
(303174642, 63),
(305936191, 63),
(461197332, 63),
(461197343, 63),
(461224470, 63),
(461224471, 63),
(461224472, 63),
(461224473, 63),
(461224474, 63),
(461224475, 63),
(461224476, 63),
(472053901, 63),
(472054389, 63),
(472054732, 63),
(472054830, 63),
(472055179, 63),
(472055446, 63),
(472055692, 63),
(472056645, 63),
(475422092, 63),
(475765179, 63),
(475765398, 63),
(475765790, 63),
(475765891, 63),
(475766804, 63),
(475766850, 63),
(475767260, 63),
(475767439, 63),
(475767553, 63),
(475768414, 63),
(475768555, 63),
(475769463, 63),
(475769935, 63),
(475770374, 63),
(475770800, 63),
(475771146, 63),
(519953015, 63),
(519953016, 63),
(539382993, 63),
(539392015, 63),
(539392016, 63),
(539392017, 63),
(539392018, 63),
(539392019, 63),
(539392020, 63),
(539392021, 63),
(539392022, 63),
(539392023, 63),
(539392024, 63),
(539392025, 63),
(539392026, 63),
(539392027, 63),
(539392028, 63),
(539392029, 63),
(543067826, 63),
(543067827, 63),
(543067828, 63),
(543067829, 63),
(563275149, 63),
(563275150, 63),
(563275151, 63),
(563275152, 63),
(563275154, 63),
(563275155, 63),
(563275156, 63),
(563275157, 63),
(563275437, 63),
(563275438, 63),
(563275439, 63),
(563275440, 63),
(563275441, 63),
(563275442, 63),
(563275443, 63),
(563275444, 63),
(563548247, 63),
(563548350, 63),
(563548351, 63),
(563548352, 63),
(563548353, 63),
(563548354, 63),
(563548355, 63),
(563548356, 63),
(591628390, 63),
(591628391, 63),
(591631984, 63),
(591631985, 63),
(591631986, 63),
(591631987, 63),
(591631988, 63),
(591631989, 63),
(591631991, 63);

-- --------------------------------------------------------

--
-- Table structure for table `immobilier_bails`
--

CREATE TABLE `immobilier_bails` (
  `id_bail` int(11) NOT NULL,
  `id_bien` int(11) NOT NULL,
  `date_from` date NOT NULL,
  `date_to` date DEFAULT NULL,
  `duree_contrat` int(11) NOT NULL,
  `montant_loyer` decimal(6,2) NOT NULL,
  `trimestre_reference_IRL` char(7) NOT NULL,
  `travaux` text NOT NULL,
  `montant_depot_garantie` decimal(6,2) NOT NULL
) ENGINE=InnoDB DEFAULT CHARSET=utf8;

--
-- Dumping data for table `immobilier_bails`
--

INSERT INTO `immobilier_bails` (`id_bail`, `id_bien`, `date_from`, `date_to`, `duree_contrat`, `montant_loyer`, `trimestre_reference_IRL`, `travaux`, `montant_depot_garantie`) VALUES
(1, 2, '2019-01-01', NULL, 3, 1025.00, '', '', 0.00),
(2, 3, '2019-01-01', '2020-04-01', 3, 1775.00, '', '', 0.00),
(3, 3, '2020-05-01', NULL, 3, 2095.00, '', '', 0.00),
(4, 4, '2019-01-01', NULL, 3, 660.00, '', '', 0.00),
(5, 5, '2019-01-01', NULL, 3, 1350.00, '', '', 0.00),
(6, 6, '2019-01-01', '2019-06-30', 3, 396.00, '', '', 0.00),
(7, 6, '2019-09-01', '2021-11-30', 3, 390.00, '0', '-', 0.00),
(8, 7, '2019-01-01', '2020-02-01', 3, 480.00, '', '', 0.00),
(9, 7, '2020-03-01', '2022-01-31', 3, 510.00, '0', '-', 0.00),
(10, 8, '2020-08-10', NULL, 3, 750.00, 'T3 2020', 'WC (cuvette suspendue, carrelage, rangement), aménagement cuisine, équipement cuisine (plaque cuisson, four, sèche-linge)', 500.00),
(11, 6, '2021-12-15', NULL, 3, 430.00, '0', '-', 430.00),
(12, 7, '2022-02-20', '2022-03-31', 3, 550.00, '0', '-', 430.00),
(13, 7, '2022-06-01', '2022-06-30', 3, 550.00, '0', '-', 495.00);

-- --------------------------------------------------------

--
-- Table structure for table `immobilier_bails_locataires`
--

CREATE TABLE `immobilier_bails_locataires` (
  `id_bail` int(11) NOT NULL,
  `id_locataire` int(11) NOT NULL
) ENGINE=InnoDB DEFAULT CHARSET=utf8;

--
-- Dumping data for table `immobilier_bails_locataires`
--

INSERT INTO `immobilier_bails_locataires` (`id_bail`, `id_locataire`) VALUES
(1, 1),
(1, 2),
(2, 3),
(4, 4),
(5, 5),
(5, 6),
(7, 9),
(3, 10),
(6, 11),
(8, 12),
(9, 13),
(10, 14),
(10, 15),
(11, 16),
(12, 17),
(13, 18);

-- --------------------------------------------------------

--
-- Table structure for table `immobilier_biens`
--

CREATE TABLE `immobilier_biens` (
  `id_bien` int(11) NOT NULL,
  `abrege` varchar(50) NOT NULL,
  `adresse_1` varchar(255) NOT NULL,
  `adresse_2` varchar(255) NOT NULL,
  `code_postal` int(11) NOT NULL,
  `ville` varchar(50) NOT NULL,
  `type` enum('appartement','maison') NOT NULL,
  `id_contribuable` int(11) NOT NULL,
  `en_location` tinyint(1) NOT NULL,
  `date_acquisition` date NOT NULL,
  `deduction_specifique` enum('0','15','26','30','40','45','50','60','70','85') NOT NULL,
  `type_habitat` enum('immeuble collectif','individuel') NOT NULL,
  `regime_juridique_immeuble` enum('mono propriété','copropriété') NOT NULL,
  `periode_construction` enum('avant 1949','de 1949 à 1974','de 1975 à 1989','de 1989 à 2005','depuis 2005') NOT NULL,
  `autre_parties_logement` varchar(255) NOT NULL,
  `elements_equipements` varchar(255) NOT NULL,
  `modalite_production_chauffage` enum('Néant','individuel','collectif') NOT NULL,
  `modalite_production_eau_chaude_sanitaire` enum('Néant','individuelle','collective') NOT NULL,
  `destination_locaux` enum('usage d''habitation','usage mixte professionnel et d''habitation') NOT NULL,
  `locaux_usage_privatif` varchar(255) NOT NULL,
  `locaux_usage_commun` varchar(255) NOT NULL,
  `equipement_acces_TIC` varchar(255) NOT NULL
) ENGINE=InnoDB DEFAULT CHARSET=utf8;

--
-- Dumping data for table `immobilier_biens`
--

INSERT INTO `immobilier_biens` (`id_bien`, `abrege`, `adresse_1`, `adresse_2`, `code_postal`, `ville`, `type`, `id_contribuable`, `en_location`, `date_acquisition`, `deduction_specifique`, `type_habitat`, `regime_juridique_immeuble`, `periode_construction`, `autre_parties_logement`, `elements_equipements`, `modalite_production_chauffage`, `modalite_production_eau_chaude_sanitaire`, `destination_locaux`, `locaux_usage_privatif`, `locaux_usage_commun`, `equipement_acces_TIC`) VALUES
(1, 'BELLEPIERRE', ' 8, allée des Turquoises', ' ', 97400, 'Saint-Denis', 'maison', 1, 0, '1986-01-01', '0', 'individuel', 'mono propriété', 'de 1949 à 1974', '', '', 'individuel', 'individuelle', 'usage d\'habitation', '', '', ''),
(2, 'PONIATOWSKI', '63 boulevard Poniatowski', '', 75012, 'Paris', 'appartement', 1, 1, '1979-01-01', '26', 'immeuble collectif', 'copropriété', 'avant 1949', '', '', 'Néant', 'Néant', 'usage d\'habitation', '', '', ''),
(3, 'DANIEL STERN', '26, rue Daniel Stern	', '', 75015, 'Paris', 'appartement', 1, 1, '1982-01-01', '26', 'immeuble collectif', 'copropriété', 'avant 1949', '', '', 'Néant', 'Néant', 'usage d\'habitation', '', '', ''),
(4, 'LES JACQUIERS', 'Appartement 1105 - Les Jacquiers', '', 97490, 'Sainte-Clotilde', 'appartement', 1, 1, '1992-01-01', '26', 'immeuble collectif', 'copropriété', 'de 1989 à 2005', '', '', 'Néant', 'Néant', 'usage d\'habitation', '', '', ''),
(5, 'ST FRANCOIS', '2, chemin des Azalées', '', 97400, 'Saint-François', 'maison', 1, 1, '1994-01-01', '26', 'individuel', 'copropriété', 'de 1949 à 1974', '', '', 'Néant', 'Néant', 'usage d\'habitation', '', '', ''),
(6, 'SCRIBES II', 'Les Scribes II, appartement 152', '8, rue du Lycée', 97490, 'Sainte-Clotilde', 'appartement', 1, 1, '1997-01-01', '26', 'immeuble collectif', 'copropriété', 'de 1989 à 2005', '', '', 'Néant', 'Néant', 'usage d\'habitation', '', '', ''),
(7, 'STUDETTE', '26 rue Daniel Stern - 7e etage', '', 75015, 'Paris', 'appartement', 1, 1, '1982-01-01', '26', 'immeuble collectif', 'copropriété', 'avant 1949', '', '', 'Néant', 'Néant', 'usage d\'habitation', '', '', ''),
(8, 'COMETE', '15 chemin de la vierge', 'Appartement 50', 97400, 'Saint-Denis', 'appartement', 2, 1, '2020-07-30', '0', 'immeuble collectif', 'copropriété', 'de 1975 à 1989', 'Buanderie', 'WC, Lavabo, Douche', 'Néant', 'individuelle', 'usage mixte professionnel et d\'habitation', 'Place parking n°50, Cellier n°50', 'Espaces verts, local poubelle', 'Réception de la télévision (TNT/Satellite), téléphone, fibre Orange');

-- --------------------------------------------------------

--
-- Table structure for table `immobilier_charges`
--

CREATE TABLE `immobilier_charges` (
  `id_bien` int(11) NOT NULL,
  `date` date NOT NULL,
  `reference` varchar(255) NOT NULL,
  `charge` decimal(6,2) NOT NULL
) ENGINE=InnoDB DEFAULT CHARSET=utf8;

--
-- Dumping data for table `immobilier_charges`
--

INSERT INTO `immobilier_charges` (`id_bien`, `date`, `reference`, `charge`) VALUES
(2, '2019-02-18', 'Référence encaissement 2548187	', 565.52),
(2, '2019-03-31', 'Référence encaissement 9532754	', 1031.48),
(2, '2019-05-19', 'Référence encaissement 9532760	', 353.88),
(2, '2019-07-09', 'Référence encaissement 9532765	', 1031.77),
(2, '2019-08-18', 'Référence encaissement 9532767	', 353.88),
(2, '2019-10-15', 'Référence encaissement 9532772	', 1031.77),
(2, '2020-01-13', '1er trimestre 2020', 677.89),
(2, '2020-03-19', '2e trimestre 2020', 677.89),
(2, '2020-06-26', '3e trimestre 2020', 679.24),
(2, '2020-09-23', '4e trimestre 2020', 679.24),
(2, '2021-01-01', '1er TRIMESTRE 2021', 679.24),
(2, '2021-04-01', '2e TRIMESTRE 2021', 679.24),
(2, '2021-06-01', '3e TRIMESTRE 2021', 680.60),
(2, '2021-06-20', 'APPEL DE FONDS', 200.79),
(2, '2021-07-01', 'RACCORDEMENT PRISE DE TERRE', 307.40),
(2, '2021-10-01', '4e TRIMESTRE 2021', 680.60),
(2, '2022-01-01', '1er TRIMESTRE 2022', 680.60),
(2, '2022-04-01', '2e TRIMESTRE 2022', 680.60),
(2, '2022-06-01', '3e TRIMESTRE 2022', 664.72),
(2, '2022-10-01', '4e TRIMESTRE 2022', 664.72),
(3, '2019-01-01', '1er TRIMESTRE 2019', 784.18),
(3, '2019-04-01', '2e TRIMESTRE 2019', 784.42),
(3, '2019-07-01', '3e TRIMESTRE 2019', 783.45),
(3, '2019-10-01', '4e TRIMESTRE 2019', 786.43),
(3, '2020-01-01', '1er TRIMESTRE 2020', 786.43),
(3, '2020-04-01', '2e TRIMESTRE 2020', 883.99),
(3, '2020-07-01', '3e TRIMESTRE 2020', 883.99),
(3, '2020-10-01', '4e TRIMESTRE 2020', 854.82),
(3, '2021-01-01', '1er TRIMESTRE 2021', 984.38),
(3, '2021-04-01', '2e TRIMESTRE 2021', 854.82),
(3, '2021-07-01', '3e TRIMESTRE 2021', 854.82),
(3, '2021-10-01', '4e TRIMESTRE 2021', 854.82),
(3, '2022-01-01', '1er TRIMESTRE 2022', 854.82),
(3, '2022-04-01', '2e TRIMESTRE 2022', 345.19),
(3, '2022-05-01', 'APPEL FONDS EXCEPTIONNEL 2022', 251.73),
(3, '2022-07-01', '3e TRIMESTRE 2022', 345.19),
(3, '2022-10-01', '4e TRIMESTRE 2022', 600.01),
(4, '2019-04-14', 'Résidence les jacquiers', 389.00),
(4, '2019-10-15', 'Résidence les jacquiers', 920.00),
(4, '2020-01-01', '1er TRIMESTRE 2020', 356.49),
(4, '2020-03-01', '2e TRIMESTRE 2020', 356.49),
(4, '2020-06-01', '3e TRIMESTRE 2020', 356.49),
(4, '2020-06-17', 'APPEL EXCEPTIONNEL', 179.96),
(4, '2020-09-01', '4e TRIMESTRE 2020', 356.49),
(4, '2020-12-15', 'REAJUSTEMENT BUDGET 2020', 83.42),
(4, '2021-01-01', '1ER TRIMESTRE 2021', 390.14),
(4, '2021-03-01', '2e TRIMESTRE 2021', 390.14),
(4, '2021-07-06', '3e TRIMESTRE 2021', 390.14),
(4, '2021-11-09', '4e TRIMESTRE 2021', 519.07),
(4, '2022-01-04', '1er TRIMESTRE 2022', 428.46),
(4, '2022-04-12', '2ème TRIMESTRE 2022', 428.46),
(4, '2022-05-05', 'Régularisation exercice 2021 Charges ordinaires', 16.98),
(4, '2022-07-06', '3ème TRIMESTRE 2022', 428.46),
(4, '2022-10-12', '4ème TRIMESTRE 2022', 428.46),
(6, '2019-06-16', 'Fiprim Immo', 694.95),
(6, '2020-10-07', 'FIPRIM', 164.25),
(6, '2021-01-01', '1ere TRIMESTRE 2021', 165.70),
(6, '2021-04-01', '2e TRIMESTRE 2021', 164.25),
(6, '2021-07-01', '3e TRIMESTRE 2021', 165.33),
(6, '2021-10-01', '4e TRIMESTRE 2021', 165.33),
(6, '2022-01-04', '1er TRIMESTRE 2022', 165.33),
(6, '2022-04-12', '2ème TRIMESTRE 2022', 165.33),
(6, '2022-07-06', '3ème TRIMESTRE 2022', 165.33),
(6, '2022-10-12', '4ème TRIMESTRE 2022', 165.33),
(8, '2020-07-29', 'Prorata des charges de copropriété du trimestre en cours deja acquité par le vendeur', 210.38),
(8, '2020-07-30', 'Appel CITYA', 333.69),
(8, '2021-02-23', 'Période 01/01/2021 au 31/03/2021', 685.79),
(8, '2021-03-15', 'Période 01/04/2021 au 30/06/2021', 318.50),
(8, '2021-07-26', 'Période 01/07/2021 au 30/09/2021', 601.34),
(8, '2021-09-29', 'Période 01/10/2021 au 31/12/2021', 318.50),
(8, '2022-01-01', 'Période 01/01/2022 au 31/03/2022', 322.07),
(8, '2022-03-14', 'Période 01/04/2022 au 30/06/2022', 322.07),
(8, '2022-06-15', 'Période 01/07/2022 au 30/09/2022', 322.07),
(8, '2022-09-12', 'Période 01/10/2022 au 31/12/2022', 322.07);

-- --------------------------------------------------------

--
-- Table structure for table `immobilier_cles`
--

CREATE TABLE `immobilier_cles` (
  `id_cle` int(11) NOT NULL,
  `id_bien` int(11) NOT NULL,
  `nom` varchar(50) NOT NULL,
  `quantite` int(11) NOT NULL,
  `commentaire` varchar(255) NOT NULL
) ENGINE=InnoDB DEFAULT CHARSET=utf8;

--
-- Dumping data for table `immobilier_cles`
--

INSERT INTO `immobilier_cles` (`id_cle`, `id_bien`, `nom`, `quantite`, `commentaire`) VALUES
(1, 8, 'Appartement', 3, ''),
(2, 8, 'Cellier serrure 1', 3, ''),
(3, 8, 'Cellier serrure 2', 3, ''),
(4, 8, 'Badge d\'accès', 4, ''),
(5, 8, 'Télécommande', 1, '');

-- --------------------------------------------------------

--
-- Table structure for table `immobilier_locataires`
--

CREATE TABLE `immobilier_locataires` (
  `id_locataire` int(11) NOT NULL,
  `nom` varchar(50) NOT NULL,
  `prenom` varchar(50) NOT NULL
) ENGINE=InnoDB DEFAULT CHARSET=utf8;

--
-- Dumping data for table `immobilier_locataires`
--

INSERT INTO `immobilier_locataires` (`id_locataire`, `nom`, `prenom`) VALUES
(1, 'TANAKA', ''),
(2, 'LICHT', ''),
(3, 'PASQUIER', 'OLIVIER'),
(4, 'VALVERDE', ''),
(5, 'TIZON', 'Marie-Christine'),
(6, 'MINJOZ', 'Pierre'),
(7, 'ITEMA', 'Samuel'),
(9, 'CHAPDELAINE', 'Remi'),
(10, 'ELBAZ', 'Roger'),
(11, 'ROBORE', 'Willliam'),
(12, 'ARNAUD', 'Stéphane'),
(13, 'FERHAOUI', 'Katia '),
(14, 'COURTOIS', 'Morgan'),
(15, 'COURTOIS', 'Anna'),
(16, 'NITOU', 'Ounikouéla'),
(17, 'HANAMI', 'Djamila'),
(18, 'AGRAOU', 'Sarah'),
(19, 'TANGUY', 'Bernard Jacques Emmanuel');

-- --------------------------------------------------------

--
-- Table structure for table `immobilier_loyers`
--

CREATE TABLE `immobilier_loyers` (
  `id_bail` int(11) NOT NULL,
  `mois` date NOT NULL,
  `date_encaissement` date DEFAULT NULL,
  `loyer_brut_encaisse` int(11) NOT NULL,
  `provision_charges` int(11) NOT NULL
) ENGINE=InnoDB DEFAULT CHARSET=utf8;

--
-- Dumping data for table `immobilier_loyers`
--

INSERT INTO `immobilier_loyers` (`id_bail`, `mois`, `date_encaissement`, `loyer_brut_encaisse`, `provision_charges`) VALUES
(1, '2019-01-01', NULL, 1025, 0),
(1, '2019-02-01', NULL, 1025, 0),
(1, '2019-03-01', NULL, 1025, 0),
(1, '2019-04-01', NULL, 1025, 0),
(1, '2019-05-01', NULL, 1025, 0),
(1, '2019-06-01', NULL, 1025, 0),
(1, '2019-07-01', NULL, 1025, 0),
(1, '2019-08-01', NULL, 1025, 0),
(1, '2019-09-01', NULL, 1025, 0),
(1, '2019-10-01', NULL, 1025, 0),
(1, '2019-11-01', NULL, 1025, 0),
(1, '2019-12-01', NULL, 1025, 0),
(1, '2020-01-01', '2020-01-03', 1025, 0),
(1, '2020-02-01', '2020-02-04', 1025, 0),
(1, '2020-03-01', '2020-03-03', 1025, 0),
(1, '2020-04-01', '2020-04-02', 1025, 0),
(1, '2020-05-01', '2020-05-05', 1025, 0),
(1, '2020-06-01', '2020-06-03', 1025, 0),
(1, '2020-07-01', '2020-07-02', 1025, 0),
(1, '2020-08-01', '2020-08-04', 1025, 0),
(1, '2020-09-01', '2020-09-02', 1025, 0),
(1, '2020-10-01', '2020-10-02', 1025, 0),
(1, '2020-11-01', '2020-11-03', 1025, 0),
(1, '2020-12-01', '2020-12-02', 1025, 0),
(1, '2021-01-01', '2021-01-05', 1125, 0),
(1, '2021-02-01', '2021-02-02', 1125, 0),
(1, '2021-03-01', '2021-03-02', 1125, 0),
(1, '2021-04-01', '2021-04-06', 1125, 0),
(1, '2021-05-01', '2021-05-04', 1125, 0),
(1, '2021-06-01', '2021-06-02', 1125, 0),
(1, '2021-07-01', '2021-07-02', 1125, 0),
(1, '2021-08-01', '2021-08-03', 1125, 0),
(1, '2021-09-01', '2021-09-02', 1125, 0),
(1, '2021-10-01', '2021-10-04', 1125, 0),
(1, '2021-11-01', '2021-11-03', 1125, 0),
(1, '2021-12-01', '2021-12-02', 1125, 0),
(1, '2022-01-01', '2022-01-04', 1150, 0),
(1, '2022-02-01', '2022-02-02', 1150, 0),
(1, '2022-03-01', '2022-03-02', 1150, 0),
(1, '2022-04-01', '2022-04-04', 1150, 0),
(1, '2022-05-01', '2021-05-03', 1150, 0),
(1, '2022-06-01', '2022-06-02', 1150, 0),
(1, '2022-07-01', '2022-07-04', 1150, 0),
(1, '2022-08-01', '2022-08-02', 1150, 1),
(1, '2022-09-01', '2022-09-02', 1150, 0),
(1, '2022-10-01', '2022-10-04', 1150, 0),
(1, '2022-11-01', '2022-11-03', 1150, 0),
(1, '2022-12-01', '2022-12-02', 1150, 0),
(1, '2023-01-01', '2023-01-03', 1225, 0),
(1, '2023-02-01', '2023-02-02', 1225, 0),
(2, '2019-01-01', NULL, 1775, 0),
(2, '2019-02-01', NULL, 1775, 0),
(2, '2019-03-01', NULL, 1775, 0),
(2, '2019-04-01', NULL, 1775, 0),
(2, '2019-05-01', NULL, 1775, 0),
(2, '2019-06-01', NULL, 1775, 0),
(2, '2019-07-01', NULL, 1775, 0),
(2, '2019-08-01', NULL, 1775, 0),
(2, '2019-09-01', NULL, 1775, 0),
(2, '2019-10-01', NULL, 1775, 0),
(2, '2019-11-01', NULL, 1775, 0),
(2, '2019-12-01', NULL, 1775, 0),
(2, '2020-01-01', '2020-01-03', 1775, 0),
(2, '2020-02-01', '2020-02-03', 1775, 0),
(2, '2020-03-01', '2020-03-03', 1775, 0),
(2, '2020-04-01', '2020-04-03', 1775, 0),
(3, '2020-05-01', '2020-05-05', 1940, 0),
(3, '2020-06-01', '2020-06-02', 2095, 0),
(3, '2020-07-01', '2020-07-01', 2095, 155),
(3, '2020-09-01', '2020-09-02', 742, 155),
(3, '2020-10-01', '2020-10-06', 2095, 155),
(3, '2020-11-01', '2020-11-06', 2095, 155),
(3, '2020-12-01', '2020-12-07', 2095, 155),
(3, '2021-01-01', '2021-12-06', 2095, 155),
(3, '2021-02-01', '2021-02-08', 2095, 155),
(3, '2021-03-01', '2021-03-08', 2095, 155),
(3, '2021-04-01', '2021-04-06', 2095, 155),
(3, '2021-05-01', '2021-05-06', 2095, 155),
(3, '2021-06-01', '2021-06-07', 2095, 155),
(3, '2021-07-01', '2021-07-06', 2095, 155),
(3, '2021-08-01', '2021-08-06', 2095, 155),
(3, '2021-09-01', '2021-09-06', 2095, 155),
(3, '2021-10-01', '2021-10-06', 2095, 155),
(3, '2021-11-01', '2021-11-08', 2095, 155),
(3, '2021-12-01', '2021-12-06', 2095, 115),
(3, '2022-01-01', '2022-01-06', 2095, 115),
(3, '2022-02-01', '2022-02-07', 2095, 115),
(3, '2022-03-01', '2022-03-07', 2095, 115),
(3, '2022-04-01', '2022-04-06', 2095, 115),
(3, '2022-05-01', '2022-05-06', 2095, 115),
(3, '2022-06-01', '2022-06-07', 2095, 115),
(3, '2022-07-01', '2022-07-06', 2095, 0),
(3, '2022-08-01', '2022-08-08', 2095, 0),
(3, '2022-09-01', '2022-09-06', 2095, 0),
(3, '2022-10-01', '2022-10-06', 2095, 0),
(3, '2022-11-01', '2022-11-07', 2095, 0),
(3, '2022-12-01', '2022-12-06', 2095, 0),
(3, '2023-01-01', '2023-01-06', 2095, 0),
(3, '2023-02-01', '2023-02-06', 2095, 0),
(3, '2023-03-01', '2023-02-06', 2095, 0),
(4, '2019-01-01', NULL, 660, 0),
(4, '2019-02-01', NULL, 660, 0),
(4, '2019-03-01', NULL, 660, 0),
(4, '2019-04-01', NULL, 660, 0),
(4, '2019-05-01', NULL, 660, 0),
(4, '2019-06-01', NULL, 660, 0),
(4, '2019-07-01', NULL, 660, 0),
(4, '2019-08-01', NULL, 660, 0),
(4, '2019-09-01', NULL, 660, 0),
(4, '2019-10-01', NULL, 660, 0),
(4, '2019-11-01', NULL, 660, 0),
(4, '2019-12-01', NULL, 660, 0),
(4, '2020-01-01', '2020-01-02', 660, 0),
(4, '2020-02-01', '2020-02-03', 660, 0),
(4, '2020-03-01', '2020-03-02', 660, 0),
(4, '2020-04-01', '2020-04-01', 660, 0),
(4, '2020-05-01', '2020-05-04', 660, 0),
(4, '2020-06-01', '2020-06-02', 660, 0),
(4, '2020-07-01', '2020-07-01', 660, 0),
(4, '2020-08-01', '2020-08-03', 660, 0),
(4, '2020-09-01', '2020-09-01', 660, 0),
(4, '2020-10-01', '2020-10-01', 660, 0),
(4, '2020-11-01', '2020-11-02', 660, 0),
(4, '2020-12-01', '2020-12-01', 660, 0),
(4, '2021-01-01', '2021-01-04', 660, 0),
(4, '2021-02-01', '2021-02-10', 660, 0),
(4, '2021-03-01', '2021-03-01', 660, 0),
(4, '2021-04-01', '2021-04-01', 660, 0),
(4, '2021-05-01', '2021-05-03', 660, 0),
(4, '2021-06-01', '2021-06-01', 660, 0),
(4, '2021-07-01', '2021-07-01', 660, 0),
(4, '2021-08-01', '2021-08-02', 660, 0),
(4, '2021-09-01', '2021-09-01', 660, 0),
(4, '2021-10-01', '2021-10-01', 660, 0),
(4, '2021-11-01', '2021-11-02', 660, 0),
(4, '2021-12-01', '2021-12-01', 660, 0),
(4, '2022-01-01', '2022-01-03', 685, 0),
(4, '2022-02-01', '2022-02-01', 685, 0),
(4, '2022-03-01', '2022-03-01', 685, 0),
(4, '2022-04-01', '2022-04-01', 685, 0),
(4, '2022-05-01', '2022-05-02', 685, 0),
(4, '2022-06-01', '2022-06-01', 685, 0),
(4, '2022-07-01', '2022-07-01', 685, 0),
(4, '2022-08-01', '2022-08-01', 685, 0),
(4, '2022-09-01', '2022-09-01', 685, 0),
(4, '2022-10-01', '2022-10-03', 685, 0),
(4, '2022-11-01', '2022-11-02', 685, 0),
(4, '2022-12-01', '2022-12-01', 685, 0),
(4, '2023-01-01', '2023-01-02', 685, 0),
(4, '2023-02-01', '2023-02-01', 685, 0),
(4, '2023-03-01', '2023-03-01', 685, 0),
(5, '2019-01-01', NULL, 1350, 0),
(5, '2019-02-01', NULL, 1350, 0),
(5, '2019-03-01', NULL, 1350, 0),
(5, '2019-04-01', NULL, 1350, 0),
(5, '2019-05-01', NULL, 1350, 0),
(5, '2019-06-01', NULL, 1350, 0),
(5, '2019-07-01', NULL, 1350, 0),
(5, '2019-08-01', NULL, 1350, 0),
(5, '2019-09-01', NULL, 1350, 0),
(5, '2019-10-01', NULL, 1350, 0),
(5, '2019-11-01', NULL, 1350, 0),
(5, '2019-12-01', NULL, 1350, 0),
(5, '2020-01-01', '2019-12-31', 1350, 0),
(5, '2020-02-01', '2020-02-03', 1350, 0),
(5, '2020-03-01', '2020-03-03', 1350, 0),
(5, '2020-04-01', '2020-04-01', 1350, 0),
(5, '2020-05-01', '2020-05-05', 1350, 0),
(5, '2020-06-01', '2020-07-20', 1350, 0),
(5, '2020-07-01', '2020-07-09', 1350, 0),
(5, '2020-08-01', '2020-07-31', 1350, 0),
(5, '2020-09-01', '2020-10-30', 1350, 0),
(5, '2020-10-01', '2020-09-30', 1350, 0),
(5, '2020-11-01', '2020-11-03', 1350, 0),
(5, '2020-12-01', '2020-12-02', 1350, 0),
(5, '2021-01-01', '2020-12-31', 1350, 0),
(5, '2021-02-01', '2021-02-02', 1350, 0),
(5, '2021-03-01', '2021-03-02', 1350, 0),
(5, '2021-04-01', '2021-04-01', 1350, 0),
(5, '2021-05-01', '2021-05-04', 1350, 0),
(5, '2021-06-01', '2021-06-01', 1350, 0),
(5, '2021-07-01', '2021-07-02', 1350, 0),
(5, '2021-08-01', '2021-08-03', 1350, 0),
(5, '2021-09-01', '2021-09-03', 1350, 0),
(5, '2021-10-01', '2021-10-05', 1350, 0),
(5, '2021-11-01', '2021-11-03', 1350, 0),
(5, '2021-12-01', '2021-12-02', 1350, 0),
(5, '2022-01-01', '2022-01-04', 1350, 0),
(5, '2022-02-01', '2022-02-01', 1350, 0),
(5, '2022-03-01', '2022-03-01', 1350, 0),
(5, '2022-04-01', '2022-04-05', 1350, 0),
(5, '2022-05-01', '2022-05-03', 1350, 0),
(5, '2022-06-01', '2022-06-03', 1350, 0),
(5, '2022-07-01', '2022-07-01', 1350, 0),
(5, '2022-08-01', '2022-08-02', 1350, 0),
(5, '2022-09-01', '2022-09-01', 1350, 0),
(5, '2022-10-01', '2022-10-04', 1350, 0),
(5, '2022-11-01', '2022-11-03', 1350, 0),
(5, '2022-12-01', '2022-12-01', 1350, 0),
(5, '2023-01-01', '2023-01-03', 1296, 0),
(5, '2023-02-01', '2023-02-03', 1425, 0),
(5, '2023-03-01', '2023-03-02', 1425, 0),
(6, '2019-01-01', NULL, 396, 0),
(6, '2019-02-01', NULL, 396, 0),
(6, '2019-03-01', NULL, 396, 0),
(6, '2019-04-01', NULL, 251, 0),
(6, '2019-05-01', NULL, 251, 0),
(6, '2019-06-01', NULL, 251, 0),
(7, '2019-09-01', NULL, 345, 0),
(7, '2019-10-01', NULL, 390, 0),
(7, '2019-11-01', NULL, 372, 0),
(7, '2019-12-01', NULL, 390, 0),
(7, '2020-01-01', '2019-12-30', 390, 0),
(7, '2020-02-01', '2020-01-30', 390, 0),
(7, '2020-03-01', '2020-02-28', 390, 0),
(7, '2020-04-01', '2020-03-30', 390, 0),
(7, '2020-05-01', '2020-05-11', 390, 0),
(7, '2020-06-01', '2020-05-28', 390, 0),
(7, '2020-07-01', '2020-06-29', 390, 30),
(7, '2020-08-01', '2020-07-30', 390, 30),
(7, '2020-09-01', '2020-08-31', 390, 0),
(7, '2020-10-01', '2020-09-29', 390, 0),
(7, '2020-11-01', '2020-10-30', 390, 0),
(7, '2020-12-01', '2020-11-27', 390, 0),
(7, '2021-01-01', '2020-12-29', 390, 0),
(7, '2021-02-01', '2021-01-28', 390, 0),
(7, '2021-03-01', '2021-02-26', 390, 0),
(7, '2021-04-01', '2021-03-29', 390, 0),
(7, '2021-05-01', '2021-04-28', 390, 0),
(7, '2021-06-01', '2021-05-28', 390, 0),
(7, '2021-07-01', '2021-06-29', 390, 0),
(7, '2021-08-01', '2021-07-29', 390, 0),
(7, '2021-09-01', '2021-08-30', 390, 0),
(7, '2021-10-01', '2021-09-29', 390, 0),
(7, '2021-11-01', '2021-10-29', 390, 0),
(8, '2019-01-01', NULL, 480, 0),
(8, '2019-02-01', NULL, 480, 0),
(8, '2019-03-01', NULL, 480, 0),
(8, '2019-04-01', NULL, 480, 0),
(8, '2019-05-01', NULL, 480, 0),
(8, '2019-06-01', NULL, 480, 0),
(8, '2019-07-01', NULL, 480, 0),
(8, '2019-08-01', NULL, 480, 0),
(8, '2019-09-01', NULL, 480, 0),
(8, '2019-10-01', NULL, 480, 0),
(8, '2019-11-01', NULL, 480, 0),
(8, '2019-12-01', NULL, 480, 0),
(8, '2020-01-01', '2020-01-02', 480, 0),
(8, '2020-02-01', '2020-02-03', 480, 0),
(9, '2020-03-01', '2020-03-04', 510, 0),
(9, '2020-04-01', '2020-04-01', 510, 0),
(9, '2020-05-01', '2020-05-05', 510, 0),
(9, '2020-06-01', '2020-06-03', 510, 0),
(9, '2020-07-01', '2020-07-02', 510, 0),
(9, '2020-08-01', '2020-08-04', 510, 40),
(9, '2020-09-01', '2020-09-02', 510, 40),
(9, '2020-10-01', '2020-10-05', 510, 0),
(9, '2020-11-01', '2020-10-30', 510, 0),
(9, '2020-12-01', '2020-12-02', 510, 40),
(9, '2021-01-01', '2021-01-08', 510, 40),
(9, '2021-02-01', '2021-02-01', 510, 40),
(9, '2021-03-01', '2021-03-02', 510, 40),
(9, '2021-04-01', '2021-04-01', 510, 40),
(9, '2021-05-01', '2021-04-30', 510, 40),
(9, '2021-06-01', '2021-06-01', 510, 40),
(9, '2021-07-01', '2021-07-01', 510, 40),
(9, '2021-08-01', '2021-07-30', 510, 40),
(9, '2021-09-01', '2021-09-01', 510, 40),
(9, '2021-10-01', '2021-10-01', 510, 40),
(9, '2021-11-01', '2021-11-02', 510, 40),
(9, '2021-12-01', '2021-12-01', 510, 40),
(9, '2022-01-01', '2022-01-03', 510, 40),
(10, '2020-09-01', '2020-07-24', 750, 120),
(10, '2020-10-01', '2020-10-12', 750, 120),
(10, '2020-11-01', '2020-11-09', 750, 120),
(10, '2020-12-01', '2020-12-08', 750, 120),
(10, '2021-01-01', '2021-01-07', 750, 120),
(10, '2021-02-01', '2020-02-12', 750, 120),
(10, '2021-03-01', '2021-03-08', 750, 120),
(10, '2021-04-01', '2021-04-12', 750, 120),
(10, '2021-05-01', '2021-05-03', 750, 120),
(10, '2021-06-01', '2021-06-08', 750, 120),
(10, '2021-07-01', '2021-07-12', 750, 120),
(10, '2021-08-01', '2021-08-03', 750, 120),
(10, '2021-09-01', '2021-09-08', 750, 120),
(10, '2021-10-01', '2021-10-06', 750, 120),
(10, '2021-11-01', '2021-11-10', 750, 120),
(10, '2022-01-01', '2022-01-17', 750, 120),
(10, '2022-02-01', '2022-02-15', 750, 120),
(10, '2022-03-01', '2022-03-18', 750, 120),
(10, '2022-04-01', '2022-04-11', 750, 120),
(10, '2022-05-01', '2022-05-09', 750, 120),
(10, '2022-06-01', '2022-06-07', 750, 120),
(10, '2022-07-01', '2022-07-11', 750, 120),
(10, '2022-08-01', '2022-08-08', 750, 120),
(10, '2022-09-01', '2022-09-07', 750, 120),
(10, '2022-10-01', '2022-10-06', 750, 120),
(10, '2022-11-01', '2022-11-02', 750, 120),
(10, '2022-12-01', '2022-12-01', 750, 120),
(10, '2023-01-01', '2022-12-29', 750, 120),
(10, '2023-02-01', '2023-02-01', 750, 120),
(10, '2023-03-01', '2023-03-01', 750, 0),
(11, '2021-12-01', '2021-12-10', 210, 0),
(11, '2022-01-01', '2022-01-06', 430, 0),
(11, '2022-02-01', '2022-02-03', 430, 0),
(11, '2022-03-01', '2022-03-03', 430, 0),
(11, '2022-04-01', '2022-04-05', 430, 0),
(11, '2022-05-01', '2022-05-04', 430, 0),
(11, '2022-06-01', '2022-06-03', 430, 0),
(11, '2022-07-01', '2022-07-05', 430, 0),
(11, '2022-08-01', '2022-08-03', 430, 0),
(11, '2022-09-01', '2022-09-05', 430, 0),
(11, '2022-10-01', '2022-10-05', 430, 0),
(11, '2022-11-01', '2022-11-03', 430, 0),
(11, '2022-12-01', '2022-12-05', 430, 0),
(11, '2023-01-01', '2023-01-04', 430, 0),
(11, '2023-02-01', '2023-03-03', 430, 0),
(11, '2023-03-01', '2023-03-03', 430, 0),
(12, '2022-02-01', '2022-02-22', 200, 0),
(12, '2022-03-01', '2022-03-04', 545, 0),
(13, '2022-06-01', '2022-07-04', 466, 0);

-- --------------------------------------------------------

--
-- Table structure for table `immobilier_pieces`
--

CREATE TABLE `immobilier_pieces` (
  `id_piece` int(11) NOT NULL,
  `id_bien` int(11) NOT NULL,
  `nom` enum('Pièce','Cuisine','Salle de bain','WC','Dégagement','Cellier') NOT NULL,
  `complement` varchar(20) NOT NULL,
  `piece_principale` tinyint(1) NOT NULL,
  `surface` decimal(4,1) NOT NULL
) ENGINE=InnoDB DEFAULT CHARSET=utf8;

--
-- Dumping data for table `immobilier_pieces`
--

INSERT INTO `immobilier_pieces` (`id_piece`, `id_bien`, `nom`, `complement`, `piece_principale`, `surface`) VALUES
(1, 1, 'Pièce', 'Stock', 0, 0.0),
(2, 1, 'Pièce', 'Garage', 0, 0.0),
(3, 1, 'Pièce', 'Extérieur + Terrase ', 0, 0.0),
(4, 1, 'Cuisine', 'Cuisine', 0, 0.0),
(5, 1, 'Pièce', 'Salon', 1, 0.0),
(6, 1, 'Dégagement', 'Couloir bas', 0, 0.0),
(7, 1, 'WC', 'WC bas', 0, 0.0),
(8, 1, 'Pièce', 'Bureau', 0, 0.0),
(9, 1, 'Pièce', 'Escalier', 0, 0.0),
(10, 1, 'Pièce', 'Couloir haut', 0, 0.0),
(11, 1, 'Pièce', 'Ch. parents', 1, 0.0),
(12, 1, 'Pièce', 'Ch. Pierre', 1, 0.0),
(13, 1, 'Pièce', 'Ch. Bernard', 1, 0.0),
(14, 1, 'Pièce', 'Ch. David', 1, 0.0),
(15, 1, 'Pièce', 'Petite SdB ', 0, 0.0),
(16, 1, 'Pièce', 'WC haut', 0, 0.0),
(17, 1, 'Pièce', 'Terrase haute', 0, 0.0),
(18, 1, 'Pièce', 'Autre', 0, 0.0),
(19, 8, 'Pièce', 'Séjour', 1, 32.7),
(20, 8, 'Cuisine', '', 0, 8.8),
(21, 8, 'Pièce', 'Chambre 1', 1, 9.4),
(22, 8, 'Pièce', 'Chambre 2', 1, 9.5),
(23, 8, 'Pièce', 'Chambre 3', 1, 9.2),
(24, 8, 'Salle de bain', '', 0, 4.1),
(25, 8, 'WC', '', 0, 1.5),
(26, 8, 'Dégagement', '', 0, 3.7),
(27, 8, 'Cellier', '', 0, 3.8);

-- --------------------------------------------------------

--
-- Table structure for table `immobilier_pieces_bails`
--

CREATE TABLE `immobilier_pieces_bails` (
  `id_bail` int(11) NOT NULL,
  `id_piece` int(11) NOT NULL,
  `number` int(11) NOT NULL,
  `correction_y` float NOT NULL,
  `etat_entree` enum('O','M','B','TB') NOT NULL,
  `etat_sortie` enum('O','M','B','TB') NOT NULL,
  `x_obs` float NOT NULL,
  `y_correction_obs` float NOT NULL,
  `display_cross` tinyint(1) NOT NULL,
  `text` varchar(50) NOT NULL
) ENGINE=InnoDB DEFAULT CHARSET=utf8;

--
-- Dumping data for table `immobilier_pieces_bails`
--

INSERT INTO `immobilier_pieces_bails` (`id_bail`, `id_piece`, `number`, `correction_y`, `etat_entree`, `etat_sortie`, `x_obs`, `y_correction_obs`, `display_cross`, `text`) VALUES
(10, 19, 1, 0, 'TB', '', 24.5, -2.8, 1, ''),
(10, 19, 2, 0, 'TB', '', 0, -1.4, 1, ''),
(10, 19, 3, 0, 'TB', '', 0, 0, 0, ''),
(10, 19, 4, 0, 'TB', '', 0, 0, 0, ''),
(10, 19, 5, 0, 'TB', '', 15.3, -1.9, 1, ''),
(10, 19, 6, 0, 'TB', '', 0, -1.9, 1, ''),
(10, 19, 7, 0, 'TB', '', 42, -2.2, 1, ''),
(10, 19, 10, 1.6, 'TB', '', 19, 0, 0, '5'),
(10, 19, 11, 4.5, 'TB', '', 19, 0, 0, '4'),
(10, 19, 12, 7, 'TB', '', 0, 0, 0, ''),
(10, 20, 1, 0, 'TB', '', 67.3, -2.8, 1, ''),
(10, 20, 2, 0, 'TB', '', 0, -1.4, 1, ''),
(10, 20, 3, 0, 'B', '', 0, 0, 0, ''),
(10, 20, 4, 0, 'TB', '', 0, 0, 0, ''),
(10, 20, 5, 0, 'TB', '', 0, 2.5, 0, 'Jalousie PVC'),
(10, 20, 7, 0, 'TB', '', 42, -2.2, 1, ''),
(10, 20, 10, 1.6, 'TB', '', 19, 0, 0, '2'),
(10, 20, 11, 4.5, 'TB', '', 19, 0, 0, '5'),
(10, 20, 12, 7, 'TB', '', 0, 0, 0, ''),
(10, 21, 1, 0, 'TB', '', 24.5, -2.8, 1, ''),
(10, 21, 2, 0, 'TB', '', 0, -1.4, 1, ''),
(10, 21, 3, 0, 'TB', '', 0, 0, 0, ''),
(10, 21, 4, 0, 'TB', '', 0, 0, 0, ''),
(10, 21, 5, 0, 'TB', '', 15.3, -1.9, 1, ''),
(10, 21, 6, 0, 'TB', '', 0, -1.9, 1, ''),
(10, 21, 7, 0, 'TB', '', 42, -2.2, 1, ''),
(10, 21, 10, 1.6, 'TB', '', 19, 0, 0, '1'),
(10, 21, 11, 4.5, 'TB', '', 19, 0, 0, '2'),
(10, 21, 12, 7, 'TB', '', 0, 0, 0, ''),
(10, 22, 1, 0, 'TB', '', 24.5, -2.8, 1, ''),
(10, 22, 2, 0, 'TB', '', 0, -1.4, 1, ''),
(10, 22, 3, 0, 'TB', '', 0, 0, 0, ''),
(10, 22, 4, 0, 'TB', '', 0, 0, 0, ''),
(10, 22, 5, 0, 'TB', '', 15.3, -1.9, 1, ''),
(10, 22, 6, 0, 'TB', '', 0, -1.9, 1, ''),
(10, 22, 7, 0, 'TB', '', 42, -2.2, 1, ''),
(10, 22, 10, 1.6, 'TB', '', 19, 0, 0, '1'),
(10, 22, 11, 4.5, 'TB', '', 19, 0, 0, '2'),
(10, 22, 12, 7, 'TB', '', 0, 0, 0, ''),
(10, 23, 1, 0, 'TB', '', 24.5, -2.8, 1, ''),
(10, 23, 2, 0, 'TB', '', 0, -1.4, 1, ''),
(10, 23, 3, 0, 'TB', '', 0, 0, 0, ''),
(10, 23, 4, 0, 'TB', '', 0, 0, 0, ''),
(10, 23, 5, 0, 'TB', '', 15.3, -1.9, 1, ''),
(10, 23, 6, 0, 'TB', '', 0, -1.9, 1, ''),
(10, 23, 7, 0, 'TB', '', 42, -2.2, 1, ''),
(10, 23, 10, 1.6, 'TB', '', 19, 0, 0, '1'),
(10, 23, 11, 4.5, 'TB', '', 19, 0, 0, '2'),
(10, 23, 12, 7, 'TB', '', 0, 0, 0, ''),
(10, 24, 1, -2, 'B', '', 67.5, -2, 1, ''),
(10, 24, 2, -2, 'B', '', 0.2, -0.6, 1, ''),
(10, 24, 3, -2, 'B', '', 0, 0, 0, ''),
(10, 24, 4, -2, 'TB', '', 0, 0, 0, ''),
(10, 24, 5, -2, 'B', '', 0, 2.6, 0, 'Jalousie PVC'),
(10, 24, 7, -2, 'TB', '', 0, 0, 0, ''),
(10, 24, 10, -1.6, 'TB', '', 22, 0, 0, '1'),
(10, 24, 11, -1.6, 'TB', '', 22, 0, 0, '1'),
(10, 24, 12, -2, 'TB', '', 0, 0, 0, ''),
(10, 24, 13, -2, 'B', '', 0, 0, 0, 'Bac à douche'),
(10, 24, 15, -2, 'B', '', 0, 0, 0, ''),
(10, 24, 16, -3, 'M', '', 0, 0, 0, ''),
(10, 24, 17, -4, 'B', '', 0, 0, 0, ''),
(10, 25, 1, -2, 'B', '', 0, 0, 0, ''),
(10, 25, 2, -2, 'TB', '', 0, 0, 0, ''),
(10, 25, 3, -2, 'TB', '', 0, 0, 0, ''),
(10, 25, 4, -2, 'TB', '', 0, 0, 0, ''),
(10, 25, 5, -2, 'B', '', 0, 0, 0, 'Jalousie PVC'),
(10, 25, 7, -2, 'TB', '', 0, 0, 0, ''),
(10, 25, 10, -1.6, 'TB', '', 0, 0, 0, '1'),
(10, 25, 12, -2, 'TB', '', 0, 0, 0, ''),
(10, 25, 13, -2, 'TB', '', 0, 0, 0, ''),
(10, 27, 1, 0, 'B', '', 0, 0, 0, ''),
(10, 27, 2, 0, 'B', '', 0, 0, 0, ''),
(10, 27, 3, 0, 'B', '', 0, 0, 0, ''),
(10, 27, 4, 0, 'TB', '', 0, 0, 0, ''),
(10, 27, 7, 0, 'B', '', 0, 0, 0, ''),
(10, 27, 11, 5, 'TB', '', 19, 0, 0, '2'),
(10, 27, 12, 8, 'TB', '', 0, 0, 0, '');

-- --------------------------------------------------------

--
-- Table structure for table `immobilier_taxes_assurances`
--

CREATE TABLE `immobilier_taxes_assurances` (
  `id_bien` int(11) NOT NULL,
  `year` year(4) NOT NULL,
  `primes_assurance` int(11) NOT NULL,
  `taxes_foncieres` int(11) NOT NULL
) ENGINE=InnoDB DEFAULT CHARSET=utf8;

--
-- Dumping data for table `immobilier_taxes_assurances`
--

INSERT INTO `immobilier_taxes_assurances` (`id_bien`, `year`, `primes_assurance`, `taxes_foncieres`) VALUES
(2, '2019', 77, 816),
(2, '2020', 80, 825),
(2, '2021', 83, 888),
(2, '2022', 87, 915),
(3, '2019', 105, 773),
(3, '2020', 103, 782),
(3, '2021', 144, 784),
(3, '2022', 129, 808),
(4, '2019', 87, 1312),
(4, '2020', 91, 1329),
(4, '2021', 94, 1329),
(4, '2022', 98, 1374),
(5, '2019', 290, 1931),
(5, '2020', 303, 1953),
(5, '2021', 316, 1955),
(5, '2022', 328, 2021),
(6, '2019', 85, 915),
(6, '2020', 93, 927),
(6, '2021', 94, 928),
(6, '2022', 96, 958),
(7, '2019', 99, 0),
(7, '2021', 107, 0),
(7, '2022', 112, 0),
(8, '2020', 81, 547),
(8, '2021', 207, 0),
(8, '2022', 622, 1728);

-- --------------------------------------------------------

--
-- Table structure for table `immobilier_travaux`
--

CREATE TABLE `immobilier_travaux` (
  `id_travail` int(11) NOT NULL,
  `id_bien` int(11) NOT NULL,
  `nature` varchar(255) NOT NULL,
  `nom_entrepreneur` varchar(255) NOT NULL,
  `date_paiement` date NOT NULL,
  `montant` int(11) NOT NULL
) ENGINE=InnoDB DEFAULT CHARSET=utf8;

--
-- Dumping data for table `immobilier_travaux`
--

INSERT INTO `immobilier_travaux` (`id_travail`, `id_bien`, `nature`, `nom_entrepreneur`, `date_paiement`, `montant`) VALUES
(3, 6, 'Serrure', 'BIP 31 Rte gabriel Macé Ste Clotilde', '2019-05-20', 20),
(4, 6, 'Serrure', 'Serrurerie du Grand Marché', '2019-05-27', 14),
(5, 6, 'Douche', 'SOPSAR', '2019-06-24', 16),
(6, 6, 'Plomberie', 'SOPSAR', '2019-07-25', 24),
(7, 6, 'Mitigeur', 'SOPSAR', '2019-07-25', 82),
(8, 6, 'Plaque cuisson', 'electromenager.re', '2019-07-18', 199),
(9, 3, 'FAURE REPARATION FU', '', '2019-08-29', 140),
(10, 8, 'Refection cuisine', 'COULIDOOR', '2020-10-22', 2608),
(11, 8, 'Refection cuisine', 'COULIDOOR', '2021-05-03', 3000),
(12, 8, 'Refection cuisine', 'GraniMarbre', '2021-02-04', 1300),
(13, 8, 'Refection cuisine', 'GraniMarbre', '2021-03-05', 3350),
(14, 4, 'Clés', 'OK Service', '2020-10-17', 8),
(15, 5, 'Bricolage', 'Mr Bricolage', '2020-08-08', 111),
(16, 5, 'Toiture', 'DAUBER Toiture Peinture', '2021-02-08', 3500),
(17, 8, 'Electricité COMINTER OUEST', 'PEYMAUD JOEL', '2021-02-01', 88),
(18, 8, 'Peinture LEROY MERLIN', 'PEYMAUD JOEL', '2020-10-31', 84),
(19, 8, 'Plomberie SOPSAR', 'PEYMAUD JOEL', '2021-02-22', 69),
(20, 8, 'Plomberie SOPSAR', 'PEYMAUD JOEL', '2020-08-20', 132),
(21, 8, 'Refection WC (F00019)', 'PEYMAUD JOEL', '2020-08-13', 265),
(22, 8, 'Pose Salle de bain (F00020)', 'PEYMAUD JOEL', '2020-08-21', 20),
(23, 8, 'Refection WC (Plomberie Réunion Distribution)	', 'PEYMAUD JOEL', '2020-08-25', 144),
(24, 8, 'Electricité COMINTER', 'PEYMAUD JOEL', '2020-09-29', 113),
(25, 8, 'Plomberie SOPSAR', 'PEYMAUD JOEL', '2020-08-17', 155),
(26, 5, 'Materiaux', 'RAVATE BUTOR (WELDOM)', '2021-07-15', 445),
(27, 8, 'Réfection cuisine et SDB', 'RAVATE CARRELAGE SARL', '2021-09-10', 480),
(28, 8, 'Réfection cuisine et SDB', 'RAVATE CARRELAGE SARL', '2021-10-16', 160),
(29, 8, 'Réfection cuisine et SDB', 'SOREPRO', '2021-10-16', 161),
(30, 8, 'Réfection cuisine et SDB', 'RAVATE CARRELAGE SARL', '2021-10-23', 114),
(31, 8, 'Réfection cuisine et SDB', 'LEROY MERLIN', '2021-10-24', 118),
(32, 8, 'Réfection cuisine et SDB', 'LEROY MERLIN', '2021-10-30', 135),
(33, 8, 'Réfection cuisine et SDB', 'LEROY MERLIN', '2021-10-30', 38),
(34, 8, 'Réfection cuisine et SDB', 'RAVATE CARRELAGE SARL', '2021-10-30', 1346),
(35, 8, 'Réfection cuisine et SDB', 'SOPSAR', '2021-11-05', 7),
(36, 8, 'Réfection cuisine et SDB', 'GraniMarbre', '2021-11-19', 790),
(37, 8, 'Réfection cuisine et SDB', 'Mr Bricolage', '2021-11-27', 100),
(38, 8, 'Réfection cuisine et SDB', 'RAVATE CARRELAGE SARL', '2021-12-04', 50),
(39, 8, 'Réfection cuisine et SDB', 'Weldom', '2021-12-04', 9),
(40, 8, 'Réfection cuisine et SDB', 'LEROY MERLIN', '2021-12-17', 19),
(41, 8, 'Réfection cuisine et SDB', 'SBR Design', '2021-10-22', 1500),
(42, 8, 'Réfection cuisine et SDB', 'SBR Design', '2021-11-03', 1500),
(43, 8, 'Réfection cuisine et SDB', 'SBR Design', '2021-11-15', 967),
(44, 3, 'Four Pyro Bosch', 'BOULANGER', '2021-05-20', 549),
(45, 3, 'Thermostat sans fil gaz', 'MP Gaz', '2021-11-11', 335),
(46, 8, 'Cloison', 'LEROY MERLIN', '2022-04-16', 370),
(47, 8, 'Plancher (Decoupe)', 'LEROY MERLIN', '2022-04-30', 121),
(48, 5, 'REFECTION TOIT', 'WELDOM', '2022-03-05', 135),
(49, 5, 'RENOVATION MAISON', 'HART', '2022-12-18', 16000),
(50, 7, 'RENOVATION STUDETTE', 'GROUPE IDB', '2022-08-05', 2000),
(51, 4, 'CARRELAGE', 'WELDOM', '2022-03-05', 243),
(52, 6, 'INSTALLATION EVAC. LAVE LINGE', 'MR BRICOLAGE', '2022-01-11', 29);

-- --------------------------------------------------------

--
-- Table structure for table `impots_contribuables`
--

CREATE TABLE `impots_contribuables` (
  `id_contribuable` int(11) NOT NULL,
  `prenom` varchar(50) NOT NULL,
  `nom` varchar(50) NOT NULL,
  `adresse_1` varchar(50) NOT NULL,
  `adresse_2` varchar(50) NOT NULL,
  `code_postal` varchar(20) NOT NULL,
  `ville` varchar(50) NOT NULL,
  `email` varchar(50) NOT NULL,
  `signature` varchar(50) NOT NULL
) ENGINE=InnoDB DEFAULT CHARSET=utf8;

--
-- Dumping data for table `impots_contribuables`
--

INSERT INTO `impots_contribuables` (`id_contribuable`, `prenom`, `nom`, `adresse_1`, `adresse_2`, `code_postal`, `ville`, `email`, `signature`) VALUES
(1, 'Bernard Marcel', 'Tanguy', '8, allée des turquoises', '', '97400', 'Saint-Denis', 'bmtanguy@gmail.com', 'signature_bernard_tanguy.png'),
(2, 'David', 'Tanguy', '8, allée des turquoises', '', '97400', 'Saint-Denis', 'datanguy@yahoo.fr', 'signature_david_tanguy.png');

-- --------------------------------------------------------

--
-- Table structure for table `jours_feries`
--

CREATE TABLE `jours_feries` (
  `mois_jour` varchar(5) NOT NULL DEFAULT '',
  `annee` year(4) NOT NULL DEFAULT '0000',
  `nom` varchar(50) NOT NULL DEFAULT ''
) ENGINE=InnoDB DEFAULT CHARSET=utf8;

--
-- Dumping data for table `jours_feries`
--

INSERT INTO `jours_feries` (`mois_jour`, `annee`, `nom`) VALUES
('01-01', '0000', 'Jour de l\'an'),
('03-24', '2008', 'Lundi de Pâques'),
('04-01', '2013', 'Lundi de Pâques'),
('04-05', '2010', 'Lundi de Pâques'),
('04-09', '2007', 'Lundi de Pâques'),
('04-09', '2012', 'Lundi de Pâques'),
('04-13', '2009', 'Lundi de Pâques'),
('04-25', '2011', 'Lundi de Pâques'),
('05-01', '0000', 'Fête du Travail'),
('05-01', '2008', 'Jeudi de l\'Ascension'),
('05-08', '0000', 'Victoire 1945'),
('05-09', '2013', 'Jeudi de l\'Ascension'),
('05-13', '2010', 'Jeudi de l\'Ascension'),
('05-17', '2007', 'Jeudi de l\'Ascension'),
('05-17', '2012', 'Jeudi de l\'Ascension'),
('05-21', '2009', 'Jeudi de l\'Ascension'),
('06-02', '2011', 'Jeudi de l\'Ascension'),
('07-14', '0000', 'Fête nationale française'),
('08-15', '0000', 'Assomption'),
('11-01', '0000', 'La toussaint'),
('11-11', '0000', 'Armistice 1918'),
('12-20', '0000', 'Abolition esclavage'),
('12-25', '0000', 'Noël');

-- --------------------------------------------------------

--
-- Table structure for table `jw_activite_predication`
--

CREATE TABLE `jw_activite_predication` (
  `id_activite_predication` int(11) NOT NULL,
  `id_frere` int(11) NOT NULL,
  `datetime_debut` datetime NOT NULL,
  `datetime_fin` datetime NOT NULL,
  `publications_laissees` int(11) NOT NULL,
  `videos_montrees` int(11) NOT NULL,
  `nouvelles_visites` int(11) NOT NULL,
  `nb_cours_bibliques` int(11) NOT NULL,
  `type` enum('P','E') NOT NULL
) ENGINE=InnoDB DEFAULT CHARSET=utf8;

--
-- Dumping data for table `jw_activite_predication`
--

INSERT INTO `jw_activite_predication` (`id_activite_predication`, `id_frere`, `datetime_debut`, `datetime_fin`, `publications_laissees`, `videos_montrees`, `nouvelles_visites`, `nb_cours_bibliques`, `type`) VALUES
(6, 117, '2016-10-23 09:00:00', '2016-10-23 11:00:00', 1, 0, 0, 0, 'P'),
(7, 117, '2016-10-30 09:00:00', '2016-10-30 11:00:00', 3, 1, 1, 0, 'P'),
(8, 117, '2016-10-16 09:00:00', '2016-10-16 11:00:00', 2, 1, 0, 0, 'P'),
(9, 117, '2016-10-09 09:00:00', '2016-10-09 11:00:00', 1, 1, 0, 0, 'P'),
(10, 117, '2016-11-06 09:00:00', '2016-11-06 11:00:00', 0, 0, 1, 0, 'P'),
(11, 117, '2016-11-13 09:00:00', '2016-11-13 11:00:00', 1, 1, 0, 0, 'P'),
(12, 117, '2016-11-20 09:00:00', '2016-11-20 11:00:00', 1, 0, 0, 0, 'P'),
(13, 117, '2016-11-27 09:00:00', '2016-11-27 11:00:00', 2, 0, 1, 0, 'P'),
(14, 117, '2016-12-04 09:00:00', '2016-12-04 11:00:00', 1, 1, 0, 0, 'P'),
(15, 117, '2016-12-11 09:00:00', '2016-12-11 11:00:00', 1, 1, 1, 0, 'P'),
(16, 117, '2016-12-18 09:00:00', '2016-12-18 11:00:00', 0, 1, 0, 0, 'P'),
(17, 117, '2017-03-05 09:00:00', '2017-03-05 11:00:00', 2, 0, 0, 0, 'P'),
(18, 117, '2017-03-12 09:00:00', '2017-03-12 11:00:00', 1, 1, 0, 0, 'P'),
(19, 117, '2017-03-18 09:00:00', '2017-03-18 11:00:00', 1, 1, 0, 0, 'P'),
(20, 117, '2017-03-19 09:00:00', '2017-03-19 12:00:00', 2, 0, 0, 0, 'P'),
(21, 117, '2017-03-25 00:00:00', '2017-03-25 00:00:00', 1, 2, 0, 0, 'P'),
(22, 117, '2017-03-26 09:00:00', '2017-03-26 11:00:00', 1, 0, 1, 0, 'P'),
(23, 117, '2017-04-01 09:00:00', '2017-04-01 11:00:00', 1, 1, 0, 0, 'P'),
(24, 117, '2017-04-02 09:00:00', '2017-04-02 11:00:00', 0, 0, 0, 0, 'P'),
(25, 117, '2017-04-08 09:00:00', '2017-04-08 11:00:00', 1, 1, 1, 0, 'P'),
(26, 117, '2017-04-09 09:00:00', '2017-04-09 11:00:00', 1, 0, 0, 0, 'P'),
(27, 117, '2017-04-15 09:00:00', '2017-04-15 11:00:00', 0, 0, 0, 0, 'P'),
(28, 117, '2017-04-16 09:00:00', '2017-04-16 11:00:00', 0, 0, 0, 0, 'P'),
(29, 117, '2017-04-23 09:00:00', '2017-04-23 11:00:00', 1, 1, 0, 0, 'P'),
(30, 117, '2017-04-29 09:00:00', '2017-04-29 11:00:00', 1, 0, 0, 0, 'P'),
(31, 117, '2017-04-30 09:00:00', '2017-04-30 11:00:00', 1, 1, 1, 0, 'P'),
(32, 117, '2017-05-06 09:00:00', '2017-05-06 11:00:00', 0, 1, 0, 0, 'P'),
(33, 117, '2017-05-07 09:00:00', '2017-05-07 11:00:00', 1, 0, 1, 0, 'P'),
(34, 117, '2017-05-14 09:00:00', '2017-05-14 11:00:00', 0, 0, 1, 0, 'P'),
(35, 117, '2017-05-20 09:00:00', '2017-05-20 11:00:00', 1, 0, 0, 0, 'P'),
(36, 117, '2017-05-21 09:00:00', '2017-05-21 11:00:00', 1, 0, 0, 0, 'P'),
(38, 117, '2017-06-03 09:00:00', '2017-06-03 11:00:00', 3, 0, 0, 0, 'P'),
(39, 117, '2017-06-04 09:00:00', '2017-06-04 11:00:00', 1, 1, 1, 0, 'P'),
(40, 117, '2017-06-11 09:00:00', '2017-06-11 11:00:00', 2, 1, 0, 0, 'P'),
(41, 117, '2017-06-17 09:00:00', '2017-06-17 11:00:00', 1, 1, 1, 0, 'P'),
(43, 117, '2017-06-18 09:00:00', '2017-06-18 11:00:00', 2, 1, 0, 0, 'P'),
(44, 117, '2017-06-24 09:00:00', '2017-06-24 11:00:00', 1, 0, 1, 0, 'P'),
(45, 117, '2017-06-25 09:00:00', '2017-06-25 11:00:00', 3, 1, 1, 0, 'P'),
(46, 117, '2017-07-01 09:00:00', '2017-07-01 11:00:00', 1, 1, 0, 0, 'P'),
(48, 117, '2017-07-08 09:00:00', '2017-07-08 11:00:00', 1, 0, 1, 0, 'P'),
(49, 117, '2017-07-09 09:00:00', '2017-07-09 11:00:00', 3, 0, 0, 0, 'P'),
(50, 117, '2017-07-29 09:00:00', '2017-07-29 11:00:00', 1, 1, 1, 0, 'P'),
(52, 117, '2017-07-02 09:00:00', '2017-07-02 11:00:00', 1, 1, 0, 0, 'P'),
(53, 117, '2017-07-30 09:00:00', '2017-07-30 11:00:00', 1, 0, 0, 0, 'P'),
(54, 117, '2017-08-05 09:00:00', '2017-08-05 11:00:00', 1, 0, 1, 0, 'P'),
(55, 117, '2017-08-12 09:00:00', '2017-08-12 11:00:00', 2, 1, 0, 0, 'P'),
(57, 117, '2017-08-13 09:00:00', '2017-08-13 11:00:00', 1, 0, 1, 0, 'P'),
(58, 117, '2017-08-19 09:00:00', '2017-08-19 11:00:00', 3, 0, 2, 0, 'P'),
(59, 117, '2017-08-26 09:00:00', '2017-08-26 11:00:00', 2, 2, 0, 0, 'P'),
(60, 117, '2017-08-27 09:00:00', '2017-08-27 11:00:00', 1, 0, 0, 0, 'P'),
(61, 117, '2017-09-09 09:00:00', '2017-09-09 11:00:00', 2, 0, 1, 0, 'P'),
(62, 117, '2017-09-10 09:00:00', '2017-09-10 11:00:00', 1, 1, 0, 0, 'P'),
(63, 117, '2017-09-16 09:00:00', '2017-09-16 11:00:00', 0, 0, 0, 0, 'P'),
(64, 117, '2017-09-24 09:00:00', '2017-09-24 11:00:00', 1, 1, 1, 0, 'P'),
(65, 117, '2017-09-30 09:00:00', '2017-09-30 11:00:00', 2, 0, 1, 0, 'P'),
(66, 117, '2017-10-07 09:00:00', '2017-10-07 11:00:00', 1, 1, 1, 0, 'P'),
(67, 117, '2017-10-08 09:00:00', '2017-10-08 11:00:00', 1, 0, 0, 0, 'P'),
(68, 117, '2017-10-15 09:00:00', '2017-10-15 11:00:00', 1, 0, 0, 0, 'P'),
(69, 117, '2017-10-22 09:00:00', '2017-10-22 11:00:00', 2, 1, 0, 0, 'P'),
(70, 117, '2017-10-28 09:00:00', '2017-10-28 11:00:00', 1, 0, 1, 0, 'P'),
(71, 117, '2017-11-05 09:00:00', '2017-11-05 11:00:00', 1, 0, 1, 0, 'P'),
(72, 117, '2017-11-12 07:00:00', '2017-11-12 11:00:00', 0, 0, 0, 0, 'P'),
(73, 117, '2017-11-19 09:00:00', '2017-11-19 11:00:00', 0, 0, 0, 0, 'P'),
(74, 117, '2017-11-26 07:00:00', '2017-11-26 11:00:00', 2, 0, 1, 0, 'P'),
(75, 117, '2017-12-03 07:00:00', '2017-12-03 11:00:00', 1, 1, 1, 0, 'P'),
(76, 117, '2017-12-10 09:00:00', '2017-12-10 11:00:00', 2, 0, 1, 0, 'P'),
(77, 117, '2017-12-17 09:00:00', '2017-12-17 11:00:00', 1, 1, 0, 0, 'P'),
(78, 117, '2017-12-23 09:00:00', '2017-12-23 11:00:00', 0, 0, 0, 0, 'P'),
(79, 117, '2018-01-14 07:00:00', '2018-01-14 11:00:00', 1, 1, 0, 0, 'P'),
(80, 117, '2018-01-21 07:00:00', '2018-01-21 11:00:00', 3, 0, 0, 0, 'P'),
(81, 117, '2018-02-04 07:30:00', '2018-02-04 11:00:00', 1, 1, 1, 0, 'P'),
(82, 117, '2018-02-11 07:30:00', '2018-02-11 11:00:00', 2, 0, 0, 0, 'P'),
(83, 117, '2018-02-25 07:00:00', '2018-02-25 11:00:00', 2, 1, 0, 0, 'P'),
(84, 117, '2018-03-04 07:00:00', '2018-03-04 10:30:00', 3, 1, 1, 0, 'P'),
(85, 117, '2018-03-11 07:00:00', '2018-03-11 11:00:00', 1, 0, 0, 0, 'P'),
(86, 117, '2018-03-25 09:00:00', '2018-03-25 10:30:00', 1, 0, 0, 0, 'P'),
(87, 117, '2018-04-08 07:00:00', '2018-04-08 11:00:00', 1, 0, 1, 0, 'P'),
(88, 117, '2018-04-22 07:30:00', '2018-04-22 11:00:00', 2, 0, 0, 0, 'P'),
(89, 117, '2018-04-29 07:30:00', '2018-04-29 11:00:00', 2, 0, 0, 0, 'P'),
(90, 117, '2018-05-06 07:00:00', '2018-05-06 11:00:00', 1, 1, 0, 0, 'P'),
(91, 117, '2018-05-13 07:00:00', '2018-05-13 11:00:00', 0, 0, 1, 0, 'P'),
(92, 117, '2018-05-20 07:00:00', '2018-05-20 11:00:00', 2, 0, 0, 0, 'P'),
(93, 117, '2018-06-03 07:00:00', '2018-06-03 10:30:00', 2, 1, 1, 0, 'P'),
(94, 117, '2018-06-10 07:30:00', '2018-06-10 11:00:00', 0, 0, 0, 0, 'P'),
(95, 117, '2018-06-17 07:30:00', '2018-06-17 10:30:00', 1, 0, 0, 0, 'P'),
(96, 117, '2018-06-24 07:30:00', '2018-06-24 10:30:00', 0, 0, 0, 0, 'P'),
(97, 117, '2018-07-01 08:30:00', '2018-07-01 10:30:00', 1, 1, 1, 0, 'P'),
(98, 117, '2018-07-15 08:30:00', '2018-07-15 10:30:00', 0, 0, 0, 0, 'P'),
(99, 117, '2018-07-08 07:30:00', '2018-07-08 10:30:00', 0, 1, 0, 0, 'P'),
(100, 117, '2018-07-22 07:30:00', '2018-07-22 11:00:00', 3, 0, 0, 0, 'P'),
(101, 117, '2018-07-29 07:30:00', '2018-07-29 11:00:00', 1, 0, 0, 0, 'P'),
(102, 117, '1986-08-03 07:00:00', '1986-08-03 11:00:00', 2, 0, 0, 0, 'P'),
(103, 117, '2018-08-05 07:00:00', '2018-08-05 11:00:00', 2, 1, 0, 0, 'P'),
(104, 117, '2018-08-12 07:00:00', '2018-08-12 11:00:00', 0, 0, 0, 0, 'P'),
(105, 117, '2018-08-19 09:00:00', '2018-08-19 11:00:00', 4, 2, 0, 0, 'P'),
(106, 117, '2018-08-25 09:00:00', '2018-08-25 11:00:00', 0, 0, 0, 0, 'P'),
(107, 117, '2018-09-02 07:00:00', '2018-09-02 11:00:00', 1, 1, 0, 0, 'P'),
(108, 117, '2018-09-09 07:30:00', '2018-09-09 10:30:00', 0, 0, 0, 0, 'P'),
(109, 117, '2018-09-16 07:30:00', '2018-09-16 10:30:00', 3, 0, 1, 0, 'P'),
(110, 117, '2018-09-30 08:30:00', '2018-09-30 09:30:00', 0, 0, 0, 0, 'P'),
(111, 117, '2018-10-07 07:00:00', '2018-10-07 11:00:00', 2, 0, 0, 0, 'P'),
(112, 117, '2018-10-14 07:00:00', '2018-10-14 11:00:00', 1, 0, 0, 0, 'P'),
(113, 117, '2018-10-27 09:00:00', '2018-10-27 11:30:00', 0, 1, 0, 0, 'P'),
(114, 117, '2018-10-28 09:00:00', '2018-10-28 11:30:00', 0, 1, 1, 0, 'P'),
(115, 117, '2018-11-04 07:00:00', '2018-11-04 11:00:00', 2, 1, 0, 0, 'P'),
(116, 117, '2018-11-11 07:30:00', '2018-11-11 10:30:00', 1, 0, 2, 0, 'P'),
(117, 117, '2018-12-02 07:30:00', '2018-12-02 10:30:00', 1, 0, 0, 0, 'P'),
(118, 117, '2018-12-09 08:30:00', '2018-12-09 10:30:00', 1, 0, 0, 0, 'P'),
(119, 117, '2018-12-16 08:30:00', '2018-12-16 10:30:00', 0, 0, 2, 0, 'P'),
(120, 117, '2019-01-13 08:30:00', '2019-01-13 10:30:00', 1, 1, 1, 0, 'P'),
(121, 117, '2019-01-27 07:30:00', '2019-01-27 10:30:00', 2, 3, 1, 0, 'P'),
(122, 117, '2019-01-26 08:30:00', '2019-01-26 10:30:00', 1, 0, 0, 0, 'P'),
(123, 117, '2019-02-03 07:00:00', '2019-02-03 10:00:00', 3, 2, 0, 0, 'P'),
(124, 117, '2019-02-10 07:30:00', '2019-02-10 10:30:00', 1, 1, 0, 0, 'P'),
(125, 117, '2019-02-17 07:00:00', '2019-02-17 10:00:00', 1, 0, 1, 0, 'P'),
(126, 117, '2019-03-03 07:30:00', '2019-03-03 10:30:00', 1, 0, 1, 0, 'P'),
(127, 117, '2019-03-10 07:00:00', '2019-03-10 10:00:00', 2, 0, 0, 0, 'P'),
(128, 117, '2019-03-17 08:30:00', '2019-03-17 10:30:00', 1, 0, 0, 0, 'P'),
(129, 117, '2019-03-24 07:00:00', '2019-03-24 10:30:00', 0, 0, 0, 0, 'P'),
(130, 117, '2019-03-31 08:30:00', '2019-03-31 10:30:00', 1, 0, 1, 0, 'P'),
(131, 117, '2019-04-07 08:30:00', '2019-04-07 09:30:00', 6, 2, 0, 0, 'P'),
(132, 117, '2019-04-13 08:30:00', '2019-04-13 10:30:00', 12, 0, 0, 0, 'P'),
(133, 117, '2019-04-21 07:30:00', '2019-04-21 10:30:00', 3, 0, 0, 0, 'P'),
(134, 117, '2019-04-28 07:00:00', '2019-04-28 10:00:00', 2, 0, 1, 0, 'P'),
(135, 117, '2019-05-05 07:00:00', '2019-05-05 10:30:00', 2, 2, 0, 0, 'P'),
(136, 117, '2019-05-12 09:00:00', '2019-05-12 10:00:00', 4, 1, 0, 0, 'P'),
(137, 117, '2019-05-19 07:00:00', '2019-05-19 10:00:00', 3, 0, 1, 0, 'P'),
(138, 117, '2019-05-26 07:30:00', '2019-05-26 11:00:00', 0, 0, 0, 0, 'P'),
(139, 117, '2019-06-02 07:00:00', '2019-06-02 10:00:00', 4, 0, 0, 0, 'P'),
(140, 117, '2019-06-09 07:30:00', '2019-06-09 10:00:00', 3, 1, 0, 0, 'P'),
(141, 117, '2019-06-16 08:30:00', '2019-06-16 10:30:00', 5, 0, 0, 0, 'P'),
(142, 117, '2019-06-30 07:30:00', '2019-06-30 10:00:00', 0, 0, 0, 0, 'P'),
(143, 117, '2019-07-07 07:30:00', '2019-07-07 10:30:00', 4, 0, 0, 0, 'P'),
(144, 117, '2019-07-21 08:45:00', '2019-07-21 10:45:00', 1, 1, 0, 0, 'P'),
(145, 117, '2019-07-28 07:30:00', '2019-07-28 10:30:00', 2, 2, 1, 0, 'P'),
(146, 117, '2019-08-04 07:00:00', '2019-08-04 11:00:00', 2, 1, 0, 0, 'P'),
(147, 117, '2019-08-11 06:30:00', '2019-08-11 10:30:00', 1, 0, 0, 0, 'P'),
(148, 117, '2019-08-25 08:30:00', '2019-08-25 10:30:00', 1, 0, 1, 0, 'P'),
(149, 117, '2019-09-08 07:30:00', '2019-09-08 10:30:00', 2, 2, 0, 0, 'P'),
(150, 117, '2019-09-15 08:30:00', '2019-09-15 10:30:00', 1, 0, 0, 0, 'P'),
(151, 117, '2019-09-01 07:00:00', '2019-09-01 11:00:00', 5, 0, 0, 0, 'P'),
(152, 117, '2019-10-06 07:30:00', '2019-10-06 10:00:00', 2, 1, 1, 0, 'P'),
(153, 117, '2019-10-13 08:45:00', '2019-10-13 10:30:00', 1, 1, 0, 0, 'P'),
(154, 117, '2019-10-20 08:45:00', '2019-10-20 11:00:00', 0, 0, 0, 0, 'P'),
(155, 117, '2019-11-17 08:30:00', '2019-11-17 10:30:00', 1, 1, 0, 0, 'P'),
(156, 117, '2019-10-27 07:30:00', '2019-10-27 10:00:00', 3, 0, 1, 0, 'P'),
(157, 117, '2019-11-03 07:00:00', '2019-11-03 09:30:00', 1, 0, 1, 0, 'P'),
(158, 117, '2019-11-10 08:30:00', '2019-11-10 10:30:00', 2, 0, 0, 0, 'P'),
(159, 117, '2019-11-24 08:30:00', '2019-11-24 11:00:00', 1, 1, 0, 0, 'P'),
(160, 117, '2019-12-01 07:30:00', '2019-12-01 10:30:00', 1, 1, 1, 0, 'P'),
(161, 117, '2019-12-08 08:45:00', '2019-12-08 10:45:00', 3, 0, 1, 0, 'P'),
(162, 117, '2019-12-15 07:30:00', '2019-12-15 10:30:00', 1, 0, 0, 0, 'P'),
(163, 117, '2020-01-12 07:30:00', '2020-01-12 10:30:00', 2, 0, 0, 0, 'P'),
(164, 117, '2020-01-19 09:00:00', '2020-01-19 10:00:00', 0, 0, 0, 0, 'P'),
(165, 117, '2020-01-26 09:00:00', '2020-01-26 11:00:00', 3, 1, 1, 0, 'P'),
(166, 117, '2020-02-02 07:30:00', '2020-02-02 10:30:00', 2, 0, 1, 0, 'P'),
(167, 117, '2020-02-09 08:30:00', '2020-02-09 10:30:00', 0, 0, 0, 0, 'P'),
(168, 117, '2020-02-16 09:00:00', '2020-02-16 10:00:00', 0, 1, 1, 0, 'P'),
(169, 117, '2020-02-23 08:30:00', '2020-02-23 10:30:00', 0, 0, 0, 0, 'P'),
(170, 117, '2020-03-01 07:30:00', '2020-03-01 10:30:00', 0, 2, 0, 0, 'P'),
(171, 117, '2020-03-08 09:00:00', '2020-03-08 11:00:00', 0, 1, 0, 0, 'P'),
(172, 117, '2020-04-04 09:00:00', '2020-04-04 11:00:00', 0, 1, 1, 0, 'P'),
(173, 117, '2020-04-11 09:00:00', '2020-04-11 11:00:00', 0, 0, 0, 0, 'P'),
(174, 117, '2020-04-18 09:00:00', '2020-04-18 11:00:00', 0, 1, 2, 0, 'P'),
(175, 117, '2020-04-25 09:00:00', '2020-04-25 11:00:00', 0, 0, 0, 0, 'P'),
(176, 117, '2020-04-19 09:00:00', '2020-04-19 11:00:00', 0, 0, 0, 0, 'P'),
(177, 117, '2020-05-02 08:30:00', '2020-05-02 09:30:00', 0, 0, 0, 0, 'P'),
(178, 117, '2020-05-09 08:30:00', '2020-05-09 10:30:00', 0, 0, 1, 0, 'P'),
(179, 117, '2020-05-16 08:30:00', '2020-05-16 09:30:00', 0, 0, 0, 0, 'P'),
(180, 117, '2020-05-30 08:30:00', '2020-05-30 09:30:00', 0, 0, 0, 0, 'P'),
(181, 117, '2020-06-06 09:00:00', '2020-06-06 10:00:00', 0, 0, 0, 0, 'P'),
(182, 117, '2020-06-13 09:00:00', '2020-06-13 09:30:00', 0, 0, 0, 0, 'P'),
(183, 117, '2020-06-27 09:00:00', '2020-06-27 10:30:00', 0, 0, 0, 0, 'P'),
(184, 117, '2020-07-04 09:00:00', '2020-07-04 10:00:00', 0, 0, 0, 0, 'P'),
(185, 117, '2020-07-11 09:00:00', '2020-07-11 10:00:00', 0, 0, 0, 0, 'P'),
(186, 117, '2020-08-09 10:00:00', '2020-08-09 11:30:00', 0, 0, 0, 0, 'P'),
(187, 117, '2020-08-16 10:30:00', '2020-08-16 12:00:00', 0, 0, 0, 0, 'P'),
(188, 117, '2020-09-05 09:00:00', '2020-09-05 10:00:00', 0, 0, 0, 0, 'P'),
(189, 117, '2020-09-12 09:00:00', '2020-09-12 10:00:00', 0, 0, 0, 0, 'P'),
(190, 117, '2020-09-26 09:00:00', '2020-09-26 11:00:00', 0, 0, 0, 0, 'P'),
(191, 117, '2020-10-31 09:00:00', '2020-10-31 10:00:00', 0, 0, 0, 0, 'P'),
(192, 117, '2020-10-03 09:00:00', '2020-10-03 10:00:00', 0, 0, 0, 0, 'P'),
(193, 117, '2020-11-07 08:30:00', '2020-11-07 10:30:00', 0, 0, 0, 0, 'P'),
(194, 117, '2020-11-10 15:00:00', '2020-11-10 15:30:00', 0, 0, 0, 0, 'P'),
(195, 117, '2020-11-13 13:00:00', '2020-11-13 13:30:00', 0, 0, 0, 0, 'P'),
(196, 117, '2020-11-17 17:00:00', '2020-11-17 18:00:00', 0, 0, 0, 0, 'P'),
(197, 117, '2020-12-05 09:00:00', '2020-12-05 10:30:00', 0, 0, 0, 0, 'P'),
(198, 117, '2020-12-19 09:00:00', '2020-12-19 10:30:00', 0, 0, 0, 0, 'P'),
(199, 117, '2021-01-03 09:00:00', '2021-01-03 11:00:00', 0, 0, 0, 0, 'P'),
(200, 117, '2021-01-13 17:00:00', '2021-01-13 18:00:00', 0, 0, 0, 0, 'P'),
(201, 117, '2021-02-11 17:00:00', '2021-02-11 18:00:00', 0, 0, 1, 0, 'P'),
(202, 117, '2021-02-27 09:00:00', '2021-02-27 11:00:00', 0, 0, 1, 0, 'P'),
(203, 117, '2021-03-13 09:00:00', '2021-03-13 10:00:00', 0, 0, 1, 0, 'P'),
(204, 117, '2021-03-16 17:30:00', '2021-03-16 19:30:00', 0, 1, 1, 0, 'P'),
(205, 117, '2021-03-30 18:00:00', '2021-03-30 19:00:00', 0, 0, 1, 0, 'P'),
(206, 117, '2021-04-03 09:00:00', '2021-04-03 10:00:00', 0, 0, 0, 0, 'P'),
(207, 117, '2021-04-14 17:00:00', '2021-04-14 18:30:00', 0, 1, 0, 0, 'P'),
(208, 117, '2021-04-22 18:00:00', '2021-04-22 18:30:00', 0, 2, 0, 0, 'P'),
(209, 117, '2021-05-15 09:00:00', '2021-05-15 10:00:00', 0, 0, 0, 0, 'P'),
(210, 117, '2021-05-20 17:00:00', '2021-05-20 19:00:00', 0, 0, 1, 0, 'P'),
(211, 117, '2021-05-28 17:00:00', '2021-05-28 18:00:00', 0, 0, 0, 0, 'P'),
(212, 117, '2021-06-26 09:00:00', '2021-06-26 10:30:00', 0, 0, 0, 0, 'P'),
(213, 117, '2021-06-12 09:00:00', '2021-06-12 10:30:00', 0, 0, 0, 0, 'P'),
(214, 117, '2021-06-15 17:30:00', '2021-06-15 18:30:00', 0, 0, 0, 0, 'P'),
(215, 117, '2021-07-08 18:00:00', '2021-07-08 19:00:00', 0, 1, 0, 0, 'P'),
(216, 117, '2021-07-16 17:30:00', '2021-07-16 18:30:00', 0, 0, 0, 0, 'P'),
(217, 117, '2021-07-24 17:00:00', '2021-07-24 19:00:00', 0, 0, 0, 0, 'P'),
(218, 117, '2021-08-12 17:30:00', '2021-08-12 19:00:00', 1, 1, 0, 0, 'P'),
(219, 117, '2021-08-20 15:00:00', '2021-08-20 17:00:00', 1, 1, 0, 0, 'P'),
(220, 117, '2021-08-27 15:30:00', '2021-08-27 17:00:00', 0, 0, 0, 0, 'P'),
(221, 117, '2021-09-04 09:00:00', '2021-09-04 10:30:00', 0, 0, 0, 0, 'P'),
(222, 117, '2021-09-23 17:00:00', '2021-09-23 18:30:00', 1, 0, 1, 0, 'P'),
(223, 117, '2021-10-12 18:00:00', '2021-10-12 19:30:00', 0, 0, 0, 0, 'P'),
(224, 117, '2021-10-02 09:00:00', '2021-10-02 10:30:00', 0, 0, 0, 0, 'P'),
(225, 117, '2021-11-12 17:00:00', '2021-11-12 18:00:00', 0, 0, 0, 0, 'P'),
(226, 117, '2021-11-21 09:00:00', '2021-11-21 11:00:00', 0, 0, 0, 0, 'P'),
(227, 117, '2021-12-10 15:00:00', '2021-12-10 16:00:00', 0, 0, 0, 0, 'P'),
(228, 117, '2021-12-26 09:00:00', '2021-12-26 11:00:00', 0, 0, 1, 0, 'P'),
(229, 117, '2022-01-05 18:00:00', '2022-01-05 19:00:00', 0, 0, 0, 0, 'P'),
(230, 117, '2022-01-25 18:30:00', '2022-01-25 19:30:00', 0, 0, 1, 0, 'P'),
(231, 117, '2022-02-15 18:00:00', '2022-02-15 19:00:00', 0, 0, 1, 0, 'P'),
(232, 117, '2022-02-22 18:30:00', '2022-02-22 19:30:00', 0, 0, 0, 0, 'P'),
(233, 117, '2022-02-19 09:00:00', '2022-02-19 10:00:00', 0, 0, 0, 0, 'P'),
(234, 117, '2022-03-19 09:00:00', '2022-03-19 10:30:00', 0, 1, 0, 0, 'P'),
(235, 117, '2022-03-27 11:00:00', '2022-03-27 12:00:00', 0, 0, 0, 0, 'P'),
(236, 117, '2022-03-15 17:00:00', '2022-03-15 18:30:00', 0, 1, 0, 0, 'P'),
(237, 117, '2022-04-09 08:30:00', '2022-04-09 09:30:00', 3, 0, 0, 0, 'P'),
(238, 117, '2022-04-12 17:30:00', '2022-04-12 18:00:00', 2, 0, 1, 0, 'P'),
(239, 117, '2022-04-02 11:00:00', '2022-04-02 12:00:00', 4, 0, 0, 0, 'P'),
(240, 117, '2022-04-21 18:00:00', '2022-04-21 19:00:00', 0, 0, 1, 0, 'P'),
(241, 117, '2022-04-29 18:30:00', '2022-04-29 19:00:00', 0, 1, 0, 0, 'P'),
(242, 117, '2022-04-10 11:00:00', '2022-04-10 12:00:00', 4, 0, 0, 0, 'P'),
(243, 117, '2022-05-10 17:30:00', '2022-05-10 18:30:00', 0, 1, 0, 0, 'P'),
(244, 117, '2022-05-18 18:00:00', '2022-05-18 19:00:00', 0, 1, 1, 0, 'P'),
(245, 117, '2022-05-25 18:00:00', '2022-05-25 19:00:00', 0, 1, 1, 0, 'P'),
(246, 117, '2022-05-25 18:00:00', '2022-05-25 19:00:00', 0, 1, 1, 0, 'P'),
(247, 117, '2022-09-03 09:00:00', '2022-09-03 11:00:00', 0, 0, 0, 0, 'P'),
(248, 117, '2022-09-10 09:00:00', '2022-09-10 11:00:00', 1, 0, 0, 0, 'P'),
(249, 117, '2022-09-17 09:00:00', '2022-09-17 10:30:00', 0, 1, 0, 0, 'P'),
(250, 117, '2022-09-24 09:00:00', '2022-09-24 11:30:00', 0, 0, 1, 0, 'P'),
(251, 117, '2022-10-01 09:00:00', '2022-10-01 11:00:00', 0, 1, 0, 0, 'P'),
(252, 117, '2022-10-08 09:00:00', '2022-10-08 10:30:00', 1, 0, 0, 0, 'P'),
(253, 117, '2022-10-15 09:00:00', '2022-10-15 10:30:00', 2, 1, 1, 0, 'P'),
(254, 117, '2022-10-22 09:00:00', '2022-10-22 11:00:00', 1, 0, 0, 0, 'P'),
(255, 117, '2022-10-23 09:00:00', '2022-10-23 11:00:00', 4, 0, 1, 0, 'P'),
(256, 117, '2022-10-30 09:00:00', '2022-10-30 11:00:00', 3, 1, 0, 0, 'P'),
(257, 117, '2022-12-03 09:00:00', '2022-12-03 11:00:00', 1, 2, 1, 0, 'P'),
(258, 117, '2022-12-04 09:00:00', '2022-12-04 11:30:00', 0, 0, 0, 0, 'P'),
(259, 117, '2022-12-10 09:00:00', '2022-12-10 11:00:00', 1, 0, 1, 0, 'P'),
(260, 117, '2022-12-17 08:30:00', '2022-12-17 11:00:00', 0, 1, 0, 0, 'P'),
(261, 117, '2022-12-18 09:00:00', '2022-12-18 11:00:00', 0, 0, 0, 0, 'P'),
(262, 117, '2022-12-29 09:00:00', '2022-12-29 10:30:00', 0, 0, 0, 0, 'P'),
(263, 117, '2022-12-27 09:00:00', '2022-12-27 10:30:00', 1, 1, 1, 0, 'P'),
(264, 117, '2022-12-29 18:00:00', '2022-12-29 19:00:00', 0, 0, 0, 0, 'P'),
(265, 117, '2023-01-03 07:00:00', '2023-01-03 12:00:00', 3, 1, 0, 0, 'P'),
(266, 117, '2023-01-04 07:30:00', '2023-01-04 11:30:00', 1, 1, 0, 0, 'P'),
(267, 117, '2023-01-04 13:00:00', '2023-01-04 16:00:00', 1, 0, 0, 0, 'P'),
(268, 117, '2023-01-05 09:00:00', '2023-01-05 11:00:00', 1, 0, 0, 0, 'P'),
(269, 117, '2023-01-06 09:00:00', '2023-01-06 11:00:00', 0, 0, 0, 0, 'P'),
(270, 117, '2023-01-13 19:00:00', '2023-01-13 20:30:00', 0, 0, 0, 0, 'P'),
(271, 117, '2023-01-14 09:00:00', '2023-01-14 11:00:00', 0, 0, 0, 0, 'P'),
(272, 117, '2023-01-20 19:00:00', '2023-01-20 20:30:00', 0, 0, 0, 0, 'P'),
(273, 117, '2023-01-20 12:45:00', '2023-01-20 13:45:00', 0, 1, 0, 0, 'P'),
(274, 117, '2023-01-15 15:00:00', '2023-01-15 16:00:00', 0, 0, 1, 0, 'P'),
(275, 117, '2023-01-21 09:30:00', '2023-01-21 12:00:00', 1, 1, 2, 0, 'P'),
(276, 117, '2023-01-23 18:30:00', '2023-01-23 20:00:00', 0, 2, 1, 0, 'P'),
(277, 117, '2023-01-28 07:00:00', '2023-01-28 11:00:00', 1, 1, 1, 0, 'P'),
(278, 117, '2023-01-27 16:00:00', '2023-01-27 19:00:00', 0, 0, 0, 0, 'P'),
(279, 117, '2023-01-29 15:00:00', '2023-01-29 17:00:00', 0, 0, 2, 0, 'P'),
(280, 117, '2023-01-30 06:30:00', '2023-01-30 07:30:00', 0, 2, 1, 0, 'P'),
(281, 117, '2023-01-22 15:00:00', '2023-01-22 17:30:00', 0, 1, 0, 0, 'P'),
(282, 117, '2023-01-16 18:30:00', '2023-01-16 20:00:00', 0, 2, 1, 0, 'P'),
(283, 117, '2023-01-30 18:30:00', '2023-01-30 20:00:00', 0, 2, 1, 0, 'P'),
(284, 117, '2023-01-26 15:00:00', '2023-01-26 17:30:00', 0, 0, 0, 0, 'P'),
(285, 117, '2023-01-12 15:00:00', '2023-01-12 17:30:00', 0, 0, 0, 0, 'P'),
(286, 117, '2023-01-19 15:00:00', '2023-01-19 17:30:00', 0, 0, 0, 0, 'P'),
(287, 117, '2023-02-04 09:30:00', '2023-02-04 11:30:00', 0, 1, 0, 0, 'P'),
(288, 117, '2023-02-11 09:30:00', '2023-02-11 11:00:00', 0, 0, 0, 0, 'P'),
(289, 117, '2023-02-18 09:30:00', '2023-02-18 11:00:00', 0, 2, 0, 0, 'P'),
(290, 117, '2023-02-26 14:00:00', '2023-02-26 15:30:00', 0, 1, 0, 0, 'P'),
(291, 117, '2023-02-05 15:00:00', '2023-02-05 17:00:00', 0, 0, 0, 0, 'P'),
(292, 117, '2023-02-03 16:30:00', '2023-02-03 18:30:00', 1, 0, 0, 0, 'E'),
(293, 117, '2023-02-10 16:30:00', '2023-02-10 18:30:00', 0, 0, 0, 0, 'E'),
(294, 117, '2023-02-17 16:30:00', '2023-02-17 18:30:00', 0, 0, 0, 0, 'E'),
(295, 117, '2023-02-24 16:30:00', '2023-02-24 18:30:00', 0, 0, 0, 0, 'E'),
(296, 117, '2023-02-06 18:30:00', '2023-02-06 20:00:00', 0, 1, 1, 1, 'E'),
(297, 117, '2023-02-13 18:30:00', '2023-02-13 20:00:00', 0, 1, 1, 1, 'E'),
(298, 117, '2023-02-20 18:30:00', '2023-02-20 20:00:00', 0, 1, 1, 1, 'E'),
(299, 117, '2023-02-27 18:30:00', '2023-02-27 20:00:00', 0, 1, 1, 1, 'E'),
(300, 117, '2023-02-22 18:30:00', '2023-02-22 20:00:00', 0, 0, 0, 0, 'E'),
(302, 117, '2023-02-01 18:30:00', '2023-02-01 20:00:00', 0, 0, 1, 0, 'E'),
(303, 117, '2023-02-15 18:30:00', '2023-02-15 20:00:00', 1, 0, 0, 0, 'E'),
(304, 117, '2023-02-19 15:00:00', '2023-02-19 17:30:00', 0, 0, 0, 0, 'P'),
(305, 117, '2023-02-08 07:00:00', '2023-02-08 11:00:00', 1, 0, 0, 0, 'P'),
(306, 117, '2023-02-15 08:00:00', '2023-02-15 11:00:00', 0, 0, 0, 0, 'P'),
(307, 117, '2023-03-23 07:00:00', '2023-03-23 11:00:00', 4, 0, 0, 0, 'P'),
(308, 117, '2023-02-06 07:00:00', '2023-02-06 08:00:00', 0, 0, 0, 0, 'P'),
(309, 117, '2023-02-13 07:00:00', '2023-02-13 07:45:00', 0, 0, 0, 0, 'P'),
(310, 117, '2023-02-20 07:00:00', '2023-02-20 07:45:00', 0, 0, 0, 0, 'P'),
(311, 117, '2023-02-27 07:00:00', '2023-02-27 08:00:00', 0, 0, 0, 0, 'P'),
(312, 117, '2023-03-08 08:00:00', '2023-03-08 11:30:00', 3, 1, 0, 0, 'P'),
(313, 117, '2023-03-15 08:00:00', '2023-03-15 11:00:00', 2, 0, 0, 0, 'P'),
(314, 117, '2023-03-22 08:00:00', '2023-03-22 11:30:00', 3, 0, 0, 0, 'P'),
(315, 117, '2023-03-29 08:00:00', '2023-03-29 11:00:00', 4, 0, 0, 0, 'P'),
(316, 117, '2023-03-07 08:00:00', '2023-03-07 11:00:00', 4, 0, 0, 0, 'P'),
(317, 117, '2023-03-14 08:00:00', '2023-03-14 11:00:00', 4, 0, 0, 0, 'P'),
(318, 117, '2023-03-21 08:00:00', '2023-03-21 11:00:00', 2, 0, 0, 0, 'P'),
(319, 117, '2023-03-28 08:00:00', '2023-03-28 11:00:00', 2, 1, 0, 0, 'P'),
(320, 117, '2023-03-04 09:00:00', '2023-03-04 11:00:00', 2, 0, 0, 0, 'P'),
(321, 117, '2023-03-11 09:00:00', '2023-03-11 11:00:00', 4, 0, 0, 0, 'P'),
(322, 117, '2023-03-18 09:00:00', '2023-03-18 11:00:00', 8, 0, 0, 0, 'P'),
(323, 117, '2023-03-25 09:00:00', '2023-03-25 11:00:00', 5, 0, 0, 0, 'P'),
(324, 117, '2023-03-06 18:30:00', '2023-03-06 20:00:00', 0, 1, 1, 0, 'E'),
(325, 117, '2023-03-13 18:30:00', '2023-03-13 21:00:00', 0, 1, 1, 0, 'E'),
(326, 117, '2023-03-20 18:30:00', '2023-03-20 21:00:00', 0, 1, 1, 0, 'E'),
(327, 117, '2023-03-27 18:30:00', '2023-03-27 19:00:00', 0, 1, 1, 0, 'E'),
(328, 117, '2023-03-17 17:00:00', '2023-03-17 18:30:00', 0, 1, 1, 0, 'E'),
(329, 117, '2023-03-24 17:30:00', '2023-03-24 19:00:00', 0, 1, 1, 0, 'E'),
(331, 117, '2023-03-31 17:00:00', '2023-03-31 18:30:00', 0, 1, 1, 0, 'E'),
(332, 117, '2023-03-12 15:00:00', '2023-03-12 16:30:00', 0, 0, 0, 0, 'P'),
(333, 117, '2023-03-19 17:00:00', '2023-03-19 18:00:00', 0, 0, 0, 0, 'P'),
(334, 117, '2023-04-03 18:30:00', '2023-04-03 21:00:00', 0, 1, 1, 0, 'E'),
(335, 117, '2023-04-10 18:30:00', '2023-04-10 21:00:00', 0, 1, 1, 0, 'E'),
(336, 117, '2023-04-04 09:00:00', '2023-04-04 11:00:00', 0, 0, 0, 0, 'P'),
(337, 117, '2023-04-11 09:00:00', '2023-04-11 11:00:00', 2, 0, 0, 0, 'P'),
(338, 117, '2023-04-05 09:00:00', '2023-04-05 11:00:00', 3, 0, 0, 0, 'P'),
(339, 117, '2023-04-12 09:00:00', '2023-04-12 11:00:00', 0, 0, 0, 0, 'P'),
(340, 117, '2023-04-07 18:30:00', '2023-04-07 21:00:00', 0, 1, 1, 0, 'E'),
(341, 117, '2023-04-14 18:30:00', '2023-04-14 21:00:00', 0, 1, 1, 0, 'E'),
(342, 117, '2023-04-08 09:00:00', '2023-04-08 11:00:00', 1, 0, 0, 0, 'P'),
(343, 117, '2023-04-15 09:00:00', '2023-04-15 11:00:00', 0, 0, 0, 0, 'P'),
(344, 117, '2023-04-18 09:00:00', '2023-04-18 11:30:00', 0, 0, 0, 0, 'P'),
(345, 117, '2023-04-25 09:00:00', '2023-04-25 11:00:00', 0, 0, 0, 0, 'P'),
(346, 117, '2023-04-19 09:00:00', '2023-04-19 11:30:00', 0, 0, 0, 0, 'P'),
(347, 117, '2023-04-26 09:00:00', '2023-04-26 11:30:00', 1, 1, 0, 0, 'P'),
(348, 117, '2023-04-01 09:00:00', '2023-04-01 11:00:00', 2, 0, 0, 0, 'P'),
(349, 117, '2023-04-22 09:00:00', '2023-04-22 11:00:00', 1, 0, 0, 0, 'P'),
(350, 117, '2023-04-29 09:00:00', '2023-04-29 11:30:00', 2, 0, 0, 0, 'P'),
(351, 117, '2023-04-02 15:00:00', '2023-04-02 17:00:00', 0, 0, 0, 0, 'P'),
(352, 117, '2023-04-16 16:00:00', '2023-04-16 17:00:00', 0, 0, 0, 0, 'P'),
(353, 117, '2023-04-17 18:30:00', '2023-04-17 20:00:00', 0, 1, 1, 0, 'E'),
(355, 117, '2023-04-24 18:30:00', '2023-04-24 20:00:00', 0, 1, 1, 0, 'E'),
(356, 117, '2023-04-21 15:30:00', '2023-04-21 17:00:00', 0, 0, 0, 0, 'P'),
(357, 117, '2023-04-21 17:00:00', '2023-04-21 18:30:00', 0, 1, 1, 0, 'E'),
(358, 117, '2023-04-28 15:30:00', '2023-04-28 17:00:00', 0, 0, 0, 0, 'P'),
(359, 117, '2023-04-28 17:00:00', '2023-04-28 18:30:00', 0, 2, 1, 0, 'E'),
(360, 117, '2023-05-02 09:00:00', '2023-05-02 11:00:00', 1, 1, 0, 0, 'P'),
(361, 117, '2023-05-03 09:00:00', '2023-05-03 11:00:00', 1, 0, 0, 0, 'P'),
(362, 117, '2023-05-09 09:00:00', '2023-05-09 11:00:00', 2, 0, 0, 0, 'P'),
(363, 117, '2023-05-10 09:00:00', '2023-05-10 11:00:00', 0, 0, 1, 0, 'P'),
(364, 117, '2023-05-16 09:00:00', '2023-05-16 11:00:00', 0, 0, 0, 0, 'P'),
(365, 117, '2023-05-17 09:00:00', '2023-05-17 11:00:00', 1, 0, 0, 0, 'P'),
(366, 117, '2023-05-23 09:00:00', '2023-05-23 11:00:00', 1, 1, 1, 0, 'P'),
(367, 117, '2023-05-24 09:00:00', '2023-05-24 11:00:00', 1, 1, 0, 0, 'P'),
(368, 117, '2023-05-30 09:00:00', '2023-05-30 11:00:00', 1, 0, 0, 0, 'P'),
(369, 117, '2023-05-01 19:30:00', '2023-05-01 21:00:00', 0, 2, 1, 0, 'E'),
(370, 117, '2023-05-15 19:30:00', '2023-05-15 21:00:00', 0, 2, 1, 0, 'E'),
(371, 117, '2023-05-12 17:30:00', '2023-05-12 19:00:00', 0, 2, 1, 0, 'E'),
(372, 117, '2023-05-26 17:30:00', '2023-05-26 18:00:00', 0, 2, 0, 0, 'E'),
(373, 117, '2023-05-13 10:00:00', '2023-05-13 11:00:00', 0, 0, 0, 0, 'P'),
(374, 117, '2023-05-21 14:00:00', '2023-05-21 17:00:00', 0, 0, 0, 0, 'P'),
(375, 117, '2023-05-13 14:00:00', '2023-05-13 16:30:00', 0, 0, 0, 0, 'P'),
(376, 117, '2023-05-27 14:30:00', '2023-05-27 16:00:00', 0, 0, 1, 0, 'P'),
(377, 117, '2023-06-06 09:00:00', '2023-06-06 11:00:00', 0, 0, 0, 0, 'P'),
(378, 117, '2023-06-13 09:00:00', '2023-06-13 12:00:00', 0, 0, 0, 0, 'P'),
(379, 117, '2023-06-20 09:00:00', '2023-06-20 11:00:00', 0, 0, 0, 0, 'P'),
(380, 117, '2023-06-27 09:00:00', '2023-06-27 11:00:00', 0, 0, 0, 0, 'P'),
(381, 117, '2023-05-31 09:00:00', '2023-05-31 11:30:00', 0, 0, 0, 0, 'P'),
(382, 117, '2023-06-07 09:00:00', '2023-06-07 11:30:00', 0, 0, 0, 0, 'P'),
(383, 117, '2023-06-14 09:00:00', '2023-06-14 11:00:00', 0, 0, 0, 0, 'P'),
(384, 117, '2023-06-21 09:00:00', '2023-06-21 11:30:00', 0, 0, 0, 0, 'P'),
(385, 117, '2023-06-28 09:00:00', '2023-06-28 11:30:00', 0, 0, 0, 0, 'P'),
(386, 117, '2023-06-02 17:30:00', '2023-06-02 18:30:00', 0, 0, 0, 0, 'E'),
(387, 117, '2023-06-16 16:00:00', '2023-06-16 18:30:00', 0, 0, 0, 0, 'E'),
(388, 117, '2023-06-04 18:00:00', '2023-06-04 19:30:00', 0, 0, 0, 0, 'P'),
(389, 117, '2023-06-05 18:00:00', '2023-06-05 19:30:00', 0, 2, 0, 0, 'E'),
(390, 117, '2023-06-19 18:00:00', '2023-06-19 19:30:00', 0, 2, 0, 0, 'E'),
(391, 117, '2023-06-29 18:20:00', '2023-06-29 19:50:00', 0, 2, 0, 0, 'E'),
(392, 117, '2023-06-25 14:30:00', '2023-06-25 17:00:00', 0, 0, 0, 0, 'P'),
(393, 117, '2023-06-23 18:00:00', '2023-06-23 19:30:00', 0, 0, 0, 0, 'P');

-- --------------------------------------------------------

--
-- Table structure for table `jw_assemblees`
--

CREATE TABLE `jw_assemblees` (
  `id_assemblee` int(11) NOT NULL,
  `nom` varchar(255) NOT NULL,
  `id_batiment` int(11) DEFAULT NULL,
  `code_insee` int(11) DEFAULT NULL
) ENGINE=InnoDB DEFAULT CHARSET=utf8;

--
-- Dumping data for table `jw_assemblees`
--

INSERT INTO `jw_assemblees` (`id_assemblee`, `nom`, `id_batiment`, `code_insee`) VALUES
(1, 'Ste Clotilde', 1, 97411),
(2, 'Ste Clotilde créole', 1, NULL),
(3, 'Sainte Anne', 2, 97410),
(4, 'Le Tampon 3 mares', 3, 97422),
(5, 'St-Denis Bellepierre', NULL, 97411),
(6, 'Triolet', NULL, NULL),
(7, 'Paris Grenelle', NULL, NULL),
(8, 'Ndobo', NULL, NULL);

-- --------------------------------------------------------

--
-- Table structure for table `jw_assemblees_horaires`
--

CREATE TABLE `jw_assemblees_horaires` (
  `id_assemblee` int(11) NOT NULL,
  `week_weekend` enum('week','weekend') NOT NULL,
  `dayweek` enum('monday','tuesday','wednesday','thursday','friday','saturday','sunday') NOT NULL,
  `time` time NOT NULL
) ENGINE=InnoDB DEFAULT CHARSET=utf8;

--
-- Dumping data for table `jw_assemblees_horaires`
--

INSERT INTO `jw_assemblees_horaires` (`id_assemblee`, `week_weekend`, `dayweek`, `time`) VALUES
(1, 'week', 'tuesday', '18:30:00'),
(1, 'weekend', 'saturday', '15:00:00'),
(3, 'week', 'tuesday', '18:30:00'),
(3, 'weekend', 'saturday', '15:00:00'),
(4, 'week', 'tuesday', '18:30:00'),
(4, 'weekend', 'saturday', '15:00:00'),
(5, 'week', 'tuesday', '18:30:00'),
(5, 'weekend', 'saturday', '15:00:00'),
(8, 'week', 'tuesday', '18:30:00'),
(8, 'weekend', 'saturday', '15:00:00');

-- --------------------------------------------------------

--
-- Table structure for table `jw_assemblee_personnel`
--

CREATE TABLE `jw_assemblee_personnel` (
  `id_assemblee` int(11) NOT NULL,
  `id_personnel` int(11) NOT NULL
) ENGINE=InnoDB DEFAULT CHARSET=utf8;

--
-- Dumping data for table `jw_assemblee_personnel`
--

INSERT INTO `jw_assemblee_personnel` (`id_assemblee`, `id_personnel`) VALUES
(1, 1),
(2, 1),
(3, 1),
(4, 1),
(5, 1),
(6, 1),
(8, 1),
(3, 2),
(8, 2),
(3, 5),
(1, 6),
(2, 6),
(1, 7),
(2, 7),
(1, 8),
(2, 8),
(8, 15),
(8, 16);

-- --------------------------------------------------------

--
-- Table structure for table `jw_assemb_programmes`
--

CREATE TABLE `jw_assemb_programmes` (
  `id_programme` int(11) NOT NULL,
  `display_full_date` tinyint(1) NOT NULL,
  `header_image` varchar(255) NOT NULL,
  `logo_nordev` tinyint(1) NOT NULL
) ENGINE=InnoDB DEFAULT CHARSET=utf8;

--
-- Dumping data for table `jw_assemb_programmes`
--

INSERT INTO `jw_assemb_programmes` (`id_programme`, `display_full_date`, `header_image`, `logo_nordev`) VALUES
(1, 1, 'famille_unie_de_jehovah/famille_unie_de_jehovah.jpg', 0),
(2, 1, 'amis_de_la_paix/amis_de_la_paix.png', 0),
(3, 1, 'recherchez_la_paix/paix.jpg', 0);

-- --------------------------------------------------------

--
-- Table structure for table `jw_assemb_programmes_contenu_lang`
--

CREATE TABLE `jw_assemb_programmes_contenu_lang` (
  `id_programme_contenu` int(11) NOT NULL,
  `lang` enum('en','fr','crm') NOT NULL,
  `intitule` varchar(255) NOT NULL
) ENGINE=InnoDB DEFAULT CHARSET=utf8;

--
-- Dumping data for table `jw_assemb_programmes_contenu_lang`
--

INSERT INTO `jw_assemb_programmes_contenu_lang` (`id_programme_contenu`, `lang`, `intitule`) VALUES
(1, 'en', ''),
(1, 'fr', 'Musique'),
(2, 'en', ''),
(2, 'fr', 'Cantique 58 et prière'),
(3, 'en', ''),
(3, 'fr', 'Bienvenue, amis de la paix !'),
(4, 'en', ''),
(4, 'fr', 'Recherchons sans relâche les amis de la paix'),
(5, 'en', ''),
(5, 'fr', 'Permettons au Prince de paix de nous guider dans notre recherche des amis de la paix'),
(6, 'en', ''),
(6, 'fr', 'Cantique 103 et communications'),
(7, 'en', ''),
(7, 'fr', 'Les amis de la paix n’apprennent plus la guerre'),
(8, 'en', ''),
(8, 'fr', 'Discours de baptême'),
(9, 'en', ''),
(9, 'fr', 'Cantique 79 et pause'),
(10, 'en', ''),
(10, 'fr', 'Musique'),
(11, 'en', ''),
(11, 'fr', 'Cantique 76'),
(12, 'en', ''),
(12, 'fr', 'Interviews'),
(13, 'en', ''),
(13, 'fr', 'Étude de La Tour de Garde'),
(14, 'en', ''),
(14, 'fr', 'Exposé en trois parties : Les amis de la paix se soutiennent mutuellement'),
(16, 'en', ''),
(16, 'fr', 'Comment les amis de la paix parviennent à vaincre le mal par le bien'),
(17, 'en', ''),
(17, 'fr', 'Cantique 57 et communications'),
(18, 'en', ''),
(18, 'fr', 'Cantique 45 et prière'),
(19, 'en', ''),
(19, 'fr', 'Musique'),
(19, 'crm', 'Lamizik'),
(20, 'en', ''),
(20, 'fr', 'Cantique 85 et prière'),
(20, 'crm', 'Kantik No. 85 ek Lapriyer'),
(21, 'en', ''),
(21, 'fr', 'Attachons du prix à notre place\r\ndans la famille de Jéhovah'),
(21, 'crm', 'Apresie To Plas dan Fami Zeova'),
(22, 'en', ''),
(22, 'fr', 'Attachons du prix à notre place\r\ndans la famille de Jéhovah'),
(22, 'crm', 'Diskour an Plizir Parti: Zot Ti Akeyir Lezot'),
(24, 'en', ''),
(24, 'fr', 'Cantique 100 et communications'),
(24, 'crm', 'Kantik No. 100 ek Lanons'),
(25, 'en', ''),
(25, 'fr', 'Continuons d’aider notre prochain\r\nà faire partie de la famille de Jéhovah'),
(25, 'crm', 'Kontign Ed Lezot pou Form Parti dan Fami Zeova'),
(26, 'en', ''),
(26, 'fr', 'Discours de baptême'),
(26, 'crm', 'Diskour Batem'),
(27, 'en', ''),
(27, 'fr', 'Cantique 135 et pause'),
(27, 'crm', 'Kantik No. 135 et pause'),
(28, 'en', ''),
(28, 'fr', 'Musique'),
(28, 'crm', 'Lamizik'),
(29, 'en', ''),
(29, 'fr', 'Cantique 132 et prière'),
(29, 'crm', 'Kantik No. 132 ek Lapriyer'),
(31, 'en', ''),
(31, 'fr', 'Continuons d’aider notre prochain\r\nà faire partie de la famille de Jéhovah'),
(31, 'crm', 'Diskour Piblik: Eski To Lakaz li Enn Plas kot Ena Trankilite ek Lape?'),
(32, 'en', ''),
(32, 'fr', 'Étude de La Tour de Garde'),
(32, 'crm', 'Rezime Latour Degard'),
(34, 'en', ''),
(34, 'fr', 'Cantique 136 et communications'),
(34, 'crm', 'Kantik No. 136 ek Lanons'),
(35, 'en', ''),
(35, 'fr', 'Expose en trois parties :\r\nComment être une force pour la paix ?'),
(35, 'crm', 'Diskour an Plizir Parti: Kouma To Kapav Ede pou ki Ena Lape?'),
(36, 'en', ''),
(36, 'fr', '« Ne cessons jamais de remercier Dieu »\r\npour notre famille spirituelle'),
(36, 'crm', '“Touletan Remersie Bondie” pou To Fami Spiritiel'),
(37, 'en', ''),
(37, 'fr', 'Cantique 107 et prière'),
(37, 'crm', 'Kantik No. 107 ek Lapriyer'),
(38, 'en', 'Music-Video Presentation'),
(38, 'fr', 'Vidéo musicale'),
(39, 'en', 'Song No. 105 and Prayer'),
(39, 'fr', 'Cantique n° 86 et prière'),
(40, 'en', 'CHAIRMAN’S ADDRESS: “Love Never Fails”​—Why?\r\n(Romans 8:38, 39; 1 Corinthians 13:1-3, 8, 13)'),
(40, 'fr', 'DISCOURS DU PRÉSIDENT DE L’ASSEMBLÉE :\r\nJéhovah est « le Dieu qui donne la paix »\r\n(Romains 15:33 ; Philippiens 4:6, 7)'),
(41, 'en', 'SYMPOSIUM: Beware of Trusting in What Fails!'),
(41, 'fr', 'EXPOSÉ EN TROIS PARTIES :\r\nComment l’amour mène à la paix véritable'),
(42, 'en', 'Song No. 40 and Announcements'),
(42, 'fr', 'Cantique n° 24 et communications'),
(43, 'en', 'DRAMATIC BIBLE READING: Jehovah Kept Showing Loyal Love\r\n(Genesis 37:1-36; 39:1–47:12)'),
(43, 'fr', 'LECTURE BIBLIQUE THÉÂTRALE :\r\nJacob : Un homme qui aimait la paix\r\n(Genèse 26:12 – 33:11)'),
(44, 'en', 'Jehovah Loves Those Who Love His Son (Matthew 25:40; John 14:21; 16:27)'),
(44, 'fr', '« La vraie justice produira la paix »\r\n(Isaïe 32:17 ; 60:21, 22)'),
(45, 'en', 'Song No. 20 and Intermission'),
(45, 'fr', 'Cantique n° 97 et pause'),
(46, 'en', 'Music-Video Presentation'),
(46, 'fr', 'Vidéo musicale'),
(47, 'en', 'Song No. 107'),
(47, 'fr', 'Cantique n° 144'),
(49, 'en', 'SYMPOSIUM: Love Never Fails Despite . . .'),
(49, 'fr', 'EXPOSÉ EN CINQ PARTIES :\r\nSavourez les promesses divines de paix'),
(50, 'en', 'Song No. 141 and Announcements'),
(50, 'fr', 'Cantique n° 35 et communications'),
(52, 'en', 'SYMPOSIUM: Creation Reveals Jehovah’s Love'),
(52, 'fr', 'Soutenez fidèlement le « Prince de paix »\r\n(Isaïe 9:6, 7 ; Tite 3:1, 2)'),
(53, 'en', '“Those Whom Jehovah Loves He Disciplines” (Hebrews 12:5-11; Psalm 19:7, 8, 11)'),
(53, 'fr', 'Ne vous laissez pas tromper par une paix illusoire !\r\n(Matthieu 4:1-11 ; Jean 14:27 ; 1 Thessaloniciens 5:2, 3)'),
(54, 'en', '“Clothe Yourselves With Love” (Colossians 3:12-14)'),
(54, 'fr', 'EXPOSÉ EN QUATRE PARTIES :\r\nSuivez le guide essentiel à la paix dans la famille'),
(55, 'en', 'Song No. 130 and Closing Prayer'),
(55, 'fr', 'Cantique n° 112 et prière'),
(56, 'en', 'Music-Video Presentation'),
(56, 'fr', 'Vidéo musicale'),
(57, 'en', 'Song No. 85 and Prayer'),
(57, 'fr', 'Cantique n° 58 et prière'),
(58, 'en', 'SYMPOSIUM: Display Unfailing Love in the Congregation'),
(58, 'fr', 'EXPOSÉ EN CINQ PARTIES :\r\nSoyons prêts à prêcher « la bonne nouvelle de la paix »'),
(59, 'en', 'Song No. 58 and Announcements'),
(59, 'fr', 'Cantique n° 135 et communications'),
(61, 'en', 'SYMPOSIUM: Display Unfailing Love in the Ministry'),
(61, 'fr', 'VIDÉO : Comment nos frères vivent en paix malgré :'),
(62, 'en', 'BAPTISM: Learn to Love From Jesus (Matthew 11:28-30)'),
(62, 'fr', 'DISCOURS DE BAPTÊME :\r\nContinuez à marcher « sur le chemin de la paix »\r\n(Luc 1:79 ; 2 Corinthiens 4:16-18 ; 13:11)'),
(63, 'en', 'Song No. 52 and Intermission'),
(63, 'fr', 'Cantique n° 54 et pause'),
(64, 'en', 'Music-Video Presentation'),
(64, 'fr', 'Vidéo musicale'),
(65, 'en', 'Song No. 84'),
(65, 'fr', 'Cantique n° 29'),
(66, 'en', 'SYMPOSIUM: How Our Brothers Are Showing Unfailing Love In . . .'),
(66, 'fr', 'EXPOSÉ EN CINQ PARTIES :\r\n« Rejetons » ce qui fait obstacle à la paix'),
(67, 'en', 'SYMPOSIUM: Display Unfailing Love in Your Family'),
(67, 'fr', 'FILM : Jéhovah nous guide sur le chemin de la paix (partie 1) (Isaïe 48:17, 18)'),
(71, 'en', 'Song No. 35 and Announcements'),
(71, 'fr', 'Cantique n° 130 et communications'),
(74, 'en', 'FEATURE FILM: The Story of Josiah: Love Jehovah; Hate What Is Bad​—Part I\r\n(2 Chronicles 33:10-24; 34:1, 2)'),
(74, 'fr', 'EXPOSÉ EN QUATRE PARTIES :\r\n« Cherchons la paix et poursuivons-la »'),
(75, 'en', 'Teach Your Children How to Show Love (2 Timothy 3:14, 15)'),
(75, 'fr', 'Préservons « le lien de la paix » (Éphésiens 4:1-6)'),
(76, 'en', 'Song No. 134 and Closing Prayer'),
(76, 'fr', 'Cantique n° 113 et prière'),
(77, 'en', 'Music-Video Presentation'),
(77, 'fr', 'Vidéo musicale'),
(78, 'en', 'Song No. 106 and Prayer'),
(78, 'fr', 'Cantique n° 101 et prière'),
(79, 'en', 'SYMPOSIUM: Remember How Love Behaves'),
(79, 'fr', 'EXPOSÉ EN SEPT PARTIES :\r\nComment ils ont semé et récolté la paix'),
(81, 'en', 'Song No. 150 and Announcements'),
(81, 'fr', 'Cantique n° 28 et communicatiions'),
(82, 'en', 'PUBLIC BIBLE DISCOURSE: True Love in a Hate-Filled World​—Where? (John 13:34, 35)'),
(82, 'fr', 'DISCOURS PUBLIC :\r\nPeut-on être ami avec Dieu ? (Jacques 4:8 ; 1 Jean 4:10)'),
(84, 'en', 'Song No. 1 and Intermission'),
(84, 'fr', 'Cantique n° 147 et pause'),
(85, 'en', 'Music-Video Presentation'),
(85, 'fr', 'Vidéo musicale'),
(86, 'en', 'Song No. 124'),
(86, 'fr', 'Cantique n° 23'),
(87, 'en', 'FEATURE FILM: The Story of Josiah: Love Jehovah; Hate What Is Bad​—Part II\r\n(2 Kings 22:3-20; 23:1-25; 2 Chronicles 34:3-33; 35:1-19)'),
(87, 'fr', 'FILM : Jéhovah nous guide sur le chemin de la paix (partie 2) (Isaïe 48:17, 18)'),
(88, 'en', 'Song “Give Me Courage” and Announcements'),
(88, 'fr', 'Cantique n° 139 et communications'),
(91, 'en', '“Carefully Consider Jehovah’s Acts of Loyal Love” (Psalm 107:43; Ephesians 5:1, 2)'),
(91, 'fr', 'La paix universelle : une certitude !\r\n(Romains 16:20 ; 1 Corinthiens 15:24-28 ; 1 Jean 3:8)'),
(92, 'en', 'New Original Song and Closing Prayer'),
(92, 'fr', 'Nouvelle chanson et prière'),
(93, 'fr', 'Jeunes, faites des choix de vie qui vous apporteront la paix !\r\n(Matthieu 6:33 ; Luc 7:35 ; Jacques 1:4)');

-- --------------------------------------------------------

--
-- Table structure for table `jw_assemb_programmes_lang`
--

CREATE TABLE `jw_assemb_programmes_lang` (
  `id_programme` int(11) NOT NULL,
  `lang` enum('en','fr','crm') NOT NULL,
  `ligne_1` varchar(100) NOT NULL,
  `ligne_2` varchar(100) NOT NULL,
  `ligne_3` varchar(100) NOT NULL,
  `ligne_4` varchar(100) NOT NULL
) ENGINE=InnoDB DEFAULT CHARSET=utf8;

--
-- Dumping data for table `jw_assemb_programmes_lang`
--

INSERT INTO `jw_assemb_programmes_lang` (`id_programme`, `lang`, `ligne_1`, `ligne_2`, `ligne_3`, `ligne_4`) VALUES
(1, 'en', 'rejoui en', '', '', ''),
(1, 'fr', 'La famille unie de Jéhovah\n', 'ÉPHÉSIENS 4:3', 'Assemblée de circonscription', 'AVEC LE SURVEILLANT DE CIRCONSCRIPTION 2022-2023'),
(1, 'crm', 'Pep Zeova dan Linite', 'EFEZIEN 4:3', 'Lasanble Sirkonskripsion', 'Avek Responsab Sirkonskripsion 2022-2023'),
(2, 'en', 'forts en', '', '', ''),
(2, 'fr', 'Amis de la paix', '', 'Assemblée de circonscription', 'AVEC UN REPRÉSENTANT DE LA FILIALE 2022-2023'),
(3, 'en', '“LOVE NEVER FAILS”!', '', 'Convention', '2019'),
(3, 'fr', '« Recherchez la paix »', '', '', 'Assemblée régionale des Témoins de Jéhovah 2022');

-- --------------------------------------------------------

--
-- Table structure for table `jw_assemb_programme_color`
--

CREATE TABLE `jw_assemb_programme_color` (
  `id_programme_color` int(11) NOT NULL,
  `nom` varchar(20) NOT NULL,
  `color_from` char(6) NOT NULL,
  `color_to` char(6) NOT NULL
) ENGINE=InnoDB DEFAULT CHARSET=utf8;

--
-- Dumping data for table `jw_assemb_programme_color`
--

INSERT INTO `jw_assemb_programme_color` (`id_programme_color`, `nom`, `color_from`, `color_to`) VALUES
(1, 'orange', 'ff9900', 'ffcc00'),
(2, 'green', '336600', '33cc00'),
(3, 'blue', '3300cc', '3399ff'),
(4, 'purple', '9900cc', '9966ff');

-- --------------------------------------------------------

--
-- Table structure for table `jw_assemb_programme_contenu`
--

CREATE TABLE `jw_assemb_programme_contenu` (
  `id_programme_contenu` int(11) NOT NULL,
  `id_programme` int(11) NOT NULL,
  `datetime` datetime NOT NULL,
  `type` enum('title_only','always_1_2','max_7_8','always_1','max_2') NOT NULL,
  `stop_last` tinyint(1) NOT NULL
) ENGINE=InnoDB DEFAULT CHARSET=utf8;

--
-- Dumping data for table `jw_assemb_programme_contenu`
--

INSERT INTO `jw_assemb_programme_contenu` (`id_programme_contenu`, `id_programme`, `datetime`, `type`, `stop_last`) VALUES
(1, 2, '2023-04-16 09:40:00', 'title_only', 0),
(2, 2, '2023-04-16 09:50:00', 'title_only', 0),
(3, 2, '2023-04-16 10:00:00', 'always_1', 0),
(4, 2, '2023-04-16 10:15:00', 'always_1', 0),
(5, 2, '2023-04-16 10:30:00', 'always_1', 0),
(6, 2, '2023-04-16 10:55:00', 'title_only', 0),
(7, 2, '2023-04-16 11:05:00', 'always_1', 0),
(8, 2, '2023-04-16 11:35:00', 'max_2', 1),
(9, 2, '2023-04-16 12:05:00', 'title_only', 0),
(10, 2, '2023-04-16 13:20:00', 'title_only', 0),
(11, 2, '2023-04-16 13:30:00', 'title_only', 0),
(12, 2, '2023-04-16 13:35:00', 'always_1_2', 0),
(13, 2, '2023-04-16 13:45:00', 'title_only', 0),
(14, 2, '2023-04-16 14:15:00', 'always_1', 0),
(16, 2, '2023-04-16 15:10:00', 'max_2', 1),
(17, 2, '2023-04-16 15:00:00', 'title_only', 0),
(18, 2, '2023-04-16 15:55:00', 'title_only', 0),
(19, 1, '2022-11-12 09:30:00', 'title_only', 0),
(20, 1, '2022-11-12 09:40:00', 'title_only', 0),
(21, 1, '2022-11-12 09:50:00', 'always_1', 0),
(22, 1, '2022-11-12 10:05:00', 'always_1', 0),
(24, 1, '2022-11-12 11:05:00', 'title_only', 0),
(25, 1, '2022-11-12 11:15:00', 'max_2', 0),
(26, 1, '2022-11-12 11:30:00', 'max_2', 1),
(27, 1, '2022-11-12 12:00:00', 'title_only', 0),
(28, 1, '2022-11-12 13:10:00', 'title_only', 0),
(29, 1, '2022-11-12 13:20:00', 'title_only', 0),
(31, 1, '2022-11-12 13:30:00', 'max_2', 0),
(32, 1, '2022-11-12 14:00:00', 'title_only', 0),
(34, 1, '2022-11-12 14:30:00', 'title_only', 0),
(35, 1, '2022-11-12 14:40:00', 'max_2', 1),
(36, 1, '2022-11-12 15:40:00', 'always_1', 1),
(37, 1, '2022-11-12 16:15:00', 'title_only', 0),
(38, 3, '2022-07-01 09:20:00', 'title_only', 0),
(39, 3, '2022-07-01 09:30:00', 'title_only', 0),
(40, 3, '2022-07-01 09:40:00', 'always_1', 0),
(41, 3, '2022-07-01 10:10:00', 'always_1_2', 0),
(42, 3, '2022-07-01 11:05:00', 'title_only', 0),
(43, 3, '2022-07-01 11:15:00', 'always_1', 0),
(44, 3, '2022-07-01 11:45:00', 'max_2', 1),
(45, 3, '2022-07-01 12:15:00', 'title_only', 0),
(46, 3, '2022-07-01 13:35:00', 'title_only', 0),
(47, 3, '2022-07-01 13:45:00', 'title_only', 0),
(49, 3, '2022-07-01 13:50:00', 'always_1_2', 0),
(50, 3, '2022-07-01 14:50:00', 'title_only', 0),
(52, 3, '2022-07-01 15:55:00', 'always_1_2', 0),
(53, 3, '2022-07-01 16:15:00', 'max_2', 1),
(54, 3, '2022-07-01 15:00:00', 'max_2', 0),
(55, 3, '2022-07-01 16:50:00', 'title_only', 0),
(56, 3, '2022-07-02 09:20:00', 'title_only', 0),
(57, 3, '2022-07-02 09:30:00', 'title_only', 0),
(58, 3, '2022-07-02 09:40:00', 'always_1_2', 0),
(59, 3, '2022-07-02 11:00:00', 'title_only', 0),
(61, 3, '2022-07-02 11:10:00', 'always_1_2', 0),
(62, 3, '2022-07-02 11:45:00', 'max_2', 1),
(63, 3, '2022-07-02 12:15:00', 'title_only', 0),
(64, 3, '2022-07-02 13:35:00', 'title_only', 0),
(65, 3, '2022-07-02 13:45:00', 'title_only', 0),
(66, 3, '2022-07-02 13:50:00', 'always_1_2', 0),
(67, 3, '2022-07-02 14:45:00', 'title_only', 0),
(71, 3, '2022-07-02 15:15:00', 'title_only', 0),
(74, 3, '2022-07-02 15:25:00', 'title_only', 0),
(75, 3, '2022-07-02 16:15:00', 'always_1', 1),
(76, 3, '2022-07-02 16:50:00', 'title_only', 0),
(77, 3, '2022-07-03 09:20:00', 'title_only', 0),
(78, 3, '2022-07-03 09:30:00', 'title_only', 0),
(79, 3, '2022-07-03 09:40:00', 'always_1_2', 0),
(81, 3, '2022-07-03 11:05:00', 'title_only', 0),
(82, 3, '2022-07-03 11:15:00', 'max_2', 1),
(84, 3, '2022-07-03 11:45:00', 'title_only', 0),
(85, 3, '2022-07-03 13:35:00', 'title_only', 0),
(86, 3, '2022-07-03 13:45:00', 'title_only', 0),
(87, 3, '2022-07-03 13:50:00', 'title_only', 0),
(88, 3, '2022-07-03 14:30:00', 'title_only', 0),
(91, 3, '2022-07-03 14:40:00', 'max_2', 1),
(92, 3, '2022-07-03 15:45:00', 'title_only', 0),
(93, 3, '2022-07-02 10:40:00', 'always_1_2', 0);

-- --------------------------------------------------------

--
-- Table structure for table `jw_assemb_programme_contenu_symposium`
--

CREATE TABLE `jw_assemb_programme_contenu_symposium` (
  `id_programme_contenu` int(11) NOT NULL,
  `lang` enum('en','fr','crm') NOT NULL,
  `ordre` int(11) NOT NULL,
  `intitule` text NOT NULL
) ENGINE=InnoDB DEFAULT CHARSET=utf8;

--
-- Dumping data for table `jw_assemb_programme_contenu_symposium`
--

INSERT INTO `jw_assemb_programme_contenu_symposium` (`id_programme_contenu`, `lang`, `ordre`, `intitule`) VALUES
(14, 'en', 1, ''),
(14, 'en', 2, ''),
(14, 'fr', 1, '« Ouvrons tout grand notre cœur »'),
(14, 'fr', 2, 'Aidons les jeunes à révéler pleinement leur potentiel'),
(14, 'fr', 3, 'Honorons les personnes âgées'),
(22, 'en', 1, ''),
(22, 'en', 2, ''),
(22, 'en', 3, ''),
(22, 'en', 4, ''),
(22, 'fr', 1, 'Élihou'),
(22, 'fr', 2, 'Lydie'),
(22, 'fr', 3, 'Jésus'),
(22, 'crm', 1, 'Eliou'),
(22, 'crm', 2, 'Lidi'),
(22, 'crm', 3, 'Zezi'),
(35, 'en', 1, ''),
(35, 'en', 2, ''),
(35, 'en', 3, ''),
(35, 'en', 4, ''),
(35, 'fr', 1, 'Ayons des « paroles qui soient bonnes pour affermir »'),
(35, 'fr', 2, '« Vivons dans l’amour »'),
(35, 'fr', 3, '« Vivons dans l’amour »'),
(35, 'crm', 1, '“Servi Bann Parol ki Fortifie”'),
(35, 'crm', 2, '‘Viv dan Lamour’'),
(35, 'crm', 3, 'Reziste Kont Nou Bann Lennmi'),
(41, 'en', 1, 'Wealth (Matthew 6:24)'),
(41, 'en', 2, 'Status and Fame (Ecclesiastes 2:16; Romans 12:16)'),
(41, 'en', 3, 'Human Wisdom (Romans 12:1, 2)'),
(41, 'en', 4, 'Strength and Beauty (Proverbs 31:30; 1 Peter 3:3, 4)'),
(41, 'fr', 1, 'L’amour pour Dieu (Matthieu 22:37, 38 ; Romains 12:17-19)'),
(41, 'fr', 2, 'L’amour pour le prochain (Matthieu 22:39 ; Romains 13:8-10)'),
(41, 'fr', 3, 'L’amour pour la Parole de Dieu (Psaume 119:165, 167, 168)'),
(49, 'en', 1, 'A Loveless Upbringing (Psalm 27:10)'),
(49, 'en', 2, 'A Difficult Work Environment (1 Peter 2:18-20)'),
(49, 'en', 3, 'An Ungodly School Environment (1 Timothy 4:12)'),
(49, 'en', 4, 'Chronic Health Problems (2 Corinthians 12:9, 10)'),
(49, 'en', 5, 'Poverty (Philippians 4:12, 13)'),
(49, 'en', 6, 'Family Opposition (Matthew 5:44)'),
(49, 'fr', 1, '« Mes serviteurs mangeront, mes serviteurs boiront » (Isaïe 65:13, 14)'),
(49, 'fr', 2, '« On construira des maisons et on plantera des vignes » (Isaïe 65:21-23)'),
(49, 'fr', 3, '« Le loup et l’agneau brouteront ensemble » (Isaïe 11:6-9 ; 65:25)'),
(49, 'fr', 4, '« Aucun habitant ne dira : “Je suis malade” » (Isaïe 33:24 ; 35:5, 6)'),
(49, 'fr', 5, '« Il engloutira la mort pour toujours » (Isaïe 25:7, 8)'),
(49, 'fr', 6, ''),
(52, 'en', 1, 'The Heavens (Psalm 8:3, 4; 33:6)'),
(52, 'en', 2, 'The Earth (Psalm 37:29; 115:16)'),
(52, 'en', 3, 'Plants (Genesis 1:11, 29; 2:9, 15; Acts 14:16, 17)'),
(52, 'en', 4, 'Animals (Genesis 1:27; Matthew 6:26)'),
(52, 'en', 5, 'The Human Body (Psalm 139:14; Ecclesiastes 3:11)'),
(52, 'en', 6, ''),
(54, 'fr', 1, 'Manifestez de l’amour et du respect (Romains 12:10)'),
(54, 'fr', 2, 'Communiquez mieux (Éphésiens 5:15, 16)'),
(54, 'fr', 3, 'Faites équipe (Matthieu 19:6)'),
(54, 'fr', 4, 'Adorez Jéhovah ensemble (Josué 24:15)'),
(58, 'en', 1, 'To Those Taking the Lead (1 Thessalonians 5:12, 13)'),
(58, 'en', 2, 'To Widows and the Fatherless (James 1:27)'),
(58, 'en', 3, 'To the Elderly (Leviticus 19:32)'),
(58, 'en', 4, 'To Full-Time Ministers (1 Thessalonians 1:3)'),
(58, 'en', 5, 'To Foreign Residents (Leviticus 19:34; Romans 15:7)'),
(58, 'en', 6, ''),
(58, 'fr', 1, 'Gardons notre zèle (Romains 1:14, 15)'),
(58, 'fr', 2, 'Préparons-nous bien (2 Timothée 2:15)'),
(58, 'fr', 3, 'Engageons des conversations (Jean 4:6, 7, 9, 25, 26)'),
(58, 'fr', 4, 'Entretenons l’intérêt (1 Corinthiens 3:6)'),
(58, 'fr', 5, 'Aidons nos étudiants à progresser vers la maturité (Hébreux 6:1)'),
(58, 'fr', 6, ''),
(61, 'en', 1, 'Show Your Love for God (1 John 5:3)'),
(61, 'en', 2, '“Love Your Neighbor as Yourself” (Matthew 22:39)'),
(61, 'en', 3, 'Love Jehovah’s Word (Psalm 119:97; Matthew 13:52)'),
(61, 'fr', 1, 'La persécution'),
(61, 'fr', 2, 'La maladie'),
(61, 'fr', 3, 'Les problèmes financiers'),
(61, 'fr', 4, 'Les catastrophes naturelles'),
(66, 'en', 1, 'Africa (Genesis 16:13)'),
(66, 'en', 2, 'Asia (Acts 2:44)'),
(66, 'en', 3, 'Europe (John 4:35)'),
(66, 'en', 4, 'North America (1 Corinthians 9:22)'),
(66, 'en', 5, 'Oceania (Psalm 35:18)'),
(66, 'en', 6, 'South America (Acts 1:8)'),
(66, 'fr', 1, 'La vantardise déplacée (Éphésiens 4:22 ; 1 Corinthiens 4:7)'),
(66, 'fr', 2, 'L’envie (Philippiens 2:3, 4)'),
(66, 'fr', 3, 'La malhonnêteté (Éphésiens 4:25)'),
(66, 'fr', 4, 'Les bavardages nuisibles (Proverbes 15:28)'),
(66, 'fr', 5, 'La colère non maîtrisée (Jacques 1:19)'),
(66, 'fr', 6, ''),
(67, 'en', 1, 'Love Your Wife (Ephesians 5:28, 29)'),
(67, 'en', 2, 'Love Your Husband (Ephesians 5:33; 1 Peter 3:1-6)'),
(67, 'en', 3, 'Love Your Children (Titus 2:4)'),
(74, 'fr', 1, 'Ne nous vexons pas pour un rien (Proverbes 19:11 ; Ecclésiaste 7:9 ; 1 Pierre 3:11)'),
(74, 'fr', 2, 'Demandons pardon (Matthieu 5:23, 24 ; Actes 23:3-5)'),
(74, 'fr', 3, 'Pardonnons volontiers (Colossiens 3:13)'),
(74, 'fr', 4, 'Utilisons notre langue avec sagesse (Proverbes 12:18 ; 18:21)'),
(79, 'en', 1, 'Is Patient and Kind (1 Corinthians 13:4)'),
(79, 'en', 2, 'Is Not Jealous; Does Not Brag (1 Corinthians 13:4)'),
(79, 'en', 3, 'Does Not Get Puffed Up; Does Not Behave Indecently (1 Corinthians 13:4, 5)'),
(79, 'en', 4, 'Does Not Look for Its Own Interests; Does Not Become Provoked (1 Corinthians 13:5)'),
(79, 'en', 5, 'Does Not Keep Account of the Injury; Does Not Rejoice Over Unrighteousness (1 Corinthians 13:5, 6)'),
(79, 'en', 6, 'Rejoices With the Truth; Bears All Things (1 Corinthians 13:6, 7)'),
(79, 'en', 7, 'Believes All Things; Hopes All Things (1 Corinthians 13:7)'),
(79, 'en', 8, 'Endures All Things; Love Never Fails (1 Corinthians 13:7, 8)'),
(79, 'fr', 1, 'Joseph et ses frères (Galates 6:7, 8 ; Éphésiens 4:32)'),
(79, 'fr', 2, 'Les Gabaonites (Éphésiens 5:17)'),
(79, 'fr', 3, 'Gédéon (Juges 8:2, 3)'),
(79, 'fr', 4, 'Abigaïl (1 Samuel 25:27-31)'),
(79, 'fr', 5, 'Mefibosheth (2 Samuel 19:25-28)'),
(79, 'fr', 6, 'Paul et Barnabé (Actes 15:36-39)'),
(79, 'fr', 7, 'Des exemples de notre époque (1 Pierre 2:17)'),
(79, 'fr', 8, '');

-- --------------------------------------------------------

--
-- Table structure for table `jw_assemb_programme_questions`
--

CREATE TABLE `jw_assemb_programme_questions` (
  `id_programme_question` int(11) NOT NULL,
  `id_programme` int(11) NOT NULL,
  `numero` int(11) NOT NULL,
  `question` mediumtext NOT NULL
) ENGINE=InnoDB DEFAULT CHARSET=utf8;

--
-- Dumping data for table `jw_assemb_programme_questions`
--

INSERT INTO `jw_assemb_programme_questions` (`id_programme_question`, `id_programme`, `numero`, `question`) VALUES
(281, 1, 1, 'Kouma nou kapav montre ki nou apresie plas ki nou ena dan fami Zeova? (Efe. 4:3)'),
(282, 1, 2, 'Kouma nou kapav akeyir lezot, ek kifer nou bizin fer sa? (Rom. 15:7)'),
(283, 1, 3, 'Kouma nou kapav ed maximum dimounn pou form parti dan fami Zeova? (Efe. 2:17; 6:15)'),
(284, 1, 4, 'Kouma nou kapav ede pou ki ena lape? (Efe. 4:29; 5:1, 2; 6:13)'),
(285, 1, 5, 'Kouma nou kapav ogmant nou lamour pou nou fami spiritiel? (Efe. 1:15, 16, NW)'),
(286, 2, 1, 'À quoi reconnaît-​on un ami de la paix ? (Luc 10:6)'),
(287, 2, 2, 'Comment pouvons-​nous aider les amis de la paix à devenir amis de Dieu ? (Mat. 10:11)'),
(288, 2, 3, 'Comment le Prince de paix nous aide-​t-​il à trouver les amis de la paix ? (Is. 9:6, 7 ; Mat. 28:20)'),
(289, 2, 4, 'Quels indices montrent que nous sommes amis de la paix ? (Ps. 11:5 ; 2 Tim. 2:24 ; Jacq. 3:17, 18)'),
(290, 2, 5, 'Comment les amis de la paix se soutiennent-​il mutuellement ? (2 Cor. 6:13)'),
(291, 2, 6, 'Comment pouvons-​nous ‘continuer à vaincre le mal par le bien’ ? (Rom. 12:2, 6, 10, 18)');

-- --------------------------------------------------------

--
-- Table structure for table `jw_assemb_programme_theme_jour`
--

CREATE TABLE `jw_assemb_programme_theme_jour` (
  `id_programme` int(11) NOT NULL,
  `date` date NOT NULL,
  `lang` enum('en','fr','crm') NOT NULL,
  `theme` varchar(255) NOT NULL
) ENGINE=InnoDB DEFAULT CHARSET=utf8;

--
-- Dumping data for table `jw_assemb_programme_theme_jour`
--

INSERT INTO `jw_assemb_programme_theme_jour` (`id_programme`, `date`, `lang`, `theme`) VALUES
(1, '2022-11-12', 'en', ''),
(1, '2022-11-12', 'fr', ''),
(1, '2022-11-12', 'crm', ''),
(2, '2023-04-16', 'en', ''),
(2, '2023-04-16', 'fr', ''),
(3, '2022-07-01', 'en', '“TAUGHT BY GOD TO LOVE ONE ANOTHER”​—1 THESSALONIANS 4:9'),
(3, '2022-07-01', 'fr', 'PSAUME 29:11 « Jéhovah bénira son peuple en lui donnant la paix »'),
(3, '2022-07-02', 'en', '“GO ON WALKING IN LOVE”​—EPHESIANS 5:2\r\n\r\n'),
(3, '2022-07-02', 'fr', '2 PIERRE 3:14 « Soyez trouvés sans tache, sans défaut et dans la paix »'),
(3, '2022-07-03', 'en', '“KEEP YOURSELVES IN GOD’S LOVE”​—JUDE 21'),
(3, '2022-07-03', 'fr', 'ROMAINS 15:13 « Que le Dieu qui donne l’espérance vous remplisse de toute joie et paix »');

-- --------------------------------------------------------

--
-- Table structure for table `jw_batiments`
--

CREATE TABLE `jw_batiments` (
  `id_batiment` int(11) NOT NULL,
  `nom` varchar(100) NOT NULL,
  `adresse` varchar(255) NOT NULL,
  `code_postal` varchar(20) NOT NULL,
  `ville` varchar(50) NOT NULL
) ENGINE=InnoDB DEFAULT CHARSET=utf8;

--
-- Dumping data for table `jw_batiments`
--

INSERT INTO `jw_batiments` (`id_batiment`, `nom`, `adresse`, `code_postal`, `ville`) VALUES
(1, 'Moufia', '3 Chemin Lacaille', '97490 ', 'STE CLOTILDE'),
(2, 'St Benoit', '3 Rue Alexis de Villeneuve', '97470', 'ST BENOIT'),
(3, 'Le Tampon', '69 chemin Dachery', ' 97430', 'Le Tampon');

-- --------------------------------------------------------

--
-- Table structure for table `jw_constructions_photos`
--

CREATE TABLE `jw_constructions_photos` (
  `id_construction_photo` int(11) NOT NULL,
  `file` varchar(255) NOT NULL,
  `description` text NOT NULL,
  `selection` tinyint(1) NOT NULL
) ENGINE=InnoDB DEFAULT CHARSET=utf8;

--
-- Dumping data for table `jw_constructions_photos`
--

INSERT INTO `jw_constructions_photos` (`id_construction_photo`, `file`, `description`, `selection`) VALUES
(1, '2015-08-20 018.JPG', 'Déchargement et rangement du container de matériaux à la Salle d\'assemblée', 1),
(2, '2015-08-21 003.JPG', 'Coffrage des fondations', 1),
(3, '2015-08-21 005.JPG', 'Pose de la cablette de terre', 1),
(4, '2015-08-21 013.JPG', 'Pose du film anti-termites', 1),
(5, '2015-08-24 019.JPG', '', 0),
(6, '2015-08-24 028.JPG', 'Coulage du béton de propreté', 0),
(7, '2015-08-24 053.JPG', 'Coulage du béton de propreté', 1),
(8, '2015-08-24 055.JPG', 'Coulage du béton de propreté', 0),
(9, '2015-08-25 016.JPG', '', 0),
(10, '2015-08-25 028.JPG', '', 0),
(11, '2015-08-25 036.JPG', 'Relevés topographique', 1),
(12, '2015-08-26 003.JPG', 'Ferraillage des fondations', 1),
(13, '2015-08-26 041.JPG', 'Pose des regards de trop plein', 1),
(14, '2015-08-26 042.JPG', 'Coffrage des fondations', 1),
(15, 'DSC_0192.JPG', 'Relevés topographiques', 1),
(16, 'P1020517.JPG', 'Décapage de la terre végétale', 1),
(17, 'P1020571.JPG', 'Décapage de la terre végétale', 1),
(18, 'P1030695.JPG', 'Ouverture des tranchées de fondation', 1),
(19, 'P1030710.JPG', 'Installation du chantier', 1);

-- --------------------------------------------------------

--
-- Table structure for table `jw_dons`
--

CREATE TABLE `jw_dons` (
  `date` date NOT NULL,
  `id_contribuable` int(11) NOT NULL,
  `destination` varchar(255) NOT NULL,
  `somme` decimal(7,2) NOT NULL,
  `commentaire` text NOT NULL
) ENGINE=InnoDB DEFAULT CHARSET=utf8;

--
-- Dumping data for table `jw_dons`
--

INSERT INTO `jw_dons` (`date`, `id_contribuable`, `destination`, `somme`, `commentaire`) VALUES
('2021-03-05', 1, 'Assemblée locale SAINT-DENIS', 600.00, 'N° confirmation : 28439610139'),
('2021-05-02', 1, 'Assemblée locale SAINT-DENIS', 600.00, 'N° confirmation : 31553513999'),
('2021-05-05', 1, 'ACLH - TJ', 5.00, 'Cheque CA N° 0644779'),
('2021-07-15', 1, 'Assemblée locale SAINT-DENIS', 600.00, 'N° confirmation : 35769768940'),
('2021-09-07', 1, 'Assemblée locale SAINT-DENIS', 600.00, 'N° confirmation : 39012904848'),
('2021-11-28', 1, 'Assemblée locale SAINT-DENIS', 600.00, 'N° confirmation : 43694153'),
('2021-12-19', 1, 'Oeuvre mondiale ACTJF', 1000.00, 'N° confirmation : 45298548'),
('2022-03-07', 1, 'Assemblée locale SAINT-DENIS', 600.00, 'N° confirmation : 50305056'),
('2022-03-07', 1, 'Oeuvre mondiale ACTJF', 1000.00, 'N° confirmation : 50305030'),
('2022-06-04', 1, 'Assemblée locale SAINT-DENIS', 600.00, 'N° confirmation : 55768235'),
('2022-06-04', 1, 'Oeuvre mondiale ACTJF', 1000.00, 'N° confirmation : 55768223'),
('2022-11-14', 1, 'Assemblée locale SAINT-DENIS', 600.00, 'N° confirmation : 65405753');

-- --------------------------------------------------------

--
-- Table structure for table `jw_fiches_bibliques`
--

CREATE TABLE `jw_fiches_bibliques` (
  `id_fiche_biblique` int(11) NOT NULL,
  `personnage` varchar(20) NOT NULL,
  `en_bref` mediumtext NOT NULL,
  `frise_debut` int(11) NOT NULL,
  `frise_fin` int(11) NOT NULL,
  `frise_encours_de` int(11) DEFAULT NULL,
  `frise_encours_a` int(11) DEFAULT NULL
) ENGINE=InnoDB DEFAULT CHARSET=utf8;

--
-- Dumping data for table `jw_fiches_bibliques`
--

INSERT INTO `jw_fiches_bibliques` (`id_fiche_biblique`, `personnage`, `en_bref`, `frise_debut`, `frise_fin`, `frise_encours_de`, `frise_encours_a`) VALUES
(1, 'JOSUÉ', 'Fils de Noun. Il a été serviteur de Moïse, puis a été désigné pour diriger Israël (Exode 33:11 ; Deutéronome 34:9 ; Josué 1:1, 2). Il a courageusement mené le peuple de Dieu en Terre promise. Il avait foi dans les promesses de Jéhovah, a obéi à sa direction et l’a servi fidèlement.', -4026, 98, -1500, NULL),
(2, 'DANIEL', 'Probablement prince, et né dans la tribu de Juda. Prophète fidèle qui a écrit, sous l’inspiration divine, le livre biblique portant son nom. Il était peut- être adolescent quand, avec d’autres membres de la famille royale et des nobles, il a été fait captif par Neboukadnetsar et déporté à Babylone.', -4026, 98, -600, NULL),
(3, 'RUTH', 'Veuve moabite fidèle à Dieu. Elle a soutenu sa belle-mère âgée, Naomi. L’amour fidèle qu’elle lui a témoigné et sa détermination à adorer Jéhovah lui ont donné la force de quitter sa patrie pour Bethléhem. On disait à Naomi : “ Ta belle-fille [...] vaut mieux pour toi que sept fils. ” — Ruth 4:14, 15.', -4026, 98, -1200, NULL),
(4, 'ESTHER', 'Orpheline devenue reine par son mariage avec le roi perse Assuérus. Elle a risqué sa vie pour dénoncer un complot visant à détruire les Juifs (Esther 4:11, 15, 16). Son courage, son tact et sa soumission se sont révélés d’une plus grande valeur que sa beauté. — Esther 2:7 ; 1 Pierre 3:1-5.', -4026, 98, -400, NULL),
(5, 'ABRAHAM', 'Un homme fidèle qui, pour faire la volonté de Jéhovah, a quitté Our, une ville riche, sans savoir où il allait vivre (Hébreux 11:8-10). Il a toujours enseigné à sa maisonnée à garder “ la voie de Jéhovah, pour pratiquer la justice ”. (Genèse 18:19.) La Bible l’appelle “ le père de tous ceux qui ont foi ”. — Romains 4:11.', -4026, 98, -1900, NULL),
(6, 'ABEL', 'Deuxième fils d’Adam et Ève et premier homme de foi cité dans la Bible. Abel a prouvé qu’il recherchait la faveur de Dieu en offrant un sacrifice qui lui soit agréable. Bien que la Bible ne rapporte aucune de ses paroles, il est un modèle de foi pour nous. — Genèse 4:1-11 ; Hébreux 11:4.', -4026, 98, -3900, NULL),
(7, 'PIERRE', 'Pêcheur courageux. Est devenu l’un des premiers disciples de Jésus. Celui-ci en a fait l’un de ses 12 apôtres, ou “ envoyés ”. C’est l’apôtre dont les Evangiles rapportent le plus grand nombre de déclarations. Jéhovah l’a énormément utilisé pour prêcher et ‘ fortifier ses frères ’. — Luc 22:32 ; Marc 3:13-19.', -4026, 98, NULL, NULL),
(8, 'HIZQIYA', 'Roi fidèle à Dieu qui a réparé et rouvert le temple, détruit les objets liés au faux culte et exhorté le peuple à observer la Pâque (2 Rois 18:4 ; 2 Chroniques 29:3 ; 30:1-6). Malgré le mauvais exemple de son père, le roi Ahaz, il “ demeura attaché à Jéhovah ”. — 2 Rois 18:6.', -4026, 98, -700, NULL),
(9, 'JÉRÉMIE', 'Désigné avant sa naissance pour être prophète (Jérémie 1:1-5). Il a servi Dieu fidèlement pendant plus de 65 ans. Il s’estimait sans expérience et avait peur de parler, mais Jéhovah lui a dit : “ N’aie pas peur [...], car ‘ je suis avec toi pour te délivrer ’. ” — Jérémie 1:6-8.', -4026, 98, -650, NULL),
(10, 'SALOMON', 'Deuxième fils de David et de Bath-Shéba. Il a régné 40 ans en Israël. Il a construit un bâtiment somptueux pour le culte de Jéhovah (1 Rois 5:2-5). Jéhovah s’est servi de lui pour rédiger les Proverbes, l’Ecclésiaste et le Chant de Salomon. La mauvaise influence de ses femmes étrangères l’a éloigné de Jéhovah. — 1 Rois 11:1-6.', -4026, 98, -1000, NULL),
(11, 'JOSEPH', 'Fils premier-né de Jacob et de Rachel (Genèse 35:24). Jaloux de lui, ses demi-frères l’ont vendu comme esclave en Egypte, où il est resté esclave ou prisonnier pendant 13 ans. Au lieu de se venger, il a pardonné à ses demi-frères repentants (Genèse 50:15-21). Bien que loin de chez lui, il a honoré Jéhovah et est resté pur, travailleur et digne de confiance. — Genèse 39:1-23.', -4026, 98, -1700, NULL),
(12, 'ISAÏE', 'Prophète fidèle, qui a fait du culte de Dieu une activité familiale. Sa manière d’effectuer son ministère a été un bon exemple pour les siens. Sa femme était appelée “ la prophétesse ”. (Isaïe 7:3 ; 8:3, 18.) Il a servi Dieu au moins 46 ans. Son nom signifie “ Salut de Jéhovah ”.', -4026, 98, -700, NULL),
(13, 'JOB', 'Un homme “ intègre et droit ” aux yeux de Dieu (Job 1:8). Malgré la pression de sa femme et d’autres personnes, il n’a jamais arrêté de servir Dieu (Job 1:20-22 ; 2:9, 10). Sa persévérance et l’heureux dénouement de son épreuve nous donnent le courage d’endurer fidèlement les nôtres. — Job 42:12-17 ; Jacques 5:11.', -4026, 98, NULL, NULL),
(14, 'SAMUEL', 'Ses parents l’ont “ prêté à Jéhovah ” et encouragé à faire du service pour Dieu sa carrière dès son jeune âge (1 Samuel 1:24, 28). Bien qu’ayant vu des prêtres corrompus profiter de leur prochain, Samuel est resté fidèle, honnête et courageux. — 1 Samuel 2:22-26 ; 3:18, 19 ; 12:2-5, 17, 18.', -4026, 98, -1100, NULL),
(15, 'DAVID', 'Fils de Jessé et deuxième roi d’Israël. Poète et musicien de talent, il a rédigé plus de 73 psaumes. Il a humblement recherché la direction de Jéhovah dans sa vie (1 Samuel 23:2 ; 30:8 ; 2 Samuel 2:1). Jéhovah l’a qualifié d’“ homme selon [son] coeur ”. — Actes 13:22.', -4026, 98, -1000, NULL),
(16, 'TIMOTHÉE', 'Bien qu’ayant un père non croyant, il est devenu “ un exemple pour les fidèles, en parole, en conduite, en amour, en foi, en pureté ”. (1 Timothée 4:12.) Il a appliqué ce conseil biblique : “ Exerce-toi en ayant pour but l’attachement à Dieu. ” (1 Timothée 4:7). Il a secondé l’apôtre Paul pendant une quinzaine d’années.', -4026, 98, NULL, NULL),
(17, 'YONA', 'Prophète de Jéhovah sous le règne de Yarobam II (2 Rois 14:23-25). Jéhovah lui a appris à accorder la priorité aux besoins des autres plutôt qu’aux siens (Yona 4:6-11). Ses aventures nous enseignent que Jéhovah est extrêmement patient, miséricordieux et bon envers les humains pécheurs.', -4026, 98, -840, NULL),
(18, 'YOSHIYA', 'Alors que son père, Amôn, était mauvais, Yoshiya a fait “ ce qui est droit aux yeux de Jéhovah ”. (2 Chroniques 34:2.) Il a préféré écouter ceux qui aimaient Dieu plutôt que des gens peu fréquentables. Son humilité et son attachement au vrai culte lui ont valu la faveur divine. — 2 Rois 22:19 ; 23:24, 25.', -4026, 98, -650, NULL),
(19, 'PAUL', 'A persécuté les chrétiens, mais s’est ensuite converti et est devenu apôtre des nations. Jéhovah l’a utilisé pour écrire 14 livres des Écritures grecques chrétiennes. L’apôtre a parcouru des milliers de kilomètres en tant que missionnaire, et fondé des congrégations en Europe et en Asie Mineure. — Romains 11:13 ; 1 Timothée 1:12-16.', -4026, 98, NULL, NULL),
(20, 'NOÉ', 'Il a enseigné à sa famille à obéir aux instructions de Jéhovah. Par obéissance à Dieu, il a construit une arche pour y abriter sa famille et les animaux lors du Déluge (Genèse 6:5-22). Malgré les moqueries, il s’est montré un fidèle “ prédicateur de justice ”. — 2 Pierre 2:5 ; Hébreux 11:7.', -4026, 98, -2970, NULL),
(21, 'MOÏSE', 'Premier homme à avoir reçu le pouvoir de faire des miracles. Il a été prophète de Dieu, juge, législateur et guide pour la nation d’Israël. Aux yeux du peuple, c’était un homme qui avait accompli quantité d’actes redoutables. — Deutéronome 34:10-12 ; Exode 4:1-9.', -4026, 98, -1500, NULL),
(22, 'NEHÉMIA', 'A quitté temporairement un emploi prestigieux pour se mettre au service de Jéhovah. Gouverneur des Juifs, il a dirigé les travaux de reconstruction de la muraille de Jérusalem, qui a été achevée en 52 jours seulement (Nehémia 6:15). C’était un homme de prière et de courage ; son exemple nous enseigne à placer notre confiance en Jéhovah dans n’importe quelle situation. — Nehémia 2:3-8.', -4026, 98, -450, NULL),
(23, 'YONATHÂN', 'Bien qu’héritier du trône et plus âgé que David de probablement 30 ans, il a soutenu David, le roi désigné par Dieu (1 Samuel 23:15-18). Il a même risqué sa vie pour le protéger de Saül, son père jaloux (1 Samuel 20:1-42). Son exemple d’humilité nous enseigne à nous réjouir pour ceux qui reçoivent de bonnes choses de la part de Dieu.', -4026, 98, -1138, NULL),
(24, 'SAMSON', 'Célèbre juge qui a défendu Israël pendant 20 ans (Juges 15:20). Jéhovah lui a donné la mission d’ “ entreprendr[e] de sauver Israël de la main des Philistins ”. (Juges 13:5.) L’esprit de Dieu lui a donnée une grande force. Plus important : Samson avait une grande foi en Jéhovah. — Hébreux 11:32-34.', -4026, 98, NULL, -1120),
(25, 'MARIE', 'Marie était la mère de Jésus.\r\nMême si elle était pauvre, elle faisait chaque année le voyage jusqu’à Jérusalem pour fêter la Pâque (Luc 2:41).\r\nMarie est devenue disciple de Jésus, et plus tard, ses autres fils aussi (Actes 1:14).\r\nLa Bible dit qu’elle a « trouvée faveur auprès de Dieu » (Luc 1:30).', -4026, 98, NULL, NULL),
(26, 'ESAÜ', 'Ésaü était le premier fils d’Isaac et Rébecca. Il avait donc le droit de recevoir une bénédiction spéciale de la part de son père. Mais il a échangé son droit d’aînesse contre un bol de nourriture. Il est devenu tellement jaloux de son frère jumeau, Jacob, qu’il a décidé de le tuer. Contrairement à son frère, Ésaü n’avait aucun respect pour les choses sacrées (Hébreux 12:16).', -4026, 98, -1858, NULL),
(27, 'LOT', 'Lot était le neveu d’Abraham.\r\nIl habitait la ville de Sodome. Il était « juste », contrairement aux hommes de Sodome, qui étaient « mauvais et grands pécheurs contre Jéhovah » (Genèse 13:13 ; 2 Pierre 2:7, 8).\r\nQuand il a détruit Sodome, Jéhovah a sauvé Lot et ses deux filles. Malheureusement, la femme de Lot est morte parce qu’elle a désobéi à Dieu.', -4026, 98, -1900, NULL),
(28, 'RUBEN', 'Ruben, le premier fils de Jacob, a convaincu ses neuf frères de ne pas tuer leur frère Joseph. Mais un jour, il ne s’est pas maîtrisé et il n’a pas respecté son père comme il aurait dû. Du coup, il a perdu ses droits de fils premier-né (Genèse 49:3, 4).', -4026, 98, -1750, NULL),
(29, 'POTIPHAR', 'Potiphar était un seigneur égyptien. C’était le chef de la garde de Pharaon. Joseph était son esclave. Potiphar a un jour demandé à Joseph de gérer tout ce qui était à lui. Jéhovah a alors béni ses affaires (Genèse 39:5). Plus tard, quand sa femme a racontée des mensonges sur Joseph, Potiphar a fait mettre Joseph en prison (Genèse 39:19, 20).', -4026, 98, -1750, NULL),
(30, 'JACOB', 'Jacob était le fils d’Isaac et Rébecca. Il était le frère jumeau d’Ésaü. Il a reçu une bénédiction spéciale de son père, et Jéhovah lui a promis que ses descendants deviendraient une grande nation. Jacob était « un homme intègre » : il faisait le bien. Jéhovah a dit qu’il était « le Dieu de Jacob » (Genèse 25:27 ; Exode 3:6).', -4026, 98, -1858, -1711),
(31, 'MIRIAM', 'Miriam aimait son petit frère Moïse et elle a fait tout ce qu’elle a pu pour le protéger. Plus tard, elle est devenue prophétesse. Mais un jour, comme elle était jalouse, elle a critiqué Moïse. Dieu lui a alors donné la lèpre, une terrible maladie. Moïse a prié pour Miriam, et Jéhovah l’a guérie (Nombres 12:1-15).', -4026, 98, -1597, NULL),
(32, 'AARON', 'Aaron a courageusement parlé à Pharaon à la place de son frère, Moïse. Jéhovah a plus tard fait de lui le premier grand prêtre d’Israël. Aaron a servi Dieu fidèlement pendant de nombreuses années. Mais à Meriba, il ne l’a pas honoré. C’est pour cela qu’il n’a pas eu la permission d’entrer en Terre promise (Nombres 20:12, 13).', -4026, 98, -1597, -1474),
(33, 'PHARAON', 'Quand Jéhovah lui a demandé de libérer les Israélites, Pharaon n’a pas voulu. Jéhovah a alors fait venir dix plaies sur l’Égypte, et Pharaon a fini par accepter de laisser partir les Israélites. Ensuite, les Égyptiens les ont poursuivis. Mais Jéhovah a sauvé les Israélites en noyant Pharaon et son armée dans la mer Rouge (Psaume 136:15).', -4026, 98, -1513, NULL),
(34, 'TSIPPORA', 'Tsippora était la femme de Moïse. Ils se sont rencontrés à un puits en Madiân, et là, Moïse a été très gentil avec elle et ses soeurs. Après leur mariage, elle a eu deux fils : Guershom et Éliézer (Exode 18:2-4).', -4026, 98, -1550, NULL),
(35, 'QORAH', 'Qorah était un Qehathite. Dathân, Abiram et lui se sont rebellés contre Jéhovah en s’opposant à Moïse et à Aaron dans le désert. Qorah et les 250 hommes qui étaient avec lui ont fait brûler de l’encens au tabernacle. Jéhovah les a tués, montrant qu’Aaron était le seul qui pouvait être grand prêtre d’Israël (Nombres 16:1-50).', -4026, 98, -1500, NULL),
(36, 'RAHAB', 'Rahab a accueilli deux espions israélites dans sa maison à Jéricho. Elle a montré qu’elle croyait en Jéhovah : elle a caché les espions, elle leur a demandé de protéger sa famille et elle a suivi exactement leurs instructions. Une fois que la muraille de Jéricho est tombée, Rahab et sa famille ont habité avec les Israélites (Josué 6:25).', -4026, 98, -1473, NULL),
(37, 'NAOMI', 'À cause du manque de nourriture à Bethléhem, Naomi est partie vivre dans le pays de Moab avec sa famille. Après la mort de son mari et de ses fils, elle est revenue à Bethléhem avec Ruth, sa belle-fille. Ruth a ramassé des céréales pour Naomi, et Naomi l’a aidée à s’installer et à se marier (Ruth 2:17, 18 ; 3:1-4).', -4026, 98, -1300, NULL),
(38, 'GUIDÉÔN', 'Guidéôn était un juge remarquable d’Israël. Il a délivré les Israélites de leurs ennemis. Il était prudent, mais il a compté sur Jéhovah avec courage. L’armée de Guidéôn a battu les Madianites, les Amaléqites et les Orientaux, alors que ces ennemis étaient 450 fois plus nombreux qu’eux (Juges 6:33, 34 ; 8:28).', -4026, 98, -1300, NULL),
(39, 'MANOAH', 'Le père du juge Samson. Quand un ange a dit à sa femme qu’elle donnerait naissance à Samson, Manoah a prié pour recevoir des conseils sur la façon de l’élever. « Le vrai Dieu écouta [...] la voix de Manoah » et l’ange redonna les instructions qu’il avait données à la femme de Manoah, leur indiquant comment prendre soin de leur fils naziréen (Juges 13:8-14).', -4026, 98, -1120, NULL),
(40, 'HANNA', 'Mère du prophète Samuel. Dans la prière, Hanna a promis à Jéhovah que si elle avait un fils, elle l’amènerait au tabernacle pour qu’il le serve. Après la naissance de Samuel, Hanna a tenu sa promesse et a remercié Jéhovah dans une belle prière (1 Samuel 2:1-10).', -4026, 98, -1180, NULL),
(41, 'LE ROI SAÜL', 'Premier roi d’Israël. Au début, Saül était humble et modeste. Mais, plus tard, il est devenu arrogant, et Jéhovah l’a rejeté en tant que roi. Saül a pourchassé David, qui était devenu un puissant soldat, et il a essayé de le tuer. Mais Jéhovah a protégé David, et Saül est mort au cours d’une bataille contre les Philistins (1 Samuel 31:1-4).', -4026, 98, -1180, NULL);

-- --------------------------------------------------------

--
-- Table structure for table `jw_fiches_bibliques_questions`
--

CREATE TABLE `jw_fiches_bibliques_questions` (
  `id_fiche_biblique` int(11) NOT NULL,
  `id_question` char(1) NOT NULL,
  `question` varchar(255) NOT NULL,
  `reponse` varchar(255) NOT NULL
) ENGINE=InnoDB DEFAULT CHARSET=utf8;

--
-- Dumping data for table `jw_fiches_bibliques_questions`
--

INSERT INTO `jw_fiches_bibliques_questions` (`id_fiche_biblique`, `id_question`, `question`, `reponse`) VALUES
(1, 'A', 'Comment, avec son armée, Josué a-t-il fait tomber les murailles de Jéricho ?', 'Ils ont obéi à Dieu en marchant autour de la ville. — Josué 6:1-27.'),
(1, 'B', 'Complète sa déclaration : “ Quant à moi et à ma maisonnée, ... ”', '“ ... nous servirons Jéhovah. ” — Josué 24:15.'),
(1, 'C', 'Par quels autres noms était-il connu ?', 'Hoshéa et Yehoshou — Nombres 13:8,16.'),
(2, 'A', 'Pourquoi Daniel a-t-il été jeté dans la fosse aux lions ?', 'Il a prié Jéhovah malgré l’interdiction. — Daniel 6:6-17.'),
(2, 'B', 'Quels étaient les noms hébreux de ses trois amis ?', 'Hanania, Mishaël et Azari — Daniel 1:6, 7.'),
(2, 'C', 'Il a servi sous deux puissances étrangères. Lesquelles ?', 'Babylone et l’Empire médo-perse. — Daniel 5:30 ; 6:8.'),
(3, 'A', 'Complète cette déclaration de Ruth à Naomi : “ Ton peuple sera... ”', '“ ... mon peuple, et ton Dieu mon Dieu. ” — Ruth 1:16.'),
(3, 'B', 'Quel bel exemple laisse-t-elle à ceux qui s’occupent de personnes malades ou âgées ?', 'Elle était travailleuse et avait l’esprit de sacrifice. — Ruth 2:7, 10-12, 17 ; 3:11.'),
(3, 'C', 'Remplis les espaces : Ruth a épousé _________ et est devenue l’ancêtre de _________ et de _________.', 'Boaz, David, Jésus Christ. — Matthieu 1:5, 6, 16.'),
(4, 'A', 'Quelle reine Esther a-t-elle remplacée ?', 'Vashti. — Esther 1:12 ; 2:16, 17.'),
(4, 'B', 'Complète cette déclaration biblique : “ Esther obtenait sans cesse... ”', '“ ... faveur aux yeux de tous ceux qui la voyaient. ” — Esther 2:15.'),
(4, 'C', 'Remplis les espaces : Le nom hébreu d’Esther était ________, et son cousin plus âgé, ________, est devenu son tuteur.', 'Hadassa (qui signifie “ myrte ”), Mordekaë? — Esther 2:7.'),
(5, 'A', 'Quel âge avait Abraham quand son fils Isaac est né ?', 'Cent ans. — Genèse 21:5.'),
(5, 'B', 'Quelle promesse Jéhovah a-t-il faite à Abraham ?', 'Par le moyen de sa semence toutes les nations se béniraient à coup sûr. — Genèse 22:16-18.'),
(5, 'C', 'Complète cette phrase : Pour sa grande foi et ses œuvres, Abraham a été appelé ____________.', '“ Ami de Jéhovah. ” — Jacques 2:21-24.'),
(6, 'A', 'Qui a tué Abel ?', 'Son frère, Caïn. — 1 Jean 3:11, 12.'),
(6, 'B', 'Comment Jéhovah a-t-il considéré Abel et son sacrifice ?', '“ Avec faveur ”. — Genèse 4:4.'),
(6, 'C', 'Remplis l’espace : Abel exerçait le métier de ________.', 'Berger. — Genèse 4:2.'),
(7, 'A', 'Pourquoi s’enfonce-t-il dans l’eau ?', 'Il s’est laissé envahir par le doute. — Matthieu 14:28-31.'),
(7, 'B', 'Pierre est resté célibataire : vrai ou faux ?', 'Faux. — Marc 1:29-31 ; Jean 1:42 ; 1 Corinthiens 9:5.'),
(7, 'C', 'Lorsque des chefs religieux ont dit aux apôtres, dont Pierre, d’arrêter d’enseigner, ceux-ci ont répondu : “ Nous devons... ”', '“ ... obéir à Dieu, en sa qualité de chef, plutôt qu’aux hommes. ” — Actes 5:18, 27-29.'),
(8, 'A', 'À quel âge est-il devenu roi de Juda ?', 'À 25 ans. — 2 Rois 18:1, 2.'),
(8, 'B', 'De combien d’années Jéhovah a-t-il miraculeusement prolongé sa vie ?', 'De 15 années. — 2 Rois 20:1-6.'),
(8, 'C', 'Remplis l’espace : Parce qu’Hizqiya l’a prié et lui a été fidèle, Jéhovah a envoyé un ange abattre ____________ soldats assyriens.', '185000. — 2 Rois 19:15, 19, 35, 36.'),
(9, 'A', 'Jéhovah s’est servi de Jérémie pour écrire quatre livres bibliques. Lesquels ?', 'Un Rois, Deux Rois, Jérémie et Lamentations.'),
(9, 'B', 'Jérémie est resté célibataire : vrai ou faux ?', 'Vrai. — Jérémie 16:1-4.'),
(9, 'C', 'Complète sa déclaration : “ [La parole de Dieu] était dans mon cœur comme... ”', '“ ... un feu brûlant, enfermé dans mes os. ” — Jérémie 20:9.'),
(10, 'A', 'Plutôt que la richesse ou des années de vie, qu’a-t-il demandé à Dieu ?', 'Un cœur obéissant. — 1 Rois 3:5-14.'),
(10, 'B', 'Remplis les espaces : Salomon pouvait prononcer _____________ proverbes, et ses chants furent au nombre de ____________.', '3000, 1005. — 1 Rois 4:29, 32.'),
(10, 'C', 'Quel autre nom lui a-t-on donné ?', 'Yedidia, qui signifie “ Bien-aimé de Yah ”. — 2 Samuel 12:24, 25.'),
(11, 'A', 'Remplis les espaces : Ses demi-frères l’appelaient “ ce ________ ” et l’ont vendu comme esclave pour ______ pièces d’argent.', 'Rêveur, 20. — Genèse 37:19, 28.'),
(11, 'B', 'Lorsque la femme de Potiphar a insisté pour qu’il couche avec elle, il lui a répondu fermement : “ Comment donc pourrais-je commettre ce grand mal et... ”', '“ ... pécher vraiment contre Dieu ? ” — Genèse 39:9.'),
(11, 'C', 'Pourquoi Pharaon a-t-il fait de lui le deuxième personnage du royaume ?', 'Il savait que l’esprit de Dieu le rendait avisé et sage. — Genèse 41:38-41.'),
(12, 'A', 'Qui l’a accompagné pour transmettre un message au roi Ahaz ?', 'Son fils Shéar-Yashou — Isaïe 7:3.'),
(12, 'B', 'Quand Jéhovah a demandé “ Qui enverrai-je ? ”, comment Isaïe a-t-il réagi ?', 'Il a proposé : “ Me voici ! Envoie-moi. ” — Isaïe 6:8.'),
(12, 'C', 'Isaïe a prédit : “ Vraiment la terre sera remplie... ”', '“ ... de la connaissance de Jéhovah. ” — Isaïe 11:9.'),
(13, 'A', 'Il a eu en tout ______ fils et ______ filles.', '14, 6.— Job 1:2 ; 42:13.'),
(13, 'B', 'Qu’est-ce que Satan lui a enlevé ?', 'Son bétail, ses serviteurs, ses enfants et sa santé. — Job 1:13-19 ; 2:4-7.'),
(13, 'C', 'Complète sa déclaration : “ Jusqu’à ce que j’expire, je ne me dessaisirai pas de... ”', '“ ... mon intégrité ! ” — Job 27:5.'),
(14, 'A', 'Ses parents s’appelaient ______________ et ______________.', 'Elqana et Hanna — 1 Samuel 1:19, 20.'),
(14, 'B', 'Pour rédiger quels livres de la Bible Jéhovah s’est-il servi de lui ?', 'Les Juges, Ruth et une partie de Un Samuel.'),
(14, 'C', 'Complète cette déclaration biblique : “ Et le garçon Samuel... ”', '“ ... grandissait auprès de Jéhovah. ” — 1 Samuel 2:21.'),
(15, 'A', 'David et Jésus sont nés dans la même ville. Laquelle ?', 'Bethléhem (en Judée). — Jean 7:42.'),
(15, 'B', 'Dans sa jeunesse, David a exercé le métier de ________________, et a courageusement tué un ________________ et un ________________.', 'Berger, lion, ours. — 1 Samuel 17:34, 35 ; Psaume 78:70, 71.'),
(15, 'C', 'Complète sa déclaration : “ Et toi, Salomon mon fils, connais le... ”', '“ ... Dieu de ton père et sers-le d’un cœur complet. ” — 1 Chroniques 28:9.'),
(16, 'A', 'Remplis les espaces : Sa mère, ________, et sa grand-mère __________ lui ont enseigné “ les écrits sacrés ” depuis sa _____________________.', 'Eunice, Loïs, toute petite enfance. — 2 Timothée 1:5 ; 3:14, 15.'),
(16, 'B', 'Dans sa jeunesse, quelle invitation particulière a-t-il acceptée ?', 'Celle de voyager et d’œuvrer aux côtés de l’apôtre Paul. — Actes 16:1-5.'),
(16, 'C', 'Paul a dit de lui : “ Comme un enfant avec son père... ”', '“ ... avec moi il a travaillé comme un esclave pour faire progresser la bonne nouvelle. ” — Philippiens 2:22.'),
(17, 'A', 'Il a été envoyé prêcher à ________________, où vivaient plus de ________________ hommes.', 'Ninive, 120000. — Yona 1:1, 2 ; 4:11.'),
(17, 'B', 'Bien qu’il ait d’abord fui sa mission, qu’a-t-il fait de courageux pour sauver des vies ?', 'Il a dit aux marins de le jeter par-dessus bord pour que la mer se calme. — Yona 1:3, 9-16.'),
(17, 'C', 'Complète cette déclaration biblique : “ Yona fut à l’intérieur... ”', '“ ... du poisson trois jours et trois nuits. ” — Yona 1:17.'),
(18, 'A', 'Il est devenu roi à l’âge de ________ ans et a régné pendant ________ ans.', '8, 31. — 2 Chroniques 34:1.'),
(18, 'B', 'Deux prophètes ont eu sur lui une bonne influence. Lesquels ?', 'Jérémie et Tsephania — Jérémie 1:1, 2 ; Tsephania 1:1.'),
(18, 'C', 'Alors que Yoshiya faisait réparer “ la maison de Jéhovah ”, qu’a trouvé le prêtre à l’intérieur du temple ?', '“ Le livre de la loi de Jéhovah ”, écrit par Moïse. — 2 Chroniques 34:14-18.'),
(19, 'A', 'Il subvenait à ses besoins en fabriquant _______________.', 'des tentes. — Actes 18:3-5.'),
(19, 'B', 'Il enseignait les gens “ en public et ... ”', '“ ... de maison en maison ”. — Actes 20:20.'),
(19, 'C', 'Il a ressuscité un jeune homme nommé _______________.', 'Eutyche. — Actes 20:7-12.'),
(20, 'A', 'Noé a vécu jusqu\'à _____ ans.', '950. - Genèse 9:29'),
(20, 'B', 'Quels sont les noms de ses trois fils ?', 'Sem, Cham et Japhet. - Genèse 6:10'),
(20, 'C', 'Complète ce verset : ', ''),
(21, 'A', 'Quels livres de la Bible Jéhovah lui a-t-il inspirés ?', 'Genèse, Exode, Lévitique, Nombres, Deutéronome et Job (plus le Psaume 90 et peut-être le 91).'),
(21, 'B', 'Ses parents s’appelaient ________ et ________. Il a été adopté par ________________________________.', 'Amram, Yokébed, la fille de Pharaon. — Exode 1:15–2:10 ; 6:20.'),
(21, 'C', 'Complète cette déclaration biblique : “ Il est resté ferme comme... ”', '“ ...s’il voyait Celui qui est invisible. ” — Hébreux 11:27.'),
(22, 'A', 'Nehémia travaillait comme ______ du roi perse _____.', 'échanson, Artaxerxès. — Nehémia 1:11; 2:1.'),
(22, 'B', 'Que signifie son nom ?', '“ Yah console. ”'),
(22, 'C', 'Il a prié : “ Souviens-toi de moi, ô mon Dieu, ... ”', '“ ... pour le bien. ” — Nehémia 13:31.'),
(23, 'A', 'Il était le fils aîné du ________.', 'roi Saül. — 1 Samuel 14:47, 49.'),
(23, 'B', 'Vrai ou faux ? Son père a jeté une lancesur lui.', 'Vrai. — 1 Samuel 20:33.'),
(23, 'C', 'A qui était-il particulièrement attaché,et pourquoi ?', 'A David. Lorsque celui-ci a combattuGoliath, Yonathân a vu son courage etson amour pour Jéhovah. — 1 Samuel17:1–18:4.'),
(24, 'A', 'Son père s’appelait ________.', 'Manoah. — Juges 13:8, 24.'),
(24, 'B', 'Quel exploit a-t-il accompli à Gaza ?', 'Il a emporté la porte de la ville avec ses montants et sa barre jusqu’au sommetde la montagne qui est en face de Hébrôn. — Juges 16:2, 3.'),
(24, 'C', 'Qui l’a trahi ?', 'Dalila. — Juges 16:4, 5.'),
(25, 'A', 'L’ange ______ a rendu visite à Marie alors qu’elle habitait à ________ (Luc 1:26, 27).', 'Gabriel, Nazareth.'),
(25, 'B', 'Quarante jours après la naissance de Jésus, Marie est allée au temple pour offrir « une paire de ____ ou deux jeunes ______ » (Luc 2:22- 24).', 'tourterelles, pigeons.'),
(25, 'C', '« Marie conservait toutes ces paroles, tirant des conclusions ____ ____ _____» (Luc 2:19).', 'dans son cœur.'),
(26, 'A', 'Vrai ou faux ? Ésaü était plus jeune que Jacob (Genèse 25:24-26).', 'Faux.'),
(26, 'B', '« Ésaü devint un homme connaissant la ______ » (Genèse 25:27).', 'chasse.'),
(26, 'C', '« Jacob donna à Ésaü du pain et un plat de _______» (Genèse 25:34).', 'lentilles.'),
(27, 'A', 'Vrai ou faux ? Il était pauvre (Genèse 13:5, 6).', 'Faux. Les « biens [de Lot] étaient devenus nombreux ».'),
(27, 'B', 'Il a décidé d’habiter près de Sodome parce que cette région était « comme le _______ de Jéhovah » (Genèse 13:10, 11).', 'jardin.'),
(27, 'C', 'Il s’est enfui vers la ville de _______ avant que Jéhovah détruise Sodome (Genèse 19:23, 24).', 'Tsoar.'),
(28, 'A', 'Qui était sa mère ? (Genèse 29:32).', 'Léa.'),
(28, 'B', 'Il a dit à ses frères : « Ne ______ pas contre l’enfant [Joseph] » (Genèse 42:22).', 'péchez.'),
(28, 'C', 'Vrai ou faux ? Il a vécu en Égypte (Genèse 46:8).', 'Vrai.'),
(29, 'A', 'À qui a-t-il acheté Joseph comme esclave ? (Genèse 37:36 ; 39:1).', 'À des Madianites ou à des Yishmaélites.'),
(29, 'B', 'Vrai ou faux ? Il a demandé à Joseph de s’occuper de presque tout ce qui était à lui (Genèse 39:8, 9).', 'Vrai.'),
(29, 'C', 'Quand sa femme a raconté des mensonges sur Joseph, sa «______ s’enflamma » (Genèse 39:19).', 'colère.'),
(30, 'A', 'Un ange lui a donnée un nouveau nom. Lequel ? (Genèse 32:28).', 'Israël.'),
(30, 'B', 'Vrai ou faux ? Lui et ses fils étaient bergers (Genèse 47:1-3).', 'Vrai.'),
(30, 'C', '« Par la _____, Jacob, sur le point de mourir, a béni chacun des fils de Joseph » (Hébreux 11:21).', 'foi.'),
(31, 'A', 'Vrai ou faux ? Elle s’est enfuie quand la fille de Pharaon a trouvé Moïse (Exode 2:4-7).', 'Faux.'),
(31, 'B', 'De quel instrument de musique est-ce qu’elle jouait ? (Exode 15:20).', 'Du tambourin.'),
(31, 'C', 'Miriam était frappée d’une lèpre blanche comme la ____ » (Nombres 12:10).', 'neige.'),
(32, 'A', 'Qu’est-ce que Jéhovah a dit de lui ? « Je sais bien qu’il saura vraiment _ » (Exode 4:14).', 'parler.'),
(32, 'B', 'Vrai ou faux ? Il avait trois ans de plus que Moïse (Exode 7:7).', 'Vrai.'),
(32, 'C', 'Avec son bâton, il a frappé quelque chose qui s’est transformé en sang. Qu’est-ce que c’était ? (Exode 7:19, 20).', 'Le Nil.'),
(33, 'A', 'Il a demandé : « Qui est ____________ pour que j’obéisse à sa voix ? » (Exode 5:1, 2).', 'Jéhovah.'),
(33, 'B', 'Vrai ou faux ? Il était humble (Exode 9:13, 17).', 'Faux. Pharaon était orgueilleux.'),
(33, 'C', 'Quand les Israélites étaient près de la mer Rouge, qu’est-ce qu’il y avait entre eux et l’armée de Pharaon ? (Exode 14:19, 20).', 'La colonne de nuage.'),
(34, 'A', 'Elle et ses soeurs ont dit de Moïse : « Il a même puisé de l’eau pour nous afin d’abreuver le ______ » (Exode 2:19).', 'petit bétail.'),
(34, 'B', 'Vrai ou faux ? Son père était prêtre (Exode 2:16, 21).', 'Vrai.'),
(34, 'C', 'Qui s’est plaint que Moïse l’a épousée, elle qui était une « femme koushite » ? (Nombres 12:1).', 'Miriam et Aaron.'),
(35, 'A', 'Il était de la même tribu que Moïse. Laquelle ? (Nombres 16:8).', 'Lévi.'),
(35, 'B', 'Jude, disciple de Jésus, nous dit de faire attention aux « propos _______ de Qorah » (Jude 11).', 'séditieux.'),
(35, 'C', 'Vrai ou faux ? Ses fils se sont aussi rebellés contre Moïse et Aaron, et ils sont morts avec lui (Nombres 26:10, 11).', 'Faux.'),
(36, 'A', 'Elle et ses soeurs ont dit de Moïse : « Il a même puisé de l’eau pour nous afin d’abreuver le ______ » (Exode 2:19).', 'petit bétail.'),
(36, 'B', 'Vrai ou faux ? Son père était prêtre (Exode 2:16, 21).', 'Vrai.'),
(36, 'C', 'Vrai ou faux ? Elle était la grand-mère du grand-père du roi David (Matthieu 1:5, 6).', 'Vrai'),
(37, 'A', 'Après la mort de son mari et de ses deux fils, par quel nom Naomi a-t-elle demandé à ses amies de l’appeler ? (Ruth 1:20).', 'Mara.'),
(37, 'B', 'Naomi a dit que Jéhovah « ne s’est pas départi de sa _____ __ ____ envers les vivants et les morts » (Ruth 2:20).', 'bonté de coeur.'),
(37, 'C', 'Vrai ou faux ? Naomi s’est mariée avec Boaz (Ruth 4:13).', 'Faux. Ruth s’est mariée avec Boaz.'),
(38, 'A', 'Après que Guidéôn a détruit un autel de Baal, quel nom son père lui a-t-il donné ? (Juges 6:32).', 'Yeroubbaal.'),
(38, 'B', 'Guidéôn a dit : « Mon millier est le  en Manassé, et moi, je suis le plus _________ dans la maison de mon père » (Juges 6:15).', 'moindre ; petit.'),
(38, 'C', 'Vrai ou faux ? Guidéôn a refusé de diriger Israël (Juges 8:22, 23).', 'Vrai.'),
(39, 'A', 'Selon l’ange apparu à la femme de Manoah, de la main de qui Samson allait-il sauver Israël ? (Juges 13:5).', 'Des Philistins.'),
(39, 'B', 'Manoah a prié : « [Que] l’homme du vrai Dieu que tu viens d’envoyer [...] vienne encore vers nous et qu’il nous ______ » (Juges 13:8).', 'instruise.'),
(39, 'C', 'Vrai ou faux ? Manoah a préparé un repas pour l’ange (Juges 13:15, 16, 19).', 'Faux. Il a offert un holocauste à Jéhovah.'),
(40, 'A', 'Quel cadeau Hanna faisait-elle chaque année à Samuel ? (1 Samuel 2:19).', 'Un petit manteau sans manches.'),
(40, 'B', 'Hannah a fait ce voeu : « Je le donnerai à Jéhovah __________ de sa vie » (1 Samuel 1:11).', 'pour tous les jours.'),
(40, 'C', 'Vrai ou faux ? Samuel a été le seul enfant de Hanna (1 Samuel 2:21).', 'Faux. Hanna a eu plus tard trois fils et deux filles.'),
(41, 'A', 'Lequel des fils de Saül est devenu un ami intime de David ? (1 Samuel 18:1).', 'Yonathân.'),
(41, 'B', 'Le prophète Samuel a dit à Saül : « ________ vaut mieux qu’un sacrifice » (1 Samuel 15:22).', 'Obéir.'),
(41, 'C', 'Vrai ou faux ? Saül était paresseux et faible (2 Samuel 1:23).', 'Faux. Saül était comparé aux aigles rapides et aux lions puissants.');

-- --------------------------------------------------------

--
-- Table structure for table `jw_freres`
--

CREATE TABLE `jw_freres` (
  `id_frere` int(11) NOT NULL,
  `id_groupe` int(11) NOT NULL,
  `sexe` enum('','H','F') NOT NULL,
  `nom` varchar(50) NOT NULL,
  `prenom` varchar(50) NOT NULL,
  `adresse` varchar(255) NOT NULL,
  `code_postal` varchar(10) NOT NULL,
  `ville` varchar(50) NOT NULL,
  `pays` varchar(20) NOT NULL,
  `telephone_fixe` varchar(20) NOT NULL,
  `telephone_portable` varchar(20) NOT NULL,
  `date_naissance` date NOT NULL,
  `email` varchar(50) NOT NULL,
  `date_bapteme` date NOT NULL,
  `oint` tinyint(1) NOT NULL,
  `privilege` enum('','ancien','assistant_ministeriel') NOT NULL,
  `pionnier_permanent` tinyint(1) NOT NULL,
  `responsable_adjoint` char(1) NOT NULL,
  `presentoir` tinyint(1) NOT NULL,
  `version_longue` tinyint(1) NOT NULL,
  `signature` blob NOT NULL
) ENGINE=InnoDB DEFAULT CHARSET=utf8;

--
-- Dumping data for table `jw_freres`
--

INSERT INTO `jw_freres` (`id_frere`, `id_groupe`, `sexe`, `nom`, `prenom`, `adresse`, `code_postal`, `ville`, `pays`, `telephone_fixe`, `telephone_portable`, `date_naissance`, `email`, `date_bapteme`, `oint`, `privilege`, `pionnier_permanent`, `responsable_adjoint`, `presentoir`, `version_longue`, `signature`) VALUES
(1, 1, 'H', 'BAUDY', 'Claude', '', '', '', '', '', '', '0000-00-00', '', '0000-00-00', 0, '', 0, 'R', 0, 0, ''),
(2, 1, '', 'LENSELLE', 'Nicolas', '', '', '', '', '', '', '0000-00-00', '', '0000-00-00', 0, '', 0, 'A', 0, 0, ''),
(3, 1, '', 'ANDY', 'Axel', '', '', '', '', '', '', '0000-00-00', '', '0000-00-00', 0, '', 0, '', 0, 0, ''),
(4, 8, '', 'ANDY', 'Géraldine', '', '', '', '', '', '', '0000-00-00', '', '0000-00-00', 0, '', 0, '', 0, 0, ''),
(5, 1, '', 'CERVEAUX', 'Marie Renée', '', '', '', '', '', '', '0000-00-00', '', '0000-00-00', 0, '', 0, '', 0, 0, ''),
(6, 1, '', 'CLAIN', 'Evelyne', '', '', '', '', '', '', '0000-00-00', '', '0000-00-00', 0, '', 0, '', 0, 0, ''),
(7, 1, '', 'CLAIN', 'Jacques', '', '', '', '', '', '', '0000-00-00', '', '0000-00-00', 0, '', 0, '', 0, 0, ''),
(8, 8, '', 'CLAIN', 'Timothée', '', '', '', '', '', '', '0000-00-00', '', '0000-00-00', 0, '', 0, '', 0, 0, ''),
(9, 1, '', 'COLIN', 'Florant', '', '', '', '', '', '', '0000-00-00', '', '0000-00-00', 0, '', 0, '', 0, 0, ''),
(10, 1, '', 'COLIN', 'Kamila', '', '', '', '', '', '', '0000-00-00', '', '0000-00-00', 0, '', 0, '', 0, 0, ''),
(11, 1, '', 'DECOMBLE', 'Christian', '', '', '', '', '', '', '0000-00-00', '', '0000-00-00', 0, '', 0, '', 0, 0, ''),
(12, 1, '', 'GEVIA', 'Nicole', '', '', '', '', '', '', '0000-00-00', '', '0000-00-00', 0, '', 0, '', 0, 0, ''),
(13, 1, '', 'GEVIA', 'René', '', '', '', '', '', '', '0000-00-00', '', '0000-00-00', 0, '', 0, '', 0, 0, ''),
(14, 1, '', 'IVA', 'Rose May', '', '', '', '', '', '', '0000-00-00', '', '0000-00-00', 0, '', 0, '', 0, 0, ''),
(16, 1, '', 'MALBROUCK', 'Fortuna', '', '', '', '', '', '', '0000-00-00', '', '0000-00-00', 0, '', 0, '', 0, 0, ''),
(17, 1, '', 'MALBROUCK', 'Marianne', '', '', '', '', '', '', '0000-00-00', '', '0000-00-00', 0, '', 0, '', 0, 0, ''),
(18, 1, '', 'MALLARD', 'Ghyslène', '', '', '', '', '', '', '0000-00-00', '', '0000-00-00', 0, '', 0, '', 0, 0, ''),
(19, 1, '', 'SOLE', 'Jeanne', '', '', '', '', '', '', '0000-00-00', '', '0000-00-00', 0, '', 0, '', 0, 0, ''),
(20, 1, '', 'TECHER', 'Brigitte', '', '', '', '', '', '', '0000-00-00', '', '0000-00-00', 0, '', 0, '', 0, 0, ''),
(21, 1, '', 'VICTOR', 'Marine', '', '', '', '', '', '', '0000-00-00', '', '0000-00-00', 0, '', 0, '', 0, 0, ''),
(22, 1, '', 'VINCENT', 'Anaïs', '', '', '', '', '', '', '0000-00-00', '', '0000-00-00', 0, '', 0, '', 0, 0, ''),
(23, 2, '', 'PAPAYA', 'Jérémie', '', '', '', '', '', '', '0000-00-00', 'jeremypapaya@yahoo.fr', '0000-00-00', 0, '', 0, 'R', 0, 0, ''),
(24, 2, '', 'HOAREAU', 'Erick', '', '', '', '', '', '', '0000-00-00', '', '0000-00-00', 0, '', 0, 'A', 0, 0, ''),
(25, 2, '', 'BAIRY', 'Mickaël', '', '', '', '', '', '', '0000-00-00', '', '0000-00-00', 0, '', 0, '', 0, 0, ''),
(26, 2, '', 'BOYER', 'Sébastien', '', '', '', '', '', '', '0000-00-00', '', '0000-00-00', 0, '', 0, '', 0, 0, ''),
(27, 2, '', 'CARRIERE', 'Jessica', '', '', '', '', '', '', '0000-00-00', '', '0000-00-00', 0, '', 0, '', 0, 0, ''),
(28, 8, '', 'COTCHE', 'Emmanuel', '', '', '', '', '', '', '0000-00-00', '', '0000-00-00', 0, '', 0, '', 0, 0, ''),
(29, 8, '', 'COTCHE', 'Nathalie', '', '', '', '', '', '', '0000-00-00', '', '0000-00-00', 0, '', 0, '', 0, 0, ''),
(30, 2, '', 'COUPAMA', 'Christian', '', '', '', '', '', '', '0000-00-00', '', '0000-00-00', 0, '', 0, '', 0, 0, ''),
(31, 2, '', 'DUJARDIN', 'Rose', '', '', '', '', '', '', '0000-00-00', '', '0000-00-00', 0, '', 0, '', 0, 0, ''),
(32, 2, '', 'ELYSEE', 'Dorine Jocelyne', '', '', '', '', '', '', '0000-00-00', '', '0000-00-00', 0, '', 0, '', 0, 0, ''),
(33, 2, '', 'ESPEL', 'Aliette', '', '', '', '', '', '', '0000-00-00', '', '0000-00-00', 0, '', 0, '', 0, 0, ''),
(34, 2, '', 'GIRAUD', 'François', '', '', '', '', '', '', '0000-00-00', '', '0000-00-00', 0, '', 0, '', 0, 0, ''),
(35, 2, '', 'GIRAUD', 'Vivienne', '', '', '', '', '', '', '0000-00-00', '', '0000-00-00', 0, '', 0, '', 0, 0, ''),
(36, 2, '', 'HOAREAU', 'Béatrice', '', '', '', '', '', '', '0000-00-00', '', '0000-00-00', 0, '', 0, '', 0, 0, ''),
(37, 2, '', 'HOAREAU', 'Estelle', '', '', '', '', '', '', '0000-00-00', '', '0000-00-00', 0, '', 0, '', 0, 0, ''),
(38, 2, '', 'JANSSENS', 'Jony', '', '', '', '', '', '', '0000-00-00', '', '0000-00-00', 0, '', 0, '', 0, 0, ''),
(39, 2, '', 'JANSSENS', 'Patricia', '', '', '', '', '', '', '0000-00-00', '', '0000-00-00', 0, '', 0, '', 0, 0, ''),
(40, 2, '', 'LUCILLY', 'Johanne', '', '', '', '', '', '', '0000-00-00', '', '0000-00-00', 0, '', 0, '', 0, 0, ''),
(41, 2, '', 'MOUNIATA', 'Emile', '', '', '', '', '', '', '0000-00-00', '', '0000-00-00', 0, '', 0, '', 0, 0, ''),
(42, 2, '', 'MOUNIATA', 'Nicole', '', '', '', '', '', '', '0000-00-00', '', '0000-00-00', 0, '', 0, '', 0, 0, ''),
(43, 2, '', 'PAPAYA', 'Françoise', '', '', '', '', '', '', '0000-00-00', '', '0000-00-00', 0, '', 0, '', 0, 0, ''),
(44, 2, '', 'RAKOTONDRAZAKA', 'Lucie', '', '', '', '', '', '', '0000-00-00', '', '0000-00-00', 0, '', 0, '', 0, 0, ''),
(45, 2, '', 'RATSIMBAZAFY', 'Emmanuella', '', '', '', '', '', '', '0000-00-00', '', '0000-00-00', 0, '', 0, '', 0, 0, ''),
(46, 2, '', 'RATSIMBAZAFY', 'Meyléna', '', '', '', '', '', '', '0000-00-00', '', '0000-00-00', 0, '', 0, '', 0, 0, ''),
(47, 8, '', 'TECHER', 'Anise', '', '', '', '', '', '', '0000-00-00', '', '0000-00-00', 0, '', 0, '', 0, 0, ''),
(48, 3, '', 'PHILOTTE', 'François', '', '', '', '', '', '', '0000-00-00', '', '0000-00-00', 0, '', 0, 'R', 0, 0, ''),
(49, 3, '', 'PHILOTTE', 'Lucien', '', '', '', '', '', '', '0000-00-00', '', '0000-00-00', 0, '', 0, 'A', 0, 0, ''),
(50, 3, '', 'BALTHAZAR', 'Josselin', '', '', '', '', '', '', '0000-00-00', '', '0000-00-00', 0, '', 0, '', 0, 0, ''),
(51, 3, '', 'BALTHAZAR', 'Rinah', '', '', '', '', '', '', '0000-00-00', '', '0000-00-00', 0, '', 0, '', 0, 0, ''),
(52, 8, '', 'BIL', 'Stéphane', '', '', '', '', '', '', '0000-00-00', '', '0000-00-00', 0, '', 0, '', 0, 0, ''),
(53, 8, '', 'BIL', 'Wiliam', '', '', '', '', '', '', '0000-00-00', '', '0000-00-00', 0, '', 0, '', 0, 0, ''),
(54, 3, '', 'DEBALBINE', 'Ginette', '', '', '', '', '', '', '0000-00-00', '', '0000-00-00', 0, '', 0, '', 0, 0, ''),
(55, 3, '', 'GEMIN', 'Alexis', '', '', '', '', '', '', '0000-00-00', '', '0000-00-00', 0, '', 0, '', 0, 0, ''),
(56, 3, '', 'GEMIN', 'Nadège', '', '', '', '', '', '', '0000-00-00', '', '0000-00-00', 0, '', 0, '', 0, 0, ''),
(57, 3, '', 'GEMIN', 'Rémi', '', '', '', '', '', '', '0000-00-00', '', '0000-00-00', 0, '', 0, '', 0, 0, ''),
(58, 3, '', 'GEMIN', 'Samuel', '', '', '', '', '', '', '0000-00-00', '', '0000-00-00', 0, '', 0, '', 0, 0, ''),
(59, 3, '', 'JOACHIM', 'Alexis', '', '', '', '', '', '', '0000-00-00', '', '0000-00-00', 0, '', 0, '', 0, 0, ''),
(60, 3, '', 'JOACHIM', 'Gisèle', '', '', '', '', '', '', '0000-00-00', '', '0000-00-00', 0, '', 0, '', 0, 0, ''),
(61, 3, '', 'LAYEMAR', 'Karine', '', '', '', '', '', '', '0000-00-00', '', '0000-00-00', 0, '', 0, '', 0, 0, ''),
(62, 3, '', 'LAYEMAR', 'Lucas', '', '', '', '', '', '', '0000-00-00', '', '0000-00-00', 0, '', 0, '', 0, 0, ''),
(63, 1, '', 'ORESTE', 'Joëlle', '', '', '', '', '', '', '0000-00-00', '', '0000-00-00', 0, '', 0, '', 0, 0, ''),
(64, 1, '', 'ORESTE', 'Yves', '', '', '', '', '', '', '0000-00-00', '', '0000-00-00', 0, '', 0, '', 0, 0, ''),
(65, 3, '', 'PHILOTTE', 'Angelita', '', '', '', '', '', '', '0000-00-00', '', '0000-00-00', 0, '', 0, '', 0, 0, ''),
(66, 3, '', 'PHILOTTE', 'Odette', '', '', '', '', '', '', '0000-00-00', '', '0000-00-00', 0, '', 0, '', 0, 0, ''),
(67, 3, '', 'SOLE', 'Bernard', '', '', '', '', '', '', '0000-00-00', '', '0000-00-00', 0, '', 0, '', 0, 0, ''),
(68, 3, '', 'SOLE', 'Nilamba', '', '', '', '', '', '', '0000-00-00', '', '0000-00-00', 0, '', 0, '', 0, 0, ''),
(69, 3, '', 'SORDINI', 'Angelo', '', '', '', '', '', '', '0000-00-00', '', '0000-00-00', 0, '', 0, '', 0, 0, ''),
(70, 3, '', 'SORDINI', 'Ingrid', '', '', '', '', '', '', '0000-00-00', '', '0000-00-00', 0, '', 0, '', 0, 0, ''),
(71, 3, '', 'TECHER', 'Carole', '', '', '', '', '', '', '0000-00-00', '', '0000-00-00', 0, '', 0, '', 0, 0, ''),
(72, 3, '', 'THOMAS', 'Marcelle', '', '', '', '', '', '', '0000-00-00', '', '0000-00-00', 0, '', 0, '', 0, 0, ''),
(73, 4, '', 'DELROUX', 'Eric', '', '', '', '', '', '', '0000-00-00', '', '0000-00-00', 0, '', 0, 'R', 0, 0, ''),
(74, 4, '', 'DOMO', 'Franck', '', '', '', '', '', '', '0000-00-00', '', '0000-00-00', 0, '', 0, 'A', 0, 0, ''),
(75, 4, '', 'ARABOUX', 'Joel', '', '', '', '', '', '', '0000-00-00', '', '0000-00-00', 0, '', 0, '', 0, 0, ''),
(76, 4, '', 'BEGUE', 'Madlin', '', '', '', '', '', '', '0000-00-00', '', '0000-00-00', 0, '', 0, '', 0, 0, ''),
(77, 4, '', 'BEGUE', 'Thomas', '', '', '', '', '', '', '0000-00-00', '', '0000-00-00', 0, '', 0, '', 0, 0, ''),
(78, 4, '', 'CAILASSON', 'Frédéric', '', '', '', '', '', '', '0000-00-00', '', '0000-00-00', 0, '', 0, '', 0, 0, ''),
(79, 4, '', 'CAILASSON', 'Jessica', '', '', '', '', '', '', '0000-00-00', '', '0000-00-00', 0, '', 0, '', 0, 0, ''),
(80, 4, '', 'CHUPPA', 'Yann', '', '', '', '', '', '', '0000-00-00', '', '0000-00-00', 0, '', 0, '', 0, 0, ''),
(81, 4, '', 'CORENTHY', 'Chloé', '', '', '', '', '', '', '0000-00-00', '', '0000-00-00', 0, '', 0, '', 0, 0, ''),
(82, 4, '', 'CORENTHY', 'Edith', '', '', '', '', '', '', '0000-00-00', '', '0000-00-00', 0, '', 0, '', 0, 0, ''),
(83, 4, '', 'CORENTHY', 'Jacques', '', '', '', '', '', '', '0000-00-00', '', '0000-00-00', 0, '', 0, '', 0, 0, ''),
(84, 5, '', 'DECAESTEKER', 'Hans', '', '', '', '', '', '', '0000-00-00', '', '0000-00-00', 0, '', 0, '', 0, 0, ''),
(85, 4, '', 'DECAESTEKER', 'Nadine', '', '', '', '', '', '', '0000-00-00', '', '0000-00-00', 0, '', 0, '', 0, 0, ''),
(86, 4, '', 'DECAESTEKER', 'Stéphane', '', '', '', '', '', '', '0000-00-00', '', '0000-00-00', 0, '', 0, '', 0, 0, ''),
(87, 4, '', 'DELROUX', 'Lydia', '', '', '', '', '', '', '0000-00-00', '', '0000-00-00', 0, '', 0, '', 0, 0, ''),
(88, 4, '', 'DOMO', 'Angelica', '', '', '', '', '', '', '0000-00-00', '', '0000-00-00', 0, '', 0, '', 0, 0, ''),
(89, 8, '', 'GRONDIN', 'Evelyne', '', '', '', '', '', '', '0000-00-00', '', '0000-00-00', 0, '', 0, '', 0, 0, ''),
(90, 4, '', 'HOAREAU', 'Catherine', '', '', '', '', '', '', '0000-00-00', '', '0000-00-00', 0, '', 0, '', 0, 0, ''),
(91, 4, '', 'HOAREAU', 'Pascal', '', '', '', '', '', '', '0000-00-00', '', '0000-00-00', 0, '', 0, '', 0, 0, ''),
(92, 4, '', 'LEPINAY', 'Marie Andrée', '', '', '', '', '', '', '0000-00-00', '', '0000-00-00', 0, '', 0, '', 0, 0, ''),
(93, 4, '', 'MONIQUE', 'Marie Josée', '', '', '', '', '', '', '0000-00-00', '', '0000-00-00', 0, '', 0, '', 0, 0, ''),
(94, 3, '', 'OVIODE', 'Mireille', '', '', '', '', '', '', '0000-00-00', '', '0000-00-00', 0, '', 0, '', 0, 0, ''),
(95, 4, '', 'SALEM', 'Francina', '', '', '', '', '', '', '0000-00-00', '', '0000-00-00', 0, '', 0, '', 0, 0, ''),
(96, 5, '', 'CADET', 'Jean Michel', '', '', '', '', '', '', '0000-00-00', 'vincent.galant@gmail.com', '0000-00-00', 0, '', 0, 'R', 0, 0, ''),
(97, 5, '', 'ZORA', 'Christian', '', '', '', '', '', '', '0000-00-00', '', '0000-00-00', 0, '', 0, 'A', 0, 0, ''),
(98, 5, '', '', '', '', '', '', '', '', '', '0000-00-00', '', '0000-00-00', 0, '', 0, '', 0, 0, ''),
(99, 5, '', 'BENARD', 'Nathan', '', '', '', '', '', '', '0000-00-00', '', '0000-00-00', 0, '', 0, '', 0, 0, ''),
(100, 5, '', 'CHANE HIME', 'Gérard', '', '', '', '', '', '', '0000-00-00', '', '0000-00-00', 0, '', 0, '', 0, 0, ''),
(101, 5, '', 'DENAMIEL', 'Eglantine', '', '', '', '', '', '', '0000-00-00', '', '0000-00-00', 0, '', 0, '', 0, 0, ''),
(102, 5, '', 'DORMEUIL', 'Lorenza', '', '', '', '', '', '', '0000-00-00', '', '0000-00-00', 0, '', 0, '', 0, 0, ''),
(103, 5, '', 'DORMEUIL', 'Macaire', '', '', '', '', '', '', '0000-00-00', '', '0000-00-00', 0, '', 0, '', 0, 0, ''),
(104, 5, '', 'EON', 'Maria', '', '', '', '', '', '', '0000-00-00', '', '0000-00-00', 0, '', 0, '', 0, 0, ''),
(105, 5, '', 'EON', 'Odile', '', '', '', '', '', '', '0000-00-00', '', '0000-00-00', 0, '', 0, '', 0, 0, ''),
(106, 5, '', 'FIGARO', 'Bruno', '', '', '', '', '', '', '0000-00-00', '', '0000-00-00', 0, '', 0, '', 0, 0, ''),
(107, 5, '', 'FIGARO', 'Marie Joseph', '', '', '', '', '', '', '0000-00-00', '', '0000-00-00', 0, '', 0, '', 0, 0, ''),
(108, 5, '', 'FONTAINE', 'Paulette', '', '', '', '', '', '', '0000-00-00', '', '0000-00-00', 0, '', 0, '', 0, 0, ''),
(109, 5, '', 'GOMARD', 'Raymond', '', '', '', '', '', '', '0000-00-00', '', '0000-00-00', 0, '', 0, '', 0, 0, ''),
(110, 5, '', 'GRONDIN', 'Bertrand', '', '', '', '', '', '', '0000-00-00', '', '0000-00-00', 0, '', 0, '', 0, 0, ''),
(111, 5, '', 'GRONDIN', 'Magalie', '', '', '', '', '', '', '0000-00-00', '', '0000-00-00', 0, '', 0, '', 0, 0, ''),
(112, 5, '', 'ORESTE', 'Daniel', '', '', '', '', '', '', '0000-00-00', '', '0000-00-00', 0, '', 0, '', 0, 0, ''),
(113, 5, '', 'ORRICO', 'Michel', '', '', '', '', '', '', '0000-00-00', '', '0000-00-00', 0, '', 0, '', 0, 0, ''),
(114, 5, '', 'SELEMON', 'Arlette', '', '', '', '', '', '', '0000-00-00', '', '0000-00-00', 0, '', 0, '', 0, 0, ''),
(115, 5, '', 'SELEMON', 'Matthieu', '', '', '', '', '', '', '0000-00-00', '', '0000-00-00', 0, '', 0, '', 0, 0, ''),
(116, 5, '', 'SELEMON', 'Serge', '', '', '', '', '', '', '0000-00-00', '', '0000-00-00', 0, '', 0, '', 0, 0, ''),
(117, 5, 'H', 'TANGUY', 'David', '8, allée des Turquoises', '97400', 'Saint-Denis', 'FRANCE', '02 62 21 10 23', '06 92 25 10 39', '1977-11-15', 'datanguy@yahoo.fr', '0000-00-00', 0, '', 0, '', 0, 0, ''),
(118, 5, '', 'VITRY', 'Reine', '', '', '', '', '', '', '0000-00-00', '', '0000-00-00', 0, '', 0, '', 0, 0, ''),
(119, 5, '', 'ZORA', 'Elisabeth', '', '', '', '', '', '', '0000-00-00', '', '0000-00-00', 0, '', 0, '', 0, 0, ''),
(120, 6, '', 'SINGABRAYEN', 'Jean', '', '', '', '', '', '', '0000-00-00', '', '0000-00-00', 0, '', 0, 'R', 0, 0, ''),
(121, 6, '', 'EVRARD', 'Romain', '', '', '', '', '', '', '0000-00-00', '', '0000-00-00', 0, '', 0, 'A', 0, 0, ''),
(122, 6, '', 'ATTOUMANI', 'Aïda', '', '', '', '', '', '', '0000-00-00', '', '0000-00-00', 0, '', 0, '', 0, 0, ''),
(123, 6, '', 'BARONNE', 'Marie-Rose', '', '', '', '', '', '', '0000-00-00', '', '0000-00-00', 0, '', 0, '', 0, 0, ''),
(124, 6, '', 'BEVALO', 'Elodie', '', '', '', '', '', '', '0000-00-00', '', '0000-00-00', 0, '', 0, '', 0, 0, ''),
(125, 6, '', 'DELATTRE', 'Andréas', '', '', '', '', '', '', '0000-00-00', '', '0000-00-00', 0, '', 0, '', 0, 0, ''),
(126, 6, '', 'DELATTRE', 'Etienne', '', '', '', '', '', '', '0000-00-00', '', '0000-00-00', 0, '', 0, '', 0, 0, ''),
(127, 6, '', 'DELATTRE', 'Nicole', '', '', '', '', '', '', '0000-00-00', '', '0000-00-00', 0, '', 0, '', 0, 0, ''),
(128, 6, '', 'DETRUIR', 'Fabienne', '', '', '', '', '', '', '0000-00-00', '', '0000-00-00', 0, '', 0, '', 0, 0, ''),
(129, 6, '', 'EVRARD', 'Eline', '', '', '', '', '', '', '0000-00-00', '', '0000-00-00', 0, '', 0, '', 0, 0, ''),
(130, 6, '', 'EVRARD', 'Emma', '', '', '', '', '', '', '0000-00-00', '', '0000-00-00', 0, '', 0, '', 0, 0, ''),
(131, 6, '', 'EVRARD', 'Pauline', '', '', '', '', '', '', '0000-00-00', '', '0000-00-00', 0, '', 0, '', 0, 0, ''),
(132, 6, '', 'GALANT', 'Aurore', '', '', '', '', '', '', '0000-00-00', '', '0000-00-00', 0, '', 0, '', 0, 0, ''),
(133, 6, '', 'GODRON', 'Kelly', '', '', '', '', '', '', '0000-00-00', '', '0000-00-00', 0, '', 0, '', 0, 0, ''),
(134, 6, '', 'JANAC', 'Yvette', '', '', '', '', '', '', '0000-00-00', '', '0000-00-00', 0, '', 0, '', 0, 0, ''),
(135, 6, '', 'LAYEMAR', 'Thomas', '', '', '', '', '', '', '0000-00-00', '', '0000-00-00', 0, '', 0, '', 0, 0, ''),
(136, 6, '', 'LEBRETON', 'Julie', '', '', '', '', '', '', '0000-00-00', '', '0000-00-00', 0, '', 0, '', 0, 0, ''),
(137, 6, '', 'LECROFFRE', 'Ida', '', '', '', '', '', '', '0000-00-00', '', '0000-00-00', 0, '', 0, '', 0, 0, ''),
(138, 6, '', 'MARTIN', 'Geneviève', '', '', '', '', '', '', '0000-00-00', '', '0000-00-00', 0, '', 0, '', 0, 0, ''),
(139, 6, '', 'MARTIN', 'Maully', '', '', '', '', '', '', '0000-00-00', '', '0000-00-00', 0, '', 0, '', 0, 0, ''),
(140, 6, 'F', 'LÉPINAY', 'Marie-Josée Monique', '', '', '', '', '', '', '0000-00-00', '', '0000-00-00', 0, '', 0, '', 0, 0, ''),
(141, 6, '', 'ORESTE', 'Carole', '', '', '', '', '', '', '0000-00-00', '', '0000-00-00', 0, '', 0, '', 0, 0, ''),
(142, 6, '', 'ORESTE', 'Teddy', '', '', '', '', '', '', '0000-00-00', '', '0000-00-00', 0, '', 0, '', 0, 0, ''),
(143, 6, '', 'PAYET', 'Christine', '', '', '', '', '', '', '0000-00-00', '', '0000-00-00', 0, '', 0, '', 0, 0, ''),
(144, 6, '', 'PHILIPPEAU', 'Dominique', '', '', '', '', '', '', '0000-00-00', '', '0000-00-00', 0, '', 0, '', 0, 0, ''),
(145, 6, '', 'PHILIPPEAU', 'Lisette', '', '', '', '', '', '', '0000-00-00', '', '0000-00-00', 0, '', 0, '', 0, 0, ''),
(146, 6, '', 'SINGABRAYEN', 'Carole', '', '', '', '', '', '', '0000-00-00', '', '0000-00-00', 0, '', 0, '', 0, 0, ''),
(147, 6, '', 'SOUMAILA', 'Faika', '', '', '', '', '', '', '0000-00-00', '', '0000-00-00', 0, '', 0, '', 0, 0, ''),
(148, 6, '', 'TANGUY', 'Bernard', '', '', '', '', '', '', '0000-00-00', '', '0000-00-00', 0, '', 0, '', 0, 0, ''),
(155, 8, '', 'Carpaye', 'Béatrice', '', '', '', '', '', '', '0000-00-00', '', '0000-00-00', 0, '', 0, '', 0, 0, ''),
(158, 8, '', 'Galant', 'Marc', '', '', '', '', '', '', '0000-00-00', '', '0000-00-00', 0, '', 0, '', 0, 0, ''),
(159, 8, '', 'Galant', 'Michelle', '', '', '', '', '', '', '0000-00-00', '', '0000-00-00', 0, '', 0, '', 0, 0, ''),
(164, 8, '', 'Merat', 'Jean-Jacques', '', '', '', '', '', '', '0000-00-00', '', '0000-00-00', 0, '', 0, '', 0, 0, ''),
(169, 8, '', 'Souton', 'Jocelyne', '', '', '', '', '', '', '0000-00-00', '', '0000-00-00', 0, '', 0, '', 0, 0, ''),
(170, 8, '', 'PIERRE', 'Yann', '', '', '', '', '', '', '0000-00-00', '', '0000-00-00', 0, '', 0, '', 0, 0, ''),
(171, 8, '', 'CLAIN', 'Jephté', '', '', '', '', '', '', '0000-00-00', '', '0000-00-00', 0, '', 0, '', 0, 0, ''),
(172, 8, '', 'Catiga', 'Ginette', '', '', '', '', '', '', '0000-00-00', '', '0000-00-00', 0, '', 0, '', 0, 0, ''),
(173, 8, '', 'Célestin', 'Susy', '', '', '', '', '', '', '0000-00-00', '', '0000-00-00', 0, '', 0, '', 0, 0, ''),
(175, 8, '', 'Clain', 'Françoise', '', '', '', '', '', '', '0000-00-00', '', '0000-00-00', 0, '', 0, '', 0, 0, ''),
(176, 8, '', 'Clain', 'Jacques', '', '', '', '', '', '', '0000-00-00', '', '0000-00-00', 0, '', 0, '', 0, 0, ''),
(177, 8, '', 'Encana', 'Margaret', '', '', '', '', '', '', '0000-00-00', '', '0000-00-00', 0, '', 0, '', 0, 0, ''),
(181, 8, '', 'Gravier', 'Marlène', '', '', '', '', '', '', '0000-00-00', '', '0000-00-00', 0, '', 0, '', 0, 0, ''),
(182, 8, '', 'Hoareau', 'Herminie', '', '', '', '', '', '', '0000-00-00', '', '0000-00-00', 0, '', 0, '', 0, 0, ''),
(183, 8, '', 'Madély', 'Georgette', '', '', '', '', '', '', '0000-00-00', '', '0000-00-00', 0, '', 0, '', 0, 0, ''),
(186, 8, '', 'Morby', 'Doriane', '', '', '', '', '', '', '0000-00-00', '', '0000-00-00', 0, '', 0, '', 0, 0, ''),
(187, 8, '', 'Morby', 'Jean-Yves', '', '', '', '', '', '', '0000-00-00', '', '0000-00-00', 0, '', 0, '', 0, 0, ''),
(188, 8, '', 'Pierre', 'Marie', '', '', '', '', '', '', '0000-00-00', '', '0000-00-00', 0, '', 0, '', 0, 0, ''),
(189, 8, '', 'Rivière', 'Prisca', '', '', '', '', '', '', '0000-00-00', '', '0000-00-00', 0, '', 0, '', 0, 0, ''),
(190, 8, '', 'Rivière', 'Stéphane', '', '', '', '', '', '', '0000-00-00', '', '0000-00-00', 0, '', 0, '', 0, 0, ''),
(194, 8, '', 'Carane', 'Fabrice', '', '', '', '', '', '', '0000-00-00', '', '0000-00-00', 0, '', 0, '', 0, 0, ''),
(195, 8, '', 'Carane', 'Yasmine', '', '', '', '', '', '', '0000-00-00', '', '0000-00-00', 0, '', 0, '', 0, 0, ''),
(202, 8, '', 'Lebreton', 'Aimé', '', '', '', '', '', '', '0000-00-00', '', '0000-00-00', 0, '', 0, '', 0, 0, ''),
(203, 8, '', 'Lebreton', 'Marie-Anne', '', '', '', '', '', '', '0000-00-00', '', '0000-00-00', 0, '', 0, '', 0, 0, ''),
(213, 8, '', 'GALANT', 'Vincent', '', '', '', '', '', '', '0000-00-00', 'vincent.galant@gmail.com', '0000-00-00', 0, '', 0, '', 0, 0, ''),
(214, 8, '', 'CAILASSON', 'J-Claude', '', '', '', '', '', '', '0000-00-00', '', '0000-00-00', 0, '', 1, '', 0, 0, ''),
(215, 8, '', 'Bazon', 'Guy', '', '', '', '', '', '', '0000-00-00', '', '0000-00-00', 0, '', 0, '', 0, 0, ''),
(216, 8, '', 'Cadet', 'Marie-France', '', '', '', '', '', '', '0000-00-00', '', '0000-00-00', 0, '', 0, '', 0, 0, ''),
(217, 8, '', 'Cadet', 'Nicole', '', '', '', '', '', '', '0000-00-00', '', '0000-00-00', 0, '', 0, '', 0, 0, ''),
(221, 5, '', 'Clermont', 'Guy', '', '', '', '', '', '', '0000-00-00', '', '0000-00-00', 0, '', 0, '', 0, 0, ''),
(226, 8, '', 'Galant', 'Prisca', '', '', '', '', '', '', '0000-00-00', '', '0000-00-00', 0, '', 0, '', 0, 0, ''),
(229, 8, '', 'Lucily', 'Johanne', '', '', '', '', '', '', '0000-00-00', '', '0000-00-00', 0, '', 0, '', 0, 0, ''),
(232, 8, '', 'Maldat', 'Françoise', '', '', '', '', '', '', '0000-00-00', '', '0000-00-00', 0, '', 0, '', 0, 0, ''),
(239, 8, '', 'ANDY', 'Jimmy', '', '', '', '', '', '', '0000-00-00', '', '0000-00-00', 0, '', 0, '', 0, 0, ''),
(240, 8, 'F', 'LEBON', 'Cynthia', '', '', '', '', '', '', '0000-00-00', '', '0000-00-00', 0, '', 0, '', 0, 0, ''),
(243, 3, '', 'Andy', 'Lise-May', '', '', '', '', '', '', '0000-00-00', '', '0000-00-00', 0, '', 0, '', 0, 0, ''),
(244, 8, '', 'Andy', 'Qeïla', '', '', '', '', '', '', '0000-00-00', '', '0000-00-00', 0, '', 0, '', 0, 0, ''),
(245, 8, '', 'Andy', 'Sandhya', '', '', '', '', '', '', '0000-00-00', '', '0000-00-00', 0, '', 0, '', 0, 0, ''),
(251, 8, '', 'Lecoffre', 'Anaïs', '', '', '', '', '', '', '0000-00-00', '', '0000-00-00', 0, '', 0, '', 0, 0, ''),
(253, 8, '', 'Rollin', 'Micheline', '', '', '', '', '', '', '0000-00-00', '', '0000-00-00', 0, '', 0, '', 0, 0, ''),
(254, 8, '', 'Sinama', 'Christian', '', '', '', '', '', '', '0000-00-00', '', '0000-00-00', 0, '', 0, '', 0, 0, ''),
(257, 8, '', 'Totobe', 'Luciana', '', '', '', '', '', '', '0000-00-00', '', '0000-00-00', 0, '', 0, '', 0, 0, ''),
(258, 8, '', 'Totobe', 'Nathalie', '', '', '', '', '', '', '0000-00-00', '', '0000-00-00', 0, '', 0, '', 0, 0, ''),
(262, 8, '', 'Delattre', 'Etienne', '', '', '', '', '', '', '0000-00-00', '', '0000-00-00', 0, '', 0, '', 0, 0, ''),
(277, 8, '', 'Oreste', 'Teddy', '', '', '', '', '', '', '0000-00-00', '', '0000-00-00', 0, '', 0, '', 0, 0, ''),
(279, 8, '', 'Philippeau', 'Dominique', '', '', '', '', '', '', '0000-00-00', '', '0000-00-00', 0, '', 0, '', 0, 0, ''),
(284, 8, 'H', 'SINAMA', 'Yehonadab', '', '', '', '', '', '', '0000-00-00', '', '0000-00-00', 0, '', 0, '', 0, 0, ''),
(285, 8, 'H', 'BUPTEAU', 'Isaac', '', '', '', '', '', '', '0000-00-00', '', '0000-00-00', 0, '', 0, '', 0, 0, ''),
(286, 8, 'H', 'DOMO', 'Elias', '', '', '', '', '', '', '0000-00-00', '', '0000-00-00', 0, '', 0, '', 0, 0, ''),
(287, 8, 'F', 'RAKOTOARIVONY', 'Anne-France', '', '', '', '', '', '', '0000-00-00', '', '0000-00-00', 0, '', 0, '', 0, 0, ''),
(289, 8, 'H', 'GEMIN', 'Samuel', '', '', '', '', '', '', '0000-00-00', '', '0000-00-00', 0, '', 0, '', 0, 0, ''),
(290, 8, 'H', 'POLEYA', 'Sully', '', '', '', '', '', '', '0000-00-00', '', '0000-00-00', 0, '', 0, '', 0, 0, ''),
(294, 9, 'H', 'ALIN', 'Tristan', '38 bis  rue Fanjans', '', 'SAINT BENOÎT', '', '0262 37 87 05', '0693 50 08 80', '1995-06-27', 'tristanalin7@gmail.com', '1965-06-27', 0, '', 0, '', 0, 0, ''),
(295, 9, 'F', 'ALIN', 'Béatrice', '38 bis  rue Fanjans', '97470', 'SAINT BENOÎT', 'REUNION', '0262 37 87 05', '0693 80 73 23', '1972-01-01', '', '1994-04-01', 0, '', 0, '', 0, 1, ''),
(296, 9, 'H', 'BAILLIF', 'Georges', '12 Cité la Pierre II', '97470', 'SAINT BENOÎT', 'REUNION', '0262 20 03 15', '', '1976-01-02', '', '1956-09-13', 0, '', 0, 'A', 0, 0, ''),
(297, 9, 'F', 'BAILLIF', 'Céline', '12 Cité la Pierre II  ', '97470', 'SAINT BENOÎT', 'REUNION', '', '0692 39 19 00', '1966-10-13', '', '1989-09-02', 0, '', 1, '', 0, 0, ''),
(298, 9, 'F', 'BAILLIF', 'Chloé', '12 Cité la Pierre II', '97470', 'SAINT BENOÎT', 'REUNION', '', '0692 21 73 22', '1996-12-20', '', '2008-10-19', 0, '', 0, '', 0, 0, ''),
(299, 11, 'H', 'BEDIER', 'Gérald', '71 Chemin de ceinture', '97437', 'SAINTE ANNE', 'REUNION', '0262 52 81 31', '0692 76 61 89', '1957-12-07', '', '1997-08-05', 0, '', 0, 'R', 1, 0, ''),
(300, 11, 'F', 'BEDIER', 'Judith', '71 Chemin de ceinture', '97437', 'STE ANNE', 'REUNION', '02 62 52 81 31', '0692 43 31 09', '1951-09-03', '', '1997-05-05', 0, '', 1, '', 1, 0, ''),
(301, 11, 'H', 'BEDIER', 'Bertrand', '71 Chemin de ceinture', '97437', 'STE ANNE', 'REUNION', '02 62 52 81 31', '0692 14 79 39', '1975-05-18', '', '2004-08-07', 0, '', 0, '', 0, 0, ''),
(302, 11, 'H', 'BEDIER', 'Richard', '71 Chemin de ceinture', '97437', 'STE ANNE', 'REUNION', '0262 52 81 31', '', '1975-05-18', '', '2002-08-05', 0, '', 0, '', 0, 0, ''),
(303, 11, 'F', 'CALCINÉ', 'Marinette', '295 Rte Nationale 2 Petit St Pierre', '97437', 'SAINTE ANNE', 'REUNION', '0262 47 38 93', '0692 84 22 36', '1965-06-16', '', '1993-08-21', 0, '', 0, '', 0, 0, ''),
(304, 11, 'F', 'CALCINÉ', 'Virginie', '295 RN2 PETIT St PIERRE', '97437', 'STE ANNE', 'REUNION', '02 62 47 88 93', '0692 39 19 84', '1997-11-14', '', '2009-03-21', 0, '', 0, '', 1, 0, ''),
(305, 10, 'H', 'CAZAMBO', 'Antoine', '22 Lotissement du Cap', '', 'SAINTE ANNE', '', '0262 51 61 18', '0693 00 14 95', '1963-07-08', 'CAntoine10@jwpub.org', '0000-00-00', 0, '', 0, 'A', 1, 0, ''),
(306, 10, 'F', 'CAZAMBO', 'Francesa', '22 LOT DU CAP', '97437', 'SAINTE ANNE', 'REUNION', '0262516112', '0692 41 59 33 ', '1966-12-12', '', '1990-05-15', 0, '', 1, '', 1, 0, ''),
(307, 10, 'F', 'CAZAMBO', 'Lucinda', '22 LOT DU CAP', '97437', 'SAINTE ANNE', 'REUNION', '0262516112', '0692 33 22 70', '1999-12-09', '', '2013-07-20', 0, '', 0, '', 1, 0, '');
INSERT INTO `jw_freres` (`id_frere`, `id_groupe`, `sexe`, `nom`, `prenom`, `adresse`, `code_postal`, `ville`, `pays`, `telephone_fixe`, `telephone_portable`, `date_naissance`, `email`, `date_bapteme`, `oint`, `privilege`, `pionnier_permanent`, `responsable_adjoint`, `presentoir`, `version_longue`, `signature`) VALUES
(308, 9, 'H', 'YEPMOU', 'LUX ASAPH', '347 RUE LEON DIERX', '97440', 'SAINT ANDRE', 'La Réunion', '0692955280', '0692955280', '1978-11-01', 'yepmou.asaph@gmail.com', '1996-12-31', 0, '', 1, 'R', 0, 0, 0x[encoded data, 63646 characters]);
INSERT INTO `jw_freres` (`id_frere`, `id_groupe`, `sexe`, `nom`, `prenom`, `adresse`, `code_postal`, `ville`, `pays`, `telephone_fixe`, `telephone_portable`, `date_naissance`, `email`, `date_bapteme`, `oint`, `privilege`, `pionnier_permanent`, `responsable_adjoint`, `presentoir`, `version_longue`, `signature`) VALUES
(309, 10, 'F', 'YEPMOU ', 'CECILE', '347 RUE LEON DIERX', '97440', 'ST ANDRE', 'France', '02 62 67 31 89', '0692749638', '1987-07-14', 'CECILEYEPMOU@gmail.com', '2009-03-07', 0, '', 1, '', 1, 0, ''),
(310, 12, 'H', 'CHEVALIER', 'Daniel', '40 Lot Tomi', '97470', 'SAINT BENOÎT', 'REUNION', '', '0692 94 17 51', '1971-07-28', '', '1994-08-27', 0, '', 0, '', 0, 0, ''),
(311, 12, 'F', 'CHUPPA', 'Elise', '50 LOT Les Plaines Bat H', '97470', 'SAINT BENOÎT', 'REUNION', '0262 36 59 89', '0692 07 71 21', '1968-04-23', '', '0997-07-17', 0, '', 0, '', 0, 0, ''),
(312, 26, 'H', 'COCHARD', 'Dominique', '36 impasse Armand Lebeau Beaulieu les hauts', '', 'SAINT BENOÎT', '', '0262 47 92 99', '0692 27 60 51', '1964-05-15', 'do.cochard@hotmail.fr', '1992-12-25', 0, '', 0, '', 0, 1, ''),
(313, 9, 'F', 'COCHARD', 'Suzie', '36 impasse Armand Lebeau Beaulieu les hauts ', '97470', 'SAINT BENOÎT', 'REUNION', '0262479299', '0693 06 68 96', '0000-00-00', '', '2008-07-07', 0, '', 1, '', 0, 0, ''),
(314, 12, 'F', 'COULIN', 'Padmini', '29 Lotissement des Longanis', '97470', 'SAINT BENOÎT', 'REUNION', '0262 50 68 28', '0692 38 98 21', '1961-06-11', '', '1986-07-26', 0, '', 0, '', 0, 0, ''),
(316, 11, 'F', 'DAUPIARD', 'Renette', '161 chemin Morange', '97437', 'SAINTE ANNE', 'REUNION', '0262 51 02 29', '0692 66 06 79', '1941-01-22', '', '1992-06-23', 0, '', 0, '', 1, 0, ''),
(318, 12, 'H', 'GORAÏAHA', 'Nanda', 'Résidence Circé Appt 30 Bat 3 Bourbier les Bas', '97470', 'SAINT BENOÎT', 'REUNION', '0262 50 05 66', '0692 41 07 56', '1964-09-10', 'goraiah_nanda@hotmail.fr', '1985-11-30', 0, '', 0, 'R', 1, 0, ''),
(319, 12, 'F', 'GORAÏAH', 'Marie-Paule', 'Résidence Circé Apt 30 Bt 3 Bourbier Les Bas ', '97470', 'ST BENOIT', 'REUNION', '02 62 30 64 50', '0693 00 91 61', '1960-04-24', '', '1985-03-23', 0, '', 1, '', 1, 0, ''),
(320, 12, 'F', 'GOURAMA', 'Nathalie', '20 rue Raymond Vergès', '97470', 'SAINT BENOÎT', 'REUNION', '0262 30 64 50', '0692 59 73 34', '1972-01-01', '', '2015-04-12', 0, '', 0, '', 0, 0, ''),
(321, 12, 'H', 'GOURAMA', 'Ludovic ', '20 Rue Raymond VERGES', '97470', 'ST BENOIT', 'REUNION', '02 62 30 64 50', '0692 51 22  70', '1993-10-03', '', '2016-07-16', 0, '', 0, '', 0, 0, ''),
(322, 11, 'H', 'GRONDIN', 'Joseph', '9 Cité Debalman', '97437', 'SAINTE ANNE', 'REUNION', '0262 09 99 98', '0692  04 79 01', '1958-01-08', '', '1989-08-19', 0, '', 0, '', 0, 0, ''),
(323, 9, 'F', 'GUICHARD', 'Geneviève', '168 Chemin de ceinture Cambourg', '', 'SAINTE ANNE', '', '0262 51 22 69', '', '1938-09-14', '', '1992-08-07', 0, '', 0, '', 0, 0, ''),
(324, 11, 'H', 'JEAN-FRANCOIS', 'Fabrice', '2 Résidence St François', '97437', 'SAINTE ANNE', 'REUNION', '0262 16 48 56', '0692 02 18 16', '1969-06-21', '', '2004-01-10', 0, '', 0, '', 0, 0, ''),
(325, 11, 'F', 'JEAN-FRANCOIS', 'Geneviève', '2 Résidence Saint Francois', '97437', 'STE ANNE', 'REUNION', '02 62 16 48 56', '0692 38 78 48', '1970-08-25', '', '2003-08-10', 0, '', 0, '', 0, 0, ''),
(326, 26, 'H', 'LATCHOUMANIN', 'Claudio', '72 Lot Evêché 2', '97470', 'SAINT BENOÎT', 'REUNION', '0262 97 95 67 ', '0692 41 52 62', '1978-02-18', '', '2011-10-15', 0, '', 0, 'A', 0, 0, ''),
(327, 26, 'F', 'LATCHOUMANIN', 'Jennifer', '72 Cité de l\'Eveché 2', '97470', 'ST BENOIT', 'REUNION', '02 62 97 95 67', '0692 09 53 42', '1983-05-31', '', '2011-11-15', 0, '', 0, '', 0, 0, ''),
(328, 9, 'F', 'LEBEAU', 'Louise', '34 rue des Pluies d\'or', '', 'SAINTE ANNE', '', '0262 50 90 69', '0692 74 50 53', '1955-03-19', '', '1992-06-07', 0, '', 0, '', 0, 0, ''),
(329, 10, 'H', 'LEUNG IN QUÉRA', 'Roger', '170 Chemin de Cap', '97437', 'SAINTE ANNE', 'REUNION', '0262 46 95 37', '06 92 32 45 85', '1968-12-16', 'liqjero@orange.fr', '2004-01-10', 0, '', 0, '', 1, 0, ''),
(330, 10, 'F', 'LEUNG IN QUÉRA', 'Marie-Rose', '170 CHEM DU CAP', '97437', 'SAINTE ANNE', 'REUNION', '0262469537', '06 92 31 87 74', '1971-09-03', '', '2004-01-10', 0, '', 1, '', 1, 0, ''),
(331, 10, 'H', 'LEUNG IN QUÉRA', 'Jordan', '170 CHEM DU CAP', '97437', 'SAINTE ANNE', 'REUNION', '0262469537', '06 92 28 94 72', '1993-07-07', '', '2013-07-13', 0, '', 0, '', 1, 0, ''),
(332, 9, 'H', 'MALAYANDY', 'Rémy', '20 Impasse des kakis SMA Chemin de Ceinture', '97470', 'SAINT BENOÎT', '', '0262 50 92 20', '0693 92 61 97', '1971-09-17', 'remy.malayandy@orange.fr', '1971-09-17', 0, '', 0, '', 1, 0, ''),
(333, 9, 'H', 'MALAYANDY', 'Dominique', '20 Impasse des kakis SMA Chemin de Ceinture', '97470', 'SAINT BENOÎT', 'REUNION', '0262509230', '0692 87 88 04', '1971-09-17', '', '1991-08-07', 0, '', 1, '', 0, 0, ''),
(334, 12, 'H', 'MANGATA', 'François', '129 Chemin Bras Canot', '97470', 'SAINT BENOÎT', 'REUNION', '0262 98 12 86', '0693 80 54 07', '1961-11-16', '', '1986-08-23', 0, '', 0, '', 0, 0, ''),
(335, 26, 'F', 'MANGATA', 'Marie-Andrée', '129 Chemin Bras Canot', '97470', 'ST BENOIT', 'REUNION', '02 62 98 12 86', '0693 30 73 12', '1960-02-04', '', '1986-08-23', 0, '', 0, '', 0, 0, ''),
(336, 26, 'F', 'MANGATA', 'Elodie', '129 Chemin Bras Canot', '97470', 'ST BENOIT', 'REUNION', '02 62 98 12 86', '0692 13 43 32', '1987-08-28', '', '1997-08-16', 0, '', 0, '', 0, 0, ''),
(337, 26, 'H', 'MANGATA', 'Jean-Eddy', '129 Chemin Bras Canot', '97470', 'ST BENOIT', 'REUNION', '02 62 98 12 86', '0692 94 55 81', '1985-04-03', '', '2003-11-11', 0, '', 0, '', 0, 0, ''),
(338, 12, 'F', 'MARIAMON', 'Sylvie', 'Apt 20 Rue Leopold ycard', '', '', 'REUNION', '0262 69 37 00', '0692 25 21 25', '0000-00-00', '', '2016-11-26', 0, '', 0, '', 0, 0, ''),
(339, 12, 'F', 'MOUTIAMA', 'Liliane', '17 rue des PétuniasAppt 30 Bat B\"La Confiance\"', '97470', 'SAINT BENOÎT', 'REUNION', '', '0692 22 76 50', '1964-03-09', '', '2015-11-08', 0, '', 0, '', 0, 0, ''),
(340, 11, 'H', 'MOUTOUKICHENIN', 'Iréné', '13 Rue d\'Auben Berger', '97437', 'SAINTE ANNE', 'REUNION', '0262 51 25 47', '0692 69 05 11', '1970-09-03', '', '1993-08-21', 0, '', 0, 'A', 0, 0, ''),
(341, 11, 'F', 'MOUTOUKICHENIN', 'Nicaise', '13 Rue d\'Auben Berger', '97437', 'STE ANNE', 'REUNION', '02 62 51 25 47', '0692 53 34 84', '1974-10-27', '', '1992-08-21', 0, '', 0, '', 0, 0, ''),
(342, 11, 'F', 'MOUTOUKICHENIN', 'Lydie', '13 Rue d\'Auben Berger', '97437', 'STE ANNE', 'REUNION', '02 62 51 25 47', '', '1993-04-03', '', '2006-07-15', 0, '', 0, '', 0, 0, ''),
(343, 11, 'H', 'MOUTOUKICHENIN', 'Clément', '13 Rue d\'Auben Berger', '97437', 'STE ANNE', 'REUNION', '02 62 51 25 47', '', '1999-04-26', '', '2016-11-26', 0, '', 0, '', 0, 0, ''),
(344, 11, 'H', 'MOUTOUKICHENIN', 'Luko', '31 rue Barthélémy Horeau Petit St Pierre                        STE ANNE', '97437', 'SAINTE ANNE', 'REUNION', '', '06 92 47 95 68', '1967-02-26', '', '1993-08-22', 0, '', 0, '', 0, 0, ''),
(345, 11, 'F', 'MOUTOUKICHENIN', 'Nicole', '31 Rue Barthelemy Hoareau', '97437', 'STE ANNE', 'REUNION', '', '06 92 47 95 68', '1973-07-26', '', '1993-05-20', 0, '', 0, '', 0, 0, ''),
(346, 10, 'H', 'MOUTOUKICHENIN', 'JEAN MAXIMIN', '57 LOT DU CAP', '97437', 'SAINTE ANNE', 'REUNION', '0262 51 15 59', '0692 91 09 47', '1965-04-30', '', '1995-08-15', 0, '', 0, 'R', 1, 0, ''),
(347, 10, 'F', 'MOUTOUKICHENIN', 'Martine', '57 LOT DU CAP', '97437', 'STE ANNE', 'REUNION', '02 62 51 15 59', '0692 44 96 60', '1969-04-25', '', '1995-04-04', 0, '', 0, '', 1, 0, ''),
(348, 10, 'F', 'MOUTOUKICHENIN', 'Katleen', '57 LOT DU CAP', '97437', 'STE ANNE', 'REUNION', '02 62 51 15 59', '0693 90 58 56', '1997-04-06', '', '2012-10-13', 0, '', 0, '', 1, 0, ''),
(349, 11, 'H', 'NABA', 'Jacky', '54 Chemin Deroland', '97437', 'SAINTE ANNE', 'REUNION', '02 62 51 23 54', '0692 26 56 32', '1967-12-21', '', '1997-12-07', 0, '', 0, '', 0, 0, ''),
(350, 11, 'F', 'NABA', 'Jocelyne', '54 Chemin Deroland', '97437', 'STE ANNE', 'REUNION', '02 62 51 23 54', '0692 38 88 58', '1971-07-25', '', '1990-09-01', 0, '', 0, '', 0, 0, ''),
(351, 11, 'F', 'NABA', 'Marie-Claire', '44 Chemin Sévère', '97437', 'SAINTE ANNE', 'REUNION', '026251 06 26', '', '1947-01-09', '', '2004-08-07', 0, '', 0, '', 0, 0, ''),
(352, 11, 'H', 'NABA', 'Jean-René', '54bis Chemin Deroland', '97437', 'SAINTE ANNE', 'REUNION', '', '0692 12 20 96', '1969-12-21', '', '2001-09-06', 0, '', 0, '', 0, 0, ''),
(353, 10, 'H', 'PAYET', 'Jean-Michel', '120 chemin du Cap                                                              STE ANNE', '97437', 'SAINTE ANNE', 'REUNION', '0262 41 99 69', '0692 09 41 31', '1964-01-03', '', '1996-07-17', 0, '', 0, '', 1, 0, ''),
(355, 10, 'F', 'PAYET', 'Monique', '120 CHEMIN DU CAP', '97437', 'STE ANNE', 'REUNION', '02 62 41 99 69', '0692 34 86 31', '1969-02-26', '', '1996-04-20', 0, '', 0, '', 1, 0, ''),
(356, 12, 'H', 'RAMAYE', 'Anthony', '32 Cité des Pétunias', '97470', 'SAINT BENOÎT', 'REUNION', '02 62 50 62 66', '0692 32 48 86', '1989-06-16', '', '2007-03-24', 0, '', 0, '', 1, 0, ''),
(357, 12, 'F', 'RAMAYE', 'Raymonde', '32 Cité des Pétunias', '97470', 'SAINT BENOÎT', 'REUNION', '0262 50 62 66', '', '1951-11-27', '', '1992-07-07', 0, '', 0, '', 1, 0, ''),
(358, 10, 'H', 'RAOUTINTE', 'Jean-Marc', '17 Lot les Baies Roses', '97437', 'SAINTE ANNE', 'REUNION', '', '0692 32 36 85', '1953-11-07', '', '1996-08-24', 0, '', 0, '', 1, 0, ''),
(359, 10, 'F', 'RAOUTINTE', 'Marie-Noëlle', '17 Lot les Baies Roses', '97437', 'STE ANNE', 'REUNION', '0262 20 42 54', '06 92 44 94 84', '1963-12-25', '', '1990-09-01', 0, '', 0, '', 1, 0, ''),
(362, 9, 'F', 'SINAMOUNY', 'Céline', '16 Chemin Batardeau', '97470', 'SAINT BENOÎT', 'REUNION', '0262 23 07 68', '0692 26 67 18', '1965-06-29', '', '2009-10-17', 0, '', 0, '', 0, 0, ''),
(363, 9, 'F', 'SINAMOUNY', 'Léa     ', '16 CHEM BATARDEAU', '97470', 'SAINT BENOÎT', 'REUNION', '0262230768', '', '1999-12-12', '', '0000-00-00', 0, '', 0, '', 0, 0, ''),
(364, 10, 'H', 'VAILLANT', 'Hermann', '15 Chemin de Cap Cité Baies Roses', '97437', 'SAINTE ANNE', 'REUNION', '0262 51 07 04', '', '1961-04-13', '', '1989-11-04', 0, '', 0, '', 0, 0, ''),
(365, 10, 'F', 'VAILLANT', 'Isabelle', '15 LOTISSEMENT DU CAP CITE BAIES ROSES', '97437', 'STE ANNE', 'REUNION', '02 62 51 07 04', '0692 31 05 56', '1966-06-17', '', '1989-04-29', 0, '', 1, '', 1, 0, ''),
(367, 9, 'F', 'BAILLIF', 'NAOMIE', '12 Cité la Pierre II', '97470', 'SAINT BENOÎT', 'REUNION', '', '0692448068', '2002-12-23', 'baillif.23.mimi@gmail.com', '0000-00-00', 0, '', 0, '', 0, 0, ''),
(370, 9, 'F', 'MALAYANDY', 'JADE', '20 Impasse des kakis SMA Chemin de Ceinture', '97470', 'SAINT BENOÎT', 'REUNION', '0262609220', '', '2007-07-23', '', '0000-00-00', 0, '', 0, '', 0, 0, ''),
(372, 9, 'H', 'MALAYANDY', 'RUBEN', '20 Impasse des kakis SMA Chemin de Ceinture', '97470', 'SAINT BENOÎT', 'REUNION', '0262509220', '', '2004-09-01', '', '0000-00-00', 0, '', 0, '', 0, 0, ''),
(373, 10, 'F', 'CAZAMBO', 'CINTHIA', '22 LOTISSEMENT DU CAP', '97437', 'STE ANNE', 'REUNION', '02 62 51 61 18', '', '2001-06-05', '', '0000-00-00', 0, '', 0, '', 0, 0, ''),
(374, 9, 'F', 'FOUDRIN', 'SONIA', 'TERRE CARRERE APT 3 ', '97470', 'ST BENOIT', 'REUNION', '', '06 92 30 56 33', '1982-03-27', '', '1997-08-05', 0, '', 0, '', 0, 0, ''),
(375, 9, '', 'BAILLIF', 'Timothee', '12 lotissement le Pierre 2', '97470', 'ST BENOIT', 'REUNION', '02 62 20 03 15', '', '2000-10-24', '', '2016-07-16', 0, '', 0, '', 1, 0, ''),
(376, 10, 'F', 'DAUPIARD', 'Lison', '163 Chemin Morange', '97437', 'STE ANNE', 'REUNION', '', '06 93 10 81 32', '0000-00-00', '', '2014-07-12', 0, '', 0, '', 1, 0, ''),
(377, 10, 'F', 'VAILLANT', 'Lucie', '15 LOTISSEMENT DU CAP CITE BAIES ROSES', '97437', 'STE ANNE', 'REUNION', '02 62 51 07 04', '0692 31 05 42', '1993-07-23', 'lucie.vaillant974run@yahoo.fr', '2010-08-07', 0, '', 0, '', 1, 0, ''),
(378, 11, 'F', 'GRAVOUIL', 'Mailie', '17 Cité DEBALMANN', '97437', 'STE ANNE', 'REUNION', '02 62 12 10 93', '06 92 39 79 83', '1999-12-09', '', '0000-00-00', 0, '', 0, '', 0, 0, ''),
(379, 12, '', 'ROMIGNAC', 'Pierric', '50 LOT Les Plaines Bat H ', '97470', 'ST BENOIT', 'REUNION', '02 62 36 59 89', '06 92 36 37 88', '2003-05-12', 'picoromignac974@gmail.com', '2016-07-16', 0, '', 0, '', 0, 0, ''),
(380, 12, 'H', 'RAMAYE', 'David', '', '', 'Saint Andre', 'REUNION', '', '', '0000-00-00', '', '0000-00-00', 0, '', 0, '', 0, 0, ''),
(381, 10, 'F', 'LAURIANNE', 'VAILLANT', '', '', '', '', '', '', '0000-00-00', '', '0000-00-00', 0, '', 0, '', 0, 0, ''),
(382, 12, '', 'IDRIS', 'MARIAMON', '', '', '', '', '', '', '0000-00-00', '', '0000-00-00', 0, '', 0, '', 0, 0, ''),
(383, 8, '', 'SELEMON', 'Yona', '', '', '', '', '', '', '0000-00-00', '', '0000-00-00', 0, '', 0, '', 0, 0, ''),
(384, 8, '', 'SELEMON', 'Yona', '', '', '', '', '', '', '0000-00-00', '', '0000-00-00', 0, '', 0, '', 0, 0, ''),
(385, 1, 'F', 'BAUDY', 'Annie-France', '', '', '', '', '', '', '0000-00-00', '', '0000-00-00', 0, '', 0, '', 0, 0, ''),
(386, 10, 'H', 'LEUNG IN QUERA', 'William', '', '', 'Sainte Anne', 'France', '', '', '2002-04-30', '', '0000-00-00', 0, '', 0, '', 0, 0, ''),
(387, 11, 'F', 'CALCINE', 'NAÏMA', '', '', '', '', '', '', '0000-00-00', '', '0000-00-00', 0, '', 0, '', 0, 0, ''),
(388, 3, 'F', 'ANDY', 'Julia', '', '', '', '', '', '', '0000-00-00', '', '0000-00-00', 0, '', 0, '', 0, 0, ''),
(389, 3, 'F', 'ANDY', 'Kressemba', '', '', '', '', '', '', '0000-00-00', '', '0000-00-00', 0, '', 0, '', 0, 0, ''),
(390, 1, 'F', 'FERERE', 'Christèle', '', '', '', '', '', '', '0000-00-00', '', '0000-00-00', 0, '', 0, '', 0, 0, ''),
(391, 1, 'F', 'ANDY', 'Evelyne', '', '', '', '', '', '', '0000-00-00', '', '0000-00-00', 0, '', 0, '', 0, 0, ''),
(392, 1, 'F', 'PAUSE', 'Lisette', '', '', '', '', '', '', '0000-00-00', '', '0000-00-00', 0, '', 0, '', 0, 0, ''),
(393, 2, '', 'RATSIMBAZAFY  ', 'Ethan', '', '', '', '', '', '', '0000-00-00', '', '0000-00-00', 0, '', 0, '', 0, 0, ''),
(394, 4, '', 'ELIAS', 'DOMO', '', '', '', '', '', '', '0000-00-00', '', '0000-00-00', 0, '', 0, '', 0, 0, ''),
(395, 9, '', 'SINAMOUNY', 'THOMAS', '', '', 'SAINT BENOÎT', 'FRANCE', '', '', '0000-00-00', '', '0000-00-00', 0, '', 0, '', 0, 1, ''),
(396, 9, 'F', 'ALIN', 'PHOEBE', '', '', 'SAINT BENOÎT', 'FRANCE', '', '', '0000-00-00', '', '0000-00-00', 0, '', 0, '', 0, 1, ''),
(397, 11, 'H', 'MOUTOUKICHENIN', 'NATHAN', '', '', 'SAINTE ANNE', 'FRANCE', '', '', '0000-00-00', '', '0000-00-00', 0, '', 0, '', 0, 1, ''),
(398, 1, 'F', 'ANDY', 'Géraldine', '', '', '', '', '', '', '0000-00-00', '', '0000-00-00', 0, '', 0, '', 0, 0, ''),
(399, 3, 'F', 'BINY', 'Olga', '', '', '', '', '', '', '0000-00-00', '', '0000-00-00', 0, '', 0, '', 0, 0, ''),
(400, 5, '', 'DECAESTEKER', 'Hannah', '', '', '', '', '', '', '0000-00-00', '', '0000-00-00', 0, '', 0, '', 0, 0, ''),
(401, 3, 'F', 'GERMANN', 'Julie', '', '', '', '', '', '', '0000-00-00', '', '0000-00-00', 0, '', 0, '', 0, 0, ''),
(402, 3, 'H', 'GERMANN', 'Julien', '', '', '', '', '', '', '0000-00-00', '', '0000-00-00', 0, '', 0, '', 0, 0, ''),
(403, 3, '', 'JUVENAL', 'Bernard', '', '', '', '', '', '', '0000-00-00', '', '0000-00-00', 0, '', 0, '', 0, 0, ''),
(404, 5, 'F', 'LLOPIS', 'Lydie', '', '', '', '', '', '', '0000-00-00', '', '0000-00-00', 0, '', 0, '', 0, 0, ''),
(405, 10, 'H', 'CAZAMBO', 'Judex', '', '', 'Saint Anne', 'France', '', '', '0000-00-00', '', '0000-00-00', 0, '', 0, '', 0, 0, ''),
(406, 9, 'F', 'JEAN FRANCOIS', 'CIARA', '', '', 'Saint Benoit', '', '', '', '0000-00-00', '', '0000-00-00', 0, '', 0, '', 0, 0, ''),
(407, 12, 'H', 'GORAIHA', 'Maisy', '', '', 'Saint Benoit', '', '', '', '0000-00-00', '', '0000-00-00', 0, '', 0, '', 0, 0, ''),
(408, 12, 'H', 'RAMAYE', 'David', '', '', 'Saint Benoit', '', '', '', '0000-00-00', '', '0000-00-00', 0, '', 0, '', 0, 0, ''),
(409, 2, '', 'BOYER', 'Théo', '', '', '', '', '', '', '0000-00-00', '', '0000-00-00', 0, '', 0, '', 0, 0, ''),
(410, 4, '', 'CORENTHY', 'Joshua', '', '', '', '', '', '', '0000-00-00', '', '0000-00-00', 0, '', 0, '', 0, 0, ''),
(411, 5, 'F', 'ALIDINA', 'Rosemine', '', '', '', '', '', '', '0000-00-00', '', '0000-00-00', 0, '', 0, '', 0, 0, ''),
(412, 2, 'F', 'ELYSEE', 'Kate', '', '', '', '', '', '', '0000-00-00', '', '0000-00-00', 0, '', 0, '', 0, 0, ''),
(413, 11, 'H', 'TOBIE', 'JOËL', '', '', 'Sainte Anne', 'France', '', '', '0000-00-00', '', '0000-00-00', 0, '', 0, '', 0, 0, ''),
(414, 10, 'H', 'MOUTOUKICHENIN', 'Aaron', '', '', 'Sainte Anne', '', '', '', '0000-00-00', '', '0000-00-00', 0, '', 0, '', 0, 0, ''),
(415, 5, 'H', 'SELEMON', 'Manoah', '', '', '', '', '', '', '0000-00-00', '', '0000-00-00', 0, '', 0, '', 0, 0, ''),
(416, 5, 'H', 'SELEMON', 'Yona', '', '', '', '', '', '', '0000-00-00', '', '0000-00-00', 0, '', 0, '', 0, 0, ''),
(418, 10, 'F', 'GAZAN', 'Johana', '', '', 'Saint Andre', 'France', '', '', '0000-00-00', '', '0000-00-00', 0, '', 0, '', 0, 0, ''),
(419, 11, 'H', 'TOBI', 'Joel', '', '', 'Sainte Anne', 'France', '', '', '0000-00-00', 'tobie.joel@orange.fr', '0000-00-00', 0, '', 0, '', 0, 0, ''),
(420, 9, 'H', 'JEAN FRANCOIS ', 'Tony', '', '', '', '', '', '', '0000-00-00', '', '0000-00-00', 0, '', 0, '', 0, 0, ''),
(520, 20, 'H', 'EBOT  AUGUSTIN', '', '', '', '', '', '', '', '0000-00-00', '', '0000-00-00', 0, '', 0, 'R', 0, 0, ''),
(521, 20, 'H', 'EBOT', 'CHANTALE', '', '', '', '', '', '', '0000-00-00', '', '0000-00-00', 0, '', 0, '', 0, 0, ''),
(522, 20, 'H', 'EKOULE', 'NAOMIE', '', '', '', '', '', '', '0000-00-00', '', '0000-00-00', 0, '', 0, '', 0, 0, ''),
(523, 20, 'H', 'EKOULE', 'LAETICIA', '', '', '', '', '', '', '0000-00-00', '', '0000-00-00', 0, '', 0, '', 0, 0, ''),
(524, 20, 'H', 'LEA  CHRISTIAN', '', '', '', '', '', '', '', '0000-00-00', '', '0000-00-00', 0, '', 0, 'A', 0, 0, ''),
(525, 20, 'H', 'LEA', 'THERESE', '', '', '', '', '', '', '0000-00-00', '', '0000-00-00', 0, '', 0, '', 0, 0, ''),
(526, 20, 'H', 'MENTSOUNGOU', 'ROSE DELIMA', '', '', '', '', '', '', '0000-00-00', '', '0000-00-00', 0, '', 0, '', 0, 0, ''),
(527, 20, 'H', 'TALLA', 'NAOMIE', '', '', '', '', '', '', '0000-00-00', '', '0000-00-00', 0, '', 0, '', 0, 0, ''),
(528, 20, 'H', 'TALLA', 'CLAUDIA', '', '', '', '', '', '', '0000-00-00', '', '0000-00-00', 0, '', 0, '', 0, 0, ''),
(529, 20, 'H', 'FOSSING', 'LOCKO  ZACHARIE', '', '', '', '', '', '', '0000-00-00', '', '0000-00-00', 0, '', 0, '', 0, 0, ''),
(530, 20, 'H', 'FOSSING', 'CELINE', '', '', '', '', '', '', '0000-00-00', '', '0000-00-00', 0, '', 0, '', 0, 0, ''),
(531, 21, 'H', 'BONG', 'Francisca', '', '', '', '', '', '', '0000-00-00', '', '0000-00-00', 0, '', 0, '', 0, 0, ''),
(532, 21, 'H', 'DEFFO', 'ERASTE', '', '', '', '', '', '', '0000-00-00', '', '0000-00-00', 0, '', 0, '', 0, 0, ''),
(533, 21, 'H', 'DZUDJOM', 'BERNADETTE', '', '', '', '', '', '', '0000-00-00', '', '0000-00-00', 0, '', 0, '', 0, 0, ''),
(534, 21, 'H', 'ZOKOUA', 'THIERRY', '', '', '', '', '', '', '0000-00-00', '', '0000-00-00', 0, '', 0, 'A', 0, 0, ''),
(535, 21, 'H', 'NGOLLE', 'RUTH', '', '', '', '', '', '', '0000-00-00', '', '0000-00-00', 0, '', 0, '', 0, 0, ''),
(536, 21, 'H', 'TCHOUTA', 'MARIUS', '', '', '', '', '', '', '0000-00-00', '', '0000-00-00', 0, '', 0, '', 0, 0, ''),
(537, 21, 'H', 'TCHOUTA', 'EUNICE', '', '', '', '', '', '', '0000-00-00', '', '0000-00-00', 0, '', 0, '', 0, 0, ''),
(538, 21, 'H', 'TCHOUTA', 'NANA CLAUDIA', '', '', '', '', '', '', '0000-00-00', '', '0000-00-00', 0, '', 0, '', 0, 0, ''),
(539, 21, 'H', 'LACHE', 'AUGUSTINE', '', '', '', '', '', '', '0000-00-00', '', '0000-00-00', 0, '', 0, '', 0, 0, ''),
(540, 21, 'H', 'LACHE', 'BASSE PAUL', '', '', '', '', '', '', '0000-00-00', '', '0000-00-00', 0, '', 0, '', 0, 0, ''),
(541, 21, 'H', 'LACHE', 'SUZANNE', '', '', '', '', '', '', '0000-00-00', '', '0000-00-00', 0, '', 0, '', 0, 0, ''),
(542, 21, 'H', 'MOTUE', 'EUNICE', '', '', '', '', '', '', '0000-00-00', '', '0000-00-00', 0, '', 0, '', 0, 0, ''),
(543, 21, 'H', 'DZUDJOM', 'JEAN PIERRE', '', '', '', '', '', '', '0000-00-00', '', '0000-00-00', 0, '', 0, 'R', 0, 0, ''),
(544, 21, 'H', 'LOBE', 'ZOLISE', '', '', '', '', '', '', '0000-00-00', '', '0000-00-00', 0, '', 0, '', 0, 0, ''),
(545, 22, 'H', 'DIMOUAMOUA  SUZANNE', '', '', '', '', '', '', '', '0000-00-00', '', '0000-00-00', 0, '', 0, '', 0, 0, ''),
(546, 22, 'H', 'NGUEUBOU  LAURA', '', '', '', '', '', '', '', '0000-00-00', '', '0000-00-00', 0, '', 0, '', 0, 0, ''),
(547, 22, 'H', 'EPENE  MBELLA  ISAAC', '', '', '', '', '', '', '', '0000-00-00', '', '0000-00-00', 0, '', 0, '', 0, 0, ''),
(548, 22, 'H', 'MOUKO  PIERRE', '', '', '', '', '', '', '', '0000-00-00', '', '0000-00-00', 0, '', 0, '', 0, 0, ''),
(549, 22, 'H', 'MATOUKE HENRY  PAUL', '', '', '', '', '', '', '', '0000-00-00', '', '0000-00-00', 0, '', 0, '', 0, 0, ''),
(550, 22, 'H', 'MATOUKE  THOMAS  JUNIOR', '', '', '', '', '', '', '', '0000-00-00', '', '0000-00-00', 0, '', 0, '', 0, 0, ''),
(551, 22, 'H', 'MATOUKE  MARIE PAUL', '', '', '', '', '', '', '', '0000-00-00', '', '0000-00-00', 0, '', 0, '', 0, 0, ''),
(552, 22, 'H', 'MATOUKE  THOMAS', '', '', '', '', '', '', '', '0000-00-00', '', '0000-00-00', 0, '', 0, '', 0, 0, ''),
(553, 22, 'H', 'MOUDOUROU  CATHERINE', '', '', '', '', '', '', '', '0000-00-00', '', '0000-00-00', 0, '', 0, '', 0, 0, ''),
(554, 22, 'H', 'MOUDOUROU   PARFAIT', '', '', '', '', '', '', '', '0000-00-00', '', '0000-00-00', 0, '', 0, '', 0, 0, ''),
(555, 22, 'H', 'MOUDOUROU SAMUEL', '', '', '', '', '', '', '', '0000-00-00', '', '0000-00-00', 0, '', 0, '', 0, 0, ''),
(556, 22, 'H', 'WADAKA  BERNADETTE', '', '', '', '', '', '', '', '0000-00-00', '', '0000-00-00', 0, '', 0, '', 0, 0, ''),
(557, 22, 'H', 'WADAKA  KLORIANE', '', '', '', '', '', '', '', '0000-00-00', '', '0000-00-00', 0, '', 0, '', 0, 0, ''),
(558, 22, 'H', 'WADAKA  ROYA  SORETTE', '', '', '', '', '', '', '', '0000-00-00', '', '0000-00-00', 0, '', 0, '', 0, 0, ''),
(559, 22, 'H', 'WADAKA  THEGA', '', '', '', '', '', '', '', '0000-00-00', '', '0000-00-00', 0, '', 0, '', 0, 0, ''),
(560, 22, 'H', 'EWANE  JEAN', '', '', '', '', '', '', '', '0000-00-00', '', '0000-00-00', 0, '', 0, '', 0, 0, ''),
(561, 22, 'H', 'EWANE  CARINE', '', '', '', '', '', '', '', '0000-00-00', '', '0000-00-00', 0, '', 0, '', 0, 0, ''),
(562, 23, 'H', 'BEDIANG  REINE', '', '', '', '', '', '', '', '0000-00-00', '', '0000-00-00', 0, '', 0, '', 0, 0, ''),
(563, 23, 'H', 'BOCK  PATIENCE', '', '', '', '', '', '', '', '0000-00-00', '', '0000-00-00', 0, '', 0, '', 0, 0, ''),
(564, 23, 'H', 'DIANG ANNE', '', '', '', '', '', '', '', '0000-00-00', '', '0000-00-00', 0, '', 0, '', 0, 0, ''),
(565, 23, 'H', 'EYOUM  PAULINE', '', '', '', '', '', '', '', '0000-00-00', '', '0000-00-00', 0, '', 0, '', 0, 0, ''),
(566, 23, 'H', 'EYOUM  ROUDOLPH', '', '', '', '', '', '', '', '0000-00-00', '', '0000-00-00', 0, '', 0, '', 0, 0, ''),
(567, 23, 'H', 'NKOUE  EMILE', '', '', '', '', '', '', '', '0000-00-00', '', '0000-00-00', 0, '', 0, '', 0, 0, ''),
(568, 23, 'H', 'BIKA  NKOUE  PRUDENCE', '', '', '', '', '', '', '', '0000-00-00', '', '0000-00-00', 0, '', 0, '', 0, 0, ''),
(570, 23, 'H', 'FONDAP  ARTHUR', '', '', '', '', '', '', '', '0000-00-00', '', '0000-00-00', 0, '', 0, '', 0, 0, ''),
(571, 23, 'H', 'FONDAP  ESTHER', '', '', '', '', '', '', '', '0000-00-00', '', '0000-00-00', 0, '', 0, '', 0, 0, ''),
(572, 23, 'H', 'FONDAP  JEAN  MARIE', '', '', '', '', '', '', '', '0000-00-00', '', '0000-00-00', 0, '', 0, '', 0, 0, ''),
(573, 23, 'H', 'FONDAP  ARIANE', '', '', '', '', '', '', '', '0000-00-00', '', '0000-00-00', 0, '', 0, '', 0, 0, ''),
(574, 23, 'H', 'O\'O EYOUM  SOPHIE', '', '', '', '', '', '', '', '0000-00-00', '', '0000-00-00', 0, '', 0, '', 0, 0, ''),
(575, 24, 'H', 'EDIMO  ALBERT', '', '', '', '', '', '', '', '0000-00-00', '', '0000-00-00', 0, '', 0, '', 0, 0, ''),
(576, 24, 'H', 'EDIMO  JULIENNE', '', '', '', '', '', '', '', '0000-00-00', '', '0000-00-00', 0, '', 0, '', 0, 0, ''),
(577, 24, 'H', 'EDIMO VICTORINE', '', '', '', '', '', '', '', '0000-00-00', '', '0000-00-00', 0, '', 0, '', 0, 0, ''),
(578, 24, 'H', 'EPENE  LOUISE', '', '', '', '', '', '', '', '0000-00-00', '', '0000-00-00', 0, '', 0, '', 0, 0, ''),
(579, 24, 'H', 'EPENE  ALINE', '', '', '', '', '', '', '', '0000-00-00', '', '0000-00-00', 0, '', 0, '', 0, 0, ''),
(580, 24, 'H', 'EKOULE  JOSEPH', '', '', '', '', '', '', '', '0000-00-00', '', '0000-00-00', 0, '', 0, '', 0, 0, ''),
(581, 24, 'H', 'EYENGUE GHISLAINE', '', '', '', '', '', '', '', '0000-00-00', '', '0000-00-00', 0, '', 0, '', 0, 0, ''),
(582, 24, 'H', 'HAPPI  RUFIN', '', '', '', '', '', '', '', '0000-00-00', '', '0000-00-00', 0, '', 0, '', 0, 0, ''),
(583, 24, 'H', 'HAPPI  MAGA', '', '', '', '', '', '', '', '0000-00-00', '', '0000-00-00', 0, '', 0, '', 0, 0, ''),
(584, 24, 'H', 'MONY  VICTORINE', '', '', '', '', '', '', '', '0000-00-00', '', '0000-00-00', 0, '', 0, '', 0, 0, ''),
(586, 24, 'H', 'NJOUME  ROSALIE', '', '', '', '', '', '', '', '0000-00-00', '', '0000-00-00', 0, '', 0, '', 0, 0, ''),
(587, 24, 'H', 'TAPIE  AUGUSTIN', '', '', '', '', '', '', '', '0000-00-00', '', '0000-00-00', 0, '', 0, '', 0, 0, ''),
(588, 24, 'H', 'KAMDEM  EHOUD', '', '', '', '', '', '', '', '0000-00-00', '', '0000-00-00', 0, '', 0, '', 0, 0, ''),
(589, 24, 'H', 'ONANA  ROMAIN', '', '', '', '', '', '', '', '0000-00-00', '', '0000-00-00', 0, '', 0, '', 0, 0, ''),
(590, 25, 'H', 'DEFFO  CELESTE', '', '', '', '', '', '', '', '0000-00-00', '', '0000-00-00', 0, '', 0, '', 0, 0, ''),
(591, 25, 'H', 'EKOM  MARTIN', '', '', '', '', '', '', '', '0000-00-00', '', '0000-00-00', 0, '', 0, '', 0, 0, ''),
(592, 25, 'H', 'EPALLE  ANASTASIE', '', '', '', '', '', '', '', '0000-00-00', '', '0000-00-00', 0, '', 0, '', 0, 0, ''),
(593, 25, 'H', 'MBAH  EKOM  STEVE', '', '', '', '', '', '', '', '0000-00-00', '', '0000-00-00', 0, '', 0, '', 0, 0, ''),
(594, 25, 'H', 'ZOCK  ELOISE', '', '', '', '', '', '', '', '0000-00-00', '', '0000-00-00', 0, '', 0, '', 0, 0, ''),
(595, 25, 'H', 'ZOCK  ROGER', '', '', '', '', '', '', '', '0000-00-00', '', '0000-00-00', 0, '', 0, '', 0, 0, ''),
(596, 25, 'H', 'NGOULEU NONO  ANDRE', '', '', '', '', '', '', '', '0000-00-00', '', '0000-00-00', 0, '', 0, '', 0, 0, ''),
(597, 25, 'H', 'NGOULEU   SYNTICHE', '', '', '', '', '', '', '', '0000-00-00', '', '0000-00-00', 0, '', 0, '', 0, 0, ''),
(598, 25, 'H', 'AHOMO  Paul', '', '', '', '', '', '', '', '0000-00-00', '', '0000-00-00', 0, '', 0, '', 0, 0, ''),
(599, 25, 'H', 'NINMAGA KOUOH JUSTINE', '', '', '', '', '', '', '', '0000-00-00', '', '0000-00-00', 0, '', 0, '', 0, 0, ''),
(600, 25, 'H', 'NJAMEN MARLYSE', '', '', '', '', '', '', '', '0000-00-00', '', '0000-00-00', 0, '', 0, '', 0, 0, ''),
(601, 25, 'H', 'NJAMEN  SAMSON', '', '', '', '', '', '', '', '0000-00-00', '', '0000-00-00', 0, '', 0, '', 0, 0, ''),
(602, 25, 'H', 'TAVOUFOUET  LINUS', '', '', '', '', '', '', '', '0000-00-00', '', '0000-00-00', 0, '', 0, '', 0, 0, ''),
(603, 25, 'H', 'TAVOUFOUET  SOLEILLE', '', '', '', '', '', '', '', '0000-00-00', '', '0000-00-00', 0, '', 0, '', 0, 0, ''),
(604, 25, 'H', 'TAVOUFOUET  STEPHANE', '', '', '', '', '', '', '', '0000-00-00', '', '0000-00-00', 0, '', 0, '', 0, 0, ''),
(606, 3, '', '', '', '', '', '', '', '', '', '0000-00-00', '', '0000-00-00', 0, '', 0, '', 0, 0, ''),
(614, 24, '', 'NJOUME', 'Augustin', '', '', '', '', '', '', '0000-00-00', '', '0000-00-00', 0, '', 0, '', 0, 1, ''),
(615, 24, '', 'EPENE', 'Élysée', '', '', '', '', '', '', '0000-00-00', '', '0000-00-00', 0, '', 0, '', 0, 1, ''),
(616, 17, 'H', 'FREI', 'Esther', '', '', '', '', '', '', '0000-00-00', '', '0000-00-00', 0, '', 0, '', 0, 0, ''),
(617, 17, 'H', 'Frei Family', '', '', '', '', '', '', '', '0000-00-00', '', '0000-00-00', 0, '', 0, '', 0, 0, ''),
(618, 17, '', '', 'Mario', '', '', '', '', '', '', '0000-00-00', '', '0000-00-00', 0, '', 0, '', 0, 0, ''),
(619, 26, 'H', 'OBSZYNSKI', 'Jean Jacque', '', '', '', '', '', '', '0000-00-00', '', '0000-00-00', 0, '', 0, 'R', 0, 0, ''),
(620, 26, 'F', 'OBSZYNSKI', '', 'CHRISTINE', '', '', '', '', '', '0000-00-00', '', '0000-00-00', 0, '', 0, '', 0, 0, ''),
(621, 26, 'H', 'OBSZYNSKI Claire', '', '', '', '', '', '', '', '0000-00-00', '', '0000-00-00', 0, '', 0, '', 0, 0, ''),
(622, 26, 'H', 'MAULGUE', 'GAETAN', '', '', '', '', '', '', '0000-00-00', '', '0000-00-00', 0, '', 0, '', 0, 0, ''),
(623, 26, 'H', 'CHRISTINE', 'MOLGUE', '', '', '', '', '', '', '0000-00-00', '', '0000-00-00', 0, '', 0, '', 0, 0, ''),
(624, 26, '', 'FONTAINE', 'Jean Jo', '', '', '', '', '', '', '0000-00-00', '', '0000-00-00', 0, '', 0, '', 0, 0, ''),
(625, 26, '', 'FONTAINE', 'Marie Theres', '', '', '', '', '', '', '0000-00-00', '', '0000-00-00', 0, '', 0, '', 0, 0, ''),
(626, 11, '', 'MOUTOUKICHENIN', 'Katty', '', '', '', '', '', '', '0000-00-00', '', '0000-00-00', 0, '', 0, '', 0, 0, ''),
(627, 9, '', 'ALIN', 'Johana', '', '', '', '', '', '', '0000-00-00', '', '0000-00-00', 0, '', 0, '', 0, 0, ''),
(630, 27, '', '', '', '', '', '', '', '', '', '0000-00-00', '', '0000-00-00', 0, '', 0, '', 0, 0, ''),
(631, 28, '', 'BAGOUPATY', 'YVETTE', '9 IMPASSE FARADAY 97430', '', '', '', '', '0693908891', '1967-04-24', '', '1995-10-23', 0, '', 0, '', 0, 0, ''),
(632, 29, '', 'BARONCE', 'CATHERINE', '64 RUE MILLIUS 97430', '', '', '', '0262512335', '0692996091', '1978-02-10', '', '1992-06-14', 0, '', 0, '', 0, 0, ''),
(633, 29, '', 'BARONCE', 'FREDERIC', '64 RUE MILLIUS 97430', '', '', '', '0262512335', '0692646289', '1977-10-01', '', '1997-03-23', 0, '', 0, '', 0, 0, ''),
(634, 28, '', 'BARRET', 'DANIEL', '181 CH LUC HOARAU 97430', '', '', '', '0262274998', '', '1946-09-27', '', '1974-01-01', 0, '', 0, '', 0, 0, ''),
(635, 28, '', 'BARRET', 'JEANNE', '181 CH LUC HOARAU 97430', '', '', '', '0262274998', '0692087460', '1953-05-06', '', '1972-03-06', 0, '', 0, '', 0, 0, ''),
(636, 30, '', 'BENARD', 'HELENE', '', '', '', '', '', '', '1931-03-09', '', '1972-01-28', 0, '', 0, '', 0, 0, ''),
(637, 29, '', 'BOYER', 'ROSIE', '', '', '', '', '', '', '1962-10-18', '', '1990-05-05', 0, '', 0, '', 0, 0, ''),
(638, 30, '', 'BOYER', 'ROUBOUANTI', '', '', '', '', '', '', '1982-12-20', '', '2010-05-22', 0, '', 0, '', 0, 0, ''),
(639, 30, '', 'BOYER', 'SUZANNA', '', '', '', '', '', '', '2004-04-05', '', '0000-00-00', 0, '', 0, '', 0, 0, ''),
(640, 31, '', 'CANSLER', 'PATRICK', '', '', '', '', '', '', '1965-04-23', '', '1998-07-09', 0, '', 0, '', 0, 0, ''),
(641, 31, '', 'CANSLER', 'SARAH', '', '', '', '', '', '', '1973-05-06', '', '1986-12-27', 0, '', 0, '', 0, 0, ''),
(642, 31, '', 'CHAMANT', 'ALAIN', '', '', '', '', '', '', '1967-07-29', '', '2001-11-11', 0, '', 0, '', 0, 0, ''),
(643, 31, '', 'CHAMANT', 'ALICE', '', '', '', '', '', '', '1999-09-19', '', '2013-05-04', 0, '', 0, '', 0, 0, ''),
(644, 31, '', 'CHAMANT', 'CORINNE', '', '', '', '', '', '', '1969-01-02', '', '2001-11-11', 0, '', 0, '', 0, 0, ''),
(645, 31, '', 'CHAMANT', 'MATHILDE', '', '', '', '', '', '', '1992-09-30', '', '2009-08-15', 0, '', 0, '', 0, 0, ''),
(646, 31, '', 'CHAMANT', 'RACHEL', '', '', '', '', '', '', '2006-05-07', '', '0000-00-00', 0, '', 0, '', 0, 0, ''),
(647, 28, '', 'CORRE', 'ERVILA', '52 CITEE BADAMIER 97430', '', '', '', '0262599220', '0692191916', '1943-01-13', '', '2005-10-22', 0, '', 0, '', 0, 0, ''),
(648, 32, '', 'COUTURIER', 'BLANDINE', '', '', '', '', '', '', '0000-00-00', '', '0000-00-00', 0, '', 0, '', 0, 0, ''),
(649, 32, '', 'COUTURIER', 'GEORGES', '', '', '', '', '', '', '0000-00-00', '', '0000-00-00', 0, '', 0, '', 0, 0, ''),
(650, 29, '', 'CRISTOT', 'MARTHE', '', '', '', '', '', '', '1946-03-23', '', '2009-03-21', 0, '', 0, '', 0, 0, ''),
(651, 30, '', 'DIJOUX', 'MARGUERITE', '183 CH DASSY 97430', '', '', '', '0262571850', '', '1956-10-25', '', '1985-12-28', 0, '', 0, '', 0, 0, ''),
(652, 33, '', 'ETHEVE', 'FRANCOIS', '53 IMP JEAN MONET 97430', '', '', '', '', '0692024548', '1968-03-13', '', '2013-05-12', 0, '', 0, '', 0, 0, ''),
(653, 33, '', 'ETHEVE', 'KETTY', '53 IMP JEAN MONET 97430', '', '', '', '', '0692781040', '1972-09-22', '', '2009-05-16', 0, '', 0, '', 0, 0, ''),
(654, 34, '', 'FOLIO', 'LINO', '', '', '', '', '', '', '1952-08-25', '', '1975-01-01', 0, '', 0, '', 0, 0, ''),
(655, 34, '', 'FOLIO', 'MARCEAU', '8 IMP FR DE MAHY 97430', '', '', '', '0262575782', '', '1928-05-29', '', '1976-01-01', 0, '', 0, '', 0, 0, ''),
(656, 34, '', 'FOLIO', 'THERESA', '8 IMP FR DE MAHY 97430', '', '', '', '0262575782', '', '1932-12-29', '', '1977-01-01', 0, '', 0, '', 0, 0, ''),
(657, 34, '', 'FOLIO', 'YVES', '', '', '', '', '', '', '1954-11-16', '', '1972-01-01', 0, '', 0, '', 0, 0, ''),
(658, 29, '', 'FONTAINE', 'MARIE THERESE', '206 CH PORTAIL 97430', '', '', '', '', '0693707249', '1949-12-17', '', '2009-10-17', 0, '', 0, '', 0, 0, ''),
(659, 29, '', 'GANOFSKY', 'JEAN LUC', '', '', '', '', '', '', '1965-01-26', '', '1984-12-12', 0, '', 0, '', 0, 0, ''),
(660, 29, '', 'GANOFSKY', 'MIKA', '', '', '', '', '', '', '0000-00-00', '', '2019-11-16', 0, '', 0, '', 0, 0, ''),
(661, 29, '', 'GANOFSKY', 'NATHALIE', '', '', '', '', '', '', '1965-07-03', '', '1985-07-27', 0, '', 0, '', 0, 0, ''),
(662, 34, '', 'GAUTIER', 'AÏDEE', '', '', '', '', '', '', '1951-02-26', '', '1986-10-25', 0, '', 0, '', 0, 0, ''),
(663, 34, '', 'GAUTIER', 'GUY', '', '', '', '', '', '', '1951-01-12', '', '1991-07-25', 0, '', 0, '', 0, 0, ''),
(664, 30, '', 'HOARAU', 'LIDO', '145 CH EMMANUEL BUREL 97430', '', '', '', '0262277828', '0692767539', '1969-09-25', '', '1996-03-29', 0, '', 0, '', 0, 0, ''),
(665, 33, '', 'HOAREAU', 'BENOITE', '144 CH DES FLAMBOYANTS 97430', '', '', '', '0262381914', '', '1958-02-28', '', '1988-08-01', 0, '', 0, '', 0, 0, ''),
(666, 33, '', 'HOAREAU', 'EMELINE', '296 Bis RUE EMILE ZOLA 97430', '', '', '', '', '0692320451', '1994-06-28', '', '2008-05-11', 0, '', 0, '', 0, 0, ''),
(667, 33, '', 'HOAREAU', 'FREDERICK', '', '', '', '', '', '', '1976-07-08', '', '2007-11-11', 0, '', 0, '', 0, 0, ''),
(668, 33, '', 'HOAREAU', 'GWENDOLINE', '', '', '', '', '', '', '1989-06-11', '', '2001-11-11', 0, '', 0, '', 0, 0, ''),
(669, 33, '', 'HOAREAU', 'NATHAN', '', '', '', '', '', '', '1992-03-25', '', '2007-07-14', 0, '', 0, '', 0, 0, ''),
(670, 33, '', 'HOAREAU', 'OPHELIE', '', '', '', '', '', '', '1997-11-18', '', '2008-10-18', 0, '', 0, '', 0, 0, ''),
(671, 33, '', 'HOAREAU', 'PASCAL', '296 Bis RUE EMILE ZOLA 97430', '', '', '', '', '0692683097', '1982-05-16', '', '2013-05-12', 0, '', 0, '', 0, 0, ''),
(672, 33, '', 'ISAMBOURG', 'KARELL', '', '', '', '', '', '', '1985-03-01', '', '0000-00-00', 0, '', 0, '', 0, 0, ''),
(673, 29, '', 'JAMINET', 'CLAUDE', 'RUE SARDA GARIGA 97430', '', '', '', '', '', '0000-00-00', '', '2019-04-06', 0, '', 0, '', 0, 0, ''),
(674, 29, '', 'KERALDY', 'M- ANTOINETTE', '', '', '', '', '', '', '1950-05-11', '', '1989-05-05', 0, '', 0, '', 0, 0, ''),
(675, 31, '', 'LALLEMAND', 'FRANCE-MAY', '', '', '', '', '', '', '1945-05-29', '', '2014-04-12', 0, '', 0, '', 0, 0, ''),
(676, 29, '', 'LAURET', 'CATHERINE', '23 CH CANNY 97430', '', '', '', '0262575510', '0692564921', '1968-07-24', '', '1991-12-01', 0, '', 0, '', 0, 0, ''),
(677, 29, '', 'LAURET', 'MARIE THERESE', '23 CH CANNY 97430', '', '', '', '0262575510', '0692564921', '1943-09-10', '', '1994-05-01', 0, '', 0, '', 0, 0, ''),
(678, 34, '', 'LEBRETON', 'ANTHONY', 'CH ISAUTIER', '', '', '', '', '', '1989-12-27', '', '2018-04-11', 0, '', 0, '', 0, 0, ''),
(679, 34, '', 'LORION', 'MARIE-ROSE', '', '', '', '', '', '', '1962-07-28', '', '1987-07-04', 0, '', 0, '', 0, 0, ''),
(680, 31, '', 'LOUIS', 'KARINE', '', '', '', '', '', '', '1983-02-25', '', '1994-10-23', 0, '', 0, '', 0, 0, ''),
(681, 30, '', 'MAILLOT', 'RENILLE', '15 CH FOURCADE', '', '', '', '0262573384', '', '1945-07-24', '', '1987-12-27', 0, '', 0, '', 0, 0, ''),
(682, 34, '', 'MALBROUKOU', 'JEREMIE', '32 E RUE MAURICE CHEVALIER', '', '', '', '0262887361', '0692317434', '1991-06-10', '', '2010-02-28', 0, '', 0, '', 0, 0, ''),
(683, 33, '', 'MANJOO', 'YVONNE', '', '', '', '', '', '', '1937-03-09', '', '1992-04-09', 0, '', 0, '', 0, 0, ''),
(684, 30, '', 'MASCAREL', 'DANIELLE', '4F IMP DES AIGLONS 97430', '', '', '', '0262575225', '0692292867', '1949-06-02', '', '1990-09-01', 0, '', 0, '', 0, 0, ''),
(685, 30, '', 'MASCAREL', 'JEAN PIERRE', '4F IMP DES AIGLONS 97430', '', '', '', '0262575225', '0692022373', '1962-04-25', '', '1988-12-24', 0, '', 0, '', 0, 0, ''),
(686, 33, '', 'MOURIER', 'FABIENNE', '', '', '', '', '', '', '1970-05-10', '', '1988-08-25', 0, '', 0, '', 0, 0, ''),
(687, 33, '', 'MOURIER', 'LAURENT', '', '', '', '', '', '', '1967-01-05', '', '2008-05-11', 0, '', 0, '', 0, 0, ''),
(688, 34, '', 'NICOLOSI', 'MAïSY', '92 CH DE LA SALETTE 97430', '', '', '', '', '0692435724', '1996-04-04', '', '2009-10-17', 0, '', 0, '', 0, 0, ''),
(689, 34, '', 'NICOLOSI', 'VALENTINO', '92 CH DE LA SALETTE 97430', '', '', '', '0262398288', '0692598700', '1982-09-30', '', '2000-05-13', 0, '', 0, '', 0, 0, ''),
(690, 33, '', 'NOURRY', 'BARBARA', '112 RUE HELENE SUE 97430', '', '', '', '0262398288', '0693707894', '1974-02-23', '', '2007-08-11', 0, '', 0, '', 0, 0, ''),
(691, 33, '', 'NOURRY', 'LAETICIA', '', '', '', '', '', '', '1994-05-13', '', '2010-04-17', 0, '', 0, '', 0, 0, ''),
(692, 33, '', 'NOURRY', 'MATTHIAS', '', '', '', '', '', '', '0000-00-00', '', '0000-00-00', 0, '', 0, '', 0, 0, ''),
(693, 29, '', 'PADRE', 'CAMILLE', '', '', '', '', '0262914248', '0693921611', '1997-11-17', '', '2015-11-15', 0, '', 0, '', 0, 0, ''),
(694, 29, '', 'PADRE', 'JULIEN', '', '', '', '', '', '0692905991', '1998-04-21', '', '2010-05-22', 0, '', 0, '', 0, 0, ''),
(695, 28, '', 'PARIS', 'MARIE ANNICK', '215 BIS RUE DR CHARRIERES 97430', '', '', '', '0262270177', '692449076', '1966-01-24', '', '1991-06-01', 0, '', 0, '', 0, 0, ''),
(696, 28, '', 'PARIS', 'RICHARD', '215 BIS RUE DR CHARRIERES 97430', '', '', '', '0262270177', '0628625474', '0000-00-00', '', '1990-09-01', 0, '', 0, '', 0, 0, ''),
(697, 29, '', 'PAYET', 'ARNAUD', '221 RUE EMILE IZOLA 97430', '', '', '', '', '0692673117', '1960-06-24', '', '1992-01-01', 0, '', 0, '', 0, 0, ''),
(698, 29, '', 'PAYET', 'BERNADETTE', '221 RUE EMILE IZOLA 97430', '', '', '', '', '0692809033', '1967-06-17', '', '1991-12-01', 0, '', 0, '', 0, 0, ''),
(699, 31, '', 'PAYET', 'LINE-MAY', '', '', '', '', '', '', '1959-10-13', '', '1989-09-02', 0, '', 0, '', 0, 0, ''),
(700, 34, '', 'PAYET', 'MARCELLE', '', '', '', '', '', '', '1938-04-27', '', '1979-09-08', 0, '', 0, '', 0, 0, ''),
(701, 28, '', 'PAYET', 'MARIA', '118 CH FILOMARD LE DASSY 97430', '', '', '', '0262691589', '0692437126', '1958-10-11', '', '1986-11-12', 0, '', 0, '', 0, 0, ''),
(702, 28, '', 'PLOZNER', 'FREDERIC', '7 IMP ARISTOTE 97430', '', '', '', '0262540091', '0692240574', '1964-12-21', '', '1983-08-15', 0, '', 0, '', 0, 0, ''),
(703, 28, '', 'PLOZNER', 'ISABELLE', '7 IMP ARISTOTE 97430', '', '', '', '0262540091', '0692027887', '1966-03-09', '', '1981-06-07', 0, '', 0, '', 0, 0, ''),
(704, 28, '', 'POTHIN', 'MARIE CLAIRE', '182 CH PORTAIL 97430', '', '', '', '0262352782', '0692201715', '1954-04-11', '', '1968-05-01', 0, '', 0, '', 0, 0, ''),
(705, 30, '', 'RAMIN', 'COLIN', '', '', '', '', '', '', '1989-05-17', '', '2004-08-07', 0, '', 0, '', 0, 0, ''),
(706, 30, '', 'RAMIN', 'EMILIE', '138 CH LUC HOARAU 97430', '', '', '', '0262339087', '0692055058', '1985-07-23', '', '2003-08-16', 0, '', 0, '', 0, 0, ''),
(707, 30, '', 'RAMIN', 'JEREMY', '138 CH LUC HOARAU 97430', '', '', '', '0262339087', '0692301574', '1977-08-05', '', '1991-01-21', 0, '', 0, '', 0, 0, ''),
(708, 30, '', 'RAMIN', 'MAXIME', '138 CH LUC HOARAU 97430', '', '', '', '0262339087', '', '0000-00-00', '', '0000-00-00', 0, '', 0, '', 0, 0, ''),
(709, 28, '', 'RAVIER', 'ALAIN', '12 IMP VINCENT VAN GOGH 97430', '', '', '', '0262021755', '0692124514', '1957-10-16', '', '1989-10-15', 0, '', 0, '', 0, 0, ''),
(710, 28, '', 'RAVIER', 'MARIE LAURE', '12 IMP VINCENT VAN GOGH 97430', '', '', '', '0262021755', '0692429643', '1964-06-08', '', '1985-08-03', 0, '', 0, '', 0, 0, ''),
(711, 31, '', 'RIFOSTA', 'CHANTAL', '', '', '', '', '', '', '1959-11-07', '', '1980-01-04', 0, '', 0, '', 0, 0, ''),
(712, 33, '', 'RITTER', 'SIMONE', '', '', '', '', '', '', '1938-01-11', '', '1985-01-05', 0, '', 0, '', 0, 0, ''),
(713, 34, '', 'RIVIERE', 'DENIS', '173 CH EMMANUEL BUREL 97430', '', '', '', '', '0692904043', '1958-06-02', '', '1990-05-05', 0, '', 0, '', 0, 0, ''),
(714, 31, '', 'RIVIERE', 'JOCELYNE', '', '', '', '', '', '', '1960-10-05', '', '1989-05-05', 0, '', 0, '', 0, 0, ''),
(715, 34, '', 'RIVIERE', 'MARIE CLAUDE', '173 CH EMMANUEL BUREL 97430', '', '', '', '', '0692312812', '1960-05-15', '', '1986-08-23', 0, '', 0, '', 0, 0, ''),
(716, 34, '', 'RONDEAU', 'JOCELYNE', '45 CITE KERVEGUEN 97430', '', '', '', '', '0680716782', '1955-12-29', '', '1971-07-30', 0, '', 0, '', 0, 0, ''),
(717, 31, '', 'SATABIN', 'FRANCK', '', '', '', '', '', '', '2011-07-15', '', '2004-11-27', 0, '', 0, '', 0, 0, ''),
(718, 31, '', 'SATABIN', 'JEAN', '', '', '', '', '', '', '1956-04-25', '', '1976-08-06', 0, '', 0, '', 0, 0, ''),
(719, 31, '', 'SATABIN', 'LEONIE', '', '', '', '', '', '', '1961-06-06', '', '1980-07-26', 0, '', 0, '', 0, 0, ''),
(720, 28, '', 'SERY', 'JOSIAN', '12 RUE EDMOND ROSTAND 97430', '', '', '', '0262274929', '0692904712', '1949-12-26', '', '1974-01-01', 0, '', 0, '', 0, 0, ''),
(721, 30, '', 'TAM', 'CORINNE', '50 CITE KERVEGUEN 97430', '', '', '', '0262494101', '0692318183', '1965-11-04', '', '1987-12-25', 0, '', 0, '', 0, 0, ''),
(722, 30, '', 'TAM', 'JOHNY', '50 CITE KERVEGUEN 97430', '', '', '', '0262494101', '0692133394', '1965-07-06', '', '1987-12-26', 0, '', 0, '', 0, 0, ''),
(723, 30, '', 'TAM', 'PRALINE', '50 CITE KERVEGUEN 97430', '', '', '', '0262494101', '', '2000-12-06', '', '2017-08-12', 0, '', 0, '', 0, 0, ''),
(724, 28, '', 'TECHER', 'AMANDA', '170 CH EMMANUEL BUREL 97430', '', '', '', '0262160547', '0692584636', '1986-06-30', '', '2005-06-01', 0, '', 0, '', 0, 0, ''),
(725, 28, '', 'TECHER', 'JESSICA', '183 BIS CH DU DASSY 97430', '', '', '', '', '0692385276', '1981-09-12', '', '1996-11-21', 0, '', 0, '', 0, 0, ''),
(726, 28, '', 'TECHER', 'MIGUEL', '183 BIS CH DU DASSY 97430', '', '', '', '', '0692305275', '1980-06-25', '', '1995-08-26', 0, '', 0, '', 0, 0, ''),
(727, 28, '', 'TECHER', 'NATHANAEL', '170 CH EMMANUEL BUREL 97430', '', '', '', '0262160547', '06928067463', '1985-03-09', '', '2007-07-16', 0, '', 0, '', 0, 0, ''),
(728, 28, '', 'TECHER', 'NICOLAS', '183 BIS CH DU DASSY 97430', '', '', '', '', '', '0000-00-00', '', '0000-00-00', 0, '', 0, '', 0, 0, ''),
(729, 31, '', 'THEVENIN', 'EMILIEN', '', '', '', '', '', '', '1944-12-28', '', '0000-00-00', 0, '', 0, '', 0, 0, ''),
(730, 31, '', 'THEVENIN', 'JACQUELINE', '', '', '', '', '', '', '1949-01-19', '', '2012-07-14', 0, '', 0, '', 0, 0, ''),
(731, 34, '', 'TONNELIER', 'REGIS', '34 RUE BERNARDIN DE ST PIERRE 97430', '', '', '', '0262598773', '0692606045', '1959-10-15', '', '2007-11-11', 0, '', 0, '', 0, 0, ''),
(732, 34, '', 'TONNELIER', 'SYLVIE', '34 RUE BERNARDIN DE ST PIERRE 97430', '', '', '', '0262598773', '', '1960-08-28', '', '2002-05-10', 0, '', 0, '', 0, 0, ''),
(733, 30, '', 'TURPIN', 'JULIEN', '', '', '', '', '', '0692272160', '2011-01-25', '', '1998-11-11', 0, '', 0, '', 0, 0, ''),
(734, 30, '', 'TURPIN', 'LESLIE', '', '', '', '', '', '0692085396', '1984-01-25', '', '1998-11-11', 0, '', 0, '', 0, 0, ''),
(735, 29, '', 'VANHAECKE', 'GHISLAINE', '13 RUE DR CHARRIERES 97430', '', '', '', '0262597805', '0692595518', '1939-08-13', '', '1969-12-01', 0, '', 0, '', 0, 0, '');

-- --------------------------------------------------------

--
