-- https://www.phpmyadmin.net/
--

START TRANSACTION;



--
-- Database: `pneumoprevil`
--
CREATE DATABASE IF NOT EXISTS `pneumoprevil` DEFAULT CHARACTER SET latin1 COLLATE latin1_swedish_ci;
USE `pneumoprevil`;

-- --------------------------------------------------------

--
-- Table structure for table `banque_clients`
--

CREATE TABLE `banque_clients` (
  `id_client` int(11) NOT NULL,
  `nom` varchar(50) NOT NULL,
  `prenom` varchar(50) NOT NULL,
  `abreviation` varchar(10) NOT NULL
) ENGINE=InnoDB DEFAULT CHARSET=utf8;

--
-- Dumping data for table `banque_clients`
--

INSERT INTO `banque_clients` (`id_client`, `nom`, `prenom`, `abreviation`) VALUES
(1, 'TANGUY', 'Bernard', 'B'),
(2, 'TANGUY', 'Dominique', 'Dom'),
(3, 'TANGUY', 'Maurice', 'M'),
(4, 'TANGUY', 'David', 'D'),
(5, 'TANGUY', 'Pierre', 'P'),
(6, 'TANGUY', 'Bernard J.', 'BJ');

-- --------------------------------------------------------

--
-- Table structure for table `banque_comptes`
--

CREATE TABLE `banque_comptes` (
  `id_compte` int(11) NOT NULL,
  `intitule` varchar(100) DEFAULT NULL,
  `number` varchar(20) DEFAULT NULL,
  `id_banque` int(11) NOT NULL,
  `id_type` int(11) NOT NULL,
  `id_client` int(11) NOT NULL,
  `disponible` tinyint(1) DEFAULT NULL,
  `montant` decimal(10,2) DEFAULT NULL,
  `taux` decimal(4,2) DEFAULT NULL
) ENGINE=InnoDB DEFAULT CHARSET=utf8;

--
-- Dumping data for table `banque_comptes`
--

INSERT INTO `banque_comptes` (`id_compte`, `intitule`, `number`, `id_banque`, `id_type`, `id_client`, `disponible`, `montant`, `taux`) VALUES
(1, 'DAV (B&Dom)', '7583 073 60 31', 1, 0, 1, 1, 8856.29, 0.00),
(2, 'DAV (M)', '8000 248 00 01', 1, 0, 3, 1, 52280.44, 0.00),
(3, 'DAV (D)', '8000 247 10 01', 1, 0, 4, 1, 3714.89, 0.00),
(4, 'DAV (P)', '8000 249 80 01', 1, 0, 5, 1, 1239.02, 0.00),
(5, 'DAV (BJ)', '9000 744 03 58', 1, 0, 6, 1, 3461.78, 0.00),
(6, 'CEL (B)', '8000 240 43 02', 1, 1, 1, 1, 305.55, 0.25),
(7, 'CEL (Dom)', '8000 239 03 01', 1, 1, 2, 1, 305.55, 0.25),
(8, 'CEL (M)', '8000 248 03 01', 1, 1, 3, 1, 15381.48, 0.25),
(9, 'CEL (D)', '8000 247 13 01', 1, 1, 4, 1, 301.95, 0.25),
(10, 'CEL (P)', '8000 249 83 01', 1, 1, 5, 1, 309.97, 0.25),
(11, 'CEL (BJ)', '8001 785 13 01', 1, 1, 6, 1, 302.71, 0.25),
(12, 'Livret A (B)', '9002 289 05 16', 1, 3, 1, 1, 19199.17, 0.50),
(13, 'Livret A (Dom)', '9002 847 50 23', 1, 3, 2, 1, 18109.63, 0.50),
(14, 'Livret A (M)', NULL, 1, 3, 3, 1, 0.00, 0.50),
(15, 'Livret A (D)', '9002 847 48 21', 1, 3, 4, 1, 0.00, 0.50),
(16, 'Livret A (P)', '9001 953 74 40', 1, 3, 5, 1, 23050.49, 0.50),
(17, 'Livret A (BJ)', '9001 953 71 36', 1, 3, 6, 1, 18273.84, 0.50),
(18, 'Compte societaire CA (M)', '30009625697', 1, 2, 3, 1, 53762.55, 0.50),
(19, 'Compte sur livret', '7583 073 62 01', 1, 4, 1, 1, 75087.96, 0.05),
(20, 'Compte societaire CA (B)', '3000 085 57 20', 1, 2, 1, 1, 88384.48, 0.50),
(21, 'Compte societaire CA (D)', '3000 086 68 02', 1, 2, 4, 1, 10.01, 0.50),
(22, 'Compte societaire CA (P)', '3000 086 67 30', 1, 2, 5, 1, 83135.93, 0.50),
(23, 'Compte societaire CA (BJ)', '3000 086 62 76', 1, 2, 6, 1, 66128.29, 0.50),
(24, 'Compte Chèque CE', NULL, 2, 0, 1, 1, 237.00, NULL),
(25, 'PEL (B)', '7659 941 83 34', 1, 6, 1, 0, 95854.58, 1.50),
(26, 'PEL (Dom)', '7659 942 63 34', 1, 6, 2, 0, 93138.95, 1.50),
(27, 'PEL (M)', '8000 248 03 34', 1, 6, 3, 0, 97003.32, 1.50),
(28, 'PEL (D)', '7659 941 03 34', 1, 6, 4, 0, 97956.08, 1.50),
(29, 'PEL (P)', '7659 939 63 34', 1, 6, 5, 0, 95227.71, 1.50),
(30, 'PEL (BJ)', '9001 447 60 92', 1, 6, 6, 0, 111246.69, 1.50),
(31, 'Compte Titres (B+Dom)', '9001 768 09 39', 1, 15, 1, 0, 564.57, 2.00),
(32, 'Compte Titres (M)', '8000 248 06 00', 1, 15, 3, 0, 113922.92, 2.00),
(33, 'Compte Titres (D)', '8000 247 16 00', 1, 15, 4, 0, 95675.47, 2.00),
(34, 'Compte Titres (P)', '8000 249 86 00', 1, 15, 5, 0, 94755.67, 2.00),
(35, 'Compte Titres (BJ)', '9002 013 16 61', 1, 15, 6, 0, 159809.72, 2.00),
(36, 'Espace Gestion PEP (B)', '9002 000 04 54', 1, 14, 1, 0, 178720.67, 1.00),
(37, 'Espace Gestion PEP (Dom)', '9002 000 04 63', 1, 14, 2, 0, 149209.53, 1.00),
(38, 'Confluence', '8000 240 47 50', 1, 7, 1, 0, 63486.18, 0.65),
(39, 'Espace Gestion (B)', '9001 998 50 64', 1, 8, 1, 0, 143416.37, 0.83),
(40, 'Espace Gestion (Dom)', '9001 998 51 17', 1, 8, 2, 0, 161903.39, 0.83),
(41, 'Espace Gestion (M)', '9001 998 51 35', 1, 8, 3, 0, 265709.85, 0.83),
(42, 'Espace Gestion (D)', '9001 998 50 91', 1, 8, 4, 0, 306288.70, 0.83),
(43, 'Espace Gestion (P)', '9001 998 51 26', 1, 8, 5, 0, 282793.77, 0.83),
(44, 'Espace Gestion (BJ)', '9001 998 52 70', 1, 8, 6, 0, 237432.99, 0.83),
(45, 'Espace Liberté 2 (M)', '3000 152 57 66', 1, 9, 3, 0, 228647.21, 1.90),
(46, 'Espace Liberté 2 (D)', '3000 147 39 10', 1, 9, 4, 0, 179420.21, 1.90),
(47, 'Espace Liberté 2 (P)', '3000 147 41 42', 1, 9, 5, 0, 259387.78, 1.90),
(48, 'Espace Liberté 2 (BJ)', '3000 147 40 53', 1, 9, 6, 0, 199229.45, 1.90),
(49, 'Espace Liberté 3 (Dom)', '2019 15 20 06 9178', 1, 10, 2, 0, 100000.00, 1.80),
(50, 'Predissime (M)', '9001 67 29 365', 1, 11, 3, 0, 24889.02, 1.00),
(51, 'Predissime (D)', '9001 27 08 760', 1, 11, 4, 0, 25407.31, 1.00),
(52, 'Predissime (P)', '9001 72 31 567', 1, 11, 5, 0, 24889.02, 1.00),
(53, 'Predissime (BJ)', '9001 27 08 554', 1, 11, 6, 0, 25407.31, 1.00),
(54, 'DAV (D)', '69 22 51039', 3, 0, 4, 1, 14200.00, 0.00);

-- --------------------------------------------------------

--
-- Table structure for table `banque_documents`
--

CREATE TABLE `banque_documents` (
  `id_document` int(11) NOT NULL,
  `id_compte` int(11) DEFAULT NULL,
  `id_client` int(11) DEFAULT NULL,
  `type_document` enum('','Relevé mensuel','Relevé trimestriel','Relevé annuel','Versement','Arbitrage','Bilan') NOT NULL,
  `date` date NOT NULL,
  `document` varchar(255) NOT NULL
) ENGINE=InnoDB DEFAULT CHARSET=utf8;

--
-- Dumping data for table `banque_documents`
--

INSERT INTO `banque_documents` (`id_document`, `id_compte`, `id_client`, `type_document`, `date`, `document`) VALUES
(1, 28, NULL, 'Relevé annuel', '2020-01-03', 'E_Releves_PEL_Annuel_(03_01_2020)_104536768_DzObVXDT.pdf'),
(2, 51, NULL, 'Relevé annuel', '2020-01-22', 'RELEVE_ANNUEL_ASSURANCE_VIE_CONTRATS_EN_UC_A1972699304_emcqNZ2f.pdf'),
(3, 46, NULL, 'Relevé trimestriel', '2020-09-30', 'RELEVE_TRIMESTRIEL_ASSURANCE_VIE_CONTRATS_EN_UC_A2072143085_lZXXWZwS.pdf'),
(4, 33, NULL, 'Relevé trimestriel', '2020-09-30', 'E_Releves_comptes_TITRES_(30_09_2020)_113659534_aGfsuWLT.pdf'),
(5, 51, NULL, 'Arbitrage', '2019-04-03', 'CONFIRMATION_D_OPERATION_D_ARBITRAGE_A1871955380_tQggaIul.pdf'),
(6, 46, NULL, 'Versement', '2019-04-03', 'Demande_de_versement_libre_Assurance_Vie_20190403_96194238_d6wu5FuB.pdf'),
(7, NULL, 4, 'Bilan', '2019-04-03', 'Bilan_Conseil_(20190403)_Reference_03_04_2019_96183598_j4uHnUP0.pdf'),
(8, 38, NULL, 'Relevé annuel', '2020-01-16', 'RELEVE_ANNUEL_ASSURANCE_VIE_CONTRATS_EN_EUROS_A1972797317_C64Pplmt.pdf'),
(9, 31, NULL, 'Relevé annuel', '2019-12-31', 'E_Releves_comptes_TITRES_(31_12_2019)_105576271_g8QPxWlE.pdf'),
(10, 25, NULL, 'Relevé annuel', '2019-12-31', 'E_Releves_PEL_Annuel_(03_01_2020)_104536769_liX82fMI.pdf'),
(11, 36, NULL, 'Relevé mensuel', '2020-11-25', 'ESPACE_GESTION_PEP_90020000454.pdf'),
(13, 42, NULL, 'Relevé annuel', '2020-11-25', 'ESPACE_GESTION_90019985091.pdf'),
(14, 45, NULL, 'Relevé trimestriel', '2020-09-20', 'RELEVE_TRIMESTRIEL_ASSURANCE_VIE_CONTRATS_EN_UC_A2072143107_mAidUC49.pdf'),
(15, 50, NULL, 'Relevé annuel', '2020-01-22', 'RELEVE_ANNUEL_ASSURANCE_VIE_CONTRATS_EN_UC_A1972699986_BZz3S98D.pdf'),
(16, 32, NULL, 'Relevé trimestriel', '2020-09-30', 'E_Releves_comptes_TITRES_(30_09_2020)_113659535_xQD4Z4hz.pdf'),
(17, 27, NULL, 'Relevé annuel', '2019-12-31', 'E_Releves_PEL_Annuel_(03_01_2020)_104536772_HHfaTJjj.pdf'),
(18, 41, NULL, 'Relevé mensuel', '2020-11-25', 'ESPACE_GESTION_90019985135.pdf'),
(19, 47, NULL, 'Relevé trimestriel', '2020-09-30', 'RELEVE_TRIMESTRIEL_ASSURANCE_VIE_CONTRATS_EN_UC_A2072143087_yvJji6lC.pdf'),
(20, 34, NULL, 'Relevé trimestriel', '2020-09-30', 'E_Releves_comptes_TITRES_(30_09_2020)_113659536_84foy9oJ.pdf'),
(21, NULL, 5, 'Bilan', '2019-04-03', 'Bilan_Conseil_(20190403)_Reference_03_04_2019_96183531_6SXafp2S.pdf'),
(22, 47, NULL, 'Versement', '2019-04-03', 'Demande_de_versement_libre_Assurance_Vie_20190403_96194424_Lay6GQNg.pdf'),
(23, 52, NULL, 'Relevé mensuel', '2020-11-29', 'PREDISSIME_9_90017231567.pdf'),
(24, 43, NULL, 'Relevé mensuel', '2020-11-25', 'ESPACE_GESTION_90019985126.pdf'),
(25, 48, NULL, 'Relevé trimestriel', '2020-10-30', 'RELEVE_TRIMESTRIEL_ASSURANCE_VIE_CONTRATS_EN_UC_A2072143086_eIBhCmty.pdf'),
(26, 30, NULL, 'Relevé annuel', '2019-12-31', 'E_Releves_PEL_Annuel_(03_01_2020)_104537471_zcMXVF5j.pdf'),
(27, 35, NULL, 'Relevé trimestriel', '2020-09-30', 'E_Releves_comptes_TITRES_(30_09_2020)_113660234_wDQlvpH9.pdf'),
(28, NULL, 6, 'Bilan', '2019-04-03', 'Bilan_Conseil_(20190403)_Reference_03_04_2019_96183601_QaiyR9Hd.pdf'),
(29, 53, NULL, 'Arbitrage', '2018-09-25', 'CONFIRMATION_D_OPERATION_D_ARBITRAGE_A1871955379_s2WpnJRP.pdf'),
(30, 39, NULL, 'Relevé mensuel', '2020-11-25', 'ESPACE_GESTION_90019985064.pdf'),
(31, 48, NULL, 'Versement', '2019-04-03', 'Demande_de_versement_libre_Assurance_Vie_20190403_96194415_X5bzd7H6.pdf'),
(32, 53, NULL, 'Relevé mensuel', '2020-11-29', 'PREDISSIME_9_90012708554.pdf'),
(33, 44, NULL, 'Relevé mensuel', '2020-11-25', 'ESPACE_GESTION_90019985270.pdf');

-- --------------------------------------------------------

--
-- Table structure for table `banque_etablissement`
--

CREATE TABLE `banque_etablissement` (
  `id_banque` int(11) NOT NULL,
  `nom` varchar(50) NOT NULL,
  `abreviation` varchar(10) NOT NULL
) ENGINE=InnoDB DEFAULT CHARSET=utf8;

--
-- Dumping data for table `banque_etablissement`
--

INSERT INTO `banque_etablissement` (`id_banque`, `nom`, `abreviation`) VALUES
(1, 'Crédit Agricole', 'CA'),
(2, 'Caisse d\'Épargne', 'CE'),
(3, 'Révolut', 'RE');

-- --------------------------------------------------------

--
-- Table structure for table `banque_type`
--

CREATE TABLE `banque_type` (
  `id_type` int(11) NOT NULL,
  `nom` varchar(50) NOT NULL,
  `detaille` varchar(100) NOT NULL,
  `id_typologie` int(11) NOT NULL
) ENGINE=InnoDB DEFAULT CHARSET=utf8;

--
-- Dumping data for table `banque_type`
--

INSERT INTO `banque_type` (`id_type`, `nom`, `detaille`, `id_typologie`) VALUES
(0, 'CCHQ', 'Compte Chèque', 1),
(1, 'CEL', 'Compte Épargne Logement', 2),
(2, 'CSL SOCIETAIRES', 'Comptes sociétaire', 2),
(3, 'LIVRET A', 'Livret A', 2),
(4, 'CSL', 'Compte Sur Livret', 2),
(5, 'LEP', 'Livret d\'Épargne Populaire', 2),
(6, 'PEL', 'Plan Épargne Logement ', 3),
(7, 'CONFLUENCE', 'Confluence', 4),
(8, 'ESPGESTION', 'Espace Gestion', 4),
(9, 'ESP LIB 2', 'Espace Liberté 2', 4),
(10, 'ESP LIB 3', 'Espace Liberté 3', 4),
(11, 'PRED', 'Predissime', 4),
(14, 'ESPGESTPEP', 'Espace Gestion PEP', 4),
(15, 'TITR', 'Compte Titre', 5);

-- --------------------------------------------------------

--
-- Table structure for table `banque_typologies`
--

CREATE TABLE `banque_typologies` (
  `id_typologie` int(11) NOT NULL,
  `nom` varchar(100) NOT NULL
) ENGINE=InnoDB DEFAULT CHARSET=utf8;

--
-- Dumping data for table `banque_typologies`
--

INSERT INTO `banque_typologies` (`id_typologie`, `nom`) VALUES
(1, 'Comptes courants'),
(2, 'Épargne disponible'),
(3, 'Épargne à terme'),
(4, 'Assurance vie et Capitalisation'),
(5, 'Épargne boursière');

-- --------------------------------------------------------

--
-- Table structure for table `car_jaune_arrets`
--

CREATE TABLE `car_jaune_arrets` (
  `id_arret` int(11) NOT NULL,
  `nom` varchar(255) NOT NULL
) ENGINE=InnoDB DEFAULT CHARSET=utf8;

--
-- Dumping data for table `car_jaune_arrets`
--

INSERT INTO `car_jaune_arrets` (`id_arret`, `nom`) VALUES
(1, 'Gare de St-Pierre'),
(2, 'Gare de St-Louis'),
(3, 'RDT Etang-Salé'),
(4, 'RDT Portail'),
(5, 'RDT Colimaçons'),
(6, 'RDT L’Eperon'),
(7, 'RDT Plateau Caillou'),
(8, 'Cambaie'),
(9, 'Clinique Flamboyants'),
(10, 'Les Vilebrequins'),
(11, 'Mairie de la Possession'),
(12, 'Roland Garros'),
(13, 'Gare de St-Denis');

-- --------------------------------------------------------

--
-- Table structure for table `car_jaune_lignes`
--

CREATE TABLE `car_jaune_lignes` (
  `id_ligne` char(2) NOT NULL,
  `nom` varchar(255) NOT NULL,
  `color` char(6) NOT NULL
) ENGINE=InnoDB DEFAULT CHARSET=utf8;

--
-- Dumping data for table `car_jaune_lignes`
--

INSERT INTO `car_jaune_lignes` (`id_ligne`, `nom`, `color`) VALUES
('O1', 'St-Pierre <-> StDenis', '6FCAF3'),
('O2', 'St-Pierre <-> St-Denis', '00ADBA');

-- --------------------------------------------------------

--
-- Table structure for table `car_jaune_lignes_arrets`
--

CREATE TABLE `car_jaune_lignes_arrets` (
  `id_ligne` char(2) NOT NULL,
  `sens` enum('1','2') NOT NULL,
  `id_arret` int(11) NOT NULL,
  `order` int(11) NOT NULL
) ENGINE=InnoDB DEFAULT CHARSET=utf8;

--
-- Dumping data for table `car_jaune_lignes_arrets`
--

INSERT INTO `car_jaune_lignes_arrets` (`id_ligne`, `sens`, `id_arret`, `order`) VALUES
('O1', '1', 1, 1),
('O1', '1', 2, 2),
('O1', '1', 3, 3),
('O1', '1', 4, 4),
('O1', '1', 5, 5),
('O1', '1', 6, 6),
('O1', '1', 7, 7),
('O1', '1', 8, 8),
('O1', '1', 9, 9),
('O1', '1', 10, 10),
('O1', '1', 11, 11),
('O1', '1', 12, 12),
('O1', '1', 13, 13),
('O1', '2', 1, 13),
('O1', '2', 2, 12),
('O1', '2', 3, 11),
('O1', '2', 4, 10),
('O1', '2', 5, 9),
('O1', '2', 6, 8),
('O1', '2', 7, 7),
('O1', '2', 8, 6),
('O1', '2', 9, 5),
('O1', '2', 10, 4),
('O1', '2', 11, 3),
('O1', '2', 12, 2),
('O1', '2', 13, 1);

-- --------------------------------------------------------

--
-- Table structure for table `car_jaune_trajet`
--

CREATE TABLE `car_jaune_trajet` (
  `id_ligne` char(2) NOT NULL,
  `sens` tinyint(1) NOT NULL,
  `week_weekend` enum('week','weekend') NOT NULL,
  `id_trajet` int(11) NOT NULL,
  `id_arret` int(11) NOT NULL,
  `horaire` time NOT NULL
) ENGINE=InnoDB DEFAULT CHARSET=utf8;

--
-- Dumping data for table `car_jaune_trajet`
--

INSERT INTO `car_jaune_trajet` (`id_ligne`, `sens`, `week_weekend`, `id_trajet`, `id_arret`, `horaire`) VALUES
('O1', 1, 'week', 1, 1, '05:15:00'),
('O1', 1, 'week', 1, 2, '05:25:00'),
('O1', 1, 'week', 1, 3, '05:34:00'),
('O1', 1, 'week', 1, 4, '05:40:00'),
('O1', 1, 'week', 1, 5, '05:49:00'),
('O1', 1, 'week', 1, 6, '06:01:00'),
('O1', 1, 'week', 1, 7, '06:05:00'),
('O1', 1, 'week', 1, 8, '06:19:00'),
('O1', 1, 'week', 1, 9, '06:22:00'),
('O1', 1, 'week', 1, 10, '06:25:00'),
('O1', 1, 'week', 1, 11, '06:30:00'),
('O1', 1, 'week', 1, 12, '06:55:00'),
('O1', 1, 'week', 1, 13, '06:58:00'),
('O1', 1, 'week', 2, 1, '06:15:00'),
('O1', 1, 'week', 2, 2, '06:25:00'),
('O1', 1, 'week', 2, 3, '06:34:00'),
('O1', 1, 'week', 2, 4, '06:40:00'),
('O1', 1, 'week', 2, 5, '06:49:00'),
('O1', 1, 'week', 2, 6, '07:01:00'),
('O1', 1, 'week', 2, 7, '07:05:00'),
('O1', 1, 'week', 2, 8, '07:19:00'),
('O1', 1, 'week', 2, 9, '07:22:00'),
('O1', 1, 'week', 2, 10, '07:25:00'),
('O1', 1, 'week', 2, 11, '07:30:00'),
('O1', 1, 'week', 2, 12, '07:55:00'),
('O1', 1, 'week', 2, 13, '07:58:00'),
('O1', 1, 'week', 3, 1, '07:15:00'),
('O1', 1, 'week', 3, 2, '07:25:00'),
('O1', 1, 'week', 3, 3, '07:34:00'),
('O1', 1, 'week', 3, 4, '07:41:00'),
('O1', 1, 'week', 3, 5, '07:50:00'),
('O1', 1, 'week', 3, 6, '08:02:00'),
('O1', 1, 'week', 3, 7, '08:06:00'),
('O1', 1, 'week', 3, 8, '08:23:00'),
('O1', 1, 'week', 3, 9, '08:26:00'),
('O1', 1, 'week', 3, 10, '08:30:00'),
('O1', 1, 'week', 3, 11, '08:36:00'),
('O1', 1, 'week', 3, 12, '08:55:00'),
('O1', 1, 'week', 3, 13, '08:58:00'),
('O1', 1, 'week', 4, 1, '08:15:00'),
('O1', 1, 'week', 4, 2, '08:26:00'),
('O1', 1, 'week', 4, 3, '08:35:00'),
('O1', 1, 'week', 4, 4, '08:42:00'),
('O1', 1, 'week', 4, 5, '08:51:00'),
('O1', 1, 'week', 4, 6, '09:03:00'),
('O1', 1, 'week', 4, 7, '09:07:00'),
('O1', 1, 'week', 4, 8, '09:18:00'),
('O1', 1, 'week', 4, 9, '09:21:00'),
('O1', 1, 'week', 4, 10, '09:25:00'),
('O1', 1, 'week', 4, 11, '09:31:00'),
('O1', 1, 'week', 4, 12, '09:56:00'),
('O1', 1, 'week', 4, 13, '09:59:00'),
('O1', 1, 'week', 5, 1, '10:45:00'),
('O1', 1, 'week', 5, 2, '10:56:00'),
('O1', 1, 'week', 5, 3, '11:05:00'),
('O1', 1, 'week', 5, 4, '11:11:00'),
('O1', 1, 'week', 5, 5, '11:20:00'),
('O1', 1, 'week', 5, 6, '11:32:00'),
('O1', 1, 'week', 5, 7, '11:36:00'),
('O1', 1, 'week', 5, 8, '11:46:00'),
('O1', 1, 'week', 5, 9, '11:49:00'),
('O1', 1, 'week', 5, 10, '11:52:00'),
('O1', 1, 'week', 5, 11, '11:58:00'),
('O1', 1, 'week', 5, 12, '12:17:00'),
('O1', 1, 'week', 5, 13, '12:19:00'),
('O1', 1, 'week', 6, 1, '13:25:00'),
('O1', 1, 'week', 6, 2, '13:36:00'),
('O1', 1, 'week', 6, 3, '13:45:00'),
('O1', 1, 'week', 6, 4, '13:52:00'),
('O1', 1, 'week', 6, 5, '14:01:00'),
('O1', 1, 'week', 6, 6, '14:13:00'),
('O1', 1, 'week', 6, 7, '14:17:00'),
('O1', 1, 'week', 6, 8, '14:27:00'),
('O1', 1, 'week', 6, 9, '14:30:00'),
('O1', 1, 'week', 6, 10, '14:33:00'),
('O1', 1, 'week', 6, 11, '14:39:00'),
('O1', 1, 'week', 6, 12, '15:05:00'),
('O1', 1, 'week', 6, 13, '15:07:00'),
('O1', 1, 'week', 7, 1, '15:45:00'),
('O1', 1, 'week', 7, 2, '15:57:00'),
('O1', 1, 'week', 7, 3, '16:06:00'),
('O1', 1, 'week', 7, 4, '16:13:00'),
('O1', 1, 'week', 7, 5, '16:22:00'),
('O1', 1, 'week', 7, 6, '16:34:00'),
('O1', 1, 'week', 7, 7, '16:38:00'),
('O1', 1, 'week', 7, 8, '16:48:00'),
('O1', 1, 'week', 7, 9, '16:51:00'),
('O1', 1, 'week', 7, 10, '16:54:00'),
('O1', 1, 'week', 7, 11, '17:00:00'),
('O1', 1, 'week', 7, 12, '17:20:00'),
('O1', 1, 'week', 7, 13, '17:22:00'),
('O1', 1, 'week', 8, 1, '16:45:00'),
('O1', 1, 'week', 8, 2, '16:58:00'),
('O1', 1, 'week', 8, 3, '17:07:00'),
('O1', 1, 'week', 8, 4, '17:14:00'),
('O1', 1, 'week', 8, 5, '17:23:00'),
('O1', 1, 'week', 8, 6, '17:35:00'),
('O1', 1, 'week', 8, 7, '17:39:00'),
('O1', 1, 'week', 8, 8, '17:49:00'),
('O1', 1, 'week', 8, 9, '17:52:00'),
('O1', 1, 'week', 8, 10, '17:55:00'),
('O1', 1, 'week', 8, 11, '18:00:00'),
('O1', 1, 'week', 8, 12, '18:20:00'),
('O1', 1, 'week', 8, 13, '18:22:00'),
('O1', 1, 'week', 9, 1, '17:45:00'),
('O1', 1, 'week', 9, 2, '17:57:00'),
('O1', 1, 'week', 9, 3, '18:05:00'),
('O1', 1, 'week', 9, 4, '18:12:00'),
('O1', 1, 'week', 9, 5, '18:21:00'),
('O1', 1, 'week', 9, 6, '18:32:00'),
('O1', 1, 'week', 9, 7, '18:36:00'),
('O1', 1, 'week', 9, 8, '18:45:00'),
('O1', 1, 'week', 9, 9, '18:48:00'),
('O1', 1, 'week', 9, 10, '18:51:00'),
('O1', 1, 'week', 9, 11, '18:56:00'),
('O1', 1, 'week', 9, 12, '19:11:00'),
('O1', 1, 'week', 9, 13, '19:13:00'),
('O1', 1, 'week', 10, 1, '18:45:00'),
('O1', 1, 'week', 10, 2, '18:55:00'),
('O1', 1, 'week', 10, 3, '19:03:00'),
('O1', 1, 'week', 10, 4, '19:10:00'),
('O1', 1, 'week', 10, 5, '19:19:00'),
('O1', 1, 'week', 10, 6, '19:30:00'),
('O1', 1, 'week', 10, 7, '19:34:00'),
('O1', 1, 'week', 10, 8, '19:43:00'),
('O1', 1, 'week', 10, 9, '19:45:00'),
('O1', 1, 'week', 10, 10, '19:48:00'),
('O1', 1, 'week', 10, 11, '19:53:00'),
('O1', 1, 'week', 10, 12, '20:08:00'),
('O1', 1, 'week', 10, 13, '20:10:00'),
('O1', 1, 'weekend', 11, 1, '05:45:00'),
('O1', 1, 'weekend', 11, 2, '05:55:00'),
('O1', 1, 'weekend', 11, 3, '06:03:00'),
('O1', 1, 'weekend', 11, 4, '06:10:00'),
('O1', 1, 'weekend', 11, 5, '06:19:00'),
('O1', 1, 'weekend', 11, 6, '06:30:00'),
('O1', 1, 'weekend', 11, 7, '06:34:00'),
('O1', 1, 'weekend', 11, 8, '06:43:00'),
('O1', 1, 'weekend', 11, 9, '06:45:00'),
('O1', 1, 'weekend', 11, 10, '06:48:00'),
('O1', 1, 'weekend', 11, 11, '06:52:00'),
('O1', 1, 'weekend', 11, 12, '07:06:00'),
('O1', 1, 'weekend', 11, 13, '07:07:00'),
('O1', 1, 'weekend', 12, 1, '07:45:00'),
('O1', 1, 'weekend', 12, 2, '07:55:00'),
('O1', 1, 'weekend', 12, 3, '08:04:00'),
('O1', 1, 'weekend', 12, 4, '08:10:00'),
('O1', 1, 'weekend', 12, 5, '08:19:00'),
('O1', 1, 'weekend', 12, 6, '08:31:00'),
('O1', 1, 'weekend', 12, 7, '08:35:00'),
('O1', 1, 'weekend', 12, 8, '08:44:00'),
('O1', 1, 'weekend', 12, 9, '08:46:00'),
('O1', 1, 'weekend', 12, 10, '08:49:00'),
('O1', 1, 'weekend', 12, 11, '08:54:00'),
('O1', 1, 'weekend', 12, 12, '09:09:00'),
('O1', 1, 'weekend', 12, 13, '09:11:00'),
('O1', 1, 'weekend', 13, 1, '09:45:00'),
('O1', 1, 'weekend', 13, 2, '09:55:00'),
('O1', 1, 'weekend', 13, 3, '10:04:00'),
('O1', 1, 'weekend', 13, 4, '10:10:00'),
('O1', 1, 'weekend', 13, 5, '10:19:00'),
('O1', 1, 'weekend', 13, 6, '10:31:00'),
('O1', 1, 'weekend', 13, 7, '10:35:00'),
('O1', 1, 'weekend', 13, 8, '10:44:00'),
('O1', 1, 'weekend', 13, 9, '10:46:00'),
('O1', 1, 'weekend', 13, 10, '10:49:00'),
('O1', 1, 'weekend', 13, 11, '10:54:00'),
('O1', 1, 'weekend', 13, 12, '11:09:00'),
('O1', 1, 'weekend', 13, 13, '11:11:00'),
('O1', 1, 'weekend', 14, 1, '11:45:00'),
('O1', 1, 'weekend', 14, 2, '11:55:00'),
('O1', 1, 'weekend', 14, 3, '12:04:00'),
('O1', 1, 'weekend', 14, 4, '12:10:00'),
('O1', 1, 'weekend', 14, 5, '12:19:00'),
('O1', 1, 'weekend', 14, 6, '12:31:00'),
('O1', 1, 'weekend', 14, 7, '12:35:00'),
('O1', 1, 'weekend', 14, 8, '12:44:00'),
('O1', 1, 'weekend', 14, 9, '12:46:00'),
('O1', 1, 'weekend', 14, 10, '12:49:00'),
('O1', 1, 'weekend', 14, 11, '12:54:00'),
('O1', 1, 'weekend', 14, 12, '13:09:00'),
('O1', 1, 'weekend', 14, 13, '13:11:00'),
('O1', 1, 'weekend', 15, 1, '13:45:00'),
('O1', 1, 'weekend', 15, 2, '13:54:00'),
('O1', 1, 'weekend', 15, 3, '14:02:00'),
('O1', 1, 'weekend', 15, 4, '14:09:00'),
('O1', 1, 'weekend', 15, 5, '14:18:00'),
('O1', 1, 'weekend', 15, 6, '14:29:00'),
('O1', 1, 'weekend', 15, 7, '14:33:00'),
('O1', 1, 'weekend', 15, 8, '14:42:00'),
('O1', 1, 'weekend', 15, 9, '14:44:00'),
('O1', 1, 'weekend', 15, 10, '14:47:00'),
('O1', 1, 'weekend', 15, 11, '14:52:00'),
('O1', 1, 'weekend', 15, 12, '15:08:00'),
('O1', 1, 'weekend', 15, 13, '15:10:00'),
('O1', 1, 'weekend', 16, 1, '15:45:00'),
('O1', 1, 'weekend', 16, 2, '15:55:00'),
('O1', 1, 'weekend', 16, 3, '16:03:00'),
('O1', 1, 'weekend', 16, 4, '16:10:00'),
('O1', 1, 'weekend', 16, 5, '16:19:00'),
('O1', 1, 'weekend', 16, 6, '16:30:00'),
('O1', 1, 'weekend', 16, 7, '16:34:00'),
('O1', 1, 'weekend', 16, 8, '16:43:00'),
('O1', 1, 'weekend', 16, 9, '16:45:00'),
('O1', 1, 'weekend', 16, 10, '16:48:00'),
('O1', 1, 'weekend', 16, 11, '16:53:00'),
('O1', 1, 'weekend', 16, 12, '17:15:00'),
('O1', 1, 'weekend', 16, 13, '17:17:00'),
('O1', 1, 'weekend', 17, 1, '17:45:00'),
('O1', 1, 'weekend', 17, 2, '17:55:00'),
('O1', 1, 'weekend', 17, 3, '18:04:00'),
('O1', 1, 'weekend', 17, 4, '18:10:00'),
('O1', 1, 'weekend', 17, 5, '18:19:00'),
('O1', 1, 'weekend', 17, 6, '18:31:00'),
('O1', 1, 'weekend', 17, 7, '18:35:00'),
('O1', 1, 'weekend', 17, 8, '18:44:00'),
('O1', 1, 'weekend', 17, 9, '18:46:00'),
('O1', 1, 'weekend', 17, 10, '18:49:00'),
('O1', 1, 'weekend', 17, 11, '18:54:00'),
('O1', 1, 'weekend', 17, 12, '19:18:00'),
('O1', 1, 'weekend', 17, 13, '19:20:00'),
('O1', 1, 'weekend', 18, 1, '19:45:00'),
('O1', 1, 'weekend', 18, 2, '19:55:00'),
('O1', 1, 'weekend', 18, 3, '20:03:00'),
('O1', 1, 'weekend', 18, 4, '20:10:00'),
('O1', 1, 'weekend', 18, 5, '20:19:00'),
('O1', 1, 'weekend', 18, 6, '20:30:00'),
('O1', 1, 'weekend', 18, 7, '20:34:00'),
('O1', 1, 'weekend', 18, 8, '20:43:00'),
('O1', 1, 'weekend', 18, 9, '20:45:00'),
('O1', 1, 'weekend', 18, 10, '20:48:00'),
('O1', 1, 'weekend', 18, 11, '20:52:00'),
('O1', 1, 'weekend', 18, 12, '21:06:00'),
('O1', 1, 'weekend', 18, 13, '21:07:00'),
('O1', 2, 'week', 19, 1, '06:25:00'),
('O1', 2, 'week', 19, 2, '06:14:00'),
('O1', 2, 'week', 19, 3, '06:04:00'),
('O1', 2, 'week', 19, 4, '05:58:00'),
('O1', 2, 'week', 19, 5, '05:51:00'),
('O1', 2, 'week', 19, 6, '05:38:00'),
('O1', 2, 'week', 19, 7, '05:35:00'),
('O1', 2, 'week', 19, 8, '05:26:00'),
('O1', 2, 'week', 19, 9, '05:22:00'),
('O1', 2, 'week', 19, 10, '05:19:00'),
('O1', 2, 'week', 19, 11, '05:15:00'),
('O1', 2, 'week', 19, 12, '05:01:00'),
('O1', 2, 'week', 19, 13, '05:00:00'),
('O1', 2, 'week', 20, 1, '07:35:00'),
('O1', 2, 'week', 20, 2, '07:20:00'),
('O1', 2, 'week', 20, 3, '07:10:00'),
('O1', 2, 'week', 20, 4, '07:04:00'),
('O1', 2, 'week', 20, 5, '06:55:00'),
('O1', 2, 'week', 20, 6, '06:42:00'),
('O1', 2, 'week', 20, 7, '06:39:00'),
('O1', 2, 'week', 20, 8, '06:30:00'),
('O1', 2, 'week', 20, 9, '06:25:00'),
('O1', 2, 'week', 20, 10, '06:22:00'),
('O1', 2, 'week', 20, 11, '06:17:00'),
('O1', 2, 'week', 20, 12, '06:02:00'),
('O1', 2, 'week', 20, 13, '06:00:00'),
('O1', 2, 'week', 21, 1, '09:01:00'),
('O1', 2, 'week', 21, 2, '08:47:00'),
('O1', 2, 'week', 21, 3, '08:37:00'),
('O1', 2, 'week', 21, 4, '08:31:00'),
('O1', 2, 'week', 21, 5, '08:23:00'),
('O1', 2, 'week', 21, 6, '08:10:00'),
('O1', 2, 'week', 21, 7, '08:07:00'),
('O1', 2, 'week', 21, 8, '07:58:00'),
('O1', 2, 'week', 21, 9, '07:53:00'),
('O1', 2, 'week', 21, 10, '07:50:00'),
('O1', 2, 'week', 21, 11, '07:45:00'),
('O1', 2, 'week', 21, 12, '07:31:00'),
('O1', 2, 'week', 21, 13, '07:30:00'),
('O1', 2, 'week', 22, 1, '09:44:00'),
('O1', 2, 'week', 22, 2, '09:30:00'),
('O1', 2, 'week', 22, 3, '09:20:00'),
('O1', 2, 'week', 22, 4, '09:14:00'),
('O1', 2, 'week', 22, 5, '09:06:00'),
('O1', 2, 'week', 22, 6, '08:53:00'),
('O1', 2, 'week', 22, 7, '08:50:00'),
('O1', 2, 'week', 22, 8, '08:41:00'),
('O1', 2, 'week', 22, 9, '08:37:00'),
('O1', 2, 'week', 22, 10, '08:34:00'),
('O1', 2, 'week', 22, 11, '08:30:00'),
('O1', 2, 'week', 22, 12, '08:16:00'),
('O1', 2, 'week', 22, 13, '08:15:00'),
('O1', 2, 'week', 23, 1, '12:32:00'),
('O1', 2, 'week', 23, 2, '12:20:00'),
('O1', 2, 'week', 23, 3, '12:10:00'),
('O1', 2, 'week', 23, 4, '12:04:00'),
('O1', 2, 'week', 23, 5, '11:56:00'),
('O1', 2, 'week', 23, 6, '11:43:00'),
('O1', 2, 'week', 23, 7, '11:40:00'),
('O1', 2, 'week', 23, 8, '11:29:00'),
('O1', 2, 'week', 23, 9, '11:25:00'),
('O1', 2, 'week', 23, 10, '11:22:00'),
('O1', 2, 'week', 23, 11, '11:17:00'),
('O1', 2, 'week', 23, 12, '11:02:00'),
('O1', 2, 'week', 23, 13, '11:00:00'),
('O1', 2, 'week', 24, 1, '14:31:00'),
('O1', 2, 'week', 24, 2, '14:19:00'),
('O1', 2, 'week', 24, 3, '14:09:00'),
('O1', 2, 'week', 24, 4, '14:03:00'),
('O1', 2, 'week', 24, 5, '13:55:00'),
('O1', 2, 'week', 24, 6, '13:42:00'),
('O1', 2, 'week', 24, 7, '13:39:00'),
('O1', 2, 'week', 24, 8, '13:30:00'),
('O1', 2, 'week', 24, 9, '13:26:00'),
('O1', 2, 'week', 24, 10, '13:23:00'),
('O1', 2, 'week', 24, 11, '13:19:00'),
('O1', 2, 'week', 24, 12, '13:02:00'),
('O1', 2, 'week', 24, 13, '13:00:00'),
('O1', 2, 'week', 25, 1, '17:05:00'),
('O1', 2, 'week', 25, 2, '16:52:00'),
('O1', 2, 'week', 25, 3, '16:42:00'),
('O1', 2, 'week', 25, 4, '16:36:00'),
('O1', 2, 'week', 25, 5, '16:27:00'),
('O1', 2, 'week', 25, 6, '16:14:00'),
('O1', 2, 'week', 25, 7, '16:11:00'),
('O1', 2, 'week', 25, 8, '16:01:00'),
('O1', 2, 'week', 25, 9, '15:57:00'),
('O1', 2, 'week', 25, 10, '15:54:00'),
('O1', 2, 'week', 25, 11, '15:49:00'),
('O1', 2, 'week', 25, 12, '15:32:00'),
('O1', 2, 'week', 25, 13, '15:30:00'),
('O1', 2, 'week', 26, 1, '18:05:00'),
('O1', 2, 'week', 26, 2, '17:53:00'),
('O1', 2, 'week', 26, 3, '17:43:00'),
('O1', 2, 'week', 26, 4, '17:37:00'),
('O1', 2, 'week', 26, 5, '17:29:00'),
('O1', 2, 'week', 26, 6, '17:16:00'),
('O1', 2, 'week', 26, 7, '17:13:00'),
('O1', 2, 'week', 26, 8, '17:03:00'),
('O1', 2, 'week', 26, 9, '16:59:00'),
('O1', 2, 'week', 26, 10, '16:56:00'),
('O1', 2, 'week', 26, 11, '16:51:00'),
('O1', 2, 'week', 26, 12, '16:32:00'),
('O1', 2, 'week', 26, 13, '16:30:00'),
('O1', 2, 'week', 27, 1, '19:14:00'),
('O1', 2, 'week', 27, 2, '19:03:00'),
('O1', 2, 'week', 27, 3, '18:54:00'),
('O1', 2, 'week', 27, 4, '18:48:00'),
('O1', 2, 'week', 27, 5, '18:40:00'),
('O1', 2, 'week', 27, 6, '18:28:00'),
('O1', 2, 'week', 27, 7, '18:25:00'),
('O1', 2, 'week', 27, 8, '18:16:00'),
('O1', 2, 'week', 27, 9, '18:12:00'),
('O1', 2, 'week', 27, 10, '18:10:00'),
('O1', 2, 'week', 27, 11, '18:06:00'),
('O1', 2, 'week', 27, 12, '17:47:00'),
('O1', 2, 'week', 27, 13, '17:45:00'),
('O1', 2, 'week', 28, 1, '20:11:00'),
('O1', 2, 'week', 28, 2, '20:00:00'),
('O1', 2, 'week', 28, 3, '19:51:00'),
('O1', 2, 'week', 28, 4, '19:45:00'),
('O1', 2, 'week', 28, 5, '19:37:00'),
('O1', 2, 'week', 28, 6, '19:25:00'),
('O1', 2, 'week', 28, 7, '19:22:00'),
('O1', 2, 'week', 28, 8, '19:13:00'),
('O1', 2, 'week', 28, 9, '19:09:00'),
('O1', 2, 'week', 28, 10, '19:07:00'),
('O1', 2, 'week', 28, 11, '19:03:00'),
('O1', 2, 'week', 28, 12, '18:47:00'),
('O1', 2, 'week', 28, 13, '18:45:00'),
('O1', 2, 'weekend', 29, 1, '07:12:00'),
('O1', 2, 'weekend', 29, 2, '07:02:00'),
('O1', 2, 'weekend', 29, 3, '06:52:00'),
('O1', 2, 'weekend', 29, 4, '06:46:00'),
('O1', 2, 'weekend', 29, 5, '06:38:00'),
('O1', 2, 'weekend', 29, 6, '06:25:00'),
('O1', 2, 'weekend', 29, 7, '06:22:00'),
('O1', 2, 'weekend', 29, 8, '06:13:00'),
('O1', 2, 'weekend', 29, 9, '06:08:00'),
('O1', 2, 'weekend', 29, 10, '06:05:00'),
('O1', 2, 'weekend', 29, 11, '06:00:00'),
('O1', 2, 'weekend', 29, 12, '05:46:00'),
('O1', 2, 'weekend', 29, 13, '05:45:00'),
('O1', 2, 'weekend', 30, 1, '09:11:00'),
('O1', 2, 'weekend', 30, 2, '09:00:00'),
('O1', 2, 'weekend', 30, 3, '08:50:00'),
('O1', 2, 'weekend', 30, 4, '08:44:00'),
('O1', 2, 'weekend', 30, 5, '08:36:00'),
('O1', 2, 'weekend', 30, 6, '08:23:00'),
('O1', 2, 'weekend', 30, 7, '08:20:00'),
('O1', 2, 'weekend', 30, 8, '08:11:00'),
('O1', 2, 'weekend', 30, 9, '08:07:00'),
('O1', 2, 'weekend', 30, 10, '08:04:00'),
('O1', 2, 'weekend', 30, 11, '07:59:00'),
('O1', 2, 'weekend', 30, 12, '07:46:00'),
('O1', 2, 'weekend', 30, 13, '07:45:00'),
('O1', 2, 'weekend', 31, 1, '11:14:00'),
('O1', 2, 'weekend', 31, 2, '11:03:00'),
('O1', 2, 'weekend', 31, 3, '10:53:00'),
('O1', 2, 'weekend', 31, 4, '10:46:00'),
('O1', 2, 'weekend', 31, 5, '10:38:00'),
('O1', 2, 'weekend', 31, 6, '10:25:00'),
('O1', 2, 'weekend', 31, 7, '10:21:00'),
('O1', 2, 'weekend', 31, 8, '10:12:00'),
('O1', 2, 'weekend', 31, 9, '10:08:00'),
('O1', 2, 'weekend', 31, 10, '10:05:00'),
('O1', 2, 'weekend', 31, 11, '10:00:00'),
('O1', 2, 'weekend', 31, 12, '09:46:00'),
('O1', 2, 'weekend', 31, 13, '09:45:00'),
('O1', 2, 'weekend', 32, 1, '13:08:00'),
('O1', 2, 'weekend', 32, 2, '12:58:00'),
('O1', 2, 'weekend', 32, 3, '12:48:00'),
('O1', 2, 'weekend', 32, 4, '12:42:00'),
('O1', 2, 'weekend', 32, 5, '12:35:00'),
('O1', 2, 'weekend', 32, 6, '12:22:00'),
('O1', 2, 'weekend', 32, 7, '12:19:00'),
('O1', 2, 'weekend', 32, 8, '12:10:00'),
('O1', 2, 'weekend', 32, 9, '12:06:00'),
('O1', 2, 'weekend', 32, 10, '12:04:00'),
('O1', 2, 'weekend', 32, 11, '12:00:00'),
('O1', 2, 'weekend', 32, 12, '11:46:00'),
('O1', 2, 'weekend', 32, 13, '11:45:00'),
('O1', 2, 'weekend', 33, 1, '15:10:00'),
('O1', 2, 'weekend', 33, 2, '15:00:00'),
('O1', 2, 'weekend', 33, 3, '14:50:00'),
('O1', 2, 'weekend', 33, 4, '14:44:00'),
('O1', 2, 'weekend', 33, 5, '14:37:00'),
('O1', 2, 'weekend', 33, 6, '14:24:00'),
('O1', 2, 'weekend', 33, 7, '14:21:00'),
('O1', 2, 'weekend', 33, 8, '14:12:00'),
('O1', 2, 'weekend', 33, 9, '14:08:00'),
('O1', 2, 'weekend', 33, 10, '14:05:00'),
('O1', 2, 'weekend', 33, 11, '14:00:00'),
('O1', 2, 'weekend', 33, 12, '13:46:00'),
('O1', 2, 'weekend', 33, 13, '13:45:00'),
('O1', 2, 'weekend', 34, 1, '17:10:00'),
('O1', 2, 'weekend', 34, 2, '16:59:00'),
('O1', 2, 'weekend', 34, 3, '16:50:00'),
('O1', 2, 'weekend', 34, 4, '16:44:00'),
('O1', 2, 'weekend', 34, 5, '16:36:00'),
('O1', 2, 'weekend', 34, 6, '16:24:00'),
('O1', 2, 'weekend', 34, 7, '16:21:00'),
('O1', 2, 'weekend', 34, 8, '16:12:00'),
('O1', 2, 'weekend', 34, 9, '16:08:00'),
('O1', 2, 'weekend', 34, 10, '16:05:00'),
('O1', 2, 'weekend', 34, 11, '16:00:00'),
('O1', 2, 'weekend', 34, 12, '15:46:00'),
('O1', 2, 'weekend', 34, 13, '15:45:00'),
('O1', 2, 'weekend', 35, 1, '19:14:00'),
('O1', 2, 'weekend', 35, 2, '19:03:00'),
('O1', 2, 'weekend', 35, 3, '18:53:00'),
('O1', 2, 'weekend', 35, 4, '18:47:00'),
('O1', 2, 'weekend', 35, 5, '18:38:00'),
('O1', 2, 'weekend', 35, 6, '18:25:00'),
('O1', 2, 'weekend', 35, 7, '18:22:00'),
('O1', 2, 'weekend', 35, 8, '18:13:00'),
('O1', 2, 'weekend', 35, 9, '18:09:00'),
('O1', 2, 'weekend', 35, 10, '18:06:00'),
('O1', 2, 'weekend', 35, 11, '18:01:00'),
('O1', 2, 'weekend', 35, 12, '17:47:00'),
('O1', 2, 'weekend', 35, 13, '17:45:00'),
('O1', 2, 'weekend', 36, 1, '20:47:00'),
('O1', 2, 'weekend', 36, 2, '20:38:00'),
('O1', 2, 'weekend', 36, 3, '20:29:00'),
('O1', 2, 'weekend', 36, 4, '20:23:00'),
('O1', 2, 'weekend', 36, 5, '20:16:00'),
('O1', 2, 'weekend', 36, 6, '20:04:00'),
('O1', 2, 'weekend', 36, 7, '20:01:00'),
('O1', 2, 'weekend', 36, 8, '19:53:00'),
('O1', 2, 'weekend', 36, 9, '19:50:00'),
('O1', 2, 'weekend', 36, 10, '19:47:00'),
('O1', 2, 'weekend', 36, 11, '19:44:00'),
('O1', 2, 'weekend', 36, 12, '19:31:00'),
('O1', 2, 'weekend', 36, 13, '19:30:00');

-- --------------------------------------------------------

--
-- Table structure for table `comptes_gestion`
--

CREATE TABLE `comptes_gestion` (
  `annee` year(4) NOT NULL,
  `date_from` date NOT NULL,
  `date_to` date NOT NULL,
  `observations` text NOT NULL
) ENGINE=InnoDB DEFAULT CHARSET=utf8;

--
-- Dumping data for table `comptes_gestion`
--

INSERT INTO `comptes_gestion` (`annee`, `date_from`, `date_to`, `observations`) VALUES
('2017', '2017-01-01', '2017-12-31', 'Déclaration initiale modifiée : \r\nIntérêt financier CA : TR=13818€ correspond a Bernard + Dominique + Pierre Tanguy sur la même déclaration. Pierre Tanguy à TR=7648€\r\nFacture des billets de voyages non retrouvé donc non mentionné. Taxe et impôt : 2005 € =  20 844 € (cumul imposable 2017 P. Tanguy) x 9,62% (=pourcentage de la feuille d’impôts des parents.)'),
('2018', '2018-01-01', '2018-12-31', 'Il y a moins de prélèvements sur le compte de Pierre Tanguy cette année de la part des curateurs.\r\nImpôts et taxe de Bernard + Dominique + Pierre Tanguy = 0€  sur 2019 (année de transition). Donc pas de déclaration d\'impôts et taxe pour Pierre Tanguy.\r\nPrudence créole m\'a transmit seulement les justificatifs 2017 et pas 2018 pour les dépenses de santé.'),
('2019', '2019-01-01', '2019-02-19', 'Déclaration sur 1 mois et demi sur 2019.\r\nÉvolution seulement du compte bancaire DAV sur 1 mois et demi.');

-- --------------------------------------------------------

--
-- Table structure for table `comptes_gestion_montant`
--

CREATE TABLE `comptes_gestion_montant` (
  `id_compte` int(11) NOT NULL,
  `fin_annee` year(4) NOT NULL,
  `montant` decimal(10,2) NOT NULL
) ENGINE=InnoDB DEFAULT CHARSET=utf8;

--
-- Dumping data for table `comptes_gestion_montant`
--

INSERT INTO `comptes_gestion_montant` (`id_compte`, `fin_annee`, `montant`) VALUES
(4, '2016', 288.79),
(4, '2017', 7583.96),
(4, '2018', 35929.60),
(4, '2019', 39696.16),
(10, '2016', 305.39),
(10, '2017', 305.39),
(10, '2018', 306.70),
(10, '2019', 306.70),
(16, '2016', 111.25),
(16, '2017', 111.25),
(16, '2018', 112.08),
(16, '2019', 112.08),
(22, '2016', 10.17),
(22, '2017', 10.17),
(22, '2018', 10.21),
(22, '2019', 10.21),
(47, '2016', 180672.35),
(47, '2017', 183855.49),
(47, '2018', 186895.87),
(47, '2019', 186895.87),
(52, '2016', 23882.06),
(52, '2017', 24432.54),
(52, '2018', 24583.67),
(52, '2019', 24583.67);

-- --------------------------------------------------------

--
-- Table structure for table `comptes_gestion_operations`
--

CREATE TABLE `comptes_gestion_operations` (
  `id_operation` int(11) NOT NULL,
  `id_type` int(11) NOT NULL,
  `date` date NOT NULL,
  `montant` decimal(6,2) NOT NULL,
  `explication` text NOT NULL
) ENGINE=InnoDB DEFAULT CHARSET=utf8;

--
-- Dumping data for table `comptes_gestion_operations`
--

INSERT INTO `comptes_gestion_operations` (`id_operation`, `id_type`, `date`, `montant`, `explication`) VALUES
(1, 9, '2017-01-01', 480.00, 'Janvier 2017'),
(2, 9, '2017-02-01', 480.00, 'Février 2017'),
(3, 9, '2017-03-01', 480.00, 'Mars 2017'),
(4, 9, '2017-04-01', 480.00, 'Avril 2017'),
(5, 9, '2017-05-01', 480.00, 'Mai 2017'),
(6, 9, '2017-06-01', 480.00, 'Juin 2017'),
(7, 9, '2017-07-01', 480.00, 'Juillet 2017'),
(8, 9, '2017-08-01', 480.00, 'Août 2017'),
(9, 9, '2017-09-01', 480.00, 'Septembre 2017'),
(10, 9, '2017-10-01', 480.00, 'Octobre 2017'),
(11, 9, '2017-11-01', 480.00, 'Novembre 2017'),
(12, 9, '2017-12-01', 480.00, 'Décembre 2017'),
(13, 9, '2018-01-01', 480.00, 'Janvier 2018'),
(14, 9, '2018-02-01', 480.00, 'Février 2018'),
(15, 9, '2018-03-01', 480.00, 'Mars 2018'),
(16, 9, '2018-04-01', 480.00, 'Avril 2018'),
(17, 9, '2018-05-01', 480.00, 'Mai 2018'),
(18, 9, '2018-06-01', 480.00, 'Juin 2018'),
(19, 9, '2018-07-01', 480.00, 'Juillet 2018'),
(20, 9, '2018-08-01', 480.00, 'Août 2018'),
(21, 9, '2018-09-01', 480.00, 'Septembre 2018'),
(22, 9, '2018-10-01', 480.00, 'Octobre 2018'),
(23, 9, '2018-11-01', 480.00, 'Novembre 2018'),
(24, 9, '2018-12-01', 480.00, 'Décembre 2018'),
(25, 9, '2019-01-01', 480.00, 'Janvier 2019'),
(26, 1, '2017-01-01', 1781.06, 'Janvier 2017'),
(27, 1, '2017-02-01', 1781.06, 'Février 2017'),
(28, 1, '2017-03-01', 1781.06, 'Mars 2017'),
(29, 1, '2017-04-01', 1777.45, 'Avril 2017'),
(30, 1, '2017-05-01', 1777.45, 'Mai 2017'),
(31, 1, '2017-06-01', 1777.45, 'Juin 2017'),
(32, 1, '2017-07-01', 1777.45, 'Juillet 2017'),
(33, 1, '2017-08-01', 1777.45, 'Août 2017'),
(34, 1, '2017-09-01', 1777.45, 'Septembre 2017'),
(35, 1, '2017-10-01', 1777.45, 'Octobre 2017'),
(36, 1, '2017-11-01', 1777.45, 'Novembre 2017'),
(37, 1, '2017-12-01', 1777.45, 'Décembre 2017'),
(38, 1, '2018-01-01', 1787.83, 'Janvier 2018'),
(39, 1, '2018-02-01', 1787.83, 'Février 2018'),
(40, 1, '2018-03-01', 1787.83, 'Mars 2018'),
(41, 1, '2018-04-01', 1787.83, 'Avril 2018'),
(42, 1, '2018-05-01', 1787.83, 'Mai 2018'),
(43, 1, '2018-06-01', 1787.83, 'Juin 2018'),
(44, 1, '2018-07-01', 1787.83, 'Juillet 2018'),
(45, 1, '2018-08-01', 1787.83, 'Août 2018'),
(46, 1, '2018-09-01', 1787.83, 'Septembre 2018'),
(47, 1, '2018-10-01', 1807.92, 'Octobre 2018'),
(48, 1, '2018-11-01', 2350.26, 'Novembre 2018'),
(49, 1, '2018-12-01', 2350.26, 'Décembre 2018'),
(50, 1, '2019-01-01', 2347.03, 'Janvier 2019'),
(51, 11, '2018-12-31', 4000.00, 'Dépenses annuelles de nourriture'),
(52, 11, '2017-12-31', 4000.00, 'Dépenses annuelles de nourriture'),
(53, 12, '2017-12-31', 1000.00, 'Dépenses annuelles habillement'),
(54, 12, '2018-12-31', 1000.00, 'Dépenses annuelles habillement'),
(55, 7, '2019-01-16', 1000.00, 'Prime Macron de 1000 €'),
(56, 11, '2019-02-19', 400.00, 'Dépenses sur 1 mois 1/2 de nourriture'),
(57, 12, '2019-02-19', 100.00, 'Dépenses sur 1 mois 1/2 habillement'),
(58, 8, '2017-12-31', 7648.00, 'Intérêts financiers 2017'),
(59, 13, '2017-12-31', 2005.00, '14931 € / 155118 € = 9,62%  (revenu de P. Tanguy imposable = 20 844 € x 9,62%)'),
(60, 10, '2017-12-31', 1360.00, 'Participation eau, Electricité, Citalis, Car Jaune'),
(61, 15, '2017-12-31', 1000.00, 'Dépenses inférieures à 500 € l\'unité'),
(62, 16, '2017-12-31', 1000.00, 'Dépenses inférieures à 500 € l\'unité'),
(63, 14, '2017-03-31', 135.33, 'Mutuelle Prudence créole 01/01/2017 au 31/03/2017'),
(64, 10, '2018-12-31', 1360.00, 'Participation eau, Electricité, Citalis, Car Jaune'),
(65, 10, '2020-02-19', 150.00, 'Participation eau, Electricité, Citalis, Car Jaune 1 mois 1/2'),
(66, 8, '2018-12-31', 8056.00, 'Intérêts financiers 2018'),
(67, 16, '2018-12-31', 1000.00, 'Dépenses inférieures à 500 € l\'unité'),
(68, 14, '2017-06-30', 135.33, 'Mutuelle Prudence créole 01/04/2017 au 30/06/2017'),
(69, 14, '2017-09-30', 135.33, 'Mutuelle Prudence créole 01/07/2017 au 30/09/2017'),
(70, 14, '2017-12-31', 135.33, 'Mutuelle Prudence créole 01/10/2017 au 31/12/2017');

-- --------------------------------------------------------

--
-- Table structure for table `comptes_gestion_types`
--

CREATE TABLE `comptes_gestion_types` (
  `id_type` int(11) NOT NULL,
  `nature` varchar(255) NOT NULL,
  `revenu_depense` enum('revenus','depenses') NOT NULL
) ENGINE=InnoDB DEFAULT CHARSET=utf8;

--
-- Dumping data for table `comptes_gestion_types`
--

INSERT INTO `comptes_gestion_types` (`id_type`, `nature`, `revenu_depense`) VALUES
(1, 'Salaires, retraites', 'revenus'),
(2, 'Pensions', 'revenus'),
(3, 'Prestations, allocations', 'revenus'),
(4, 'Loyers', 'revenus'),
(5, 'Produits de vente immobilières', 'revenus'),
(6, 'Remboursements', 'revenus'),
(7, 'Revenus exceptionnels', 'revenus'),
(8, 'Autres', 'revenus'),
(9, 'Frais d\'hébergement', 'depenses'),
(10, 'Charges transports (EDF, eau...)', 'depenses'),
(11, 'Nourriture', 'depenses'),
(12, 'Habillement', 'depenses'),
(13, 'Impôts, taxes', 'depenses'),
(14, 'Santé', 'depenses'),
(15, 'Achats divers (réparation, équipements...)', 'depenses'),
(16, 'Loisirs, voyages, argent de poche', 'depenses'),
(17, 'Remboursement de dettes', 'depenses'),
(18, 'Placements (ex : virement sur compte épargne)', 'depenses'),
(19, 'Autres', 'depenses');

-- --------------------------------------------------------

--
-- Table structure for table `courrier`
--

CREATE TABLE `courrier` (
  `id_courrier` int(11) NOT NULL,
  `date` date NOT NULL,
  `destinataires` mediumtext NOT NULL,
  `corps` mediumtext NOT NULL
) ENGINE=InnoDB DEFAULT CHARSET=utf8;

--
-- Dumping data for table `courrier`
--

INSERT INTO `courrier` (`id_courrier`, `date`, `destinataires`, `corps`) VALUES
(1, '2020-04-25', 'Assurances Le port', '<p>Objet : Contrat No H135270.001K</p>\r\n<p>Bonjour ....</p>'),
(2, '2020-06-01', 'Monsieur le Directeur', '<p>Monsieur le Directeur,</p>\r\n<p>Lorem ipsum dolor sit amet, consectetur adipiscing elit. In rutrum ante magna, sed maximus tortor aliquet eu. Vivamus mattis malesuada nulla in consequat. Proin consequat mi sed tristique pulvinar. Suspendisse vulputate id magna vitae interdum. Pellentesque egestas placerat lorem, ac ornare erat semper in. Nullam euismod nulla in neque gravida, non fringilla erat lacinia. Curabitur porta est risus, ut tristique urna rhoncus ac. Curabitur ac leo in turpis scelerisque volutpat.</p>\r\n<p>Maecenas mattis lectus non sollicitudin lacinia. Suspendisse consequat tincidunt nisl eu ullamcorper. Etiam vehicula mi eget dignissim dictum. Maecenas eu tellus tempor lectus volutpat ornare. Ut fermentum accumsan nulla, maximus tincidunt magna vestibulum quis. Maecenas id ipsum in leo ornare feugiat. Sed id dignissim sapien. Suspendisse quis ultricies lacus. Proin tortor leo, tempor at ultricies ac, facilisis et nisi. Nunc volutpat lorem tempor, mattis lectus sed, porttitor felis. Maecenas in sem at lorem laoreet venenatis sed et odio. Quisque nibh massa, commodo in ligula in, accumsan congue elit. Vestibulum molestie tincidunt est, eu fringilla nulla. Vivamus nulla nunc, fermentum eget libero eu, facilisis finibus ante. Phasellus sed nisi tortor. Proin imperdiet consequat ligula.</p>\r\n<p>Nam aliquam est quis turpis vestibulum euismod. Aenean gravida gravida iaculis. Ut commodo, lorem ut convallis pharetra, orci tellus euismod sem, et dapibus purus eros vulputate magna. Fusce at diam non nibh sodales vestibulum. Duis est leo, finibus at est et, ullamcorper porttitor leo. Aenean vel scelerisque magna, sit amet scelerisque nibh. Curabitur sit amet risus erat. Cras felis lacus, euismod ac pulvinar ut, posuere sit amet erat. Etiam auctor blandit odio aliquet placerat. Nam lacinia lacus vitae finibus vehicula. Sed tempus eros sed commodo ornare. Curabitur lectus diam, scelerisque eget nulla eu, laoreet bibendum tortor. Maecenas et orci a justo maximus elementum. Fusce leo orci, iaculis at dictum ac, aliquet eu purus. Nam et urna pretium, malesuada magna vel, aliquet quam. Donec varius, sapien sed dictum pulvinar, ante urna vestibulum elit, id sodales lorem tellus feugiat leo.</p>\r\n<p style=\"text-align: right;\">Isabelle Claite.</p>'),
(3, '2021-03-20', '', '');

-- --------------------------------------------------------

--
-- Table structure for table `creche_contrat`
--

CREATE TABLE `creche_contrat` (
  `id_contrat` int(11) NOT NULL,
  `titre` varchar(255) NOT NULL,
  `contenu` text NOT NULL
) ENGINE=InnoDB DEFAULT CHARSET=utf8;

--
-- Dumping data for table `creche_contrat`
--

INSERT INTO `creche_contrat` (`id_contrat`, `titre`, `contenu`) VALUES
(1, 'Heures d’ouverture, de fermeture et congé annuel.', '<p>La cr&egrave;che est ouverte du lundi au vendredi de 7h&nbsp;&agrave;&nbsp;18h.</p>\r\n<p>Elle est ferm&eacute;e les week-ends, le lundi de P&acirc;ques et les jours f&eacute;ri&eacute;s l&eacute;gaux Mauriciens.</p>\r\n<p>Notre cong&eacute; annuel est fix&eacute; &agrave; partir du 03 jusqu&rsquo;au 15 janvier. Nous profitons de ce cong&eacute; pour la r&eacute;novation de l&rsquo;&eacute;tablissement.</p>'),
(2, 'Adaptation', '<p>La p&eacute;riode d&rsquo;adaptation est indispensable pour chaque nouvel enfant. Cette p&eacute;riode permet &agrave; l&rsquo;enfant de s&rsquo;habituer &agrave; un nouvel encadrement, aux nouveaux visages et ainsi que le rythme de la vie collective.</p>\r\n<p>Dans ce souci, nous proposons aux parents une p&eacute;riode d&rsquo;adaptation de cinq jours maximum qui se d&eacute;roule durant la derni&egrave;re semaine qui pr&eacute;c&egrave;de la date d&rsquo;entr&eacute;e de l&rsquo;enfant. Ceci se fait de mani&egrave;re suivante&nbsp;:</p>\r\n<p>Le 1<sup>er</sup>&nbsp;jour&nbsp;: une heure le matin avec un ou/et des parents. Il s&rsquo;agit surtout de la premi&egrave;re rencontre. Discussion approfondie avec notre personnel &agrave; propos de l&rsquo;enfant, compl&eacute;ter les derniers documents si n&eacute;cessaires, etc.</p>\r\n<p>Le 2<sup>&egrave;me</sup>&nbsp;jour&nbsp;: une heure l&rsquo;apr&egrave;s-midi avec un ou/et des parents.</p>\r\n<p>Le 3<sup>&egrave;me</sup>&nbsp;jour&nbsp;: les parents laissent l&rsquo;enfant seul une matin&eacute;e.</p>\r\n<p>Le 4<sup>&egrave;me</sup>&nbsp;jour&nbsp;: les parents laissent l&rsquo;enfant seul une apr&egrave;s-midi.</p>\r\n<p>Le 5<sup>&egrave;me</sup>&nbsp;jour&nbsp;: les parents laissent l&rsquo;enfant seul toute la journ&eacute;e.</p>\r\n<p>Cette p&eacute;riode d&rsquo;adaptation est enti&egrave;rement gratuite.</p>'),
(3, 'Frais de garderie et d’inscription.', '<p><strong>Frais de cr&egrave;che</strong></p>\r\n<p>Le montant des frais de garderie est un forfait mensuel et toujours payable par anticipation. Il doit donc imp&eacute;rativement &ecirc;tre effectu&eacute; par virement bancaire au compte de la cr&egrave;che avec le nom et pr&eacute;nom de l\'enfant en communication le premier jour ouvrable de chaque mois (nous encourageons cependant que les paiements soient effectu&eacute;s &agrave; partir du 28 de chaque mois et au plus tard le 2).</p>\r\n<p>Afin d&rsquo;&eacute;viter tout retard de paiement, nous vous invitons &agrave; introduire un ordre permanent aupr&egrave;s de votre banque.</p>\r\n<p>Le montant des frais sera augment&eacute; automatiquement <u>au mois de janvier de chaque ann&eacute;e de 5%.</u></p>\r\n<p>La contribution financi&egrave;re couvre la totalit&eacute; des frais de s&eacute;jour,&nbsp;<u>&agrave; l\'exclusion du lait en poudre, des couches, des m&eacute;dicaments, des aliments de r&eacute;gime et des v&ecirc;tements de rechange</u>.</p>\r\n<p><strong>L\'absence de l\'enfant, quelque que soit la cause (maladie, voyage, etc, est sans incidence sur la garderie et ne pourra donner lieu &agrave; aucun report ni cr&eacute;dit.</strong></p>\r\n<p><strong>Frais d&rsquo;inscription, garantie</strong></p>\r\n<p>Afin de garantir la bonne ex&eacute;cution du contrat conclu entre les parents et la cr&egrave;che ainsi que du pr&eacute;sent r&egrave;glement d\'ordre int&eacute;rieur, le frais d&rsquo;inscription sera r&eacute;clam&eacute; aux parents ainsi que la somme de 1 mois de frais de garderie est demand&eacute;e et &agrave; verser au compte de la cr&egrave;che avec le nom et pr&eacute;nom de l\'enfant en communication, &agrave; titre de &laquo;&nbsp;garantie&nbsp;&raquo; lors de l\'inscription de l\'enfant. <strong>Le montant des inscriptions</strong> <strong>n\'est en aucun cas remboursable</strong>.</p>\r\n<p>En cas de probl&egrave;mes m&eacute;dicaux annulant l&rsquo;entr&eacute;e de l&rsquo;enfant en cr&egrave;che, ce montant sera rembours&eacute; &agrave; la date pr&eacute;vue de l&rsquo;entr&eacute;e de l&rsquo;enfant sous pr&eacute;sentation d&rsquo;un certificat m&eacute;dical du m&eacute;decin.</p>\r\n<p><strong><u>13<sup>&egrave;me</sup> Mois </u></strong></p>\r\n<p>Le 13<sup>&egrave;me</sup> mois repr&eacute;sentant le montant d&rsquo;une mensualit&eacute; est payable chaque ann&eacute;e avant le <strong>20 d&eacute;cembre.</strong> Nous vous demandons de respecter ce d&eacute;lai de paiement afin de ne pas perturber le bon fonctionnement de la cr&egrave;che.</p>'),
(4, 'Arrivée et départ, modalités de préavis et résiliation', '<p>L&rsquo;enfant arrivera &agrave; partir de 7h00 le matin&nbsp;et entre&nbsp;12h30&nbsp;et&nbsp;14h00 l&rsquo;apr&egrave;s-midi&nbsp;quand il s&rsquo;agit des mi-temps apr&egrave;s-midi.</p>\r\n<p>L&rsquo;enfant partira au plus tard &agrave; 13h00 si c&rsquo;est une &frac12; journ&eacute;e et &agrave; 18h le soir.</p>\r\n<p>Par respect pour notre personnel, nous vous remercions de&nbsp;<u>respecter strictement ces horaires</u>.</p>\r\n<p>Le non-respect&nbsp;r&eacute;p&eacute;titif&nbsp;de ces heures met fin automatiquement &agrave; l&rsquo;inscription de l&rsquo;enfant &agrave; la cr&egrave;che sans aucun pr&eacute;avis et ni indemnit&eacute;.</p>\r\n<p>Les parents peuvent mettre fin &agrave; la garde de l\'enfant moyennant le respect d\'un pr&eacute;avis de 2 mois prenant cours le mois qui suit. Le pr&eacute;avis par lettre recommand&eacute;e doit parvenir &agrave; la direction avant le 1<sup>er</sup>&nbsp;jour ouvrable du mois de pr&eacute;avis.</p>\r\n<p>Cr&egrave;che Attitude conserve le droit de r&eacute;silier ce pr&eacute;sent contrat sans pr&eacute;avis, ni indemnit&eacute; dans des cas suivants&nbsp;:</p>\r\n<ul>\r\n<li>En cas de retard de paiement. La r&eacute;siliation aura effet &agrave; la fin du mois en cours par simple lettre de la direction.</li>\r\n<li>En cas de retard pour plus de trois fois sur le mois dans la reprise de l&rsquo;enfant. La r&eacute;siliation aura &eacute;galement &agrave; la fin du mois en cours par simple lettre de la direction.</li>\r\n</ul>'),
(5, 'Garderie en cas de maladie.', '<p>Lorsqu\'un enfant est malade ou ne vient pas, les parents sont pri&eacute;s de nous avertir.</p>\r\n<p>En cas de maladie contagieuse ou de fi&egrave;vre sup&eacute;rieure &agrave; 38,5&deg;c, votre enfant ne sera plus accept&eacute; dans la cr&egrave;che par souci du respect de la sant&eacute; des autres enfants. Dans ce cas, les parents seront pr&eacute;venus imm&eacute;diatement et l&rsquo;enfant sera r&eacute;cup&eacute;r&eacute; par les parents au plus vite.</p>\r\n<p>Un enfant malade peut &ecirc;tre accept&eacute; &agrave; condition qu&rsquo;un certificat m&eacute;dical du m&eacute;decin, atteste qu&rsquo;il n&rsquo;est pas source de danger pour les autres enfants gard&eacute;s.</p>\r\n<p>Toute prise de m&eacute;dicaments (sans exception) se fera exclusivement par les parents.</p>\r\n<p>En cas d&rsquo;urgence, votre enfant sera transport&eacute; soit par nos responsables ou soit par l&rsquo;ambulance (&agrave; la charge des parents) &agrave; la clinique / h&ocirc;pital le plus proche.</p>'),
(6, 'Sécurité', '<p>Pour des raisons &eacute;videntes de s&eacute;curit&eacute;, l&rsquo;ouverture des portes de nos locaux ne peut se faire que par notre personnel.</p>\r\n<p>Nous prions les parents de bien vouloir patienter devant la porte. Les pu&eacute;ricultrices vous ouvriront la porte d&egrave;s qu&rsquo;elles terminent le travail en cours.</p>\r\n<p>Votre enfant sera remis &agrave; la pr&eacute;sence d&rsquo;un des deux parents.</p>\r\n<p>Cr&egrave;che Attitude ne sera en aucun cas tenue pour responsable des &eacute;ventuels conflits concernant la garde de l&rsquo;enfant des cas de divorce, de s&eacute;paration ou autres probl&egrave;mes.</p>\r\n<p>Si une tierce personne que les parents doit venir chercher l&rsquo;enfant. Les parents doivent nous avertir au plus tard le matin du jour m&ecirc;me et nous fournir une photocopie de la pi&egrave;ce d&rsquo;identit&eacute; de cette personne. S&rsquo;il s&rsquo;agit toujours de la m&ecirc;me personne, les parents peuvent nous fournir une autorisation g&eacute;n&eacute;rale accompagn&eacute;e d&rsquo;une photocopie d&rsquo;une pi&egrave;ce d&rsquo;identit&eacute; de cette personne. Au moment venu, les parents doivent simplement signaler lors qu&rsquo;ils viennent d&eacute;poser l&rsquo;enfant le matin.</p>'),
(7, 'Obligation et responsabilité civile de la crèche.', '<p>En cas d&rsquo;accident &agrave; la cr&egrave;che, celle-ci est couverte par une assurance accident couvrant les heures pass&eacute;es &agrave; la cr&egrave;che.</p>\r\n<p>La direction s&rsquo;engage &agrave; mettre les parents au courant du d&eacute;veloppement de l&rsquo;enfant.</p>\r\n<p>Les parents ont acc&egrave;s &agrave; toutes les pi&egrave;ces du local et peuvent les visiter &agrave; tout moment durant la pr&eacute;sence de leur enfant &agrave; la cr&egrave;che. Mais ceci ne peut se faire dans le respect de la tranquillit&eacute; des autres enfants. Les parents s&rsquo;engagent &eacute;galement &agrave; respecter l&rsquo;hygi&egrave;ne de la cr&egrave;che.</p>'),
(8, 'Réclamations', '<p>Toute plainte ou r&eacute;clamation doit &ecirc;tre introduite aupr&egrave;s de la direction de la Cr&egrave;che Attitude, Mademoiselle Isabelle CLAITE.&nbsp;&nbsp;&nbsp;&nbsp;&nbsp;</p>'),
(9, 'Inscription', '<p>La premi&egrave;re visite se fait uniquement sur rendez-vous.</p>\r\n<p>Apr&egrave;s avoir visit&eacute; la cr&egrave;che et ayant pris connaissance concernant le fonctionnement de la cr&egrave;che, tout parent qui d&eacute;sire inscrire son enfant dans notre cr&egrave;che doit remplir et signer la fiche d&rsquo;inscription et le pr&eacute;sent contrat. Lors de l&rsquo;inscription, les parents doivent nous remettre un rapport m&eacute;dical par le p&eacute;diatre traitant certifiant l&rsquo;&eacute;tat de sant&eacute; de l&rsquo;enfant. Afin de finaliser l&rsquo;inscription, les parents doivent &eacute;galement verser la garantie mentionn&eacute;e dans l&rsquo;article 3 cit&eacute; plus haut ainsi que le premier mois.</p>\r\n<p>D&egrave;s r&eacute;ception du contrat sign&eacute; et le versement, nous enverrons la confirmation de l&rsquo;inscription de l&rsquo;enfant par mail ou courrier aux parents.</p>\r\n<p>La signature d&rsquo;un des deux parents rend ce contrat valable.</p>\r\n<p>La date d&rsquo;entr&eacute;e de l&rsquo;enfant ne peut &ecirc;tre report&eacute;e qu&rsquo;une seule fois.</p>');

-- --------------------------------------------------------

--
-- Table structure for table `creche_documents`
--

CREATE TABLE `creche_documents` (
  `id_creche_document` int(11) NOT NULL,
  `nom` varchar(100) NOT NULL,
  `file` varchar(100) NOT NULL
) ENGINE=InnoDB DEFAULT CHARSET=utf8;

--
-- Dumping data for table `creche_documents`
--

INSERT INTO `creche_documents` (`id_creche_document`, `nom`, `file`) VALUES
(1, 'SCHOOL CALENDAR 2020', 'SCHOOL CALENDAR 2020.docx');

-- --------------------------------------------------------

--
-- Table structure for table `creche_enfants`
--

CREATE TABLE `creche_enfants` (
  `id_enfant` int(11) NOT NULL,
  `nom` varchar(50) NOT NULL,
  `prenom` varchar(50) DEFAULT NULL,
  `prenom_usuel` varchar(50) DEFAULT NULL,
  `nationalite` varchar(50) DEFAULT NULL,
  `sexe` enum('M','F') DEFAULT NULL,
  `dob` date DEFAULT NULL,
  `age` varchar(5) DEFAULT NULL,
  `religion` varchar(50) DEFAULT NULL,
  `autorisation_publication_photos` tinyint(1) NOT NULL,
  `date_in` date DEFAULT NULL,
  `date_out` date DEFAULT NULL,
  `vaccination` enum('OUI','NON') DEFAULT NULL,
  `allergie` enum('OUI','NON') DEFAULT NULL,
  `nom_du_pediatre` varchar(50) DEFAULT NULL,
  `id_parent` int(11) DEFAULT NULL,
  `remarques` varchar(255) DEFAULT NULL,
  `frais_inscription` int(11) DEFAULT NULL,
  `mensualites` int(11) DEFAULT NULL,
  `jours` varchar(50) DEFAULT NULL,
  `horaires` varchar(50) DEFAULT NULL,
  `type` enum('Creche','After School') DEFAULT NULL,
  `documents` varchar(255) DEFAULT NULL,
  `remarques_de_la_direction` varchar(255) DEFAULT NULL
) ENGINE=InnoDB DEFAULT CHARSET=utf8;

--
-- Dumping data for table `creche_enfants`
--

INSERT INTO `creche_enfants` (`id_enfant`, `nom`, `prenom`, `prenom_usuel`, `nationalite`, `sexe`, `dob`, `age`, `religion`, `autorisation_publication_photos`, `date_in`, `date_out`, `vaccination`, `allergie`, `nom_du_pediatre`, `id_parent`, `remarques`, `frais_inscription`, `mensualites`, `jours`, `horaires`, `type`, `documents`, `remarques_de_la_direction`) VALUES
(1, 'AMI', 'Grisha Grigory', 'Grisha', 'Mauricienne . Russe', 'M', '2017-04-25', '2 ANS', 'Orthodox', 0, '2019-05-02', '2019-12-31', 'OUI', 'OUI', 'Dr Jutton', 1, 'Is not allow to eat any sweets, chocolates, any sugar containing foods, biscuits, juices in packs etc..', 5000, 5200, '31', '07 à 18 hrs', 'Creche', 'OK', 'Promo pas de bonus payable la 1ere annee'),
(2, 'BOODIAH', 'Héloise Lily-Rose', 'Héloise', 'Mauricienne', 'F', '2017-10-06', '18 M', 'Catholique', 0, '2019-05-02', '2020-09-30', 'OUI', 'NON', 'Dr Jutton', 2, 'RAS', 5000, 5200, '31', '8 à 18 hrs', 'Creche', 'certificat médicale manquant', NULL),
(3, 'PIANY', 'Marie Emmanuel Justin Lee', 'Justin', 'Mauricienne', 'M', '2018-11-08', '6 M', 'Catholique', 0, '2019-05-02', NULL, 'OUI', 'NON', 'Dr Jutton', 12, 'SOUFFRE D\'ECXEMA', 6500, 5000, '31', '8 à 18 hrs', 'Creche', 'OK', NULL),
(4, 'PERMAL', 'Neil', 'Neil', 'Mauricienne', 'M', '2017-05-08', '2 ANS', 'hindou', 0, '2019-06-06', '2019-12-31', 'OUI', 'NON', 'Dr Poorun', 10, 'RAS', 5000, 2700, '21', '8 à 18 hrs', 'Creche', 'OK', 'Promo pas de bonus payable la 1ere annee'),
(5, 'JEANNE', 'Miguel', 'Miguel', 'Franco / Mauricien', 'M', '2017-04-12', '3 moi', 'Catholique', 0, '2019-07-30', NULL, 'OUI', 'NON', NULL, 5, NULL, 0, 0, '0', NULL, 'Creche', NULL, NULL),
(6, 'LAMBOURG', 'Mathias', 'Mathias', 'Franco / Mauricien', 'M', '2017-11-27', '2 ANS', 'Chrétien', 0, '2019-11-12', '2020-12-31', 'OUI', 'NON', 'Dr Toofany Oomesh', 7, 'RAS', 6000, 5500, '31', '7hr à 18 hrs', 'Creche', 'OK', NULL),
(7, 'PHOKEER', 'Keziah Shankar Charlie', 'Charlie', 'Franco / Mauricien', 'M', '2019-04-15', '9 M', 'Catholique / hindou', 0, '2019-11-13', NULL, 'OUI', 'NON', 'Dr Joomaye', 11, 'RAS', 6000, 0, '12', '08 à 15hrs 30', 'Creche', 'OK', NULL),
(8, 'PARFAIT', 'Zoé', 'Zoé', 'Mauricienne', 'F', '2019-09-26', '4 M', 'Catholique', 0, '2020-02-03', NULL, 'OUI', 'NON', 'Dr Ramdhun', 9, 'RAS', 6500, 5775, '31', '08 à 17H30', 'Creche', 'OK', 'n/a'),
(9, 'REDOUBLE', 'Yann', 'Yann', 'Franco / Mauricien', 'M', '2017-05-31', '2 ANS', 'Catholique', 0, '2019-11-15', '2020-07-31', 'OUI', 'NON', 'Dr Nekitsing', 13, 'HYPERACTIF ET TURBULENT , CRIE BEACOUP ET FRAPPE LES AUTRES', 6000, 5500, '31', '8 à 18 hrs', 'Creche', 'OK', 'n/a'),
(10, 'd\'AVOINE', 'Eva Marie Hope', 'Eva', 'Mauricienne', 'F', '2018-01-18', NULL, 'Catholique', 0, '2020-02-03', NULL, 'OUI', 'NON', 'DR Y Neetoo', 3, 'RAS', 6500, 5775, '127', '8 à 17 hrs', 'Creche', 'OK', 'n/a'),
(11, 'GOBIN', 'Micah', 'Micah', 'Mauricienne', 'F', '2018-06-24', '20 M', NULL, 0, '2020-03-02', '2020-12-31', 'OUI', 'NON', NULL, 4, NULL, 0, 0, '31', '9 à 17 hrs', 'Creche', NULL, 'Contrat pas remis encore'),
(12, 'KERNEUR', 'Amy', 'Amy', 'Francaise', 'F', '2020-01-05', '3 moi', NULL, 0, '2020-06-18', '2022-06-30', 'OUI', 'NON', NULL, 6, NULL, 6500, 3885, '126', '10 à 17 hrs', 'Creche', '3 jours / semaine', 'n/a'),
(13, 'SIBILANT', 'Mathias', 'Mathias', 'Mauricienne', 'M', '2019-02-09', '16 mo', NULL, 0, '2020-07-06', NULL, 'OUI', 'NON', NULL, NULL, NULL, 6500, NULL, '0', '11 à 17 hrs', 'Creche', '2 jours / semaine', 'n/a'),
(14, 'MARIE', 'Chloe', 'Chloe', 'Mauricienne', 'F', '2019-02-12', '12 M', 'Catholique', 0, '2020-03-02', '2020-03-31', 'OUI', 'NON', NULL, 8, 'RAS', 6500, 5775, '31', '12 à 17 hrs', 'Creche', 'Contrat pas retourner', 'Départ de la crèche, suite COVID-19'),
(15, 'MALININE', 'Noémie', 'Noémie', 'Franco / Mauricien', 'F', NULL, NULL, 'n/a', 0, NULL, NULL, NULL, 'NON', NULL, 14, NULL, NULL, NULL, '0', NULL, 'After School', NULL, NULL),
(16, 'MALININE', 'Théa', 'Théa', 'Franco / Mauricien', 'F', NULL, NULL, 'n/a', 0, NULL, NULL, NULL, 'NON', NULL, 14, NULL, NULL, NULL, '0', NULL, 'After School', NULL, NULL),
(17, 'DE SAINT PHILIPPE DESPLACE', 'Camélia', 'Camélia', 'Mauricienne', 'F', NULL, NULL, 'Catholique', 0, NULL, NULL, NULL, 'NON', NULL, 15, NULL, NULL, NULL, '0', NULL, 'After School', NULL, NULL),
(18, 'GRENADE', 'Zoey', 'Zoey', 'Mauricienne', 'F', NULL, NULL, 'Catholique', 0, NULL, NULL, NULL, 'NON', NULL, 16, NULL, NULL, NULL, '0', NULL, 'After School', NULL, NULL),
(19, 'GRENADE', 'Marie Angélique Emma', 'Emma', 'Mauricienne', 'F', NULL, NULL, 'Catholique', 0, NULL, NULL, NULL, 'NON', NULL, 16, NULL, NULL, NULL, '0', NULL, 'After School', NULL, NULL),
(20, 'ROCHECOUSTE', 'Vanille', 'Vanille', 'Mauricienne', 'F', NULL, NULL, 'Catholique', 0, NULL, NULL, NULL, 'NON', NULL, 17, NULL, NULL, NULL, '0', NULL, 'After School', NULL, NULL),
(21, 'MACKAY', 'Tristan', 'Tristan', 'Mauricienne', 'M', NULL, NULL, 'Catholique', 0, NULL, NULL, NULL, 'NON', NULL, 18, NULL, NULL, NULL, '0', NULL, 'After School', NULL, NULL),
(22, 'PARFAIT', 'Lucas', 'Lucas', 'Mauricienne', 'M', NULL, NULL, 'Catholique', 0, NULL, '2020-02-03', NULL, 'NON', NULL, 9, NULL, NULL, NULL, '0', NULL, 'After School', NULL, NULL),
(23, 'MANGROO', 'Axelle Néhémie Elishama', 'Axelle', 'Mauricienne', 'F', NULL, NULL, 'Chrétienne', 0, NULL, NULL, NULL, 'NON', NULL, 19, NULL, NULL, NULL, '0', NULL, 'After School', NULL, NULL),
(24, 'd\'AVOINE', 'Mégan', 'Mégan', 'Mauricienne', 'F', NULL, NULL, 'n/a', 0, NULL, NULL, NULL, 'NON', NULL, 3, NULL, NULL, NULL, '0', NULL, 'After School', NULL, NULL),
(25, 'CATHERINE', 'Inès', 'Inès', 'Mauricienne', 'F', NULL, NULL, 'Catholique', 0, NULL, NULL, NULL, 'NON', NULL, 20, NULL, NULL, NULL, '0', NULL, 'After School', NULL, NULL),
(26, 'CATHERINE', 'Alyssa', 'Alyssa', 'Mauricienne', 'F', NULL, NULL, 'Catholique', 0, NULL, NULL, NULL, 'NON', NULL, 20, NULL, NULL, NULL, '0', NULL, 'After School', NULL, NULL),
(27, 'CAVALOT', 'Amaury', 'Amaury', 'Mauricienne', 'M', NULL, NULL, 'n/a', 0, NULL, NULL, NULL, 'NON', NULL, 21, NULL, NULL, NULL, '0', NULL, 'After School', NULL, NULL),
(28, 'QUIRIN', 'Emilia', 'Emilia', 'Mauricienne', 'F', '2014-08-16', '5', 'Catholique', 1, NULL, NULL, 'OUI', 'NON', 'Dr Abdool', 22, NULL, NULL, NULL, '0', NULL, 'After School', 'COMPLET', NULL),
(29, 'Leung-Tack', 'Hugo', 'Hugo', 'Mauricienne', 'M', NULL, NULL, NULL, 0, NULL, NULL, NULL, NULL, NULL, NULL, NULL, 0, 2200, '31', '15 pm', 'After School', 'COMPLET', 'Présence une semaine sur deux'),
(30, 'Beerjeraz', 'Théa Maria', 'Théa', 'Mauricienne', 'F', '2018-09-07', '23 mo', 'Catholique', 0, '2020-08-03', NULL, 'OUI', 'NON', NULL, NULL, 'RAS', 6500, 5775, NULL, '09 AM ', 'Creche', 'COMPLET', NULL),
(32, 'Mooneegan', 'Ezra Jared', 'Ezra', 'Mauricienne', 'M', '2019-12-24', '9 moi', 'Chrétienne', 0, '2020-10-01', NULL, 'OUI', 'NON', 'Dr Maura Neetoo', NULL, 'RAS', 6500, 5775, '0', '09 AM ', 'Creche', 'COMPLET', NULL),
(34, 'BLESSMAILLE', 'Timéo Imael Lyam', 'Timéo', 'Mauricienne', 'M', '2020-07-27', '3 moi', 'Catholique', 0, '2020-11-03', NULL, 'OUI', 'NON', 'Dr Yasseen Neetoo', NULL, NULL, 6500, 5775, '0', NULL, 'Creche', 'COMPLET', NULL),
(36, 'Lambourg', 'Arthur', 'Arthur', 'Franco-mauricien', 'M', '2020-01-28', '8 moi', 'Chrétienne', 0, '2020-10-19', NULL, 'OUI', 'NON', 'Dr Toofanny', 7, '50 % remise sur frais d\'inscription Rs 3250, publication de photos pas autorisés', 3250, 350, '4', '07 am', 'Creche', 'COMPLET', 'petit frère de Mathias Lambourg'),
(37, 'Pougnet', 'Nathan', 'Nathan', 'Mauricienne', 'M', '2020-06-19', '3 moi', 'Catholique', 1, '2020-10-01', NULL, 'OUI', 'NON', 'Dr Steciuk', 5, 'RAS', 6500, 5775, '0', '09 AM ', 'Creche', 'COMPLET', NULL),
(38, 'Ah Ting', 'Léo-Paul Shaun Chan-Yu', 'Léo', 'Mauricienne', 'M', '2019-08-15', '17 mo', 'Catholique', 0, '2021-02-02', NULL, 'OUI', 'NON', 'Dr Fouad Abdool', 30, NULL, 6500, 6064, '62', NULL, 'Creche', 'COMPLET', NULL),
(40, 'Lebon', 'Héloise', 'Héloise', 'Franco-mauricien', 'F', '2018-09-17', '28 MO', 'Catholique', 0, '2021-02-02', NULL, 'OUI', 'NON', 'Dr Steciuk', NULL, 'Sujette aux molluscum, petit boutons blancs ou rouges', 4000, 6064, '31', '09 AM ', 'Creche', NULL, 'Enregistré jusqu\'à sept 2021'),
(41, 'VARSALLY', 'Rayan Nadeem', 'Rayan', 'Mauricienne', 'M', '2020-08-21', NULL, NULL, 0, '2021-03-01', '2023-08-31', 'OUI', 'NON', 'Dr Véronique Lam', 25, NULL, 6500, 6064, '126', NULL, 'Creche', NULL, NULL),
(42, 'Sauleck', 'Raphael Yaron', 'Raphael', 'Mauricienne', 'M', '2020-11-30', '3 moi', 'Catholique', 0, '2021-03-08', NULL, 'OUI', 'NON', 'Dr Yasseen Neetoo', 26, NULL, 6500, 6064, '0', NULL, 'Creche', 'COMPLET', NULL),
(43, 'Dacruz', 'Anne-Laure Raquel', 'Anne-Laure', 'Mauricienne', 'F', '2020-10-21', NULL, 'Catholique', 1, NULL, NULL, NULL, NULL, NULL, NULL, NULL, NULL, NULL, '126', NULL, 'Creche', NULL, NULL),
(44, 'Piany', 'Marie Emmanuelle Madison', 'Madison', 'Mauricienne', 'F', '2021-02-15', '4 moi', 'Catholique', 1, '2021-07-01', NULL, 'OUI', 'NON', 'Dr Juttun', NULL, 'Régurgitations fréquentes', 3250, 4000, '0', 'complet', NULL, 'COMPLET', 'Tarif spécial 2ème enfant'),
(45, 'Ernestine', 'Mia Hope Laurelai', 'Mia', 'Mauricienne', 'F', '2021-04-14', '3 moi', 'Catholique', 1, '2021-07-19', NULL, 'OUI', 'NON', 'Dr Gafoor Bholah', NULL, NULL, 6500, 6064, '0', NULL, NULL, NULL, NULL),
(46, 'Dwarika', 'Marie Nolwenn Damilola', 'Nolwenn', 'Mauricienne', 'F', '2019-04-07', '2 ans', 'Catholique', 1, '2021-07-01', NULL, 'OUI', 'NON', NULL, NULL, 'Tarif spécial employée', 0, 2000, NULL, NULL, NULL, NULL, 'Tarif spécial employée'),
(47, 'D\'Avoine', 'Naomie Zoe', 'Zoe', 'Mauricienne', 'F', '2021-07-18', '3 moi', 'Catholique', 0, '2021-10-18', NULL, NULL, 'NON', 'Dr Yasseen Neetoo', NULL, NULL, 6500, 6064, '0', 'complet', 'Creche', NULL, NULL),
(48, 'Fanny', 'Marie Gabrielle Ramsay', 'Gabrielle', 'Mauricienne', 'F', '2021-07-29', '3 moi', 'Catholique', 0, NULL, NULL, 'OUI', 'NON', 'Dr Yaseen Neetoo', NULL, NULL, 6500, 6064, '0', 'complet', 'Creche', NULL, NULL),
(49, 'Gouges', 'Macey Grace Laïa', 'Laïa', 'Mauricienne', 'F', '2020-09-22', '11 mo', 'Catholique', 0, NULL, NULL, NULL, NULL, NULL, 32, NULL, NULL, NULL, '126', NULL, 'Creche', NULL, NULL),
(50, 'Farineau', 'Anaelle', 'Anaelle', 'Française', 'F', '2021-03-02', '6 moi', NULL, 1, '2021-09-27', NULL, 'OUI', 'NON', 'Dr Maura Neetoo', 33, NULL, 6500, 6065, '0', 'Demi-journées', 'Creche', NULL, 'DME'),
(51, 'CADOUX', 'Andréas', 'Andréas', 'Mauricienne', NULL, '2020-12-25', '9 moi', 'Catholique', 0, '2021-09-27', NULL, 'OUI', 'NON', 'Dr Joomye', 35, NULL, NULL, 6064, '126', 'complet', 'Creche', NULL, 'ex little mermaid'),
(52, 'Beguinot', 'Alyssa Elizabeth', 'Alyssa', 'Mauricienne', 'F', '2020-08-22', '1 AN', 'Catholique', 0, '2021-10-01', NULL, 'OUI', 'NON', 'Dr Véronique Lam', 34, NULL, 6500, 6064, '126', NULL, 'Creche', NULL, NULL),
(53, 'Chan Chin', 'Liam Aiden', 'Aiden', 'Mauricienne', 'M', '2020-04-02', '18 mo', 'Catholique', 0, '2021-10-06', NULL, 'OUI', 'NON', 'Dr François Leung', 36, NULL, 6500, 3860, '0', 'Demi-journées', 'Creche', 'MISSING CONTRAT ET MED CERTIFICATE', NULL),
(54, 'Manikam', 'Marie Kaitleen', 'Kaitleen', 'Mauricienne', 'F', '2021-11-11', '3 moi', 'Catholique', 0, '2022-02-21', NULL, 'OUI', 'OUI', 'Dr F H Foondun', 37, 'RAS', NULL, 6368, '126', 'complet', 'Creche', 'COMPLET', NULL),
(55, 'Levasseur', 'Keila Elisabeth', 'Keila', 'Mauricienne', 'F', '2021-10-20', '3 moi', 'Catholique', 1, NULL, NULL, NULL, NULL, NULL, 38, 'PAS DE PUBLICATION PHOTOS SUR FACEBOOK', NULL, NULL, '126', NULL, 'Creche', NULL, NULL),
(56, 'Arimond', 'Sophie Faith', 'Sophie', 'Mauricienne', 'F', '2021-02-24', '11 mo', 'Chrétienne', 0, '2022-01-24', '2023-08-16', 'OUI', NULL, 'Dr Ryad Joomye', 39, 'born at 30 weeks, med cert reveived', 6500, 6368, '126', 'complet', 'Creche', 'OK', 'PREMATUREE'),
(57, 'Lavictoire', 'Célia Marie Dominique', 'Célia', 'Mauricienne', 'F', '2022-03-22', '5 moi', 'Catholique', 0, '2022-08-29', NULL, 'OUI', 'NON', 'Dr Yasseen Neetoo', NULL, NULL, 6500, 6368, '0', 'complet', 'Creche', NULL, NULL),
(58, 'Domingue', 'Raphael Louis', 'Raphael', 'Mauricienne', 'M', '2021-06-17', '12 mo', 'Catholique', 1, '2022-05-23', NULL, 'OUI', 'NON', 'Dr Maura Neetoo', 41, 'RAS', 6500, 6368, '126', NULL, 'Creche', NULL, NULL),
(59, 'Kerville', 'Nico Mateo', 'Mateo', 'Mauricienne', 'M', '2020-12-02', '18 mo', 'Catholique', 0, '2022-07-25', NULL, 'OUI', 'NON', 'Dr Soobadar', 42, NULL, 6500, 6368, '0', NULL, 'Creche', NULL, 'Adaptation sur 3 jours'),
(60, 'Mungroo', 'kiara', 'Kiara', 'Mauricienne', 'F', '2021-01-25', '15 MO', NULL, 1, '2022-05-01', NULL, 'OUI', 'NON', 'Dr Jhugroo / Dr Jutton', NULL, NULL, 6500, 6368, NULL, 'complet', 'Creche', 'COMPLET', 'A commencer 4 jours par semaine pendant 2 mois a Rs4284'),
(61, 'Fidelle', 'Gabrielle Hilona', 'Hilona', 'Mauricienne', 'F', '2022-01-23', '6 moi', 'Catholique', 1, '2022-08-16', NULL, 'OUI', 'OUI', 'Dr Ryad Joomye', 44, 'Allergie aux protéines de lait de vache', 6500, NULL, '0', 'complet', 'Creche', 'COMPLET', 'ALLERGIE AUX PROTEINES DE LAIT DE VACHE'),
(62, 'Thomas', 'Samuel', 'Samuel', 'Mauricienne de parents français', 'M', '2020-10-02', '2 ANS', 'AUCUNE', 0, '2023-01-23', NULL, 'OUI', 'NON', 'Dr Damien Steciuk', 45, NULL, 6500, 6600, '0', NULL, 'Creche', 'COMPLET', 'PAYE RS 6600 AU LIEU DE RS 6686'),
(63, 'Jeannot', 'Inès', 'Inès', 'Mauricienne', 'F', '2022-07-20', '7 moi', 'Catholique', 0, '2023-02-06', NULL, 'OUI', 'NON', 'Dr Poorun', 46, NULL, NULL, 6686, '0', 'complet', 'Creche', NULL, NULL),
(64, 'Moonesamy', 'Elsa', 'Elsa', 'Mauricienne', 'F', '2020-10-16', '2 ANS', 'Chrétienne', 0, '2023-02-02', NULL, 'OUI', 'NON', 'Dr Juggroo', 47, NULL, 7000, 6685, '0', NULL, 'Creche', NULL, NULL),
(65, 'PAUL', 'Manoe Tao', 'Manoe', 'Mauricienne', 'M', '2022-12-09', '3 moi', 'Catholique', 0, '2023-03-06', NULL, 'OUI', 'NON', 'Dr Maura Neetoo', NULL, NULL, NULL, NULL, '0', 'complet', 'Creche', NULL, NULL),
(66, 'Chervonnyi', 'Maksim Arturouich', 'Maksim', 'Mauricienne', 'M', '2022-12-26', '4 MOI', NULL, 1, '2023-05-08', NULL, 'OUI', 'NON', 'Dr Ryad Joomye', 49, 'RAS', 7000, 6685, '0', 'complet', 'Creche', NULL, NULL),
(67, 'Luppens', 'Ulysse', 'Ulysse', 'Mauricienne', 'M', '2022-12-28', '8 MOI', 'Catholique', 0, '2023-08-28', NULL, 'OUI', 'NON', 'Dr Jagatsingh', 50, 'RAS', 0, 6685, '126', 'complet', 'Creche', 'COMPLET', NULL);

-- --------------------------------------------------------

--
-- Table structure for table `creche_etude`
--

CREATE TABLE `creche_etude` (
  `id_participant` int(11) NOT NULL,
  `nom` varchar(255) NOT NULL,
  `prenom` varchar(255) NOT NULL,
  `date_naissance` date NOT NULL,
  `email` varchar(255) NOT NULL,
  `date_reponse` date NOT NULL,
  `1` varchar(255) NOT NULL,
  `2` varchar(255) NOT NULL,
  `3` varchar(255) NOT NULL,
  `4` varchar(255) NOT NULL,
  `5` varchar(255) NOT NULL,
  `6` varchar(255) NOT NULL,
  `7` varchar(255) NOT NULL,
  `8` varchar(255) NOT NULL,
  `9` varchar(255) NOT NULL,
  `10` varchar(255) NOT NULL,
  `11` varchar(255) NOT NULL,
  `12` varchar(255) NOT NULL,
  `13` varchar(255) NOT NULL,
  `14` varchar(255) NOT NULL,
  `15` varchar(255) NOT NULL,
  `16` varchar(255) NOT NULL,
  `17` varchar(255) NOT NULL,
  `18` varchar(255) NOT NULL,
  `19` varchar(255) NOT NULL,
  `20` varchar(255) NOT NULL,
  `21` varchar(255) NOT NULL,
  `22` varchar(255) NOT NULL,
  `23` varchar(255) NOT NULL,
  `24` varchar(255) NOT NULL,
  `25` varchar(255) NOT NULL,
  `26` varchar(255) NOT NULL,
  `27` varchar(255) NOT NULL,
  `28` varchar(255) NOT NULL,
  `29` varchar(255) NOT NULL,
  `30` varchar(255) NOT NULL,
  `31` varchar(255) NOT NULL,
  `32` varchar(255) NOT NULL,
  `tout_champs_rempli` tinyint(1) NOT NULL
) ENGINE=InnoDB DEFAULT CHARSET=utf8;

--
-- Dumping data for table `creche_etude`
--

INSERT INTO `creche_etude` (`id_participant`, `nom`, `prenom`, `date_naissance`, `email`, `date_reponse`, `1`, `2`, `3`, `4`, `5`, `6`, `7`, `8`, `9`, `10`, `11`, `12`, `13`, `14`, `15`, `16`, `17`, `18`, `19`, `20`, `21`, `22`, `23`, `24`, `25`, `26`, `27`, `28`, `29`, `30`, `31`, `32`, `tout_champs_rempli`) VALUES
(1, 'Jola', 'Denis Gerard', '1980-02-06', 'denisgerard@gmail.com', '2017-03-19', '0', '1', '0', 'Propreter et attentions particuliere', '0', 'Ouest', '0', '0', '2', '2', '0', '2', '0', '0', '2', '0', '1', 'une garde oU le development de mon enfants serai une prioriter. pas une prison', '1', '2', '0', '0', 'albion', '1', '0', '1', '1', '4', '0', '', 'mauricienne', '0', 1),
(2, 'Mungla ', 'Karin ', '1980-10-25', 'kmungla@mauritiusunion.com', '2017-03-19', '0', '1', '0', 'Peace of mind', '1', 'Albion', '0', '1', '', '', '', '', '0', '1', '', '1', '0', 'J\'en ai déjà un', '', '', '1', '0', 'Albion', '2', '1', '0', '1', '2', '0', '', 'Mauricienne', '1', 1),
(3, 'Claite', 'jennifer', '1978-12-26', 'jennifer@claite.net', '2017-03-19', '0', '1', '0', 'la confiance', '0', 'albion', '0', '0', '2', '2', '1', '1', '0', '0', '1', '1', '0', 'Un environment propre, securisant aimant les enfants et ou les parents sont en confiance.', '0', '2', '1', '0', 'albion', '2', '0', '1', '1', '8', '0', '', 'mauricienne', '0', 1),
(4, 'Cavalot', 'Virginie', '1984-01-02', 'ginie2159@gmail.com', '2017-03-19', '0', '0', '1', ' incompetence ', '0', 'Albion', '1', '0', '2', '2', '1', '1', '0', '0', '2', '1', '0', 'Garde avec des personnes complétante ', '0', '2', '1', '0', 'Port Louis ', '2', '1', '0', '1', '4', '0', '', 'Mauricienne', '0', 1),
(5, 'test 1', 'test', '0000-00-00', 'datanguy@yahoo.fr', '2017-03-22', '', '', '', '', '', '', '', '', '', '', '', '', '', '', '', '', '', '', '', '', '', '', '', '', '', '', '', '', '', '', '', '', 0),
(6, 'BRUGET', 'Ana', '2016-12-20', 'Step.bruget@intnet.mu', '2017-03-24', '1', '3', '0', 'Plus de developments a mon enfant', '1', '', '', '', '', '', '', '', '', '', '', '', '', '', '', '', '', '', '', '', '', '', '', '', '', '', '', '', 0),
(7, 'TEST', 'TEST', '0000-00-00', 'yzaclaite@gmail.com', '2017-03-24', '1', '4', '1', 'PROPRE', '1', 'TAMARIN', '1', '0', '2', '2', '0', '0', '', '1', '', '1', '1', 'Propre, accueillante, personnelle qualifié', '1', '3', '1', '0', '', '', '', '', '', '0', '0', '', '', '0', 1),
(8, 'Piany', 'Emmanuelle', '1984-09-27', 'malory20@hotmail.com', '2017-03-24', '1', '', '', '', '0', 'Morcellement Raffray', '0', '0', '2', '2', '1', '0', '1', '0', '2', '1', '0', 'Un lieu où il pourrait se sentir accueilli et en sécurité. Ayant un handicap il faudrait que la structure en question puisse l\'aider a s\'epanouir au maximum.', '0', '2', '1', '0', 'Albion', '1', '0', '0', '0', '4', '0', '', 'Mauricienne', '0', 1),
(9, 'Wampfler', 'Martine', '1986-05-15', 'Martine.wampfler@gmail.com', '2017-04-03', '0', '0', '0', 'Très bonne creche', '0', 'Centre', '0', '0', '2', '1', '1', '0', '0', '0', '0', '1', '0', 'La crèche et familles ', '0', '1', '1', '0', 'Albion', '2', '1', '1', '1', '8', '0', '', 'Mauricienne ', '1', 1),
(10, 'De comarmond', 'Rebecca ', '1986-09-25', 'rebecca.b2509@gmail.com ', '2017-04-03', '', '', '', '', '', '', '', '', '', '', '', '', '', '', '', '', '', '', '', '', '', '', '', '', '', '', '', '', '', '', '', '', 0),
(11, 'Rivaud', 'Annick', '1979-06-18', 'annick.rivaud@swanforlife.com', '2017-04-03', '1', '4', '0', 'en effet bébé est prévu pour Octobre', '0', 'Albion', '0', '0', '2', '2', '0', '1', '1', '0', '2', '1', '0', 'garderie disponible de 06h30 am a 18h30. repas inclut', '1', '2', '1', '0', 'albion', '1', '0', '0', '0', '2', '0', '', 'mauricienne', '0', 1),
(12, 'Juliana ', 'C', '2017-07-25', 'juliana@futurebrightproperties.com', '2017-04-04', '0', '0', '0', 'They are fantastic. ', '0', 'Albion', '0', '0', '2', '2', '2', '0', '1', '0', '1', '1', '0', 'Clean, Proffesional & Open Minded - Montessori Concept preferably. ', '1', '1', '1', '0', 'albion ', '1', '1', '', '0', '0', '0', '', '', '0', 1);

-- --------------------------------------------------------

--
-- Table structure for table `creche_fournisseurs`
--

CREATE TABLE `creche_fournisseurs` (
  `id_fournisseur` int(11) NOT NULL,
  `me` varchar(100) DEFAULT NULL,
  `add_1` varchar(100) DEFAULT NULL,
  `add_2` varchar(100) DEFAULT NULL,
  `tel_1` varchar(20) DEFAULT NULL,
  `tel_2` varchar(20) DEFAULT NULL,
  `email_add` varchar(100) DEFAULT NULL,
  `contact_person` varchar(50) DEFAULT NULL,
  `bank_details_1` varchar(100) DEFAULT NULL,
  `bank_details_2` varchar(100) DEFAULT NULL
) ENGINE=InnoDB DEFAULT CHARSET=utf8;

--
-- Dumping data for table `creche_fournisseurs`
--

INSERT INTO `creche_fournisseurs` (`id_fournisseur`, `me`, `add_1`, `add_2`, `tel_1`, `tel_2`, `email_add`, `contact_person`, `bank_details_1`, `bank_details_2`) VALUES
(1, 'Mr Noel Allet, Owner of building', 'Avenue des Talipots', 'Quatre Bornes', '4540217', '58296949', 'N/A', 'N/A', 'MCB', '000052008509'),
(2, 'Ministry of Gender, Equality and Family Welfare', '', '', '', '', '', 'Mrs Allam', 'n/a', ''),
(3, 'Registrar Office', '', 'Port Louis', '', '', '', '', '', ''),
(4, 'Mauritius Revenue Authority', '', 'Port Louis', '', '', '', '', '', ''),
(5, 'District Council of Black River', 'Geofroy Road', 'Bambous', '', '', '', '', '', ''),
(6, 'Odézil Ltd', '', '', '', '', '', '', 'MCB', '000410904392'),
(7, 'E.Z. L Services Ltd,  Pest Control', '5, Poinsettias', 'La Tour Koenig', '57183249', '', 'ezlservices@hotmail.com', 'Kevin Ladouceur', 'MCB', ''),
(8, 'Cernol Chemicals Ltd', '', '', '', '59417300', '', 'Yannick Turenne', '', ''),
(9, 'integhr Accountant', '15th floor, Citadelle Mall, Sir Virgil Naz ', 'Port Louis', '52582129', '', 'nrochecouste@integhr.com\nwww.integhr.com', 'Nadia Rochecouste ', 'Bank One ', '003171061450'),
(10, 'Skills for Life Ltd', '3rd Floor, 51B, Ramnath Jeetah Trust Building', 'Ebène', '4893202', '59674897', 'emarketing@gmail.com', NULL, 'MCB', '000262795027'),
(11, 'National Insurance Co Ltd', '', 'Curepipe', '6023000', '57680283', '', 'Inoos Sakauloo', 'MCB', 'LIFE INSURANCE \'0000444031917\nHEALTH INSURANCE \'000444155708'),
(12, 'Mauritius Union Assurance Co Ltd ', '', 'Port Louis', '', '', '', '', '', ''),
(13, 'Refill of fire extinguishers', '', '', '', '', '', '', '', '');

-- --------------------------------------------------------

--
-- Table structure for table `creche_garde_enfant`
--

CREATE TABLE `creche_garde_enfant` (
  `id_garde_enfant` int(11) NOT NULL,
  `id_enfant` int(11) NOT NULL,
  `id_paiement` int(11) DEFAULT NULL,
  `date_debut` date NOT NULL,
  `date_fin` date NOT NULL
) ENGINE=InnoDB DEFAULT CHARSET=utf8;

--
-- Dumping data for table `creche_garde_enfant`
--

INSERT INTO `creche_garde_enfant` (`id_garde_enfant`, `id_enfant`, `id_paiement`, `date_debut`, `date_fin`) VALUES
(11, 3, 1, '2020-05-01', '2020-05-22');

-- --------------------------------------------------------

--
-- Table structure for table `creche_garde_enfant_options`
--

CREATE TABLE `creche_garde_enfant_options` (
  `id_garde_enfant` int(11) NOT NULL,
  `id_option` int(11) NOT NULL
) ENGINE=InnoDB DEFAULT CHARSET=utf8;

--
-- Dumping data for table `creche_garde_enfant_options`
--

INSERT INTO `creche_garde_enfant_options` (`id_garde_enfant`, `id_option`) VALUES
(11, 1),
(11, 2);

-- --------------------------------------------------------

--
-- Table structure for table `creche_grille_capacites`
--

CREATE TABLE `creche_grille_capacites` (
  `id_capacite` int(11) NOT NULL,
  `id_theme` int(11) NOT NULL,
  `nom` varchar(255) NOT NULL
) ENGINE=InnoDB DEFAULT CHARSET=utf8;

--
-- Dumping data for table `creche_grille_capacites`
--

INSERT INTO `creche_grille_capacites` (`id_capacite`, `id_theme`, `nom`) VALUES
(1, 1, 'Les Mouvements spontanés de ses bras sont asymétriques et anarchiques'),
(2, 1, 'Le réflexe d\'agrippement est présent'),
(3, 1, 'Met occasionnellement son poing dans sa bouche'),
(4, 1, 'Examine attentivement ses mains et ses doigts'),
(5, 1, 'Gratte la surface avec ses doigts pour saisir un objet (c\'est le début de la préhension palmaire)'),
(6, 1, 'Secoue un hochet placé dans sa main'),
(7, 1, 'Saisie un objet suspendu au-dessus de lui'),
(8, 2, 'Reconnaît la voix des personnes significatives (parents, éducatrices)'),
(9, 2, 'Est attitiré par les visages'),
(10, 2, 'Fixe son regard sur un objet éloigné d\'une vingtaine de centimètre'),
(11, 2, 'Reconnaît visuellement les personnes qui lui sont significatives'),
(12, 2, 'Bouge la tête au son de la voix'),
(13, 2, 'A de l’intérêt pour les objets ou images aux couleurs contrastées, aux couleurs vives'),
(14, 2, 'Porte son poing à sa bouche'),
(15, 2, 'Cherche à localiser l’origine des sons'),
(16, 2, 'Observe et suit les personnes des yeux'),
(17, 2, 'Lorsqu’il a un objet dans la main, l’explore visuellement et avec sa bouche'),
(18, 3, 'Couché sur le dos : Tourne la tête'),
(19, 3, 'Maintient sa tête au centre'),
(20, 3, 'S’amuse à faire des mouvements de pédalage'),
(21, 3, 'Joue avec ses pieds'),
(22, 3, 'Couché sur le ventre : Ses bras et ses jambes sont fléchis sous lui'),
(23, 3, 'Tourne sa tête sur les côtés'),
(24, 3, 'Soulève sa tête quelques instants'),
(25, 3, 'Prend appuie sur son ventre et sur ses avant bras'),
(26, 3, 'Soulève la tête, redresse le dos, s’appuie sur le ventre et ses avant-bras'),
(27, 3, 'Redresse la tête et la poitrine en prenant appui sur les mains'),
(28, 3, 'Contrôle de tête et début de position assise Contrôle bien sa tête lorsqu’il est dans nos bras'),
(29, 3, 'Se retourne du ventre au dos d’un bloc'),
(30, 3, 'Tient en position assise quelque seconde avec du soutien'),
(31, 4, 'Emet des sons indifférenciés (cris, pleurs) qui deviennent différents progressivement selon la situation : faim, inconfort, contentement'),
(32, 4, 'Porte attention à la voix, surtout celle de sa mère ou des personnes significatives comme ses éducatrices habituelles'),
(33, 4, 'S’intéresse aux expressions du visage'),
(34, 4, 'S’amuse à gazouiller : aaaaaaa…iiiiiiiii…..'),
(35, 4, 'Pousse des sons aigus lorsqu’il découvre le son de sa voix'),
(36, 5, 'S’intéresse à ce qui l’entoure'),
(37, 5, 'Reconnaît les personnes ou les objets connus'),
(38, 5, 'Distingue le jour et la nuit ( expression populaire : fait ses nuits )'),
(39, 5, 'Coordonne divers actions : Il regarde un objet, le saisit, le porte à sa bouche'),
(40, 6, 'Exprime ses besoins par des cris, des pleurs'),
(41, 6, 'Manifeste des émotions primaires : douleur, dégoût, plaisir'),
(42, 6, 'Sourit à la vue d’une personne'),
(43, 6, 'Peut manifester de la colère, de la surprise, de la tristesse'),
(44, 6, 'Premier social vers 6 semaines'),
(45, 6, 'Réagit à la présence et aux déplacements des personnes autour de lui : les suit des yeux, bouge les jambes et les bras, gazouille'),
(46, 7, 'S’alimente approximativement à toutes les 4 heures (0-3 mois)'),
(47, 7, 'Dort environ 4-5 siestes par jour (0-3 mois)'),
(48, 7, 'Prends 3 à 5 repas par jour (3 mois)'),
(49, 7, 'Dort 3 siestes (3 mois)'),
(50, 7, 'Débute l’alimentation solide ( purée assez liquide ) (4-6mois)'),
(51, 7, 'Elimine fréquemment (4-6 mois)'),
(52, 7, 'Prends trois repas et exprime lui-même sa faim (6 mois)'),
(53, 8, 'Porte des objets à sa bouche'),
(54, 8, 'Est plus habile pour saisir les objets seul'),
(55, 8, 'Adapte sa préhension aux formes des objets et à leur grosseur'),
(56, 8, 'Lâche un objet qu’il a dans la main si on lui en présente un autre'),
(57, 8, 'Saisit des objets de différentes formes : biberon, balle, cube…'),
(58, 8, 'Fait passer un objet d’une main à l’autre'),
(59, 8, 'Tient deux objets à la fois, un dans chaque main et les frappe ensemble'),
(60, 8, 'Fait bravo en tapant dans ses mains'),
(61, 8, 'Manifeste de l’intérêt pour l’une de ses mains'),
(62, 8, 'Pointe du doigt'),
(63, 8, 'Relâche volontairement des objets'),
(64, 8, 'Saisie de petits objets entre le pouce et l’index'),
(65, 9, 'Porte ses orteils à sa bouche'),
(66, 9, 'Se sert de ses mains et de sa bouche pour explorer les objets'),
(67, 9, 'Comprend l’intonation affective d’un message : Il fait la moue ou pleure quand on hausse le ton'),
(68, 9, 'Découvre la notion de profondeur ( non celle du danger ) et la notion de distance'),
(69, 9, 'Bouge la tête au son de la voix'),
(70, 9, 'Peut suivre du regard un objet qui bouge rapidement'),
(71, 9, 'Comprend le terme « dans » ou « dedans »'),
(72, 9, 'Explore les objets par la bouche'),
(73, 9, 'Porte seul la suce à sa bouche'),
(74, 9, 'Mord et mâche des jouets'),
(75, 9, 'S’apaise au son d’une musique familière ou d’une voix familière'),
(76, 9, 'Eprouve du plaisir à entendre les sons qu’il produit lui-même'),
(77, 10, 'Se retourne du dos au ventre'),
(78, 10, 'Maîtrise de mieux en mieux la position assise : se protège des chutes vers l’avant (6-7 mois) de côté (8-9 mois), vers l’arrière (10 mois)'),
(79, 10, 'Couché sur le ventre ou sur le dos, se redresse'),
(80, 10, 'Rampe sur l’abdomen'),
(81, 10, 'Soutient son corps quand on le met en position debout'),
(82, 10, 'Se déplace à quatre pattes'),
(83, 10, 'Passe de la position assise à la position à genoux'),
(84, 10, 'Se met debout'),
(85, 10, 'Se déplace de côté'),
(86, 10, 'Fait quelques pas s’il est tenu des deux mains'),
(87, 10, 'Fait quelques pas s’il est tenu d’une main'),
(88, 11, 'Localise l’origine des sons qu’il entend'),
(89, 11, 'Réagit au ton de la voix, ouvrant grands les yeux, souriant, fronçant les sourcils : Comprend la tonalité affective du message.'),
(90, 11, 'Babille : babababa, mamamamam'),
(91, 11, 'Utilise l’intonation typique de sa langue maternelle'),
(92, 11, 'Se rend compte que les mots sont porteurs de sens'),
(93, 11, 'Réagit à l’appel de son nom'),
(94, 11, 'Réagit au « non »'),
(95, 11, 'Utilise des gestes pour se faire comprendre ( pointe du doigt un objet, tend les bras )'),
(96, 11, 'Capable d’initier un échange vocal'),
(97, 11, 'Utilise différentes syllabes et des intonations variées'),
(98, 11, 'Commence à dire « papa » et « maman »'),
(99, 12, 'Manifeste une intention dans ses comportement (Il fait tel geste pour atteindre tel objet)'),
(100, 12, 'Comprend la relation de cause à effet (biberon=nourriture, tel jouet=tel bruit)'),
(101, 12, 'Aime les jeux de « coucou »'),
(102, 12, 'Regarde ou suit des yeux un objet qu’il fait tomber'),
(103, 12, 'Cherche l’objet disparu sous une couverture.'),
(104, 13, 'Décode les émotions des autres par l’expression de leur visage'),
(105, 13, 'Commence à s’attacher à une personne en particulier'),
(106, 13, 'A parfois peur des étrangers'),
(107, 13, 'Réagit parfois mal quand il est séparé de ses parents, en particularité de sa mère'),
(108, 13, 'Tend les bras pour se faire prendre'),
(109, 13, 'Ne manifeste pas de peur devant enfant inconnu'),
(110, 14, 'Prend trois repas par jour'),
(111, 14, 'Fait deux siestes'),
(112, 14, 'Mange de la nourriture solide'),
(113, 14, 'Manifeste des préférences dans la nourriture'),
(114, 14, 'Tient seul son biberon'),
(115, 14, 'Mange seul avec les doigts'),
(116, 15, 'Insère de petits objets dans un contenant à travers un trou ( tel une tirelire )'),
(117, 15, 'Tourne les pages d’un livre, mais saute plusieurs pages'),
(118, 15, 'Ses deux mains font une activité différente (l’une stabilise, l’autre manipule)'),
(119, 15, 'Construit une tour de 2-3 blocs (15 mois), de 3-4 blocs (18mois)'),
(120, 15, 'Fait des traits sur du papier avec une craie de cire'),
(121, 15, 'Emboîte des objets, les sépare, les jette.'),
(122, 16, 'Aime regarder les images d’un livre'),
(123, 16, 'Sur demande, il pointe les parties de son visage : nez, bouche, oreille etc.'),
(124, 16, 'Sur demande, il pointe quelques parties de son corps :'),
(125, 16, 'Mains, pieds, doigts, cheveux'),
(126, 16, 'Sur demande identifie quelques images dans un livre en les pointant'),
(127, 16, 'Peut rassembler deux objets de même forme'),
(128, 16, 'Place dans un encastrement des formes géométriques simples ( cercle, carré, triangle)'),
(129, 16, 'Se dandine au son d’une musique'),
(130, 16, 'Essaie de chanter'),
(131, 17, 'Fait ses premiers pas sans aide'),
(132, 17, 'Pousse ou tire un objet à roulette en marchant'),
(133, 17, 'Transporte un objet'),
(134, 17, 'Monte l’escalier à quatre pattes'),
(135, 17, 'S’accroupit pour ramasser un objet au sol'),
(136, 17, 'Monte les escaliers, sans alterner les pieds et en tenant la rampe ( marque le pas )'),
(137, 17, 'Descend l’escalier à quatre pattes à reculons'),
(138, 17, 'Court'),
(139, 17, 'lance un ballon, va le chercher'),
(140, 18, 'Apprécie et initie des jeux vocaux'),
(141, 18, 'Utilise un mot à plusieurs significations ( ex : « lo » pour tout ce qui est liquide'),
(142, 18, 'Utilise un mot ayant la valeur phrase'),
(143, 18, 'Réagit de façon appropriée à de courtes phrases familière : « Viens manger »'),
(144, 18, 'Reconnaît les objets correspondant à 40-50 mots'),
(145, 18, 'Regarde les objets et les images dont on dit le nom'),
(146, 18, 'Commence à utiliser les mots pour communiquer'),
(147, 18, 'Sait dire une vingtaine de mots'),
(148, 18, 'Répète des mots ou des bouts de phrase comme un écho pour s’exercer à les prononcer'),
(149, 19, 'Imite des actions simples'),
(150, 19, 'Comprend le concept de permanence de l’objet : une chose continue à exister même si je ne la voit plus'),
(151, 19, 'Reconnaît son image dans le miroir'),
(152, 19, 'Commence à utiliser des symboles ( joue à faire semblant )'),
(153, 19, 'Dans son jeu change la fonction des objets'),
(154, 19, 'Imite une situation qu’il a vue quelques jours plus tôt'),
(155, 19, 'Saisit le sens de avant, après'),
(156, 20, 'S’intéresse aux autres enfants'),
(157, 20, 'Est sensible à la peine d’un autre enfant'),
(158, 20, 'Aime être à côté d’autres enfants ( jeu parallèle)'),
(159, 20, 'Apprend certains comportements sociaux'),
(160, 20, '(bonjour, saluer de la main, envoyer un bisou )'),
(161, 20, 'Manifeste une préférence pour l’un des enfants qu’il côtoie'),
(162, 20, 'Quand il crie ou se fâche, on peut le distraire et attirer son attention sur autre chose'),
(163, 20, 'Se reconnaît dans le miroir'),
(164, 20, 'Tolère mieux être séparé de ses parents'),
(165, 20, 'Coopère lorsqu’on l’habille'),
(166, 20, 'Démontre quelques signes de jalousie'),
(167, 20, 'Désire participer aux activités'),
(168, 21, 'Fait une sieste par jour'),
(169, 21, 'Prend trois repas et collations'),
(170, 21, 'Boit à la tasse, bec verseur et deux poignées'),
(171, 21, 'Boit au verre en le tenant à deux mains ( sous supervision )'),
(172, 21, 'Mange avec une cuillère mais renverse souvent de la nourriture. Aime manger seul'),
(173, 21, 'Peut commencer à prendre conscience qu’il a fait dans sa couche'),
(174, 21, 'Peut commencer à indiquer qu’il désire aller à la toilette'),
(175, 22, 'Visse et dévisse un couvercle'),
(176, 22, 'Tient les ciseaux d’une main et fait des franges'),
(177, 22, 'Découpe une bande de papier'),
(178, 22, 'Découpe en suivant une ligne droite'),
(179, 22, 'Fait un serpentin en roulant de la pâte à modeler'),
(180, 22, 'Tient le crayon entre le pouce et l’index'),
(181, 22, 'Suit des traits pointillés (crayon) ligne, carré, rond'),
(182, 22, 'Reproduit un carré à l’aide d’un modèle (dessin)'),
(183, 22, 'Fait un bonhomme de style têtard (visage, bras, jambes)'),
(184, 22, 'Encercle un élément'),
(185, 22, 'Construit des tours de 10 cubes'),
(186, 23, 'Participe avec intérêts aux activités de type auditives (jeu des sons)'),
(187, 23, 'Suit le rythme de la musique, du tambour'),
(188, 23, 'Peut observer sans toucher'),
(189, 24, 'En tricycle, est capable de le diriger'),
(190, 24, 'Est capable de pédaler'),
(191, 24, 'Monte et descend les escaliers en alternant les pieds'),
(192, 24, 'Court et peut s’adapter à des courbes durant sa course'),
(193, 24, 'Tient en équilibre sur un pied quelques secondes'),
(194, 24, 'Lance un ballon vers une cible'),
(195, 24, 'Attrape un ballon les bras tendu'),
(196, 24, 'Donne un coup de pied sur un ballon qui roule vers lui'),
(197, 24, 'Saute en bas de deux marches d’escalier (30cm env.)'),
(198, 24, 'Reconnaît toutes les parties de son visage'),
(199, 24, 'Reconnaît davantage de parties de son corps (front, coudes, dos, les côtes, les pieds, les genoux, etc.)'),
(200, 24, 'S’oriente facilement dans un itinéraire simple'),
(201, 25, 'Fait des phrases complètes'),
(202, 25, 'Utilise des articles, des adjectifs, des prépositions, des adverbes'),
(203, 25, 'Prononce adéquatement le son « F »'),
(204, 25, 'Prononce adéquatement le son « V »'),
(205, 25, 'Prononce adéquatement le son « Z »'),
(206, 25, 'Prononce adéquatement le son « R »'),
(207, 25, 'Prononce adéquatement le son « OI »'),
(208, 25, 'Prononce adéquatement le son « UI »'),
(209, 25, 'Dit ou chante des comptines'),
(210, 25, 'Dit son nom, son âge et son sexe'),
(211, 25, 'Utilise les pronoms : je, tu, moi'),
(212, 25, 'Parle de façon intelligible'),
(213, 25, 'Montre l’objet identifié par sa fonction (avec quoi mange-t-on ?)'),
(214, 25, 'Pose des questions'),
(215, 26, 'Regroupe, classe des objets de mêmes couleurs'),
(216, 26, 'Regroupe, classe des objets par taille'),
(217, 26, 'Réussit un casse-tête de 12 pièces'),
(218, 26, 'Nomme quelques couleurs'),
(219, 26, 'Insère des objets de tailles différentes dans un contenant à encastrer'),
(220, 26, 'Comprend les termes en avant, en arrière, près, loin'),
(221, 26, 'Comprend les termes sur, sous, devant'),
(222, 26, 'Comprend les termes aujourd’hui, demain, hier, jour, nuit'),
(223, 26, 'Copie une croix ou un carré'),
(224, 26, 'Dessine seul (mais lui seul peut identifier ce que son dessin représente)'),
(225, 26, 'Compte jusqu’à 10 (mécaniquement) peut compter des objets devant lui sans se tromper entre 2 à 6 objets'),
(226, 26, 'Pointe les objets différents'),
(227, 26, 'Reconnaît les formes rondes, carrées, triangles'),
(228, 26, 'Répond à des questions fermées commençant par « Qui », « Où »'),
(229, 26, 'Répond à des questions à développement commençant par « Comment », « Qu’est-ce que »'),
(230, 27, 'Comprend les raisons d’un interdit'),
(231, 27, 'Prend des initiatives'),
(232, 27, 'Accepte de partager ses jouets'),
(233, 27, 'Initie des jeux avec d’autres enfants'),
(234, 27, 'Participe à un jeu initier par un autre enfant'),
(235, 27, 'Demande la permission pour obtenir le jouet d’un ami'),
(236, 27, 'Comprend les consignes de conduite sociales (saluer les personnes, merci, s.v.p., etc.)'),
(237, 27, 'Capable d’attendre son tour'),
(238, 27, 'Exprime son mécontentement verbalement'),
(239, 27, 'Se sépare facilement de ses parents'),
(240, 27, 'Fait parfois des cauchemars'),
(241, 27, 'Certaines situations peuvent lui faire peur'),
(242, 27, 'Aime aider, cherche à plaire et apprécie les éloges'),
(243, 27, 'Pourrait avoir un ami imaginaire'),
(244, 28, 'Se déshabille seul (a encore un peu de difficulté pour les vêtements serrés)'),
(245, 28, 'Détache complètement la fermeture éclair d’une veste'),
(246, 28, 'Pique les aliments avec sa fourchette'),
(247, 28, 'Brosse ses dents seul (avec supervision de l’adulte)'),
(248, 28, 'Se lave les mains et les essuies'),
(249, 28, 'Va à la toilette seul (a besoin d’aide pour s’essuyer)'),
(250, 28, 'Lorsqu’il se mouche a de la difficulté à souffler par le nez, s’essuie plus qu’il ne se mouche');

-- --------------------------------------------------------

--
-- Table structure for table `creche_grille_enfants`
--

CREATE TABLE `creche_grille_enfants` (
  `id_enfant` int(11) NOT NULL,
  `id_capacite` int(11) NOT NULL,
  `date` date NOT NULL,
  `observation` enum('A','PA','NA') NOT NULL
) ENGINE=InnoDB DEFAULT CHARSET=utf8;

--
-- Dumping data for table `creche_grille_enfants`
--

INSERT INTO `creche_grille_enfants` (`id_enfant`, `id_capacite`, `date`, `observation`) VALUES
(1, 1, '2020-10-19', 'A'),
(1, 2, '2020-10-19', 'PA'),
(1, 3, '2020-10-19', 'PA'),
(1, 4, '2020-10-19', 'NA'),
(1, 5, '2020-10-19', 'NA'),
(1, 6, '2020-10-19', 'PA'),
(1, 7, '2020-10-19', 'A'),
(6, 175, '2020-12-30', 'A'),
(6, 176, '2020-12-30', 'A'),
(6, 177, '2020-12-30', 'A'),
(6, 178, '2020-12-30', 'PA'),
(30, 1, '2021-04-02', 'A'),
(30, 175, '2021-04-02', 'A'),
(30, 175, '2021-04-07', 'A'),
(30, 176, '2021-04-02', 'NA'),
(30, 177, '2021-04-02', 'NA'),
(30, 178, '2021-04-02', 'NA'),
(30, 179, '2021-04-02', 'A'),
(30, 180, '2021-04-02', 'NA'),
(30, 181, '2021-04-02', 'PA'),
(30, 182, '2021-04-02', 'NA'),
(30, 183, '2021-04-02', 'PA'),
(30, 184, '2021-04-02', 'PA'),
(30, 185, '2021-04-02', 'A'),
(30, 186, '2021-04-02', 'A'),
(30, 187, '2021-04-02', 'PA'),
(30, 188, '2021-04-02', 'A'),
(30, 189, '2021-04-02', 'PA'),
(30, 190, '2021-04-02', 'NA'),
(30, 191, '2021-04-02', 'NA'),
(30, 192, '2021-04-02', 'A'),
(30, 193, '2021-04-02', 'NA'),
(30, 194, '2021-04-02', 'A'),
(30, 195, '2021-04-02', 'A'),
(30, 196, '2021-04-02', 'PA'),
(30, 197, '2021-04-02', 'NA'),
(30, 198, '2021-04-02', 'A'),
(30, 199, '2021-04-02', 'A'),
(30, 200, '2021-04-02', 'A'),
(30, 201, '2021-04-02', 'NA'),
(30, 202, '2021-04-02', 'PA'),
(30, 203, '2021-04-02', 'A'),
(30, 204, '2021-04-02', 'A'),
(30, 206, '2021-04-02', 'A'),
(30, 207, '2021-04-02', 'PA'),
(30, 208, '2021-04-02', 'A'),
(30, 209, '2021-04-02', 'PA'),
(30, 210, '2021-04-02', 'PA'),
(30, 211, '2021-04-02', 'PA'),
(30, 212, '2021-04-02', 'NA'),
(30, 213, '2021-04-02', 'A'),
(30, 214, '2021-04-02', 'NA'),
(30, 215, '2021-04-02', 'A'),
(30, 216, '2021-04-02', 'PA'),
(30, 217, '2021-04-02', 'NA'),
(30, 218, '2021-04-02', 'PA'),
(30, 219, '2021-04-02', 'A'),
(30, 220, '2021-04-02', 'PA'),
(30, 221, '2021-04-02', 'NA'),
(30, 222, '2021-04-02', 'NA'),
(30, 223, '2021-04-02', 'NA'),
(30, 224, '2021-04-02', 'PA'),
(30, 225, '2021-04-02', 'NA'),
(30, 226, '2021-04-02', 'PA'),
(30, 227, '2021-04-02', 'NA'),
(30, 228, '2021-04-02', 'PA'),
(30, 229, '2021-04-02', 'PA'),
(30, 230, '2021-04-02', 'A'),
(30, 231, '2021-04-02', 'PA'),
(30, 232, '2021-04-02', 'PA'),
(30, 233, '2021-04-02', 'A'),
(30, 234, '2021-04-02', 'A'),
(30, 235, '2021-04-02', 'NA'),
(30, 236, '2021-04-02', 'A'),
(30, 237, '2021-04-02', 'A'),
(30, 238, '2021-04-02', 'PA'),
(30, 239, '2021-04-02', 'PA'),
(30, 240, '2021-04-02', 'NA'),
(30, 241, '2021-04-02', 'NA'),
(30, 242, '2021-04-02', 'A'),
(30, 243, '2021-04-02', 'NA'),
(30, 244, '2021-04-02', 'NA'),
(30, 245, '2021-04-02', 'NA'),
(30, 246, '2021-04-02', 'PA'),
(30, 248, '2021-04-02', 'A'),
(30, 249, '2021-04-02', 'NA'),
(30, 250, '2021-04-02', 'NA'),
(32, 110, '2020-12-22', 'A');

-- --------------------------------------------------------

--
-- Table structure for table `creche_grille_etapes`
--

CREATE TABLE `creche_grille_etapes` (
  `id_etape` int(11) NOT NULL,
  `nom` varchar(50) NOT NULL
) ENGINE=InnoDB DEFAULT CHARSET=utf8;

--
-- Dumping data for table `creche_grille_etapes`
--

INSERT INTO `creche_grille_etapes` (`id_etape`, `nom`) VALUES
(1, 'de la naissance à 6 mois'),
(2, 'de 6 à 12 mois'),
(3, 'de 1 an à 2 ans'),
(4, '2 à 3 ans');

-- --------------------------------------------------------

--
-- Table structure for table `creche_grille_etapes_themes`
--

CREATE TABLE `creche_grille_etapes_themes` (
  `id_theme` int(11) NOT NULL,
  `id_etape` int(11) NOT NULL,
  `nom` varchar(100) NOT NULL
) ENGINE=InnoDB DEFAULT CHARSET=utf8;

--
-- Dumping data for table `creche_grille_etapes_themes`
--

INSERT INTO `creche_grille_etapes_themes` (`id_theme`, `id_etape`, `nom`) VALUES
(1, 1, 'Développement de la motricité fine'),
(2, 1, 'Développement sensoriel et perceptif'),
(3, 1, 'Développement de la motricité globale'),
(4, 1, 'Développement du langage'),
(5, 1, 'Développement cognitif'),
(6, 1, 'Développement socio-affectif'),
(7, 1, 'Développement des fonctions végétatives'),
(8, 2, 'Développement de la motricité fine'),
(9, 2, 'Développement sensoriel et perceptif'),
(10, 2, 'Développement de la motricité globale'),
(11, 2, 'Développement du langage'),
(12, 2, 'Développement cognitif'),
(13, 2, 'Développement socio-affectif'),
(14, 2, 'Développement des activités physiologique'),
(15, 3, 'Développement de la motricité fine'),
(16, 3, 'Développement sensoriel et perceptif'),
(17, 3, 'Développement de la motricité globale'),
(18, 3, 'Développement du langage'),
(19, 3, 'Développement cognitif'),
(20, 3, 'Développement socio-affectif'),
(21, 3, 'Développement des fonctions végétatives'),
(22, 4, 'Développement de la motricité fine'),
(23, 4, 'Développement sensoriel et perceptif'),
(24, 4, 'Développement de la motricité globale'),
(25, 4, 'Développement du langage'),
(26, 4, 'Développement cognitif'),
(27, 4, 'Développement socio-affectif'),
(28, 4, 'Développement de l\'Autonomie');

-- --------------------------------------------------------

--
-- Table structure for table `creche_jours_feries`
--

CREATE TABLE `creche_jours_feries` (
  `date` date NOT NULL,
  `nom` varchar(50) NOT NULL DEFAULT ''
) ENGINE=InnoDB DEFAULT CHARSET=utf8;

--
-- Dumping data for table `creche_jours_feries`
--

INSERT INTO `creche_jours_feries` (`date`, `nom`) VALUES
('2020-01-02', 'New Year'),
('2020-01-25', 'Chinese Spring festival'),
('2020-02-01', 'Abolition of Slavery'),
('2020-02-08', 'Thaipoosam Cavadee'),
('2020-02-21', 'Maha Shivaratree'),
('2020-03-12', 'National day'),
('2020-03-25', 'Ougadi'),
('2020-05-01', 'Labour Day'),
('2020-05-24', 'Eid-Ul-Fitr'),
('2020-08-15', 'Assumption of the Blessed Virgin Mary'),
('2020-08-23', 'Ganesh Chaturthi'),
('2020-11-02', 'Arrival of indentured laborers'),
('2020-11-14', 'Divali'),
('2020-12-25', 'Christmas');

-- --------------------------------------------------------

--
-- Table structure for table `creche_livre_caisse`
--

CREATE TABLE `creche_livre_caisse` (
  `id_livre_caisse` int(11) NOT NULL,
  `date` date NOT NULL,
  `debit` decimal(8,2) NOT NULL,
  `credit` decimal(8,2) NOT NULL,
  `details` varchar(255) NOT NULL,
  `remarques` text NOT NULL
) ENGINE=InnoDB DEFAULT CHARSET=utf8;

-- --------------------------------------------------------

--
-- Table structure for table `creche_options`
--

CREATE TABLE `creche_options` (
  `id_option` int(11) NOT NULL,
  `nom` varchar(255) NOT NULL,
  `prix` decimal(6,0) NOT NULL
) ENGINE=InnoDB DEFAULT CHARSET=utf8;

--
-- Dumping data for table `creche_options`
--

INSERT INTO `creche_options` (`id_option`, `nom`, `prix`) VALUES
(1, 'Pack activité Atelier de vacances', 3000),
(2, 'TEMPS PLEIN Option bien être (produits inclus), collation offert', 6400),
(3, 'TEMPS PLEIN Option petits repas frais (déjeuner) collation offerte', 6800),
(4, 'TEMPS PLEIN Option Basic (Soin, serviettes propres, collation offerte)', 5300),
(5, 'TEMPS PLEIN Option complète (soin, repas frais, produits et couches) collation offerte', 7200),
(6, 'Option 3 fois la semaine Plus collation', 3600),
(7, 'Option 2 fois la semaine plus collation', 2200);

-- --------------------------------------------------------

--
-- Table structure for table `creche_paiements`
--

CREATE TABLE `creche_paiements` (
  `id_paiement` int(11) NOT NULL,
  `id_enfant` int(11) NOT NULL,
  `for_month` date NOT NULL,
  `special` enum('','bonus_dec','assurance') NOT NULL,
  `montant` decimal(6,0) NOT NULL,
  `date_paiement` date DEFAULT NULL
) ENGINE=InnoDB DEFAULT CHARSET=utf8;

--
-- Dumping data for table `creche_paiements`
--

INSERT INTO `creche_paiements` (`id_paiement`, `id_enfant`, `for_month`, `special`, `montant`, `date_paiement`) VALUES
(1, 3, '2020-07-01', '', 5460, '2020-07-01'),
(2, 2, '2020-07-01', '', 5460, '2020-07-01'),
(3, 3, '2020-11-01', '', 5460, '2020-10-26'),
(4, 3, '2020-10-01', '', 5460, '2020-09-26');

-- --------------------------------------------------------

--
-- Table structure for table `creche_params`
--

CREATE TABLE `creche_params` (
  `id_param` varchar(40) NOT NULL DEFAULT '',
  `texte` mediumtext NOT NULL,
  `commentaire` varchar(255) NOT NULL DEFAULT ''
) ENGINE=InnoDB DEFAULT CHARSET=utf8;

--
-- Dumping data for table `creche_params`
--

INSERT INTO `creche_params` (`id_param`, `texte`, `commentaire`) VALUES
('adresse_1', '51, Avenue des Dahlias	', ''),
('adresse_2', 'Morcellement Beerjeeraz', ''),
('BRN', 'C17149867', ''),
('directrice', 'Isabelle Claite', ''),
('email', 'crecheattitudecoltee@gmail.com', ''),
('nom_entreprise', 'Crèche Attitude Co Ltée', ''),
('site_web', 'www.crecheattitude.mu', ''),
('telephone', '2371670', ''),
('ville', 'Albion', '');

-- --------------------------------------------------------

--
-- Table structure for table `creche_parents`
--

CREATE TABLE `creche_parents` (
  `id_parent` int(11) NOT NULL,
  `nom_pere` varchar(255) NOT NULL,
  `prenom_pere` varchar(255) NOT NULL,
  `date_naissance_pere` date DEFAULT NULL,
  `email_pere` varchar(255) NOT NULL,
  `adresse_pere` text NOT NULL,
  `ville_pere` varchar(50) NOT NULL,
  `telephone_fixe_pere` varchar(50) NOT NULL,
  `telephone_portable_pere` varchar(50) NOT NULL,
  `profession_pere` varchar(255) NOT NULL,
  `employeur_pere` text NOT NULL,
  `nom_mere` varchar(255) NOT NULL,
  `prenom_mere` varchar(255) NOT NULL,
  `date_naissance_mere` date DEFAULT NULL,
  `email_mere` varchar(255) NOT NULL,
  `adresse_mere` text NOT NULL,
  `ville_mere` varchar(50) NOT NULL,
  `telephone_fixe_mere` varchar(50) NOT NULL,
  `telephone_portable_mere` varchar(50) NOT NULL,
  `profession_mere` varchar(255) NOT NULL,
  `employeur_mere` text NOT NULL,
  `nom_contact_urgence` varchar(255) NOT NULL,
  `prenom_contact_urgence` varchar(255) NOT NULL,
  `relation_urgence` text NOT NULL,
  `telephone_fixe_contact_urgence` varchar(50) NOT NULL,
  `telephone_portable_contact_urgence` varchar(50) NOT NULL,
  `nom_payeur` varchar(255) NOT NULL,
  `banque_branche_payeur` varchar(255) NOT NULL,
  `numero_compte_bancaire_payeur` varchar(255) NOT NULL,
  `type_compte_payeur` varchar(255) NOT NULL,
  `date_virement` enum('1','2','3','4','5') NOT NULL
) ENGINE=InnoDB DEFAULT CHARSET=utf8;

--
-- Dumping data for table `creche_parents`
--

INSERT INTO `creche_parents` (`id_parent`, `nom_pere`, `prenom_pere`, `date_naissance_pere`, `email_pere`, `adresse_pere`, `ville_pere`, `telephone_fixe_pere`, `telephone_portable_pere`, `profession_pere`, `employeur_pere`, `nom_mere`, `prenom_mere`, `date_naissance_mere`, `email_mere`, `adresse_mere`, `ville_mere`, `telephone_fixe_mere`, `telephone_portable_mere`, `profession_mere`, `employeur_mere`, `nom_contact_urgence`, `prenom_contact_urgence`, `relation_urgence`, `telephone_fixe_contact_urgence`, `telephone_portable_contact_urgence`, `nom_payeur`, `banque_branche_payeur`, `numero_compte_bancaire_payeur`, `type_compte_payeur`, `date_virement`) VALUES
(1, 'AMI', 'Jonathan', NULL, 'jonathanami@icloud.com', '159, Prairie Rose Ave\r\nSplendid View', 'Albion', '58048554', '', '', 'Splendid Sweets Ltd\r\nAlbion', 'AMI', 'Evegenia', NULL, 'kiryuse@gmail.com', '', '', '57932662', '', '', 'Splendid Sweets Ltd\r\nAlbion', 'Ami', 'Odile', 'Grand-mère', '57390711', '', '', '', '', '', '1'),
(2, 'Boodiah', 'Nicolas', NULL, 'boodiah12.nic@hotmail.com', 'Belle Vue Phare\r\nBelle Vue', 'Albion', '58017374 59608794', '', '', 'La Sentinelle Ltd\r\nBaie du Tombeau\r\n2068200', 'Boodiah', 'Christina', NULL, 'tinaboodiah@gmail.com', '', '', '54962596   59210928', '', '', 'Somatrans IBL Group\r\nRiche Terre\r\n2027140\"', '', '', '', '', '', '', '', '', '', '1'),
(3, 'd\'Avoine', 'Vincent', NULL, '', '', '', '', '', '', '', 'd\'Avoine', 'Anne Claire', NULL, '', '', '', '', '', '', '', '', '', '', '', '', '', '', '', '', '1'),
(4, 'Gobin', 'Lindley', NULL, '', '', '', '', '', '', '', 'Gobin', 'Joelle', NULL, '', '', '', '', '', '', '', '', '', '', '', '', '', '', '', '', '1'),
(5, 'Jeanne', 'Manu', NULL, '', '', '', '', '', '', '', 'Malabar', 'Valérie', NULL, '', '', '', '', '', '', '', '', '', '', '', '', '', '', '', '', '1'),
(6, 'Kerneur', 'Clément', NULL, '', '', '', '', '', '', '', 'Schklartschik', 'Liliane', NULL, '', '', '', '', '', '', '', '', '', '', '', '', '', '', '', '', '1'),
(7, 'Lambourg', 'Fabien', NULL, '', '', '', '', '', '', '', 'Lambourg', 'Mary-Jane', NULL, '', '', '', '', '', '', '', '', '', '', '', '', '', '', '', '', '1'),
(8, 'Marie', 'Eric', NULL, '', '', '', '', '', '', '', 'Kerville', 'Camille', NULL, '', '', '', '', '', '', '', '', '', '', '', '', '', '', '', '', '1'),
(9, 'Parfait', 'Marc', NULL, '', '', '', '', '', '', '', 'Oraison-Parfait', 'Alexandra', NULL, '', '', '', '', '', '', '', '', '', '', '', '', '', '', '', '', '1'),
(10, 'Permal', 'Daren', NULL, '', '', '', '', '', '', '', 'Permal', 'Bhavna', NULL, '', '', '', '', '', '', '', '', '', '', '', '', '', '', '', '', '1'),
(11, 'Phokeer', 'Amreesh Dev', NULL, '', '', '', '', '', '', '', 'Phokeer', 'Marie-Laure Ziss', NULL, '', '', '', '', '', '', '', '', '', '', '', '', '', '', '', '', '1'),
(12, 'Piany', 'Jean Laurent', NULL, '', '', '', '', '', '', '', 'Piany', 'Emmanuelle', NULL, '', '', '', '', '', '', '', '', '', '', '', '', '', '', '', '', '1'),
(13, 'Redouble', 'Michel', NULL, '', '', '', '', '', '', '', 'Redouble', 'Martine', NULL, '', '', '', '', '', '', '', '', '', '', '', '', '', '', '', '', '1'),
(14, 'Malinine', 'Grégory', NULL, '', '', '', '', '', '', '', 'Malinine', 'Sharon', NULL, '', '', '', '', '', '', '', '', '', '', '', '', '', '', '', '', '1'),
(15, 'décédé', 'x', NULL, '', '', '', '', '', '', '', 'De St Philippe Desplace', 'Karine', NULL, '', '', '', '', '', '', '', '', '', '', '', '', '', '', '', '', '1'),
(16, 'Grenade', 'Gino', NULL, '', '', '', '', '', '', '', 'Grenade', 'Diane', NULL, '', '', '', '', '', '', '', '', '', '', '', '', '', '', '', '', '1'),
(17, 'Rochecouste', 'Didier', NULL, '', '', '', '', '', '', '', 'Rochecouste', 'Valérie', NULL, '', '', '', '', '', '', '', '', '', '', '', '', '', '', '', '', '1'),
(18, 'Mackay', 'Frédéric', NULL, '', '', '', '', '', '', '', 'Mackay', 'Vanessa', NULL, '', '', '', '', '', '', '', '', '', '', '', '', '', '', '', '', '1'),
(19, 'Mungroo', 'Sunny', NULL, '', '', '', '', '', '', '', 'Mungroo', 'Alexandre', NULL, '', '', '', '', '', '', '', '', '', '', '', '', '', '', '', '', '1'),
(20, 'Catherine', 'Fabrice', NULL, '', '', '', '', '', '', '', 'Catherine', 'Karolyn Claite', NULL, '', '', '', '', '', '', '', '', '', '', '', '', '', '', '', '', '1'),
(21, 'Cavalot', 'Rudy', NULL, '', '', '', '', '', '', '', 'Cavalot', 'Virginie', NULL, '', '', '', '', '', '', '', '', '', '', '', '', '', '', '', '', '1'),
(22, 'x', 'x', NULL, '', '', '', '', '', '', '', 'Quirin', 'Karen', NULL, '', '', '', '', '', '', '', '', '', '', '', '', '', '', '', '', '1'),
(23, 'Beerjeraz', 'Cédric', NULL, 'cb.marboboisltee@gmail.com', '284, Avenue des Colombes, Morcellement Terres d\'Albion', 'Albion', '4896414', '52501427', '', 'Marbobois Ltee', 'Brosse', 'Désirella', '1976-09-09', 'desirellaj@gmail.com', '284, Avenues des Colombes, Morcellement Terre d\'Albion', 'Albion', '4896414', '52571665', 'Air Hostess', 'SSR International Airport', 'Beerjeraz', 'Marcellino ', 'Grand-Père', '-', '52541159', '', '', '', '', '1'),
(24, 'Lebon ', 'Stéphane', NULL, 'stephtvio@gmail.com', 'Avenue des Perruches, Morcellement Terre d\'Albion', 'Albion', '0', '52527065', 'Chef de projet', 'MCB', 'Lebon', 'Violaine', NULL, '', '', 'Albion', '', '52527165', 'Educateur', 'Ecole Paul et Virginie', 'Mario Lebon, Grand Pere, 57513418\r\nLysbette Lebon, Grand Mère, 57078724', '', '', '', '', '', '', '', '', '1'),
(25, 'Varsally', 'Nadeem', '2024-12-24', 'nvarsa@kinoseven.mu', 'Astrolabe Avenue Morcellment Raffray', 'Albion', '', '52592149', 'Directeur', 'Entrepreneur', 'Lesage', 'Melissa', '1980-05-07', 'lesage.melissa@gmail.com', 'Astrolabe Avenue Morc Raffray', 'Albion', '', '59414307', 'Juriste', '', 'Lesage \r\nVarsally', 'Magali Lesage\r\nAkhtar Varsally', 'grand-mère\r\ngrand-mère\r\n\r\n\r\n\r\n', '2888493', '57565035 /  ML\r\n57528915 AV\r\n', '', '', '', '', '1'),
(26, 'Sauleck', 'F Patrice', NULL, 'patrice.sauleck@mcb.mu', 'Avenue Marlins, Morcellement de Chazal', 'Albion', '2371920', '57616625', 'MCB', 'MCB PAILLES', 'Sauleck', 'Anne-Lise', NULL, 'annelise.dan@gmail.com', 'Avenue Marlins, Morcellement de Chazal', 'Albion', '2371920', '57574945', 'Tutor', 'Collège de la Confiance', 'Sauleck\r\nDaniel', 'Roselyn\r\nLise-May', 'Grand-Mère', '', '59118599\r\n58107227', '', '', '', '', '1'),
(27, 'Ernestine ', 'Jacques Chistopher Didier', NULL, 'dernestine@gmail.com', 'No 1 Avenue des Orangers, Morcellement Belle Vue', 'Albion', '2370347', '5747899', 'Banquier', 'MCB Saint Jean ', 'Delort-Ernestine', 'Marie Jessica ', '1989-11-07', 'jessdel24@gmail.com', 'No 1 Avenue des Orangers, Morcellement Belle Vue', 'Albion', '2370347', '59836327', 'Banquiere', 'MCB Curepipe', 'Mme Nathalie \r\nMme Viola', '', 'Grand-Mère Maternelle\r\nGrand-Mère paternelle', '', '54284357\r\n57015527', '', '', '', '', '1'),
(28, 'Inconnu', 'Inconnu', NULL, '', '', '', '', '', '', '', 'Dwarika', 'Kateney', '1999-03-07', 'katedwa@gmail.com', '56, Acrise Lane, Petit Verger', 'Petite Rivière', '2337122', '54756786', 'Assistante Puéricultrice', 'Crèche Attitude Co ltée', 'Grand-Père\r\nGrand-Mère', '', 'Grand-Père\r\nGrand-Mère', '', '59167249\r\n59325954', '', '', '', '', '1'),
(29, 'dAvoine', 'Cedric', NULL, '', 'Avenue des Tulipes ', 'Albion', '2384137', '54981021', '', 'CHCL', 'dAvoine', 'Elodie', NULL, '', '', '', '', '59810719', '', 'CCI Business School', 'dAvoine \r\nFinette Constantin\r\nFinette Constantin', 'Vincent\r\n;arie Line \r\nRose ;arie d\'avoine', 'Parrain\r\nGrand  ere\r\nGrand ;ere', '', '59401431\r\n59762007\r\n54960986', '', '', '', '', '1'),
(30, 'Ah Ting ', 'David', '1984-03-09', 'david.ahting@mcb.mu', '554 Morc Belle Vue Phare', 'Albion', '2385206', '57568030', 'Banquier', 'MCB Port-Louis', 'Ah Ting', 'Severine', '1987-05-18', 'severineahting@mcb.mu', '554 Morc Belle Vue Phare', 'Albion', '2385206', '57637045', 'Banquiere', 'MCB Port-Louis', 'Lisebie (GM)\r\nChristine', '', 'Grand-mère\r\nTante', '', '57131352\r\n59021140', '', '', '', '', '1'),
(31, 'Fanny', 'Ghislain', '1978-08-23', 'ghislain.fanny@gmail.com', 'Avenue Pic-Pics\r\nMorcellement Belle Vue (phare)', 'Albion', '2371750', '57915288', 'Inventory Manager', 'Natec Medical Ltd', 'Ramsay', 'Catherine', '1991-04-13', 'catheriner1@live.com', 'Avenue Pic-Pics\r\nMorc Belle Vue (Phare)\r\n', 'Albion', '2371750', '57578391 / 58563622', 'Marketing Executive', 'Linxia Ltd', 'Ramsay', 'Lisette', 'Grand-Mère', '', '57698524', '', '', '', '', '1'),
(32, 'Gouges', 'Gervais', NULL, '', 'Avenue Cutty Sark, Morcellement Raffray', 'Albion', '2384678', '59107506', '', 'In Situ Visual Merchandising Co Ltd', 'Fitzgerald Gouges', 'Fergie', NULL, 'fergie.fitzgerald@hotmail.com', 'Avenue Cutty Sark, Morcellement Raffray', 'Albion', '2385678', '54289372', '', 'IBL Brandactiv Ltd', 'Gouges\r\nFitzgerald\r\nGouges', 'Patrick\r\nFloyd\r\nGuillaume', '', '2384678\r\n', '54977608\r\n52515204', '', '', '', '', '1'),
(33, 'Farineau', 'Francois', NULL, 'ffarineau@hotmail.fr', 'Avenue Saint Géran', 'Albion', '', '57193043', '', '', 'Sabourin', 'Elsa', NULL, 'elsasabourin@hotmail.com', 'Ave Saint Géran', 'Albion', '', '52514750', '', 'Ambassade de France', 'n/a', '', '', '', '', '', '', '', '', '1'),
(34, 'Beguinot', 'Cédric', NULL, 'berguinotcedric@yahoo.co.uk', '26, Avenue Indépendence, Sunset View', 'Roche Brunes', '', '54984985 / 57136901', '', 'South Suez Capital\r\nPointe aux Canonniers', 'Leveque', 'Anne-Sophie', NULL, 'annesophie-@outlook.com', '26 Avenue Indépendence, Sunset View', 'Roche Brunes', '', '59278234', '', 'ICPS\r\nPailles', 'Beguinot', 'Jean-Claude', 'Grand-Père', '2384658', '59775484', '', '', '', '', '1'),
(35, 'Cadoux', 'Mathieu', NULL, 'mathieu.cadoux@gmail.com', 'Sugarroof, Avenue Lilas', 'Flic en Flac', '', '54835027', '', 'Pharmacie Nouvelle Ltée\r\nPailles', 'Adam', 'Alison', NULL, '', 'Lot 15, Curly Willow, Splendid View', 'Albion', '', '59189548', '', 'Pharmacie Nouvelle Ltée\r\nPailles', 'l', 'Jason\r\nMarie-Claude\r\nCyri', 'Oncle\r\nGrand-mère\r\nGrand-père', '', '58171069\r\n57917843\r\n59403645', '', '', '', '', '1'),
(36, 'Chan Chin', 'Warren', '1989-02-03', 'wcc-153@hotmail.com', 'Avenue des Perruches, morcellement Belle Vue', 'Albion', '2370141', '54959382 54908841', '', 'Axess Ltd\r\nPailles', 'Tuyan- Chan Chin', 'Laur', '1989-01-17', 'laura-capri.17@hotmail.com', 'Avenue des Perruches\r\nMorcellement Belle Vue', 'Albion', '2370141', '54292003', 'Housewife', '', 'Tuyau', 'Alain', 'Grand-Père', '', '57467939', '', '', '', '', '1'),
(37, 'Manikam', 'Marvin Thomas', '1993-08-14', 'thomasmanikam@yahoo.com', 'Cnr Le Merle, Begonia Avenue', 'Albion', '', '59389666', '', 'MSAW', 'Manikam', 'Anne Marie Celine', '1993-02-02', 'celinemilate@gmail.com', '', '', '57044029', '59301801', '', 'Mauritius Meat Authority', 'Manikam', 'Jerry', 'Oncle', '', '52512041\r\n57248782', '', '', '', '', '1'),
(38, 'Levasseur', 'Arnaud', '1987-07-27', 'arnaud.levasseur.lead@gmail.com', '43, Avenue des Bengalis, Morcellement Terre D\'Albion', 'Albion', '', '59166353', '', 'MCB', 'Levasseur', 'Kate', '1988-06-13', 'kate.levasseur13@gmail.com', '43, Avenue des Bengalis, Morcellement Terres d\'Albion', 'Albion', '', '57834393', '', 'MCB', 'Pierette ', 'Dacruz', 'Grand-Mère', '', '59875882', '', '', '', '', '1'),
(39, 'Arimond ', 'Gilles', '1982-08-28', 'gillesarimond82@gmail.com', 'Lot 83 Avenue Cateaux Vert Morc Petite Bretagne', 'Albion', '2370430', '57774094', '', 'MCB RIVIERE DES ANGUILLES', 'Danré', 'Virginie', '1992-02-27', 'vdanre@outlook.com', 'Lot 83, Avenue Cateaux Vert, Morcellement Petite Bretagne', 'Albion', '', '57717321', '', 'MCB ST JEAN', 'Danré\r\nDanré', 'Mario\r\nCheryl', 'Grand-père\r\nGrand-Mère', '', '58081877\r\n57762409', '', '', '', '', '1'),
(40, 'Lavictoire', 'Nicolas', NULL, '', 'Avenue Saint Géran, Morcellement Raffray', 'Albion', '', '57903558 / 52534625', '', 'Summertimes', 'Goder', 'Laurence', NULL, 'laurence29@hotmail.com', 'Avenue Saint Geran, Morcellement Raffray', 'Albion', '', '58084211', '', 'Anahita Estates Ltd', 'Goder ', 'Marie Claude', 'Grand Mère', '2384455', '57830962', '', '', '', '', '1'),
(41, 'Domingue', 'Olivier', '1988-11-16', 'olivier-domingue@live.co.uk', 'Lot 343 Morc De Chazal', 'Albion', '', '58498132', '', 'MCB', 'L\'Assemillante', 'Sandrine', NULL, 'sandrine-lassemillante@hotmail.com', '', '', '', '5849054', '', 'FEMME AU FOYER', 'LASSEMILLANTE\r\nLASSEMMILLANTE', 'JACQUES\r\nAUDREY', '', '', '52536048\r\n59164185', '', '', '', '', '1'),
(42, 'Kerville', 'Clovis', '1986-09-23', '', 'Belle Vue Phare', 'Albion', '', '59807887', 'Dolswim', '', 'René', 'Beatrice Desirella', '1995-09-08', 'desirela.b.rene@accenture.com', '', '', '', '54844310', 'Accenture', 'Accenture', 'René', 'Dorine', 'Grand-Mère', '', '58094133', '', '', '', '', '1'),
(43, 'Mungroo', 'Vishant', NULL, 'vishant08@gmail.com', '163, Avenue des Dahlias Morc Raffray', 'Albion', '2371570', '57491246', '', 'LUCRIN MTIUS LTD MOKA BUSINESS PARK', 'Mungroo', 'Janysha', NULL, 'janysha10@gmail.com', '', '', '', '59899937', 'Housewife', '', 'Lutchmee Muddapah', 'Lutchmee', 'Grand-mère', '', '57215994', '', '', '', '', '1'),
(44, 'Fidelle', 'Mathieu Donovan', '1992-06-12', '', 'Morcellement Petite Bretagne', 'Albion', '', '57903929', '', 'Alu Gates\r\nJin Fei', 'Hermans Fidelle', 'Deborah Kelly', '1994-07-04', 'deborahhermans@hotmail.com', '', '', '', '57803207', 'Banquiere', 'MCB \r\nSaint Jean', 'Hermans', 'Johan', 'Parrain', '', '58079164', '', '', '', '', '1'),
(45, 'Thomas', 'Romain', '1987-02-13', 'rt0047@gmail.com', 'Avenue Ouragan', 'Albion', '', '57021417', 'Prof de maths', 'Lycée des Mascareignes ', 'Vykopalova', 'Zusana', '1988-05-31', 'zuzanavykopalova@gmail.com', 'Avenue Ouragan', 'Albion', '', '57021428', 'Femme au foyet', '', '', 'Clévio', 'Ami', '', '52597822', '', '', '', '', '1'),
(46, 'Jeannot', 'Alexandre', '1993-12-04', 'ajeannot93@gmail.com', '10 Avenue des noisettes, Morc Rey', 'Pointe aux Sables', '', '57150805', 'Medecin', 'Medecin à domicile', 'Jeannot', 'Laeticia', '2000-12-19', 'laeticiaalexj@gmail.com', '', '', '', '58192927', 'Etudiante', '', '', '', 'Grand-père', '', '52598854', '', '', '', '', '1'),
(47, 'Moonesamy ', 'Christophe', '1991-09-17', 'christophe.arius@gmail.com', 'Morcellement Raffray, Avenue Victory', 'Albion', '2371831', '57587932', 'Gout SA ', 'SELF EMPLOYED', 'Moonesamy', 'Heena', '1990-10-12', 'heena.moonesamy@safyrmu.com', '', '', '', '57805601', '', 'Safyr Capital Partners Ltd', 'Gopaul\r\nMoonesamy', 'Nitish Gopaul\r\nBrandon Moonesamy', 'Oncle\r\nOncle', '', '59861011\r\n58005659\r\n', '', '', '', '', '1'),
(48, 'Paul', 'Pierre-Yves', NULL, 'pierreyves.paul@outlook.com', 'Avenue Saint Geran', 'Albion', '', '52535230', 'Entrepreneur', '', 'Chung-Kai-To', 'Rachel', NULL, 'r.chungkaito@gmail.com', '', '', '', '52569577', 'N:A', '', 'Gérard et Ariane Paul\r\nMarie-Noelle Chung-Kai-To', '', 'grand-parents\r\n', '', '52534533 / 59392086\r\n59279881', '', '', '', '', '1'),
(49, 'Chervonnyi', 'Arthur', NULL, 'arturhervonnyi@gmail.com', 'Ave des Tourtereaux', 'Flic en Flac', '', '', '', 'Abinber\r\nUnicity / Medine', 'Chervonnyi', 'Joanita', NULL, 'joanita.quirin@gmail.com', '', '', '', '52529720', '', 'Abinber\r\nUnicity / Medine', 'Curtis Quirin - Grand-Père\r\nJonathan Quirin - Oncle', '', '', '', '54987574\r\n57219466', '', '', '', '', '1'),
(50, 'Luppens', 'Arnaud', '1986-05-28', 'aluppens@gmail.com', '348 Avenue des Cygnes, Terre d\'Albion', 'Albion', '', '59858871', '', 'Aquarelle Group, Boundary Rd Q Bornes', 'Labour', 'Odile', '1986-05-26', 'aoluppens@gmail.com', '', '', '', '57980901', '', 'Dauerflora Ave Victory Albion', 'Marilyn Labour\r\nRichard Labour', '', 'Grand-mère\r\nGrand-père\r\n', '', '57874334\r\n59776507', '', '', '', '', '1');

-- --------------------------------------------------------

--
-- Table structure for table `creche_paye`
--

CREATE TABLE `creche_paye` (
  `id_creche_paye` int(11) NOT NULL,
  `id_personnel` int(11) NOT NULL,
  `month` date NOT NULL
) ENGINE=InnoDB DEFAULT CHARSET=latin1;

--
-- Dumping data for table `creche_paye`
--

INSERT INTO `creche_paye` (`id_creche_paye`, `id_personnel`, `month`) VALUES
(1, 4, '2020-05-01'),
(2, 4, '2020-04-01'),
(3, 5, '2020-05-01'),
(4, 7, '2020-05-01'),
(5, 8, '2020-05-01'),
(6, 6, '2020-05-01'),
(7, 4, '2020-06-01'),
(8, 3, '2020-05-01'),
(9, 3, '2020-09-01'),
(10, 3, '2019-09-01'),
(11, 5, '2020-06-01'),
(12, 5, '2020-06-01'),
(13, 10, '2020-06-01'),
(14, 10, '2020-06-01'),
(16, 6, '2020-06-01'),
(17, 5, '2020-07-01'),
(21, 4, '2020-07-01'),
(23, 10, '2020-07-01'),
(24, 11, '2020-07-01'),
(28, 7, '2020-07-01'),
(29, 4, '2020-08-01'),
(30, 10, '2020-08-01'),
(31, 5, '2020-04-01'),
(36, 11, '2020-08-01'),
(37, 5, '2020-08-01'),
(38, 4, '2020-09-01'),
(39, 4, '2020-09-01'),
(40, 4, '2020-09-01'),
(41, 5, '2020-09-01'),
(42, 10, '2020-09-01'),
(43, 12, '2020-09-01'),
(44, 11, '2020-09-01'),
(45, 11, '2020-10-01'),
(46, 4, '2020-10-01'),
(47, 5, '2020-10-01'),
(48, 5, '2020-10-01'),
(49, 12, '2020-10-01'),
(50, 12, '2020-10-01'),
(51, 13, '2020-10-01'),
(52, 4, '2020-11-01'),
(53, 5, '2020-11-01'),
(54, 5, '2020-11-01'),
(55, 12, '2020-11-01'),
(56, 13, '2020-11-01'),
(57, 8, '2020-12-01'),
(58, 12, '2020-12-01'),
(59, 12, '2020-12-01'),
(60, 13, '2020-12-01'),
(61, 4, '2020-12-01'),
(62, 5, '2020-12-01'),
(63, 5, '2020-12-01'),
(64, 5, '2021-01-01'),
(65, 13, '2021-01-01'),
(66, 4, '2021-01-01'),
(67, 12, '2021-01-01'),
(68, 12, '2021-01-01'),
(69, 12, '2021-01-01'),
(70, 5, '2021-02-01'),
(71, 13, '2021-02-01'),
(72, 13, '2021-02-01'),
(73, 13, '2021-02-01'),
(74, 13, '2021-02-01'),
(75, 13, '2021-02-01'),
(76, 14, '2021-02-01'),
(77, 14, '2021-02-01'),
(78, 16, '2021-02-01'),
(79, 17, '2021-02-01'),
(80, 18, '2021-02-01'),
(81, 7, '2021-02-01'),
(82, 8, '2021-02-01'),
(83, 7, '2021-01-01'),
(84, 8, '2021-01-01'),
(85, 14, '2020-12-01'),
(86, 14, '2021-01-01'),
(89, 5, '2021-03-01'),
(90, 13, '2021-03-01'),
(91, 16, '2021-03-01'),
(92, 14, '2021-03-01'),
(93, 17, '2021-03-01'),
(94, 1, '2021-03-01'),
(95, 2, '2021-04-01'),
(96, 5, '2021-04-01'),
(97, 13, '2021-04-01'),
(98, 14, '2021-04-01'),
(99, 16, '2021-04-01'),
(100, 16, '2021-04-01'),
(101, 17, '2021-04-01'),
(102, 7, '2021-04-01'),
(103, 5, '2021-05-01'),
(104, 13, '2021-05-01'),
(105, 2, '2021-05-01'),
(106, 16, '2021-05-01'),
(107, 14, '2021-05-01'),
(108, 14, '2021-05-01'),
(109, 13, '2021-07-01'),
(110, 2, '2021-06-01'),
(111, 16, '2021-06-01'),
(112, 14, '2021-06-01'),
(113, 2, '2021-07-01'),
(114, 14, '2021-07-01'),
(115, 16, '2021-07-01'),
(116, 2, '2021-08-01'),
(117, 14, '2021-08-01'),
(118, 16, '2021-08-01'),
(119, 2, '2021-10-01'),
(120, 2, '2021-10-01'),
(121, 2, '2021-10-01'),
(122, 2, '2021-10-01'),
(123, 2, '2021-10-01'),
(124, 2, '2021-10-01'),
(125, 2, '2021-10-01'),
(126, 2, '2021-10-01'),
(127, 2, '2021-09-01'),
(128, 14, '2021-09-01'),
(129, 16, '2021-09-01'),
(130, 16, '2021-10-01'),
(131, 14, '2021-10-01'),
(132, 19, '2021-10-01'),
(133, 1, '2021-10-01'),
(134, 2, '2021-11-01'),
(135, 14, '2021-11-01'),
(136, 16, '2021-11-01'),
(137, 19, '2021-11-01'),
(138, 2, '2021-12-01'),
(139, 14, '2021-12-01'),
(140, 16, '2021-12-01'),
(141, 16, '2021-12-01'),
(142, 16, '2021-12-01'),
(143, 16, '2021-12-01'),
(144, 16, '2021-12-01'),
(145, 19, '2021-12-01'),
(146, 14, '2022-01-01'),
(147, 2, '2022-01-01'),
(148, 16, '2022-01-01'),
(149, 19, '2022-01-01'),
(150, 2, '2022-02-01'),
(151, 16, '2022-02-01'),
(152, 19, '2022-02-01'),
(153, 20, '2022-02-01'),
(154, 16, '2022-03-01'),
(155, 2, '2022-03-01'),
(156, 19, '2022-03-01'),
(157, 20, '2022-03-01'),
(158, 21, '2022-03-01'),
(159, 22, '2022-03-01'),
(160, 16, '2021-01-01'),
(161, 2, '2022-06-01'),
(162, 2, '2022-08-01'),
(163, 20, '2022-04-01'),
(164, 2, '2022-04-01'),
(165, 2, '2022-04-01'),
(166, 2, '2022-04-01'),
(167, 2, '2022-04-01'),
(168, 2, '2022-04-01'),
(169, 2, '2022-04-01'),
(170, 19, '2022-04-01'),
(171, 21, '2022-04-01'),
(172, 22, '2022-04-01'),
(173, 1, '2022-04-01'),
(174, 2, '2022-05-01'),
(175, 19, '2022-05-01'),
(176, 20, '2022-05-01'),
(177, 21, '2022-05-01'),
(178, 22, '2022-05-01'),
(179, 1, '2022-05-01'),
(180, 21, '2022-06-01'),
(181, 19, '2022-06-01'),
(182, 20, '2022-06-01'),
(183, 22, '2022-06-01'),
(184, 22, '2022-06-01'),
(185, 22, '2022-06-01'),
(186, 22, '2022-06-01'),
(187, 1, '2022-06-01'),
(188, 7, '2022-06-01'),
(189, 7, '2022-07-01'),
(190, 19, '2022-07-01'),
(191, 20, '2022-07-01'),
(192, 22, '2022-07-01'),
(193, 23, '2022-07-01'),
(194, 24, '2022-07-01'),
(195, 1, '2022-07-01'),
(196, 20, '2022-08-01'),
(197, 24, '2022-08-01'),
(198, 19, '2022-08-01'),
(199, 19, '2022-08-01'),
(200, 22, '2022-08-01'),
(201, 23, '2022-08-01'),
(202, 1, '2022-08-01'),
(203, 25, '2022-08-01'),
(204, 22, '2022-09-01'),
(205, 22, '2022-10-01'),
(206, 20, '2022-09-01'),
(207, 19, '2022-09-01'),
(208, 19, '2022-10-01'),
(209, 23, '2022-09-01'),
(210, 25, '2022-09-01'),
(211, 24, '2022-09-01'),
(212, 7, '2022-09-01'),
(213, 1, '2022-09-01'),
(214, 20, '2022-10-01'),
(215, 23, '2022-10-01'),
(216, 7, '2022-10-01'),
(217, 20, '2022-11-01'),
(218, 19, '2022-11-01'),
(219, 22, '2022-11-01'),
(220, 23, '2022-11-01'),
(221, 25, '2022-11-01'),
(222, 1, '2022-11-01'),
(223, 1, '2023-01-01'),
(224, 20, '2022-12-01'),
(225, 19, '2022-12-01'),
(226, 22, '2022-12-01'),
(227, 23, '2022-12-01'),
(228, 25, '2022-12-01'),
(229, 1, '2022-12-01'),
(230, 19, '2023-01-01'),
(231, 20, '2023-01-01'),
(232, 20, '2023-01-01'),
(233, 22, '2023-01-01'),
(234, 23, '2023-01-01'),
(235, 7, '2023-01-01'),
(236, 20, '2023-02-01'),
(237, 19, '2023-02-01'),
(238, 22, '2023-02-01'),
(239, 23, '2023-02-01'),
(240, 25, '2023-02-01'),
(241, 7, '2023-02-01'),
(242, 1, '2023-02-01'),
(243, 1, '2023-03-01'),
(244, 19, '2023-03-01'),
(245, 20, '2023-03-01'),
(246, 22, '2023-03-01'),
(247, 23, '2023-03-01'),
(248, 26, '2023-03-01'),
(249, 26, '2023-04-01'),
(250, 19, '2023-04-01'),
(251, 20, '2023-04-01'),
(252, 22, '2023-04-01'),
(253, 23, '2023-04-01'),
(254, 1, '2023-04-01'),
(255, 7, '2023-04-01'),
(256, 19, '2023-05-01'),
(257, 20, '2023-05-01'),
(258, 22, '2023-05-01'),
(259, 23, '2023-05-01'),
(260, 26, '2023-05-01'),
(261, 7, '2023-05-01'),
(262, 1, '2023-05-01'),
(263, 19, '2023-06-01'),
(264, 26, '2023-06-01'),
(265, 23, '2023-06-01'),
(266, 22, '2023-06-01'),
(267, 20, '2023-06-01'),
(268, 20, '2023-06-01'),
(269, 7, '2023-06-01'),
(270, 7, '2023-06-01'),
(271, 1, '2023-06-01'),
(272, 20, '2023-07-01'),
(273, 19, '2023-07-01'),
(274, 22, '2023-07-01'),
(275, 23, '2023-07-01'),
(276, 26, '2023-07-01'),
(277, 1, '2023-07-01');

-- --------------------------------------------------------

--
-- Table structure for table `creche_paye_details`
--

CREATE TABLE `creche_paye_details` (
  `id_creche_paye_detail` int(11) NOT NULL,
  `rubrique` varchar(50) NOT NULL,
  `quantity` int(10) UNSIGNED DEFAULT NULL,
  `amount` double DEFAULT NULL,
  `pourcent` decimal(4,1) DEFAULT NULL,
  `of_id_creche_paye_detail` int(11) DEFAULT NULL,
  `id_creche_paye` int(11) NOT NULL
) ENGINE=InnoDB DEFAULT CHARSET=utf8;

--
-- Dumping data for table `creche_paye_details`
--

INSERT INTO `creche_paye_details` (`id_creche_paye_detail`, `rubrique`, `quantity`, `amount`, `pourcent`, `of_id_creche_paye_detail`, `id_creche_paye`) VALUES
(1, 'Salaire de base', 176, 55.11364, NULL, NULL, 1),
(2, 'Transport', 0, 54, NULL, NULL, 1),
(3, 'NFP', NULL, 0, -3.0, 1, 1),
(4, 'NSF', NULL, NULL, -1.0, 1, 1),
(5, 'Salaire de base', 176, 55.11364, NULL, NULL, 2),
(6, 'Transport', 22, 54, NULL, NULL, 2),
(7, 'NFP', NULL, NULL, -3.0, 5, 2),
(8, 'NSF', NULL, NULL, -1.0, 5, 2),
(9, 'Salaire de base', 176, 55.11364, NULL, NULL, 3),
(10, 'Transport', 0, 54, NULL, NULL, 3),
(11, 'NFP', NULL, NULL, -3.0, 9, 3),
(12, 'NSF', NULL, NULL, -1.0, 9, 3),
(13, 'Salaire de base', 1, 2000, NULL, NULL, 4),
(14, 'Transport', 0, 0, NULL, NULL, 4),
(15, 'NFP', NULL, 0, 0.0, 13, 4),
(16, 'NSF', NULL, 0, 0.0, 13, 4),
(17, 'Salaire de base', 0, 0, NULL, NULL, 5),
(18, 'Transport', 0, 0, NULL, NULL, 5),
(19, 'NFP', NULL, 0, 0.0, 17, 5),
(20, 'NSF', NULL, 0, 0.0, 17, 5),
(21, 'Salaire de base', 0, 0, NULL, NULL, 6),
(22, 'Transport', 0, 0, NULL, NULL, 6),
(23, 'NFP', NULL, 0, 0.0, 22, 6),
(24, 'NSF', NULL, 0, 0.0, 22, 6),
(25, 'Salaire de base', 176, 55.11364, NULL, NULL, 7),
(26, 'Transport', 20, 54, NULL, NULL, 7),
(27, 'NFP', NULL, NULL, -3.0, 25, 7),
(28, 'NSF', NULL, NULL, -1.0, 25, 7),
(29, 'Salaire de base', 176, 55.11364, NULL, NULL, 8),
(30, 'Transport', 22, 54, NULL, NULL, 8),
(31, 'NFP', NULL, NULL, -3.0, 29, 8),
(32, 'NSF', NULL, NULL, -1.0, 29, 8),
(33, 'Salaire de base', 0, 55.11364, NULL, NULL, 9),
(34, 'Transport', 0, 54, NULL, NULL, 9),
(35, 'NFP', NULL, 0, 0.0, 33, 9),
(36, 'NSF', NULL, 0, 0.0, 33, 9),
(37, 'Salaire de base', 2, 404.55, NULL, NULL, 10),
(38, 'Transport', 0, 54, NULL, NULL, 10),
(39, 'NFP', NULL, 0, 0.0, 37, 10),
(40, 'NSF', NULL, 0, 0.0, 37, 10),
(41, 'Salaire de base', 176, 55.11364, NULL, NULL, 11),
(42, 'Transport', 20, 62, NULL, NULL, 11),
(43, 'NFP', NULL, NULL, -3.0, 41, 11),
(44, 'NSF', NULL, NULL, -1.0, 41, 11),
(45, 'Salaire de base', 176, 55.11364, NULL, NULL, 12),
(46, 'Transport', 22, 54, NULL, NULL, 12),
(47, 'NFP', NULL, NULL, -3.0, 45, 12),
(48, 'NSF', NULL, NULL, -1.0, 45, 12),
(49, 'Salaire de base', 1, 2270, NULL, NULL, 13),
(50, 'Transport', 0, 0, NULL, NULL, 13),
(51, 'NFP', NULL, 0, 0.0, 49, 13),
(52, 'NSF', NULL, 0, 0.0, 49, 13),
(53, 'Salaire de base', 176, 55.11364, NULL, NULL, 14),
(54, 'Transport', 22, 54, NULL, NULL, 14),
(55, 'NFP', NULL, NULL, -3.0, 53, 14),
(56, 'NSF', NULL, NULL, -1.0, 53, 14),
(61, 'Salaire de base', 1, 4000, NULL, NULL, 16),
(62, 'Transport', 0, 0, NULL, NULL, 16),
(63, 'NFP', NULL, 0, 0.0, 61, 16),
(64, 'NSF', NULL, 0, 0.0, 61, 16),
(65, 'Salaire de base', 176, 55.11364, NULL, NULL, 17),
(66, 'Transport', 21, 62, NULL, NULL, 17),
(67, 'NFP', NULL, NULL, -3.0, 65, 17),
(68, 'NSF', NULL, NULL, -1.0, 65, 17),
(71, 'Arrêt maladie du 13 et 21 juil 2020', 1, -882, NULL, NULL, 17),
(76, 'Salaire de base', 176, 55.11364, NULL, NULL, 19),
(77, 'Transport', 22, 54, NULL, NULL, 19),
(78, 'NFP', NULL, NULL, -3.0, 76, 19),
(79, 'NSF', NULL, NULL, -1.0, 76, 19),
(84, 'Salaire de base', 176, 55.11364, NULL, NULL, 21),
(85, 'Transport', 15, 54, NULL, NULL, 21),
(86, 'NFP', NULL, NULL, -3.0, 84, 21),
(87, 'NSF', NULL, NULL, -1.0, 84, 21),
(92, 'Salaire de base', 1, 5000, NULL, NULL, 23),
(93, 'Transport', 0, 0, NULL, NULL, 23),
(94, 'NFP', NULL, 0, 0.0, 92, 23),
(95, 'NSF', NULL, 0, 0.0, 92, 23),
(96, 'Salaire de base', 1, 3672, NULL, NULL, 24),
(97, 'Transport', 18, 54, NULL, NULL, 24),
(98, 'NFP', NULL, 0, 0.0, 96, 24),
(99, 'NSF', NULL, 0, 0.0, 96, 24),
(100, 'Déduction transport aller du 13 juillet', 1, -27, NULL, NULL, 24),
(113, 'Salaire de base', 1, 2000, NULL, NULL, 28),
(114, 'Transport', 1, 0, NULL, NULL, 28),
(115, 'NFP', NULL, 0, 0.0, 113, 28),
(116, 'NSF', NULL, 0, 0.0, 113, 28),
(117, 'Salaire de base', 176, 55.11364, NULL, NULL, 29),
(118, 'Transport', 19, 54, NULL, NULL, 29),
(119, 'NFP', NULL, NULL, -3.0, 117, 29),
(120, 'NSF', NULL, NULL, -1.0, 117, 29),
(121, 'Salaire de base', 1, 5000, NULL, NULL, 30),
(122, 'Transport', 1, 0, NULL, NULL, 30),
(123, 'NFP', NULL, 0, 0.0, 121, 30),
(124, 'NSF', NULL, 0, 0.0, 121, 30),
(125, 'Salaire de base', 176, 55.11364, NULL, NULL, 31),
(126, 'Transport', 22, 54, NULL, NULL, 31),
(127, 'NFP', NULL, NULL, -3.0, 125, 31),
(128, 'NSF', NULL, NULL, -1.0, 125, 31),
(146, 'Salaire de base', 1, 4500, NULL, NULL, 36),
(147, 'Transport', 21, 54, NULL, NULL, 36),
(148, 'NFP', NULL, 0, 0.0, 146, 36),
(149, 'NSF', NULL, 0, 0.0, 146, 36),
(150, 'Salaire de base', 1, 9700, NULL, NULL, 37),
(151, 'Transport', 19, 62, NULL, NULL, 37),
(152, 'NFP', NULL, NULL, -3.0, 150, 37),
(153, 'NSF', NULL, NULL, -1.0, 150, 37),
(154, 'Déduction congés (2 jours)', 2, -441, NULL, NULL, 37),
(155, 'Salaire de base', 176, 55.11364, NULL, NULL, 38),
(156, 'Transport', 18, 54, NULL, NULL, 38),
(157, 'NFP', NULL, NULL, -3.0, 155, 38),
(158, 'NSF', NULL, NULL, -1.0, 155, 38),
(159, 'Salaire de base', 176, 55.11364, NULL, NULL, 39),
(160, 'Transport', 22, 54, NULL, NULL, 39),
(161, 'NFP', NULL, NULL, -3.0, 159, 39),
(162, 'NSF', NULL, NULL, -1.0, 159, 39),
(163, 'Salaire de base', 176, 55.11364, NULL, NULL, 40),
(164, 'Transport', 22, 54, NULL, NULL, 40),
(165, 'NFP', NULL, NULL, -3.0, 163, 40),
(166, 'NSF', NULL, NULL, -1.0, 163, 40),
(167, 'Salaire de base', 176, 55.11364, NULL, NULL, 41),
(168, 'Transport', 19, 62, NULL, NULL, 41),
(169, 'NFP', NULL, NULL, -3.0, 167, 41),
(170, 'NSF', NULL, NULL, -1.0, 167, 41),
(171, 'Salaire de base', 1, 5000, NULL, NULL, 42),
(172, 'Transport', 0, 0, NULL, NULL, 42),
(173, 'NFP', NULL, 0, 0.0, 171, 42),
(174, 'NSF', NULL, 0, 0.0, 171, 42),
(175, 'Salaire de base', 1, 7000, NULL, NULL, 43),
(176, 'Transport', 17, 108, NULL, NULL, 43),
(177, 'NFP', NULL, 0, 0.0, 175, 43),
(178, 'NSF', NULL, 0, 0.0, 175, 43),
(179, 'Déduction au prorata du 01 au 07, 5 jrs', 1, -1590, NULL, NULL, 43),
(180, 'Salaire de base', 1, 4500, NULL, NULL, 44),
(181, 'Transport', 21, 54, NULL, NULL, 44),
(182, 'NFP', NULL, 0, 0.0, 180, 44),
(183, 'NSF', NULL, 0, 0.0, 180, 44),
(184, 'Déduction absence', 1, -204, NULL, NULL, 44),
(187, 'Déductions absences', 1, -1323, NULL, NULL, 41),
(188, 'Salaire de base', 1, 0, NULL, NULL, 45),
(189, 'Transport', 2, 54, NULL, NULL, 45),
(190, 'NFP', NULL, 0, 0.0, 188, 45),
(191, 'NSF', NULL, 0, 0.0, 188, 45),
(192, 'Paiement journalier du 1 et 2 oct', 2, 204.5, NULL, NULL, 45),
(193, 'Salaire de base', 176, 55.11364, NULL, NULL, 46),
(194, 'Transport', 18, 54, NULL, NULL, 46),
(195, 'NFP', NULL, NULL, -3.0, 193, 46),
(196, 'NSF', NULL, NULL, -1.0, 193, 46),
(198, 'Salaire de base', 176, 55.11364, NULL, NULL, 47),
(199, 'Transport', 20, 62, NULL, NULL, 47),
(200, 'NFP', NULL, NULL, -3.0, 198, 47),
(201, 'NSF', NULL, NULL, -1.0, 198, 47),
(202, 'Salaire de base', 176, 55.11364, NULL, NULL, 48),
(203, 'Transport', 22, 54, NULL, NULL, 48),
(204, 'NFP', NULL, NULL, -3.0, 202, 48),
(205, 'NSF', NULL, NULL, -1.0, 202, 48),
(206, 'Déduction absence du 29, 30', 1, -882, NULL, NULL, 47),
(207, 'Salaire de base', 1, 7000, NULL, NULL, 49),
(208, 'Transport', 22, 108, NULL, NULL, 49),
(209, 'NFP', NULL, 0, 0.0, 207, 49),
(210, 'NSF', NULL, 0, 0.0, 207, 49),
(211, 'Salaire de base', 176, 55.11364, NULL, NULL, 50),
(212, 'Transport', 22, 54, NULL, NULL, 50),
(213, 'NFP', NULL, NULL, -3.0, 211, 50),
(214, 'NSF', NULL, NULL, -1.0, 211, 50),
(215, 'Salaire de base', 1, 5200, NULL, NULL, 51),
(216, 'Transport', 0, 0, NULL, NULL, 51),
(217, 'NFP', NULL, 0, 0.0, 219, 51),
(218, 'NSF', NULL, 0, 0.0, 219, 51),
(219, 'Heures additionnels, 13,15,19,20,29,30', 1, 846, NULL, NULL, 51),
(220, 'Salaire de base', 176, 55.11364, NULL, NULL, 52),
(221, 'Transport', 18, 54, NULL, NULL, 52),
(222, 'NFP', NULL, NULL, -3.0, 220, 52),
(223, 'NSF', NULL, NULL, -1.0, 220, 52),
(224, 'Salaire de base', 176, 55.11364, NULL, NULL, 53),
(225, 'Transport', 19, 62, NULL, NULL, 53),
(226, 'NFP', NULL, NULL, -3.0, 224, 53),
(227, 'NSF', NULL, NULL, -1.0, 224, 53),
(228, 'Salaire de base', 176, 55.11364, NULL, NULL, 54),
(229, 'Transport', 22, 54, NULL, NULL, 54),
(230, 'NFP', NULL, NULL, -3.0, 228, 54),
(231, 'NSF', NULL, NULL, -1.0, 228, 54),
(232, 'déduction du 16 nov', 1, -441, NULL, NULL, 53),
(233, 'Salaire de base', 1, 7000, NULL, NULL, 55),
(234, 'Transport', 18, 108, NULL, NULL, 55),
(235, 'NFP', NULL, 0, 0.0, 233, 55),
(236, 'NSF', NULL, 0, 0.0, 233, 55),
(237, 'déduction du 4 et 24 novembre', 1, -636, NULL, NULL, 55),
(238, 'Salaire de base', 1, 5200, NULL, NULL, 56),
(239, 'Transport', 0, 0, NULL, NULL, 56),
(240, 'NFP', NULL, 0, 0.0, 238, 56),
(241, 'NSF', NULL, 0, 0.0, 238, 56),
(242, 'heures additionnels 3,4,6,9,16,24', 1, 1128, NULL, NULL, 56),
(243, 'Salaire de base', 176, 55.11364, NULL, NULL, 57),
(244, 'Transport', 22, 54, NULL, NULL, 57),
(245, 'NFP', NULL, NULL, -3.0, 243, 57),
(246, 'NSF', NULL, NULL, -1.0, 243, 57),
(247, 'Salaire de base', 1, 7000, NULL, NULL, 58),
(248, 'Transport', 22, 108, NULL, NULL, 58),
(249, 'NFP', NULL, 0, 0.0, 247, 58),
(250, 'NSF', NULL, 0, 0.0, 247, 58),
(251, 'Salaire de base', 176, 55.11364, NULL, NULL, 59),
(252, 'Transport', 22, 54, NULL, NULL, 59),
(253, 'NFP', NULL, NULL, -3.0, 251, 59),
(254, 'NSF', NULL, NULL, -1.0, 251, 59),
(255, 'Salaire de base', 176, 55.11364, NULL, NULL, 60),
(256, 'Transport', 1, 0, NULL, NULL, 60),
(257, 'NFP', NULL, 0, 0.0, 255, 60),
(258, 'NSF', NULL, 0, 0.0, 255, 60),
(259, 'Salaire de base', 176, 55.11364, NULL, NULL, 61),
(260, 'Transport', 20, 54, NULL, NULL, 61),
(261, 'NFP', NULL, NULL, -3.0, 259, 61),
(262, 'NSF', NULL, NULL, -1.0, 259, 61),
(263, 'Salaire de base', 176, 55.11364, NULL, NULL, 62),
(264, 'Transport', 19, 62, NULL, NULL, 62),
(265, 'NFP', NULL, NULL, -3.0, 263, 62),
(266, 'NSF', NULL, NULL, -1.0, 263, 62),
(267, 'Salaire de base', 176, 55.11364, NULL, NULL, 63),
(268, 'Transport', 22, 54, NULL, NULL, 63),
(269, 'NFP', NULL, NULL, -3.0, 267, 63),
(270, 'NSF', NULL, NULL, -1.0, 267, 63),
(271, 'Salaire de base', 1, 10075, NULL, NULL, 64),
(272, 'Transport', 10, 62, NULL, NULL, 64),
(273, 'CGS', NULL, 0, -1.5, 271, 64),
(274, 'NSF', NULL, NULL, -1.0, 271, 64),
(275, 'Salaire de base', 1, 10075, NULL, NULL, 65),
(276, 'Transport', 10, 0, NULL, NULL, 65),
(277, 'CGS', NULL, 0, -1.5, 275, 65),
(278, 'NSF', NULL, NULL, -1.0, 275, 65),
(279, 'Salaire de base', 1, 10075, NULL, NULL, 66),
(280, 'Transport', 0, 54, NULL, NULL, 66),
(281, 'CGS', NULL, 0, -1.5, 279, 66),
(282, 'NSF', NULL, NULL, -1.0, 279, 66),
(283, 'Déduction absence 2020 4.5 jours', 1, -1980, NULL, NULL, 66),
(284, 'Salaire de base', 0, 0, NULL, NULL, 67),
(285, 'Transport', 0, 0, NULL, NULL, 67),
(286, 'NFP', NULL, 0, 0.0, 284, 67),
(287, 'NSF', NULL, 0, 0.0, 284, 67),
(288, 'Salaire de base', 176, 55.11364, NULL, NULL, 68),
(289, 'Transport', 22, 54, NULL, NULL, 68),
(290, 'NFP', NULL, NULL, -3.0, 288, 68),
(291, 'NSF', NULL, NULL, -1.0, 288, 68),
(292, 'Salaire de base', 176, 55.11364, NULL, NULL, 69),
(293, 'Transport', 22, 54, NULL, NULL, 69),
(294, 'NFP', NULL, NULL, -3.0, 292, 69),
(295, 'NSF', NULL, NULL, -1.0, 292, 69),
(296, 'Payement exceptionnel au pro rata du 01 au 15 jan ', 1, 3499.98, NULL, NULL, 67),
(297, 'Base de salaire Rs 7000/11 jours', 1, -7000, NULL, NULL, 67),
(298, 'Salaire de base', 1, 10075, NULL, NULL, 70),
(299, 'Transport', 13, 62, NULL, NULL, 70),
(300, 'CGS', NULL, NULL, -1.5, 298, 70),
(301, 'NSF', NULL, NULL, -1.0, 298, 70),
(302, 'Salaire de base', 1, 10075, NULL, NULL, 71),
(303, 'Transport', 0, 0, NULL, NULL, 71),
(304, 'CGS', NULL, NULL, -1.5, 302, 71),
(305, 'NSF', NULL, NULL, -1.0, 302, 71),
(306, 'Salaire de base', 176, 55.11364, NULL, NULL, 72),
(307, 'Transport', 22, 54, NULL, NULL, 72),
(308, 'CGS', NULL, NULL, -1.5, 306, 72),
(309, 'NSF', NULL, NULL, -1.0, 306, 72),
(310, 'Salaire de base', 176, 55.11364, NULL, NULL, 73),
(311, 'Transport', 22, 54, NULL, NULL, 73),
(312, 'CGS', NULL, NULL, -1.5, 310, 73),
(313, 'NSF', NULL, NULL, -1.0, 310, 73),
(314, 'Salaire de base', 176, 55.11364, NULL, NULL, 74),
(315, 'Transport', 22, 54, NULL, NULL, 74),
(316, 'CGS', NULL, NULL, -1.5, 314, 74),
(317, 'NSF', NULL, NULL, -1.0, 314, 74),
(318, 'Salaire de base', 176, 55.11364, NULL, NULL, 75),
(319, 'Transport', 22, 54, NULL, NULL, 75),
(320, 'CGS', NULL, NULL, -1.5, 318, 75),
(321, 'NSF', NULL, NULL, -1.0, 318, 75),
(322, 'Salaire de base', 1, 7000, NULL, NULL, 76),
(323, 'Transport', 17, 48, NULL, NULL, 76),
(324, 'CGS', NULL, 0, 0.0, 322, 76),
(325, 'NSF', NULL, 0, 0.0, 322, 76),
(326, 'Salaire de base', 176, 55.11364, NULL, NULL, 77),
(327, 'Transport', 22, 54, NULL, NULL, 77),
(328, 'CGS', NULL, NULL, -1.5, 326, 77),
(329, 'NSF', NULL, NULL, -1.0, 326, 77),
(330, 'Salaire de base', 0, 7700, NULL, NULL, 78),
(331, 'Transport', 7, 62, NULL, NULL, 78),
(332, 'CGS', NULL, 0, 0.0, 330, 78),
(333, 'NSF', NULL, 0, 0.0, 330, 78),
(334, 'Salaire de base', 1, 724, NULL, NULL, 79),
(335, 'Transport', 0, 0, NULL, NULL, 79),
(336, 'CGS', NULL, 0, 0.0, 334, 79),
(337, 'NSF', NULL, 0, 0.0, 334, 79),
(338, 'Prorata du 23 au 26 février', 1, 0, NULL, NULL, 79),
(339, 'Salaire de base', 0, 4000, NULL, NULL, 80),
(340, 'Transport', 0, 0, NULL, NULL, 80),
(341, 'CGS', NULL, 0, 0.0, 339, 80),
(342, 'NSF', NULL, 0, 0.0, 339, 80),
(343, 'Prorata du 15 au 19 février', 1, 909, NULL, NULL, 80),
(344, 'Salaire de base', 1, 2000, NULL, NULL, 81),
(345, 'Transport', 0, 0, NULL, NULL, 81),
(346, 'CGS', NULL, 0, 0.0, 344, 81),
(347, 'NSF', NULL, 0, 0.0, 344, 81),
(348, 'Salaire de base', 1, 1600, NULL, NULL, 82),
(349, 'Transport', 0, 0, NULL, NULL, 82),
(350, 'CGS', NULL, 0, 0.0, 348, 82),
(351, 'NSF', NULL, 0, 0.0, 348, 82),
(352, 'Salaire de base', 1, 2000, NULL, NULL, 83),
(353, 'Transport', 0, 0, NULL, NULL, 83),
(354, 'CGS', NULL, 0, 0.0, 352, 83),
(355, 'NSF', NULL, 0, 0.0, 352, 83),
(356, 'Salaire de base', 1, 1600, NULL, NULL, 84),
(357, 'Transport', 0, 0, NULL, NULL, 84),
(358, 'CGS', NULL, 0, 0.0, 356, 84),
(359, 'NSF', NULL, 0, 0.0, 356, 84),
(360, 'Salaire de base', 176, 55.11364, NULL, NULL, 85),
(361, 'Transport', 22, 54, NULL, NULL, 85),
(362, 'Salaire de base', 0, 7000, NULL, NULL, 86),
(363, 'Transport', 4, 48, NULL, NULL, 86),
(364, 'CGS', NULL, NULL, -1.5, 360, 85),
(365, 'NSF', NULL, NULL, -1.0, 360, 85),
(366, 'CGS', NULL, 0, 0.0, 362, 86),
(367, 'NSF', NULL, 0, 0.0, 362, 86),
(368, 'Prorata 4 jours', 1, 1272, NULL, NULL, 86),
(369, 'Prorata 7 jours', 1, 2450, NULL, NULL, 78),
(378, 'Salaire de base', 1, 10075, NULL, NULL, 89),
(379, 'Transport', 5, 62, NULL, NULL, 89),
(380, 'CGS', NULL, NULL, -1.5, 378, 89),
(381, 'NSF', NULL, NULL, -1.0, 378, 89),
(382, 'nouvelle ligne', 1, 0, NULL, NULL, 89),
(383, 'Salaire de base', 1, 10075, NULL, NULL, 90),
(384, 'Transport', 0, 0, NULL, NULL, 90),
(385, 'CGS', NULL, NULL, -1.5, 383, 90),
(386, 'NSF', NULL, NULL, -1.0, 383, 90),
(387, 'Salaire de base', 1, 7700, NULL, NULL, 91),
(388, 'Transport', 5, 62, NULL, NULL, 91),
(389, 'CGS', NULL, 0, 0.0, 387, 91),
(390, 'NSF', NULL, 0, 0.0, 387, 91),
(391, 'Salaire de base', 1, 7000, NULL, NULL, 92),
(392, 'Transport', 5, 48, NULL, NULL, 92),
(393, 'CGS', NULL, 0, 0.0, 391, 92),
(394, 'NSF', NULL, 0, 0.0, 391, 92),
(395, 'Salaire de base', 1, 4000, NULL, NULL, 93),
(396, 'Transport', 0, 0, NULL, NULL, 93),
(397, 'CGS', NULL, 0, 0.0, 395, 93),
(398, 'NSF', NULL, 0, 0.0, 395, 93),
(399, 'Salaire de base', 1, 15000, NULL, NULL, 94),
(400, 'Transport', 1, 4000, NULL, NULL, 94),
(401, 'CGS', NULL, NULL, -1.5, 399, 94),
(402, 'NSF', NULL, NULL, -1.0, 399, 94),
(403, 'Salaire de base', 1, 16000, NULL, NULL, 95),
(404, 'Transport', 1, 0, NULL, NULL, 95),
(405, 'CGS', NULL, NULL, -1.5, 403, 95),
(406, 'NSF', NULL, NULL, -1.0, 403, 95),
(407, 'Salaire de base', 1, 10075, NULL, NULL, 96),
(408, 'Transport', 1, 0, NULL, NULL, 96),
(409, 'CGS', NULL, NULL, -1.5, 407, 96),
(410, 'NSF', NULL, NULL, -1.0, 407, 96),
(411, 'Salaire de base', 1, 10075, NULL, NULL, 97),
(412, 'Transport', 1, 0, NULL, NULL, 97),
(413, 'CGS', NULL, NULL, -1.5, 411, 97),
(414, 'NSF', NULL, NULL, -1.0, 411, 97),
(415, 'Salaire de base', 1, 7000, NULL, NULL, 98),
(416, 'Transport', 5, 48, NULL, NULL, 98),
(417, 'CGS', NULL, 0, 0.0, 415, 98),
(418, 'NSF', NULL, 0, 0.0, 415, 98),
(419, 'Salaire de base', 1, 7700, NULL, NULL, 99),
(420, 'Transport', 3, 62, NULL, NULL, 99),
(421, 'CGS', NULL, 0, 0.0, 419, 99),
(422, 'NSF', NULL, 0, 0.0, 419, 99),
(423, 'Salaire de base', 176, 55.11364, NULL, NULL, 100),
(424, 'Transport', 22, 54, NULL, NULL, 100),
(425, 'CGS', NULL, NULL, -1.5, 423, 100),
(426, 'NSF', NULL, NULL, -1.0, 423, 100),
(427, 'Salaire de base', 1, 4000, NULL, NULL, 101),
(428, 'Transport', 1, 0, NULL, NULL, 101),
(429, 'CGS', NULL, 0, 0.0, 427, 101),
(430, 'NSF', NULL, 0, 0.0, 427, 101),
(431, 'Salaire de base', 1, 2000, NULL, NULL, 102),
(432, 'Transport', 0, 54, NULL, NULL, 102),
(433, 'CGS', NULL, 0, 0.0, 431, 102),
(434, 'NSF', NULL, 0, 0.0, 431, 102),
(435, 'Déduction absence du 05 mars', 1, -318, NULL, NULL, 98),
(436, 'Bonus de présence mensuelle Rs 500', 1, 0, NULL, NULL, 95),
(437, 'Salaire de base', 1, 10075, NULL, NULL, 103),
(438, 'Transport', 2, 62, NULL, NULL, 103),
(439, 'CGS', NULL, 0, -1.5, 437, 103),
(440, 'NSF', NULL, 0, -1.0, 437, 103),
(441, 'Salaire de base', 1, 10075, NULL, NULL, 104),
(442, 'Transport', 0, 0, NULL, NULL, 104),
(443, 'CGS', NULL, 0, -1.5, 441, 104),
(444, 'NSF', NULL, 0, -1.0, 441, 104),
(447, 'Salaire de base', 1, 16000, NULL, NULL, 105),
(448, 'Transport', 7, 62, NULL, NULL, 105),
(449, 'CGS', NULL, NULL, -1.5, 447, 105),
(450, 'NSF', NULL, NULL, -1.0, 447, 105),
(451, 'Compensation garde d\'enfants du 3 au 6 ', 1, 364, NULL, NULL, 104),
(452, 'Calcul au prorata Rs 2000/22 jours', 1, 0, NULL, NULL, 104),
(453, 'Salaire de base', 176, 55.11364, NULL, NULL, 106),
(454, 'Transport', 22, 54, NULL, NULL, 106),
(455, 'CGS', NULL, NULL, -1.5, 453, 106),
(456, 'NSF', NULL, NULL, -1.0, 453, 106),
(457, 'Salaire de base', 1, 7000, NULL, NULL, 107),
(458, 'Transport', 9, 48, NULL, NULL, 107),
(459, 'CGS', NULL, 0, 0.0, 457, 107),
(460, 'NSF', NULL, 0, 0.0, 457, 107),
(461, 'Salaire de base', 176, 55.11364, NULL, NULL, 108),
(462, 'Transport', 22, 54, NULL, NULL, 108),
(463, 'CGS', NULL, NULL, -1.5, 461, 108),
(464, 'NSF', NULL, NULL, -1.0, 461, 108),
(465, 'Déduc Rs48/1jour de transp payé en surplus', 1, -48, NULL, NULL, 107),
(466, 'en mars 2021', 1, 0, NULL, NULL, 107),
(467, 'Remboursement transport du 07', 1, 31, NULL, NULL, 99),
(468, '*Compensation garde d\'enfants pour 10 jours', 1, 450, NULL, NULL, 99),
(469, '*Calcul au prorata Rs 1000/22 jours', 1, 0, NULL, NULL, 99),
(470, 'Salaire de base', 1, 10075, NULL, NULL, 109),
(471, 'Transport', 0, 0, NULL, NULL, 109),
(472, 'CGS', NULL, NULL, -1.5, 470, 109),
(473, 'NSF', NULL, NULL, -1.0, 470, 109),
(474, 'Déduction (démission le 8 mai) montant payé en exc', 1, -6411, NULL, NULL, 109),
(475, 'Salaire de base', 1, 16000, NULL, NULL, 110),
(476, 'Transport', 0, 0, NULL, NULL, 110),
(477, 'CGS', NULL, NULL, -1.5, 475, 110),
(478, 'NSF', NULL, NULL, -1.0, 475, 110),
(479, 'Salaire de base', 1, 7700, NULL, NULL, 111),
(480, 'Transport', 4, 62, NULL, NULL, 111),
(481, 'CGS', NULL, 0, 0.0, 479, 111),
(482, 'NSF', NULL, 0, 0.0, 479, 111),
(483, 'Salaire de base', 1, 7000, NULL, NULL, 112),
(484, 'Transport', 11, 48, NULL, NULL, 112),
(485, 'CGS', NULL, 0, 0.0, 483, 112),
(486, 'NSF', NULL, 0, 0.0, 483, 112),
(487, 'Journées complètes du 28 au 30 juin, 6 hrs', 1, 300, NULL, NULL, 112),
(488, '14 hrs à 16 hrs @ Rs 50/hr ', 1, 0, NULL, NULL, 112),
(489, 'Salaire de base', 1, 16000, NULL, NULL, 113),
(490, 'Bonus de présence mensuelle ', 1, 500, NULL, NULL, 113),
(491, 'CGS', NULL, NULL, -1.5, 489, 113),
(492, 'NSF', NULL, NULL, -1.0, 489, 113),
(493, 'Salaire de base', 1, 10075, NULL, NULL, 114),
(494, 'Transport', 18, 48, NULL, NULL, 114),
(495, 'CGS', NULL, 0, 0.0, 493, 114),
(496, 'NSF', NULL, 0, 0.0, 493, 114),
(497, 'Déduction absences du 01, 26 au 28 juillet', 1, -1832, NULL, NULL, 114),
(498, 'Déduction écolage pour le mois de juillet Nolwenn', 1, -2000, NULL, NULL, 114),
(499, 'Salaire de base', 1, 10075, NULL, NULL, 115),
(500, 'Transport', 15, 62, NULL, NULL, 115),
(501, 'CGS', NULL, 0, 0.0, 499, 115),
(502, 'NSF', NULL, 0, 0.0, 499, 115),
(503, 'Déduction absences du 12, 23, 26 au 20 aout', 1, -3206, NULL, NULL, 115),
(505, '1 jour = Rs 458', 1, 0, NULL, NULL, 115),
(506, 'Salaire de base', 1, 16000, NULL, NULL, 116),
(507, 'Transport', 0, 0, NULL, NULL, 116),
(508, 'CGS', NULL, NULL, -1.5, 506, 116),
(509, 'NSF', NULL, NULL, -1.0, 506, 116),
(510, 'nouvelle ligne', 1, 0, NULL, NULL, 116),
(511, 'Bonus de présence mensuelle Rs 500', 1, 500, NULL, NULL, 116),
(512, 'Salaire de base', 1, 10075, NULL, NULL, 117),
(513, 'Transport', 22, 48, NULL, NULL, 117),
(514, 'CGS', NULL, NULL, -1.5, 512, 117),
(515, 'NSF', NULL, NULL, -1.0, 512, 117),
(516, 'Salaire de base', 1, 10075, NULL, NULL, 118),
(517, 'Transport', 22, 62, NULL, NULL, 118),
(518, 'CGS', NULL, NULL, -1.5, 516, 118),
(519, 'NSF', NULL, NULL, -1.0, 516, 118),
(521, 'Déduction écolage Nolwenn pour le mois d\'aout', 1, -2000, NULL, NULL, 117),
(522, 'Salaire de base', 1, 16000, NULL, NULL, 119),
(523, 'Transport', 0, 0, NULL, NULL, 119),
(524, 'CGS', NULL, NULL, -1.5, 522, 119),
(525, 'NSF', NULL, NULL, -1.0, 522, 119),
(526, 'Salaire de base', 176, 55.11364, NULL, NULL, 120),
(527, 'Transport', 22, 54, NULL, NULL, 120),
(528, 'CGS', NULL, NULL, -1.5, 526, 120),
(529, 'NSF', NULL, NULL, -1.0, 526, 120),
(530, 'Salaire de base', 176, 55.11364, NULL, NULL, 121),
(531, 'Transport', 22, 54, NULL, NULL, 121),
(532, 'CGS', NULL, NULL, -1.5, 530, 121),
(533, 'NSF', NULL, NULL, -1.0, 530, 121),
(534, 'Salaire de base', 176, 55.11364, NULL, NULL, 122),
(535, 'Transport', 22, 54, NULL, NULL, 122),
(536, 'CGS', NULL, NULL, -1.5, 534, 122),
(537, 'NSF', NULL, NULL, -1.0, 534, 122),
(538, 'Salaire de base', 176, 55.11364, NULL, NULL, 123),
(539, 'Transport', 22, 54, NULL, NULL, 123),
(540, 'CGS', NULL, NULL, -1.5, 538, 123),
(541, 'NSF', NULL, NULL, -1.0, 538, 123),
(542, 'Salaire de base', 176, 55.11364, NULL, NULL, 124),
(543, 'Transport', 22, 54, NULL, NULL, 124),
(544, 'CGS', NULL, NULL, -1.5, 542, 124),
(545, 'NSF', NULL, NULL, -1.0, 542, 124),
(546, 'Salaire de base', 176, 55.11364, NULL, NULL, 125),
(547, 'Transport', 22, 54, NULL, NULL, 125),
(548, 'CGS', NULL, NULL, -1.5, 546, 125),
(549, 'NSF', NULL, NULL, -1.0, 546, 125),
(550, 'Salaire de base', 176, 55.11364, NULL, NULL, 126),
(551, 'Transport', 22, 54, NULL, NULL, 126),
(552, 'CGS', NULL, NULL, -1.5, 550, 126),
(553, 'NSF', NULL, NULL, -1.0, 550, 126),
(554, 'Salaire de base', 1, 16000, NULL, NULL, 127),
(555, 'Transport', 0, 0, NULL, NULL, 127),
(556, 'CGS', NULL, NULL, -1.5, 554, 127),
(557, 'NSF', NULL, NULL, -1.0, 554, 127),
(558, 'Bonus de présence mensuelle Rs 500', 1, 500, NULL, NULL, 127),
(560, 'Salaire de base', 1, 10075, NULL, NULL, 128),
(561, 'Transport', 22, 48, NULL, NULL, 128),
(562, 'CGS', NULL, NULL, -1.5, 560, 128),
(563, 'NSF', NULL, NULL, -1.0, 560, 128),
(564, 'Déduction Ecolage:  Nolwenn Dwarika', 1, -2000, NULL, NULL, 128),
(565, 'Salaire de base', 1, 10075, NULL, NULL, 129),
(566, 'Transport', 21, 62, NULL, NULL, 129),
(567, 'CGS', NULL, NULL, -1.5, 565, 129),
(568, 'NSF', NULL, NULL, -1.0, 565, 129),
(569, 'Bonus de présence mensuelle Rs 0', 1, 0, NULL, NULL, 119),
(570, 'Salaire de base', 1, 10075, NULL, NULL, 130),
(571, 'Transport', 18, 62, NULL, NULL, 130),
(572, 'CGS', NULL, NULL, -1.5, 570, 130),
(573, 'NSF', NULL, NULL, -1.0, 570, 130),
(574, 'Salaire de base', 1, 10075, NULL, NULL, 131),
(575, 'Transport', 16, 48, NULL, NULL, 131),
(576, 'CGS', NULL, NULL, -1.5, 574, 131),
(577, 'NSF', NULL, NULL, -1.0, 574, 131),
(578, 'Déduction écolage Nolwenn', 1, -2000, NULL, NULL, 131),
(579, 'Déduction maladie du 26 au 29 oct', 1, -1832, NULL, NULL, 131),
(580, 'Salaire de base', 1, 7000, NULL, NULL, 132),
(581, 'Transport', 20, 48, NULL, NULL, 132),
(582, 'CGS', NULL, 0, 0.0, 580, 132),
(583, 'NSF', NULL, 0, 0.0, 580, 132),
(584, 'Salaire de base', 1, 15000, NULL, NULL, 133),
(585, 'Transport', 1, 4000, NULL, NULL, 133),
(586, 'CGS', NULL, NULL, -1.5, 584, 133),
(587, 'NSF', NULL, NULL, -1.0, 584, 133),
(588, 'Salaire de base', 1, 16000, NULL, NULL, 134),
(589, 'Transport', 0, 0, NULL, NULL, 134),
(590, 'CGS', NULL, NULL, -1.5, 588, 134),
(591, 'NSF', NULL, NULL, -1.0, 588, 134),
(592, 'Bonus de présence mensuelle ', 1, 0, NULL, NULL, 134),
(593, 'Déduction absences du 16,17 nov', 1, -1454, NULL, NULL, 134),
(594, 'Congés du 27 oct et 05 nov offert pas de déduction', 1, 0, NULL, NULL, 134),
(595, 'Salaire de base', 1, 10075, NULL, NULL, 135),
(596, 'Transport', 12, 48, NULL, NULL, 135),
(597, 'CGS', NULL, NULL, -1.5, 595, 135),
(598, 'NSF', NULL, NULL, -1.0, 595, 135),
(599, 'Déduction absences du 3,11, 08 ', 1, -1374, NULL, NULL, 135),
(600, 'Déduction écolage déc avec remise spéciale ', 1, -1000, NULL, NULL, 135),
(601, 'Absences du 9,10,11,12 exceptionnellement non dédu', 1, 0, NULL, NULL, 135),
(602, 'Salaire de base', 1, 10075, NULL, NULL, 136),
(603, 'Transport', 17, 62, NULL, NULL, 136),
(604, 'CGS', NULL, NULL, -1.5, 602, 136),
(605, 'NSF', NULL, NULL, -1.0, 602, 136),
(606, 'Déduction abs: 8,24,25 nov (Rs458x2+229)', 1, -1145, NULL, NULL, 136),
(607, 'Salaire de base', 1, 7000, NULL, NULL, 137),
(608, 'Transport', 18, 48, NULL, NULL, 137),
(609, 'CGS', NULL, 0, 0.0, 607, 137),
(610, 'NSF', NULL, 0, 0.0, 607, 137),
(611, 'Salaire de base', 1, 16000, NULL, NULL, 138),
(612, 'Transport', 0, 0, NULL, NULL, 138),
(613, 'CGS', NULL, NULL, -1.5, 611, 138),
(614, 'NSF', NULL, NULL, -1.0, 611, 138),
(615, 'Absences des 13,14,15 déc ', 1, -2181, NULL, NULL, 138),
(616, 'Salaire de base', 1, 10075, NULL, NULL, 139),
(617, 'Transport', 15, 48, NULL, NULL, 139),
(618, 'CGS', NULL, NULL, -1.5, 616, 139),
(619, 'NSF', NULL, NULL, -1.0, 616, 139),
(620, 'Salaire de base', 1, 10075, NULL, NULL, 140),
(621, 'Transport', 9, 62, NULL, NULL, 140),
(622, 'CGS', NULL, NULL, -1.5, 620, 140),
(623, 'NSF', NULL, NULL, -1.0, 620, 140),
(624, 'Salaire de base', 176, 55.11364, NULL, NULL, 141),
(625, 'Transport', 22, 54, NULL, NULL, 141),
(626, 'CGS', NULL, NULL, -1.5, 624, 141),
(627, 'NSF', NULL, NULL, -1.0, 624, 141),
(628, 'Salaire de base', 176, 55.11364, NULL, NULL, 142),
(629, 'Transport', 22, 54, NULL, NULL, 142),
(630, 'CGS', NULL, NULL, -1.5, 628, 142),
(631, 'NSF', NULL, NULL, -1.0, 628, 142),
(632, 'Salaire de base', 176, 55.11364, NULL, NULL, 143),
(633, 'Transport', 22, 54, NULL, NULL, 143),
(634, 'CGS', NULL, NULL, -1.5, 632, 143),
(635, 'NSF', NULL, NULL, -1.0, 632, 143),
(636, 'Salaire de base', 176, 55.11364, NULL, NULL, 144),
(637, 'Transport', 22, 54, NULL, NULL, 144),
(638, 'CGS', NULL, NULL, -1.5, 636, 144),
(639, 'NSF', NULL, NULL, -1.0, 636, 144),
(640, 'Déduction absence du 01 au 03 déc', 1, -1374, NULL, NULL, 140),
(641, 'Salaire de base', 1, 7000, NULL, NULL, 145),
(642, 'Transport', 16, 48, NULL, NULL, 145),
(643, 'CGS', NULL, 0, 0.0, 641, 145),
(644, 'NSF', NULL, 0, 0.0, 641, 145),
(645, 'Salaire de base', 1, 10575, NULL, NULL, 146),
(646, 'Transport', 9, 48, NULL, NULL, 146),
(647, 'CGS', NULL, NULL, -1.5, 645, 146),
(648, 'NSF', NULL, NULL, -1.0, 645, 146),
(649, 'Salaire de base', 1, 16400, NULL, NULL, 147),
(650, 'Transport', 0, 0, NULL, NULL, 147),
(651, 'CGS', NULL, NULL, -1.5, 649, 147),
(652, 'NSF', NULL, NULL, -1.0, 649, 147),
(653, 'Congés maladie du 20, 21 jan', 1, -1490, NULL, NULL, 147),
(654, 'Salaire de base', 1, 10575, NULL, NULL, 148),
(655, 'Transport', 14, 62, NULL, NULL, 148),
(656, 'CGS', NULL, NULL, -1.5, 654, 148),
(657, 'NSF', NULL, NULL, -1.0, 654, 148),
(658, 'Congé maladie du 19 jan', 1, -458, NULL, NULL, 148),
(659, 'Congé maladie du 24 jan', 1, -458, NULL, NULL, 146),
(660, 'Frais de scolarité janvier Nolwenn', 1, -2000, NULL, NULL, 146),
(661, 'Salaire de base', 1, 10575, NULL, NULL, 149),
(662, 'Transport', 15, 48, NULL, NULL, 149),
(663, 'CGS', NULL, 0, 0.0, 661, 149),
(664, 'NSF', NULL, 0, 0.0, 661, 149),
(665, 'Salaire de base', 1, 16900, NULL, NULL, 150),
(666, 'Transport', 0, 0, NULL, NULL, 150),
(667, 'CGS', NULL, NULL, -1.5, 665, 150),
(668, 'NSF', NULL, NULL, -1.0, 665, 150),
(669, 'Salaire de base', 1, 10575, NULL, NULL, 151),
(670, 'Transport', 8, 62, NULL, NULL, 151),
(671, 'CGS', NULL, NULL, -1.5, 669, 151),
(672, 'NSF', NULL, NULL, -1.0, 669, 151),
(673, 'Salaire de base', 1, 10575, NULL, NULL, 152),
(674, 'Transport', 17, 48, NULL, NULL, 152),
(675, 'CGS', NULL, NULL, -1.5, 673, 152),
(676, 'NSF', NULL, NULL, -1.0, 673, 152),
(677, 'Special leave granted on 25 Feb -  no deduction', 1, 0, NULL, NULL, 152),
(678, 'Prorata 10 jours (du 14 au 28)', 1, 4810, NULL, NULL, 153),
(679, 'Transport', 0, 0, NULL, NULL, 153),
(680, 'CGS', NULL, 0, 0.0, 678, 153),
(681, 'NSF', NULL, 0, 0.0, 678, 153),
(682, 'Base de salaire ', 0, 10575, NULL, NULL, 154),
(683, 'Transport', 2, 62, NULL, NULL, 154),
(684, 'CGS', NULL, 0, 0.0, 682, 154),
(685, 'NSF', NULL, 0, 0.0, 682, 154),
(686, 'Prorata: 14 jours x Rs 481', 1, 6734, NULL, NULL, 154),
(687, 'Salaire de base', 1, 16900, NULL, NULL, 155),
(688, 'Transport', 0, 0, NULL, NULL, 155),
(689, 'CGS', NULL, NULL, -1.5, 687, 155),
(690, 'NSF', NULL, NULL, -1.0, 687, 155),
(691, 'Déduction 6 jours de maladies ', 1, -768, NULL, NULL, 155),
(692, 'Pas de déduction pour les absences du 02, 21', 1, 0, NULL, NULL, 155),
(693, 'Salaire de base', 1, 10575, NULL, NULL, 156),
(694, 'Transport', 21, 48, NULL, NULL, 156),
(695, 'CGS', NULL, NULL, -1.5, 693, 156),
(696, 'NSF', NULL, NULL, -1.0, 693, 156),
(697, 'Salaire de base', 1, 10575, NULL, NULL, 157),
(698, 'Transport', 0, 0, NULL, NULL, 157),
(699, 'CGS', NULL, 0, 0.0, 697, 157),
(700, 'NSF', NULL, 0, 0.0, 697, 157),
(701, 'Salaire de base', 1, 6000, NULL, NULL, 158),
(702, 'Transport', 22, 54, NULL, NULL, 158),
(703, 'CGS', NULL, 0, 0.0, 701, 158),
(704, 'NSF', NULL, 0, 0.0, 701, 158),
(705, 'Salaire de base', 0, 10575, NULL, NULL, 159),
(706, 'Transport', 14, 84, NULL, NULL, 159),
(707, 'CGS', NULL, 0, 0.0, 705, 159),
(708, 'NSF', NULL, 0, 0.0, 705, 159),
(709, 'Prorata 14 jours Rs 481 x 14', 1, 6734, NULL, NULL, 159),
(710, 'Déduction congé maladie ', 1, -273, NULL, NULL, 158),
(711, 'Paiement de la journée du 28 fév 2022 ', 1, 273, NULL, NULL, 158),
(712, 'Salaire de base', 1, 2450, NULL, NULL, 160),
(713, 'Transport', 8, 62, NULL, NULL, 160),
(714, 'CGS', NULL, 0, 0.0, 712, 160),
(715, 'NSF', NULL, 0, 0.0, 712, 160),
(716, 'Salaire de base', 1, 16900, NULL, NULL, 161),
(717, 'Transport', 0, 0, NULL, NULL, 161),
(718, 'CGS', NULL, NULL, -1.5, 716, 161),
(719, 'NSF', NULL, NULL, -1.0, 716, 161),
(720, 'Salaire de base', 176, 55.11364, NULL, NULL, 162),
(721, 'Transport', 22, 54, NULL, NULL, 162),
(722, 'CGS', NULL, NULL, -1.5, 720, 162),
(723, 'NSF', NULL, NULL, -1.0, 720, 162),
(724, 'Salaire de base', 1, 10575, NULL, NULL, 163),
(725, 'Transport', 0, 0, NULL, NULL, 163),
(726, 'CGS', NULL, 0, 0.0, 724, 163),
(727, 'NSF', NULL, 0, 0.0, 724, 163),
(728, 'Salaire de base', 1, 16900, NULL, NULL, 164),
(729, 'Transport', 0, 54, NULL, NULL, 164),
(730, 'Salaire de base', 176, 55.11364, NULL, NULL, 165),
(731, 'Transport', 22, 54, NULL, NULL, 165),
(732, 'CGS', NULL, NULL, -1.5, 728, 164),
(733, 'NSF', NULL, NULL, -1.0, 728, 164),
(734, 'CGS', NULL, NULL, -1.5, 730, 165),
(735, 'NSF', NULL, NULL, -1.0, 730, 165),
(736, 'Salaire de base', 176, 55.11364, NULL, NULL, 166),
(737, 'Transport', 22, 54, NULL, NULL, 166),
(738, 'CGS', NULL, NULL, -1.5, 736, 166),
(739, 'NSF', NULL, NULL, -1.0, 736, 166),
(740, 'Salaire de base', 176, 55.11364, NULL, NULL, 167),
(741, 'Transport', 22, 54, NULL, NULL, 167),
(742, 'CGS', NULL, NULL, -1.5, 740, 167),
(743, 'NSF', NULL, NULL, -1.0, 740, 167),
(744, 'Salaire de base', 176, 55.11364, NULL, NULL, 168),
(745, 'Transport', 22, 54, NULL, NULL, 168),
(746, 'CGS', NULL, NULL, -1.5, 744, 168),
(747, 'NSF', NULL, NULL, -1.0, 744, 168),
(748, 'Salaire de base', 176, 55.11364, NULL, NULL, 169),
(749, 'Transport', 22, 54, NULL, NULL, 169),
(750, 'CGS', NULL, NULL, -1.5, 748, 169),
(751, 'NSF', NULL, NULL, -1.0, 748, 169),
(752, 'Salaire de base', 1, 10575, NULL, NULL, 170),
(753, 'Transport', 20, 48, NULL, NULL, 170),
(754, 'CGS', NULL, NULL, -1.5, 752, 170),
(755, 'NSF', NULL, NULL, -1.0, 752, 170),
(756, 'Salaire de base', 1, 6000, NULL, NULL, 171),
(757, 'Transport', 20, 54, NULL, NULL, 171),
(758, 'CGS', NULL, 0, 0.0, 756, 171),
(759, 'NSF', NULL, 0, 0.0, 756, 171),
(760, 'Salaire de base', 1, 10575, NULL, NULL, 172),
(761, 'Transport', 20, 84, NULL, NULL, 172),
(762, 'CGS', NULL, 0, 0.0, 760, 172),
(763, 'NSF', NULL, 0, 0.0, 760, 172),
(764, 'Salaire de base', 1, 15000, NULL, NULL, 173),
(765, 'Transport', 1, 4000, NULL, NULL, 173),
(766, 'CGS', NULL, NULL, -1.5, 764, 173),
(767, 'NSF', NULL, NULL, -1.0, 764, 173),
(769, 'Salaire de base', 1, 16900, NULL, NULL, 174),
(770, 'Transport', 0, 0, NULL, NULL, 174),
(771, 'CGS', NULL, NULL, -1.5, 769, 174),
(772, 'NSF', NULL, NULL, -1.0, 769, 174),
(773, 'Salaire de base', 1, 10575, NULL, NULL, 175),
(774, 'Transport', 1, 1212, NULL, NULL, 175),
(775, 'CGS', NULL, NULL, -1.5, 773, 175),
(776, 'NSF', NULL, NULL, -1.0, 773, 175),
(777, 'Salaire de base', 1, 10575, NULL, NULL, 176),
(778, 'Transport', 0, 0, NULL, NULL, 176),
(779, 'CGS', NULL, NULL, -1.5, 777, 176),
(780, 'NSF', NULL, NULL, -1.0, 777, 176),
(781, 'Salaire de base', 1, 6000, NULL, NULL, 177),
(782, 'Transport', 1, 1406, NULL, NULL, 177),
(783, 'CGS', NULL, 0, 0.0, 781, 177),
(784, 'NSF', NULL, 0, 0.0, 781, 177),
(785, 'Salaire de base', 1, 10575, NULL, NULL, 178),
(786, 'Transport', 1, 2044, NULL, NULL, 178),
(787, 'CGS', NULL, NULL, -1.5, 785, 178),
(788, 'NSF', NULL, NULL, -1.0, 785, 178),
(789, 'Déduction absences du 02 et 23 mai', 1, -962, NULL, NULL, 178),
(790, 'Salaire de base', 1, 15000, NULL, NULL, 179),
(791, 'Transport', 1, 4000, NULL, NULL, 179),
(792, 'CGS', NULL, NULL, -1.5, 790, 179),
(793, 'NSF', NULL, NULL, -1.0, 790, 179),
(794, 'Salaire de base', 1, 6000, NULL, NULL, 180),
(795, 'Transport', 21, 70, NULL, NULL, 180),
(796, 'CGS', NULL, NULL, -1.5, 794, 180),
(797, 'NSF', NULL, NULL, -1.0, 794, 180),
(798, 'Déduction absence du 24 juin', 1, -273, NULL, NULL, 180),
(800, 'Salaire de base', 1, 10575, NULL, NULL, 181),
(801, 'Transport', 21, 60, NULL, NULL, 181),
(802, 'CGS', NULL, NULL, -1.5, 800, 181),
(803, 'NSF', NULL, NULL, -1.0, 800, 181),
(804, 'Salaire de base', 1, 10575, NULL, NULL, 182),
(805, 'Transport', 0, 0, NULL, NULL, 182),
(806, 'CGS', NULL, NULL, -1.5, 804, 182),
(807, 'NSF', NULL, NULL, -1.0, 804, 182),
(808, 'Déduction absence du 22', 1, -481, NULL, NULL, 182),
(809, 'Déduction absence 1 jour additionnel ', 1, -768, NULL, NULL, 161),
(810, 'Salaire de base', 1, 10575, NULL, NULL, 183),
(811, 'Transport', 19, 112, NULL, NULL, 183),
(812, 'CGS', NULL, NULL, -1.5, 810, 183),
(813, 'NSF', NULL, NULL, -1.0, 810, 183),
(814, 'Salaire de base', 176, 55.11364, NULL, NULL, 184),
(815, 'Transport', 22, 54, NULL, NULL, 184),
(816, 'CGS', NULL, NULL, -1.5, 814, 184),
(817, 'NSF', NULL, NULL, -1.0, 814, 184),
(818, 'Salaire de base', 176, 55.11364, NULL, NULL, 185),
(819, 'Transport', 22, 54, NULL, NULL, 185),
(820, 'CGS', NULL, NULL, -1.5, 818, 185),
(821, 'NSF', NULL, NULL, -1.0, 818, 185),
(822, 'Salaire de base', 176, 55.11364, NULL, NULL, 186),
(823, 'Transport', 22, 54, NULL, NULL, 186),
(824, 'CGS', NULL, NULL, -1.5, 822, 186),
(825, 'NSF', NULL, NULL, -1.0, 822, 186),
(826, 'Déduction absence du 6,7,28', 1, -1443, NULL, NULL, 183),
(827, 'Salaire de base', 1, 15000, NULL, NULL, 187),
(828, 'Transport', 1, 4000, NULL, NULL, 187),
(829, 'CGS', NULL, NULL, -1.5, 827, 187),
(830, 'NSF', NULL, NULL, -1.0, 827, 187),
(831, 'Salaire de base', 1, 2200, NULL, NULL, 188),
(832, 'Transport', 0, 0, NULL, NULL, 188),
(833, 'CGS', NULL, 0, 0.0, 831, 188),
(834, 'NSF', NULL, 0, 0.0, 831, 188),
(835, 'Salaire de base', 1, 2200, NULL, NULL, 189),
(836, 'Transport', 0, 0, NULL, NULL, 189),
(837, 'CGS', NULL, NULL, -1.5, 835, 189),
(838, 'NSF', NULL, NULL, -1.0, 835, 189),
(839, 'Salaire de base', 1, 10575, NULL, NULL, 190),
(840, 'Transport', 20, 60, NULL, NULL, 190),
(841, 'CGS', NULL, NULL, -1.5, 839, 190),
(842, 'NSF', NULL, NULL, -1.0, 839, 190),
(844, 'Remboursement transport RDV CDU du 13/07', 1, 79, NULL, NULL, 190),
(845, 'Salaire de base', 1, 10575, NULL, NULL, 191),
(846, 'Transport', 0, 0, NULL, NULL, 191),
(847, 'CGS', NULL, NULL, -1.5, 845, 191),
(848, 'NSF', NULL, NULL, -1.0, 845, 191),
(849, 'Déduction absence du 26/07', 1, -481, NULL, NULL, 191),
(850, 'Salaire de base', 1, 10575, NULL, NULL, 192),
(851, 'Transport', 21, 112, NULL, NULL, 192),
(852, 'CGS', NULL, NULL, -1.5, 850, 192),
(853, 'NSF', NULL, NULL, -1.0, 850, 192),
(854, 'Pro rata 10 jours du 18 au 29 (base Rs 10575)', 10, 481, NULL, NULL, 193),
(855, 'Transport', 10, 70, NULL, NULL, 193),
(858, 'Pro rata 8 jours du 18 au 29 (base Rs 6000)', 8, 273, NULL, NULL, 194),
(859, 'Transport', 0, 0, NULL, NULL, 194),
(860, 'CGS', NULL, 0, 0.0, 858, 194),
(861, 'NSF', NULL, 0, 0.0, 858, 194),
(862, 'Salaire de base', 1, 15000, NULL, NULL, 195),
(863, 'Transport', 1, 4000, NULL, NULL, 195),
(864, 'CGS', NULL, NULL, -1.5, 862, 195),
(865, 'NSF', NULL, NULL, -1.0, 862, 195),
(866, 'Salaire de base', 1, 10575, NULL, NULL, 196),
(867, 'Transport', 0, 0, NULL, NULL, 196),
(868, 'CGS', NULL, NULL, -1.5, 866, 196),
(869, 'NSF', NULL, NULL, -1.0, 866, 196),
(870, 'Salaire de base', 1, 6000, NULL, NULL, 197),
(871, 'Transport', 0, 0, NULL, NULL, 197),
(872, 'CGS', NULL, 0, 0.0, 870, 197),
(873, 'NSF', NULL, 0, 0.0, 870, 197),
(874, 'Salaire de base', 1, 10575, NULL, NULL, 198),
(875, 'Transport', 22, 60, NULL, NULL, 198),
(876, 'CGS', NULL, NULL, -1.5, 874, 198),
(877, 'NSF', NULL, NULL, -1.0, 874, 198),
(878, 'Salaire de base', 176, 55.11364, NULL, NULL, 199),
(879, 'Transport', 22, 54, NULL, NULL, 199),
(880, 'CGS', NULL, NULL, -1.5, 878, 199),
(881, 'NSF', NULL, NULL, -1.0, 878, 199),
(882, 'Bonus de présence juillet ', 1, 500, NULL, NULL, 198),
(883, 'Salaire de base', 1, 10575, NULL, NULL, 200),
(884, 'Transport', 20, 112, NULL, NULL, 200),
(885, 'CGS', NULL, NULL, -1.5, 883, 200),
(886, 'NSF', NULL, NULL, -1.0, 883, 200),
(887, 'Salaire de base', 1, 10575, NULL, NULL, 201),
(888, 'Transport', 21, 70, NULL, NULL, 201),
(889, 'CGS', NULL, 0, 0.0, 887, 201),
(890, 'NSF', NULL, 0, 0.0, 887, 201),
(891, 'Salaire de base', 1, 15000, NULL, NULL, 202),
(892, 'Transport', 1, 4000, NULL, NULL, 202),
(893, 'CGS', NULL, NULL, -1.5, 891, 202),
(894, 'NSF', NULL, NULL, -1.0, 891, 202),
(895, 'Déduction absences du 02 et 16 aout', 1, -962, NULL, NULL, 200),
(896, 'Bonus de présence juillet ', 1, 500, NULL, NULL, 200),
(897, 'Déduction absences du 08 et 19 aout', 1, -962, NULL, NULL, 201),
(898, 'Déduction maladie 8 jours', 1, -3848, NULL, NULL, 196),
(899, 'Déduction absence du 09', 1, -273, NULL, NULL, 197),
(901, 'Salaire de base', 1, 2000, NULL, NULL, 203),
(902, 'Transport', 5, 70, NULL, NULL, 203),
(903, 'CGS', NULL, 0, 0.0, 901, 203),
(904, 'NSF', NULL, 0, 0.0, 901, 203),
(905, 'Daily Rs 400, 29,30,31 aout, 2, 5 sept', 1, 0, NULL, NULL, 203),
(906, 'Salaire de base', 1, 10575, NULL, NULL, 204),
(907, 'Transport', 15, 112, NULL, NULL, 204),
(908, 'CGS', NULL, 0, -1.5, 906, 204),
(909, 'NSF', NULL, NULL, -1.0, 906, 204),
(910, 'Salaire de base', 1, 10575, NULL, NULL, 205),
(911, 'Transport', 17, 112, NULL, NULL, 205),
(912, 'CGS', NULL, NULL, -1.5, 910, 205),
(913, 'NSF', NULL, NULL, -1.0, 910, 205),
(914, 'Ajustement absence + transport du 31 aout', 1, -593, NULL, NULL, 204),
(915, 'Déduction absences maladies (50%)', 1, -1443, NULL, NULL, 204),
(916, 'Salaire de base', 1, 10575, NULL, NULL, 206),
(917, 'Transport', 0, 0, NULL, NULL, 206),
(918, 'CGS', NULL, NULL, -1.5, 916, 206),
(919, 'NSF', NULL, NULL, -1.0, 916, 206),
(920, 'Déduction: congé maladie, 8 jours', 1, -3848, NULL, NULL, 206),
(921, 'Salaire de base', 176, 60.08522, NULL, NULL, 207),
(922, 'Transport', 21, 60, NULL, NULL, 207),
(923, 'CGS', NULL, NULL, -1.5, 921, 207),
(924, 'NSF', NULL, NULL, -1.0, 921, 207),
(925, 'Salaire de base', 176, 60.08522, NULL, NULL, 208),
(926, 'Transport', 18, 60, NULL, NULL, 208),
(927, 'CGS', NULL, NULL, -1.5, 925, 208),
(928, 'NSF', NULL, NULL, -1.0, 925, 208),
(929, 'Salaire de base', 176, 60.08522, NULL, NULL, 209),
(930, 'Transport', 20, 70, NULL, NULL, 209),
(931, 'CGS', NULL, 0, 0.0, 929, 209),
(932, 'NSF', NULL, 0, 0.0, 929, 209),
(933, 'Salaire de base', 1, 3200, NULL, NULL, 210),
(934, 'Transport', 8, 70, NULL, NULL, 210),
(935, 'CGS', NULL, 0, 0.0, 933, 210),
(936, 'NSF', NULL, 0, 0.0, 933, 210),
(937, 'Salaire de base', 1, 7754, NULL, NULL, 211),
(938, 'Transport', 0, 0, NULL, NULL, 211),
(939, 'CGS', NULL, NULL, -1.5, 937, 211),
(940, 'NSF', NULL, NULL, -1.0, 937, 211),
(941, 'Bonus de présence aug 2022', 1, 500, NULL, NULL, 207),
(942, 'Une heure effectué le 07 aug ', 1, 60, NULL, NULL, 206),
(943, 'Bonus de présence aug 2022', 1, 0, NULL, NULL, 206),
(944, 'Bonus de présence aout', 1, 0, NULL, NULL, 204),
(945, 'Déduction absences ', 1, -481, NULL, NULL, 209),
(946, 'Déductions absences 11 jours', 1, -3872, NULL, NULL, 211),
(947, 'Salaire de base', 1, 2200, NULL, NULL, 212),
(948, 'Transport', 0, 54, NULL, NULL, 212),
(949, 'CGS', NULL, NULL, -1.5, 947, 212),
(950, 'NSF', NULL, NULL, -1.0, 947, 212),
(951, 'Salaire de base', 1, 30000, NULL, NULL, 213),
(952, 'Transport', 1, 4000, NULL, NULL, 213),
(953, 'CGS', NULL, NULL, -1.5, 951, 213),
(954, 'NSF', NULL, NULL, -1.0, 951, 213),
(955, 'Bonus de présence - septembre', 1, 500, NULL, NULL, 208),
(956, 'Déduction absences restantes du mois de sep ', 1, -1443, NULL, NULL, 205),
(957, 'Déduction absences oct', 1, -962, NULL, NULL, 205),
(958, 'Salaire de base', 176, 60.08522, NULL, NULL, 214),
(959, 'Transport', 0, 0, NULL, NULL, 214),
(960, 'CGS', NULL, NULL, -1.5, 958, 214),
(961, 'NSF', NULL, NULL, -1.0, 958, 214),
(962, 'Bonus de présence - septembre', 1, 0, NULL, NULL, 214),
(963, 'Bonus de présence - septembre', 1, 0, NULL, NULL, 205),
(964, 'Salaire de base', 176, 60.08522, NULL, NULL, 215),
(965, 'Transport', 18, 70, NULL, NULL, 215),
(966, 'CGS', NULL, NULL, -1.5, 964, 215),
(967, 'NSF', NULL, NULL, -1.0, 964, 215),
(968, 'Déduction absence oct', 1, -481, NULL, NULL, 215),
(969, 'Salaire de base', 1, 2200, NULL, NULL, 216),
(970, 'Transport', 0, 0, NULL, NULL, 216),
(971, 'CGS', NULL, 0, 0.0, 969, 216),
(972, 'NSF', NULL, 0, 0.0, 969, 216),
(973, 'Salaire de base', 176, 60.08522, NULL, NULL, 217),
(974, 'Transport', 0, 0, NULL, NULL, 217),
(975, 'CGS', NULL, NULL, -1.5, 973, 217),
(976, 'NSF', NULL, NULL, -1.0, 973, 217),
(977, 'Déduction congés maladie du 28 au 30 nov', 1, -1440, NULL, NULL, 217),
(978, 'Bonus de néttoyage oct et nov', 1, 1000, NULL, NULL, 217),
(979, 'Salaire de base', 176, 60.08522, NULL, NULL, 218),
(980, 'Transport', 19, 60, NULL, NULL, 218),
(981, 'CGS', NULL, NULL, -1.5, 979, 218),
(982, 'NSF', NULL, NULL, -1.0, 979, 218),
(983, 'Bonus de néttoyage oct et nov', 1, 1000, NULL, NULL, 218),
(984, 'Bonus de présence oct', 1, 0, NULL, NULL, 218),
(985, 'Bonus de présence octobre ', 1, 500, NULL, NULL, 217),
(986, 'Salaire de base', 176, 60.08522, NULL, NULL, 219),
(987, 'Transport', 19, 112, NULL, NULL, 219),
(988, 'CGS', NULL, NULL, -1.5, 986, 219),
(989, 'NSF', NULL, NULL, -1.0, 986, 219),
(990, 'Déduction absences: 7 & 24 novembre', 1, -960, NULL, NULL, 219),
(991, 'Bonus de néttoyage oct et nov ', 1, 1000, NULL, NULL, 219),
(992, 'Bonus de présence : Octobre ', 1, 0, NULL, NULL, 219),
(993, 'Salaire de base', 176, 60.08522, NULL, NULL, 220),
(994, 'Transport', 21, 70, NULL, NULL, 220),
(995, 'CGS', NULL, NULL, -1.5, 993, 220),
(996, 'NSF', NULL, NULL, -1.0, 993, 220),
(997, 'Bonus de néttoyage oct & nov ', 1, 1000, NULL, NULL, 220),
(998, 'Salaire de base', 1, 3600, NULL, NULL, 221),
(999, 'Transport', 9, 70, NULL, NULL, 221),
(1000, 'CGS', NULL, 0, 0.0, 998, 221),
(1001, 'NSF', NULL, 0, 0.0, 998, 221),
(1002, 'Salaire de base', 1, 30000, NULL, NULL, 222),
(1003, 'Transport', 1, 4000, NULL, NULL, 222),
(1004, 'CGS', NULL, NULL, -1.5, 1002, 222),
(1005, 'NSF', NULL, NULL, -1.0, 1002, 222),
(1006, 'Salaire de base', 1, 30000, NULL, NULL, 223),
(1007, 'Transport', 1, 4000, NULL, NULL, 223),
(1008, 'CGS', NULL, NULL, -1.5, 1006, 223),
(1009, 'NSF', NULL, NULL, -1.0, 1006, 223),
(1010, 'Salaire de base', 176, 60.08522, NULL, NULL, 224),
(1011, 'Transport', 0, 54, NULL, NULL, 224),
(1012, 'CGS', NULL, NULL, -1.5, 1010, 224),
(1013, 'NSF', NULL, NULL, -1.0, 1010, 224),
(1014, 'Salaire de base', 176, 60.08522, NULL, NULL, 225),
(1015, 'Transport', 16, 60, NULL, NULL, 225),
(1016, 'CGS', NULL, NULL, -1.5, 1014, 225),
(1017, 'NSF', NULL, NULL, -1.0, 1014, 225),
(1018, 'Cleaning Bonus Nov', 1, 0, NULL, NULL, 225),
(1019, 'Bonus de néttoyage nov', 1, 0, NULL, NULL, 224),
(1020, 'Déduction congé maladie du 1 & 2 déc', 1, -0, NULL, NULL, 224),
(1021, 'Salaire de base', 176, 60.08522, NULL, NULL, 226),
(1022, 'Transport', 16, 112, NULL, NULL, 226),
(1023, 'CGS', NULL, NULL, -1.5, 1021, 226),
(1024, 'NSF', NULL, NULL, -1.0, 1021, 226),
(1025, 'Bonus de néttoyage nov', 1, 0, NULL, NULL, 226),
(1026, 'Salaire de base', 176, 60.08522, NULL, NULL, 227),
(1027, 'Transport', 16, 70, NULL, NULL, 227),
(1028, 'CGS', NULL, NULL, -1.5, 1026, 227),
(1029, 'NSF', NULL, NULL, -1.0, 1026, 227),
(1031, 'Salaire de base', 1, 6000, NULL, NULL, 228),
(1032, 'Transport', 15, 70, NULL, NULL, 228),
(1033, 'CGS', NULL, 0, 0.0, 1031, 228),
(1034, 'NSF', NULL, 0, 0.0, 1031, 228),
(1035, 'Salaire de base', 1, 30000, NULL, NULL, 229),
(1036, 'Transport', 1, 4000, NULL, NULL, 229),
(1037, 'CGS', NULL, NULL, -1.5, 1035, 229),
(1038, 'NSF', NULL, NULL, -1.0, 1035, 229),
(1039, 'Salaire de base', 1, 11575, NULL, NULL, 230),
(1040, 'Transport', 14, 60, NULL, NULL, 230),
(1041, 'CGS', NULL, NULL, -1.5, 1039, 230),
(1042, 'NSF', NULL, NULL, -1.0, 1039, 230),
(1043, 'Bonus de présence déc 2022', 1, 500, NULL, NULL, 230),
(1045, 'Bonus de néttoyage déc 2022', 1, 500, NULL, NULL, 230),
(1046, 'Salaire de base', 1, 11575, NULL, NULL, 231),
(1047, 'Transport', 1, 0, NULL, NULL, 231),
(1048, 'CGS', NULL, NULL, -1.5, 1046, 231),
(1049, 'NSF', NULL, NULL, -1.0, 1046, 231),
(1050, 'Salaire de base', 176, 60.08522, NULL, NULL, 232),
(1051, 'Transport', 22, 54, NULL, NULL, 232),
(1052, 'CGS', NULL, NULL, -1.5, 1050, 232),
(1053, 'NSF', NULL, NULL, -1.0, 1050, 232),
(1054, 'Bonus de présence déc 2022', 1, 500, NULL, NULL, 231),
(1055, 'Bonus de néttoyage déc 2022', 1, 500, NULL, NULL, 231),
(1056, 'Congé maladie du 18 jan pas de déduction', 1, 0, NULL, NULL, 231),
(1057, 'Salaire de base', 1, 11575, NULL, NULL, 233),
(1058, 'Transport', 14, 112, NULL, NULL, 233),
(1059, 'CGS', NULL, NULL, -1.5, 1057, 233),
(1060, 'NSF', NULL, NULL, -1.0, 1057, 233),
(1061, 'Bonus de néttoyage déc 2022', 1, 500, NULL, NULL, 233),
(1062, 'Bonus de présence décembre 2022', 1, 500, NULL, NULL, 233),
(1063, 'Salaire de base', 1, 11575, NULL, NULL, 234),
(1064, 'Transport', 15, 70, NULL, NULL, 234),
(1065, 'CGS', NULL, NULL, -1.5, 1063, 234),
(1066, 'NSF', NULL, NULL, -1.0, 1063, 234),
(1067, 'Bonus de néttoyage déc 2022', 1, 500, NULL, NULL, 234),
(1068, 'Salaire de base', 1, 2400, NULL, NULL, 235),
(1069, 'Transport', 1, 0, NULL, NULL, 235),
(1070, 'CGS', NULL, NULL, -1.5, 1068, 235),
(1071, 'NSF', NULL, NULL, -1.0, 1068, 235),
(1072, 'Salaire de base', 1, 11575, NULL, NULL, 236),
(1073, 'Transport', 1, 0, NULL, NULL, 236),
(1074, 'CGS', NULL, NULL, -1.5, 1072, 236),
(1075, 'NSF', NULL, NULL, -1.0, 1072, 236),
(1076, 'Déduction absences maladie du 7,8,13 fév', 1, -1578, NULL, NULL, 236),
(1077, 'Salaire de base', 1, 11575, NULL, NULL, 237),
(1078, 'Transport', 16, 60, NULL, NULL, 237),
(1079, 'CGS', NULL, NULL, -1.5, 1077, 237),
(1080, 'NSF', NULL, NULL, -1.0, 1077, 237),
(1081, 'Bonus de présence janvier', 1, 0, NULL, NULL, 237),
(1082, 'Bonus de présence janvier', 1, 0, NULL, NULL, 236),
(1083, 'Salaire de base', 1, 11575, NULL, NULL, 238),
(1084, 'Transport', 16, 112, NULL, NULL, 238),
(1085, 'CGS', NULL, NULL, -1.5, 1083, 238),
(1086, 'NSF', NULL, NULL, -1.0, 1083, 238),
(1087, 'Déduction absence du 16', 1, -526, NULL, NULL, 238),
(1088, 'Bonus de présence janvier', 1, 0, NULL, NULL, 238),
(1089, 'Salaire de base', 1, 11575, NULL, NULL, 239),
(1090, 'Transport', 14, 70, NULL, NULL, 239),
(1091, 'CGS', NULL, NULL, -1.5, 1089, 239),
(1092, 'NSF', NULL, NULL, -1.0, 1089, 239),
(1093, 'Déduction absences du 2 et 13 février', 1, -1052, NULL, NULL, 239),
(1094, 'Salaire de base', 1, 450, NULL, NULL, 240),
(1095, 'Transport', 1, 70, NULL, NULL, 240),
(1096, 'CGS', NULL, 0, 0.0, 1094, 240),
(1097, 'NSF', NULL, 0, 0.0, 1094, 240),
(1098, 'Salaire de base', 1, 2400, NULL, NULL, 241),
(1099, 'Transport', 1, 0, NULL, NULL, 241),
(1100, 'CGS', NULL, NULL, -1.5, 1098, 241),
(1101, 'NSF', NULL, NULL, -1.0, 1098, 241),
(1102, 'Salaire de base', 1, 30000, NULL, NULL, 242),
(1103, 'Transport', 1, 4000, NULL, NULL, 242),
(1104, 'CGS', NULL, NULL, -1.5, 1102, 242),
(1105, 'NSF', NULL, NULL, -1.0, 1102, 242),
(1106, 'Salaire de base', 1, 30000, NULL, NULL, 243),
(1107, 'Transport', 1, 4000, NULL, NULL, 243),
(1108, 'CGS', NULL, NULL, -1.5, 1106, 243),
(1109, 'NSF', NULL, NULL, -1.0, 1106, 243),
(1110, 'Salaire de base', 1, 11575, NULL, NULL, 244),
(1111, 'Transport', 19, 60, NULL, NULL, 244),
(1112, 'CGS', NULL, NULL, -1.5, 1110, 244),
(1113, 'NSF', NULL, NULL, -1.0, 1110, 244),
(1114, 'Salaire de base', 1, 11575, NULL, NULL, 245),
(1115, 'Transport', 21, 0, NULL, NULL, 245),
(1116, 'CGS', NULL, NULL, -1.5, 1114, 245),
(1117, 'NSF', NULL, NULL, -1.0, 1114, 245),
(1118, 'Salaire de base', 1, 11575, NULL, NULL, 246),
(1119, 'Transport', 21, 112, NULL, NULL, 246),
(1120, 'CGS', NULL, NULL, -1.5, 1118, 246),
(1121, 'NSF', NULL, NULL, -1.0, 1118, 246),
(1122, 'Salaire de base', 1, 11575, NULL, NULL, 247),
(1123, 'Transport', 22, 70, NULL, NULL, 247),
(1124, 'CGS', NULL, NULL, -1.5, 1122, 247),
(1125, 'NSF', NULL, NULL, -1.0, 1122, 247),
(1126, 'Salaire de base', 1, 7000, NULL, NULL, 248),
(1127, 'Transport', 18, 60, NULL, NULL, 248),
(1128, 'CGS', NULL, 0, 0.0, 1126, 248),
(1129, 'NSF', NULL, 0, 0.0, 1126, 248),
(1130, 'Déduction absences 3 jours', 1, -954, NULL, NULL, 248),
(1131, 'Salaire de base', 1, 7000, NULL, NULL, 249),
(1132, 'Transport', 18, 60, NULL, NULL, 249),
(1133, 'CGS', NULL, 0, 0.0, 1131, 249),
(1134, 'NSF', NULL, 0, 0.0, 1131, 249),
(1135, 'Ajustement absence + transport du 31 mars', 1, -378, NULL, NULL, 249),
(1136, 'Salaire de base', 1, 11575, NULL, NULL, 250),
(1137, 'Transport', 17, 60, NULL, NULL, 250),
(1138, 'CGS', NULL, NULL, -1.5, 1136, 250),
(1139, 'NSF', NULL, NULL, -1.0, 1136, 250),
(1140, 'Salaire de base', 1, 11575, NULL, NULL, 251),
(1141, 'Transport', 1, 0, NULL, NULL, 251),
(1142, 'CGS', NULL, NULL, -1.5, 1140, 251),
(1143, 'NSF', NULL, NULL, -1.0, 1140, 251),
(1144, 'Salaire de base', 1, 11575, NULL, NULL, 252),
(1145, 'Transport', 15, 112, NULL, NULL, 252),
(1146, 'CGS', NULL, NULL, -1.5, 1144, 252),
(1147, 'NSF', NULL, NULL, -1.0, 1144, 252),
(1148, 'Salaire de base', 1, 11575, NULL, NULL, 253),
(1149, 'Transport', 18, 70, NULL, NULL, 253),
(1150, 'CGS', NULL, NULL, -1.5, 1148, 253),
(1151, 'NSF', NULL, NULL, -1.0, 1148, 253),
(1152, 'Déduction absences : 1.5 jours', 1, -789, NULL, NULL, 253),
(1153, 'Déduction absence du 17 avril', 1, -318, NULL, NULL, 249),
(1154, 'Salaire de base', 1, 30000, NULL, NULL, 254),
(1155, 'Transport', 1, 4000, NULL, NULL, 254),
(1156, 'CGS', NULL, NULL, -1.5, 1154, 254),
(1157, 'NSF', NULL, NULL, -1.0, 1154, 254),
(1158, 'Salaire de base', 1, 2400, NULL, NULL, 255),
(1159, 'Transport', 1, 0, NULL, NULL, 255),
(1160, 'CGS', NULL, NULL, -1.5, 1158, 255),
(1161, 'NSF', NULL, NULL, -1.0, 1158, 255),
(1162, 'Salaire de base', 1, 11575, NULL, NULL, 256),
(1163, 'Transport', 20, 60, NULL, NULL, 256),
(1164, 'CGS', NULL, NULL, -1.5, 1162, 256),
(1165, 'NSF', NULL, NULL, -1.0, 1162, 256),
(1166, 'Salaire de base', 1, 11575, NULL, NULL, 257),
(1167, 'Transport', 0, 0, NULL, NULL, 257),
(1168, 'CGS', NULL, NULL, -1.5, 1166, 257),
(1169, 'NSF', NULL, NULL, -1.0, 1166, 257);
INSERT INTO `creche_paye_details` (`id_creche_paye_detail`, `rubrique`, `quantity`, `amount`, `pourcent`, `of_id_creche_paye_detail`, `id_creche_paye`) VALUES
(1170, 'Salaire de base', 1, 11575, NULL, NULL, 258),
(1171, 'Transport', 21, 112, NULL, NULL, 258),
(1172, 'CGS', NULL, NULL, -1.5, 1170, 258),
(1173, 'NSF', NULL, NULL, -1.0, 1170, 258),
(1174, 'Salaire de base', 1, 11575, NULL, NULL, 259),
(1175, 'Transport', 21, 70, NULL, NULL, 259),
(1176, 'CGS', NULL, NULL, -1.5, 1174, 259),
(1177, 'NSF', NULL, NULL, -1.0, 1174, 259),
(1178, 'Déduction absences ', 1, -1052, NULL, NULL, 259),
(1179, 'Salaire de base', 1, 7000, NULL, NULL, 260),
(1180, 'Transport', 20, 60, NULL, NULL, 260),
(1181, 'CGS', NULL, 0, 0.0, 1179, 260),
(1182, 'NSF', NULL, 0, 0.0, 1179, 260),
(1183, 'Déduction absences', 1, -636, NULL, NULL, 260),
(1184, 'Salaire de base', 1, 2400, NULL, NULL, 261),
(1185, 'Transport', 22, 0, NULL, NULL, 261),
(1186, 'CGS', NULL, NULL, -1.5, 1184, 261),
(1187, 'NSF', NULL, NULL, -1.0, 1184, 261),
(1188, 'Salaire de base', 1, 30000, NULL, NULL, 262),
(1189, 'Transport', 1, 4000, NULL, NULL, 262),
(1190, 'CGS', NULL, NULL, -1.5, 1188, 262),
(1191, 'NSF', NULL, NULL, -1.0, 1188, 262),
(1192, 'Salaire de base', 1, 11575, NULL, NULL, 263),
(1193, 'Transport', 14, 60, NULL, NULL, 263),
(1194, 'CGS', NULL, NULL, -1.5, 1192, 263),
(1195, 'NSF', NULL, NULL, -1.0, 1192, 263),
(1196, 'Salaire de base', 1, 7000, NULL, NULL, 264),
(1197, 'Transport', 21, 60, NULL, NULL, 264),
(1198, 'CGS', NULL, NULL, -1.5, 1196, 264),
(1199, 'NSF', NULL, NULL, -1.0, 1196, 264),
(1200, 'Heures supplémentaires du 19 au 22 (Rs 53 x 4.5 hr', 1, 954, NULL, NULL, 264),
(1201, 'Salaire de base', 1, 11575, NULL, NULL, 265),
(1202, 'Transport', 19, 70, NULL, NULL, 265),
(1203, 'CGS', NULL, NULL, -1.5, 1201, 265),
(1204, 'NSF', NULL, NULL, -1.0, 1201, 265),
(1205, 'Déduction absences ', 1, -1841, NULL, NULL, 265),
(1206, 'Salaire de base', 1, 11575, NULL, NULL, 266),
(1207, 'Transport', 19, 112, NULL, NULL, 266),
(1208, 'CGS', NULL, NULL, -1.5, 1206, 266),
(1209, 'NSF', NULL, NULL, -1.0, 1206, 266),
(1210, 'Salaire de base', 1, 11575, NULL, NULL, 267),
(1211, 'Transport', 0, 0, NULL, NULL, 267),
(1212, 'CGS', NULL, NULL, -1.5, 1210, 267),
(1213, 'NSF', NULL, NULL, -1.0, 1210, 267),
(1214, 'Salaire de base', 176, 60.08522, NULL, NULL, 268),
(1215, 'Transport', 22, 0, NULL, NULL, 268),
(1216, 'CGS', NULL, NULL, -1.5, 1214, 268),
(1217, 'NSF', NULL, NULL, -1.0, 1214, 268),
(1218, 'Ajustement absence du 31 mai, transport', 1, -112, NULL, NULL, 258),
(1219, 'Ajustement absences du 31 mai ', 1, -112, NULL, NULL, 266),
(1220, 'Salaire de base', 1, 2400, NULL, NULL, 269),
(1221, 'Transport', 0, 0, NULL, NULL, 269),
(1222, 'CGS', NULL, NULL, -1.5, 1220, 269),
(1223, 'NSF', NULL, NULL, -1.0, 1220, 269),
(1224, 'Salaire de base', 176, 60.08522, NULL, NULL, 270),
(1225, 'Transport', 22, 0, NULL, NULL, 270),
(1226, 'CGS', NULL, NULL, -1.5, 1224, 270),
(1227, 'NSF', NULL, NULL, -1.0, 1224, 270),
(1228, 'Salaire de base', 1, 30000, NULL, NULL, 271),
(1229, 'Transport', 1, 4000, NULL, NULL, 271),
(1230, 'CGS', NULL, NULL, -1.5, 1228, 271),
(1231, 'NSF', NULL, NULL, -1.0, 1228, 271),
(1232, 'Salaire de base', 1, 11575, NULL, NULL, 272),
(1233, 'Transport', 0, 0, NULL, NULL, 272),
(1234, 'CGS', NULL, NULL, -1.5, 1232, 272),
(1235, 'NSF', NULL, NULL, -1.0, 1232, 272),
(1236, 'Salaire de base', 1, 11575, NULL, NULL, 273),
(1237, 'Transport', 0, 0, NULL, NULL, 273),
(1238, 'CGS', NULL, NULL, -1.5, 1236, 273),
(1239, 'NSF', NULL, NULL, -1.0, 1236, 273),
(1240, 'Salaire de base', 1, 11575, NULL, NULL, 274),
(1241, 'Transport', 19, 112, NULL, NULL, 274),
(1242, 'CGS', NULL, NULL, -1.5, 1240, 274),
(1243, 'NSF', NULL, NULL, -1.0, 1240, 274),
(1244, 'Ajustement absence du 27 juin', 1, -112, NULL, NULL, 274),
(1245, 'Salaire de base', 1, 11575, NULL, NULL, 275),
(1246, 'Transport', 19, 70, NULL, NULL, 275),
(1247, 'CGS', NULL, NULL, -1.5, 1245, 275),
(1248, 'NSF', NULL, NULL, -1.0, 1245, 275),
(1249, 'Déduction absences  10, 14 ', 1, -1052, NULL, NULL, 275),
(1250, 'Salaire de base', 1, 7000, NULL, NULL, 276),
(1251, 'Transport', 19, 60, NULL, NULL, 276),
(1252, 'CGS', NULL, NULL, -1.5, 1250, 276),
(1253, 'NSF', NULL, NULL, -1.0, 1250, 276),
(1254, 'Rémunération additionnel en remplacement', 1, 4075, NULL, NULL, 276),
(1255, 'Déduction absences du 5 et 6', 1, -636, NULL, NULL, 276),
(1256, 'Salaire de base', 1, 30000, NULL, NULL, 277),
(1257, 'Transport', 1, 4000, NULL, NULL, 277),
(1258, 'CGS', NULL, NULL, -1.5, 1256, 277),
(1259, 'NSF', NULL, NULL, -1.0, 1256, 277);

-- --------------------------------------------------------

--
-- Table structure for table `creche_personnel`
--

CREATE TABLE `creche_personnel` (
  `id_personnel` int(11) NOT NULL,
  `surname` varchar(50) DEFAULT NULL,
  `name` varchar(50) DEFAULT NULL,
  `start_date` date DEFAULT NULL,
  `end_date` date DEFAULT NULL,
  `employee_no` varchar(8) DEFAULT NULL,
  `id_no` varchar(15) DEFAULT NULL,
  `date_of_birth` date DEFAULT NULL,
  `contact_numbers_mobile` varchar(30) DEFAULT NULL,
  `email_address` varchar(50) DEFAULT NULL,
  `address_1` varchar(255) DEFAULT NULL,
  `address_2` varchar(255) DEFAULT NULL,
  `position` varchar(9) DEFAULT NULL,
  `status` varchar(9) DEFAULT NULL,
  `bank_account_no` varchar(14) DEFAULT NULL,
  `bank_name` varchar(20) DEFAULT NULL,
  `account_type` varchar(20) DEFAULT NULL,
  `NPF_REG_NO` varchar(10) DEFAULT NULL,
  `basic_salary_stipend` varchar(6) DEFAULT NULL,
  `transport_daily_rs` int(11) DEFAULT NULL,
  `transport_monthly_rs` varchar(5) DEFAULT NULL,
  `deductions_NPF_NSF_rs` varchar(3) DEFAULT NULL,
  `net_income_rs` int(11) DEFAULT NULL,
  `resigned` tinyint(1) NOT NULL,
  `background_color` char(7) NOT NULL
) ENGINE=InnoDB DEFAULT CHARSET=utf8;

--
-- Dumping data for table `creche_personnel`
--

INSERT INTO `creche_personnel` (`id_personnel`, `surname`, `name`, `start_date`, `end_date`, `employee_no`, `id_no`, `date_of_birth`, `contact_numbers_mobile`, `email_address`, `address_1`, `address_2`, `position`, `status`, `bank_account_no`, `bank_name`, `account_type`, `NPF_REG_NO`, `basic_salary_stipend`, `transport_daily_rs`, `transport_monthly_rs`, `deductions_NPF_NSF_rs`, `net_income_rs`, `resigned`, `background_color`) VALUES
(1, 'Claite', 'Marie Sandra Isabelle', '2019-05-02', NULL, 'CACIC00', 'C0908782804575', '1978-08-09', '59078420 Orange59333844 Emtel', 'crecheattitudecoltee@gmail.com', 'No 165, Avenue des Dahlias, Morcellement Beerjeeraz', 'Albion', 'Director', 'Full Time', '000033254354', 'MCB', 'Savings', NULL, '15000', 0, '4000', NULL, NULL, 0, '#666bff'),
(2, 'Poomaury', 'Kerlyna', '2021-04-01', '2022-06-30', 'CACKP01', 'D0210883041390', '1988-10-02', '59168789', 'seleji2660@gmail.com', 'Anenue des Hérons, Belle Vue', 'Albion', 'Manager /', 'Full Time', '052264637', 'MCB', 'Savings', 'N/A', '16500', 0, '0', '400', 16500, 0, '#d6ff66'),
(3, 'Martiale', 'Marie Pascale Mirella', '2019-05-02', '2019-09-01', 'CACMM02', 'M1810713019502', '1971-10-18', '58059954 Orange57321955 Emtel', 'mirellamartial@gmail.com', 'Avenue Bounty', 'Albion', 'Carer', 'Full Time', '000033536007', 'MCB', 'Savings', 'N/A', '8900', 0, '0', '0', 8900, 0, '#66fff5'),
(4, 'Castel', 'Marie-Anne Ronnica', '2019-06-10', '2021-01-21', 'CACAC04', 'C2301953801348', '1995-01-23', '58593744', 'castelcastel47@gmail.com', '27, Shakespear, Richelieu', 'Petite-Rivière', 'Carer', 'Full Time', '000444062971', 'MCB', 'Savings', NULL, '9700', 54, '1188', '388', 10500, 0, '#8f66ff'),
(5, 'Payendee', 'Varada Luxmee', '2019-12-02', '2021-05-24', 'CACVP06', 'P190895380056E', '1995-08-19', '5944004458255255', 'vanna.payendee@gmail.com', '7, Verger Bissambar', 'Mont Roches', 'Carer', 'Full Time', '000443690014', 'MCB', 'Savings', NULL, '9700', 62, '1364', '388', 10676, 0, '#66ff7f'),
(6, 'Townsend', 'Marie Emilie Sabrina', '2020-02-18', '2020-06-30', 'CACTE07', 'T010900390222B', '2000-09-01', '57266659', 'sabrinatownsend0602@gmail.com', '72, Allee Jacques, Morc Eaux Bonne', 'Bambous', 'Student f', 'Part Time', '020001339230', 'MAUBANK', 'Savings', NULL, '4000', 0, '0', '0', 4000, 0, '#ffb866'),
(7, 'Mootoo', 'Anne-Marie', '2019-06-01', NULL, 'CACAA03', 'A0807668106519', '1966-07-08', '59354726', NULL, 'Avenue Bounty', 'Albion', 'Maid', 'Part Time', '01810100238223', 'SBM', 'Savings', NULL, '2000', 0, '0', '0', 2200, 0, '#66ffbd'),
(8, 'Bundhoo', 'Iswarjeet', '2019-09-01', NULL, 'CACIB05', 'B3112703550007A', '1970-12-31', '54743488', NULL, 'Cr Simonet and Cresson Lane', 'Canot', 'Gardenner', 'Part Time', '000014844885', 'MCB', 'Savings', NULL, '1600', 0, '0', '0', 1600, 0, '#ff66f2'),
(10, 'Allet', 'Isabelle', '2020-06-17', '2020-09-30', 'CACIA08', 'A200276300547A', '1976-02-20', '57171310', 'izabelallet@gmail.com', 'Avenue des Nenuphars, Morcellement Belle Vue ', 'Albion', 'Part Time', 'Active', '000052214206', 'MCB', 'Savings', NULL, '5000', 0, '0', '0', 5000, 0, '#ff6666'),
(11, 'Bernard ', 'Marie Kelly', '2020-07-06', '2020-09-30', 'CAAKB09', 'L200388381168E', '2020-03-20', '54937897', 'kgbernard004.kl@gmail.com', '24, Iqbal ', 'Cité Richelieu', 'Part Time', 'Active', '000446645761', 'MCB', 'Savings', NULL, '4500', 54, '1188', NULL, 5680, 0, '#ff66b8'),
(12, 'Marie Davina Christiane', 'Thomas', '2020-09-08', '2020-12-31', 'CACTD10', 'J010483380892F', '1983-04-01', '57096372', 'danajeanmc@gmail.com', '2 Avenue La Ferme', 'Bambous', 'Maid and ', 'Active', '50300000104483', 'SBM', 'Savings', NULL, '7000', 108, '2376', '0', 9376, 0, '#66f5ff'),
(13, 'Johnnyza Anna Cheila', 'Juglall', '2020-10-02', '2021-05-08', 'CACJC11', 'E170863110478A', NULL, '59842917', 'cheilaernestjuglall@yahoo.com', 'Avenue des Longaniers', 'Morcellement Belle Vue, Albion', 'Assistant', 'Active', '000446257834', 'MCB', 'Savings', 'Carer resi', '10075', 0, '0', '0', 10075, 0, '#66b0ff'),
(14, 'Kateney Tracy Marie', 'Dwarika', '2021-01-25', '2022-01-31', 'CACDK12', 'D070399380555F', '1999-03-07', '54756786', 'katedwa07@gmail.com', '56, Acrise Lane, Petite Rivière', 'Albion', 'Maid and ', 'Active', '000033482403', 'MCB', 'Savings', NULL, '10075', 48, '1056', '0', NULL, 0, '#000000'),
(16, 'Claite', 'Marie Adèle Céline', '2021-01-20', NULL, 'CACCC13', 'C1109964102855', '1996-09-11', '59208810', 'collard329@gmail.com', 'App 3B, Mandarin Court, Rue Ambrose', 'Rose Hill', 'Carer / l', 'Active', '000033205272', 'MCB', 'Savings', NULL, '10075', 62, '1364', NULL, 9064, 0, '#000000'),
(17, 'Marie Anne Sarah Rachel', 'Appadoo', '2021-02-23', '2021-04-30', 'CACAA14', 'A230202006084D', '2002-03-23', '54742500', 'annsarahapp23@gmail.com', 'Avenue Bel Eau 61 Camp Créole', 'Albion', 'Part Time', 'Active', '000447813501', 'MCB', 'Savings', NULL, '4000', 0, '0', NULL, 4000, 0, '#000000'),
(18, 'Marie-Hélène', 'Adolphe', '2021-02-15', '2021-02-22', NULL, NULL, '1965-05-16', '59126584', NULL, 'Avenue des Bananiers', 'Albion', 'Part Time', 'Active', '000444951911', 'MCB', 'Savings', NULL, '4000', 0, '0', '0', 4000, 0, '#000000'),
(19, 'Marie Alisha Nathanielle', 'Angasamy', '2021-10-01', NULL, NULL, 'A0209993819714', '1999-09-02', '58540394', 'alishanathanielle@gmail.com', 'Route Albion', 'Petite Rivière, Petit Verger Road', 'Stagière ', 'Active', '000014980193', 'MCB', 'Savings', NULL, NULL, 60, NULL, NULL, NULL, 0, '#000000'),
(20, 'Clark-Pigeot', 'Rose Mary Catherine', '2022-02-14', '2023-07-31', NULL, 'C060186310007E', '1986-01-06', '57082583', 'catherineclarkpigeot06@gmail.com', 'Dhalia Av Morc Beerjeeraz', 'Albion', 'Carer', 'Active', '000202758788', 'MCB', 'Savings', NULL, '10575', 0, '0', NULL, NULL, 0, '#000000'),
(21, 'Catherine', 'Hurrucksing', '2022-02-28', '2022-07-04', NULL, 'H040368300555A', '1968-03-04', '58433086 / 57648304', NULL, 'Route Royale Petite Rivière', NULL, 'Maid and ', 'DECEASED', '000445336242', 'MCB', 'Savings', NULL, '6000', 24, '1188', NULL, NULL, 0, '#000000'),
(22, 'Stéphanie Marie Anabele', 'Rougeot', '2022-03-10', NULL, NULL, 'R2904873819041', NULL, '58017627', NULL, '5 Avenue Crocus Cité', 'Pointe aux Sables', 'Carer', 'Active', NULL, NULL, NULL, NULL, '10575', 112, NULL, NULL, NULL, 0, '#000000'),
(23, 'Marie Brinda Sorenza', 'Gaspard', '2022-07-18', NULL, NULL, 'M1606973815830', '1997-06-16', '58403540 / 54289805', 'sorenzagaspard1997@gmail.com', 'No 55 Winston Churchill', 'Richelieu, Petite Rivière', 'Carer', 'Active', '000445337931', 'MCB', 'Savings', NULL, '10575', 70, NULL, NULL, NULL, 0, '#000000'),
(24, 'Charonne', 'Poongavanon', '2022-07-18', '2022-09-23', NULL, 'B251188304981A', '1988-11-25', '57132241', 'charonne.poongavanon@gmail.com', 'Avenue des Dahlias, Morcellement Beerjeeraz', 'Albion', 'Cleaner /', 'Active', '000445754451', 'MCB', 'Savings', NULL, NULL, 0, NULL, NULL, NULL, 0, '#000000'),
(25, 'Gaspard', 'Mary Dawn Jamie Rachel', '2022-08-29', NULL, NULL, 'G250303006673E', '2003-03-25', '57342220', 'gaspardjaimie@gmail.com', 'S12 Avenue de l\'indépendence', 'Quatre-Bornes', 'Helper pa', 'Active', '000448743717', 'MCB', NULL, NULL, NULL, 70, NULL, NULL, NULL, 0, '#000000'),
(26, 'Tamby', 'Marie Véronique Pascaline', '2023-03-02', NULL, NULL, 'L240587382072D', '1987-05-24', '57677456', NULL, 'C24 Résidence Vetiver', 'Petite Rivière', 'Cleaner /', 'Active', '000448244144', 'MCB', 'Savings', NULL, 'Rs 700', 60, NULL, NULL, NULL, 0, '#000000');

-- --------------------------------------------------------

--
-- Table structure for table `creche_personnel_categories`
--

CREATE TABLE `creche_personnel_categories` (
  `id_personnel_categorie` int(11) NOT NULL,
  `nom` varchar(50) NOT NULL
) ENGINE=InnoDB DEFAULT CHARSET=utf8;

--
-- Dumping data for table `creche_personnel_categories`
--

INSERT INTO `creche_personnel_categories` (`id_personnel_categorie`, `nom`) VALUES
(1, 'DIRECTOR'),
(2, 'MANAGER'),
(3, 'STAFF CARERS'),
(4, 'STUDENT\'S STIPEN'),
(5, 'HOUSEKEEPING'),
(6, 'GARDENER');

-- --------------------------------------------------------

--
-- Table structure for table `creche_personnel_conges`
--

CREATE TABLE `creche_personnel_conges` (
  `id_personnel` int(11) NOT NULL,
  `date_from` date NOT NULL,
  `date_to` date NOT NULL,
  `AM_PM` enum('AM','PM','allday') NOT NULL,
  `classique_maladie` enum('classique','maladie') NOT NULL
) ENGINE=InnoDB DEFAULT CHARSET=utf8;

--
-- Dumping data for table `creche_personnel_conges`
--

INSERT INTO `creche_personnel_conges` (`id_personnel`, `date_from`, `date_to`, `AM_PM`, `classique_maladie`) VALUES
(1, '2020-09-03', '2020-09-03', 'PM', 'classique'),
(1, '2021-05-03', '2021-03-05', 'allday', 'classique'),
(1, '2022-01-04', '2022-01-06', 'allday', 'classique'),
(1, '2023-01-05', '2023-01-06', 'allday', 'classique'),
(1, '2023-01-09', '2023-01-09', 'allday', 'classique'),
(1, '2023-03-07', '2023-03-07', 'allday', 'maladie'),
(1, '2023-03-23', '2023-03-24', 'allday', 'classique'),
(1, '2023-06-01', '2023-06-09', 'allday', 'classique'),
(2, '2021-10-22', '2021-10-22', 'allday', 'classique'),
(2, '2021-10-25', '2021-10-27', 'allday', 'classique'),
(2, '2021-11-05', '2021-11-05', 'allday', 'classique'),
(2, '2021-11-16', '2021-11-16', 'allday', 'maladie'),
(2, '2021-11-17', '2021-11-17', 'allday', 'maladie'),
(2, '2021-12-13', '2021-12-13', 'allday', 'classique'),
(2, '2021-12-14', '2021-12-14', 'allday', 'classique'),
(2, '2021-12-15', '2021-12-15', 'allday', 'classique'),
(2, '2022-01-03', '2022-01-03', 'allday', 'classique'),
(2, '2022-01-04', '2022-01-04', 'allday', 'classique'),
(2, '2022-01-05', '2022-01-05', 'allday', 'classique'),
(2, '2022-01-20', '2022-01-20', 'allday', 'maladie'),
(2, '2022-01-21', '2022-01-21', 'allday', 'maladie'),
(2, '2022-03-02', '2022-03-02', 'AM', 'classique'),
(2, '2022-03-14', '2022-03-14', 'allday', 'maladie'),
(2, '2022-03-18', '2022-03-18', 'allday', 'maladie'),
(2, '2022-03-21', '2022-03-21', 'PM', 'maladie'),
(2, '2022-03-22', '2022-03-24', 'allday', 'maladie'),
(2, '2022-03-25', '2022-03-25', 'allday', 'maladie'),
(2, '2022-04-01', '2022-04-01', 'PM', 'classique'),
(2, '2022-04-12', '2022-04-12', 'PM', 'classique'),
(2, '2022-04-15', '2022-04-15', 'allday', 'maladie'),
(2, '2022-04-29', '2022-04-29', 'PM', 'classique'),
(2, '2022-05-18', '2022-05-18', 'allday', 'maladie'),
(2, '2022-05-27', '2022-05-27', 'PM', 'classique'),
(2, '2022-05-31', '2022-05-31', 'allday', 'classique'),
(2, '2022-06-01', '2022-06-01', 'allday', 'classique'),
(2, '2022-06-02', '2022-06-02', 'allday', 'classique'),
(2, '2022-06-03', '2022-06-03', 'allday', 'classique'),
(2, '2022-06-06', '2022-06-10', 'allday', 'classique'),
(2, '2022-06-13', '2022-06-14', 'allday', 'classique'),
(2, '2022-06-15', '2022-06-17', 'allday', 'classique'),
(2, '2022-06-20', '2022-06-24', 'allday', 'classique'),
(2, '2022-06-27', '2022-06-30', 'allday', 'classique'),
(4, '2020-01-23', '2020-01-24', 'allday', 'classique'),
(4, '2020-03-03', '2020-03-03', 'allday', 'classique'),
(4, '2020-07-02', '2020-07-03', 'allday', 'maladie'),
(4, '2020-07-16', '2020-07-17', 'allday', 'maladie'),
(4, '2020-07-20', '2020-07-24', 'allday', 'maladie'),
(4, '2020-08-06', '2020-08-06', 'allday', 'classique'),
(4, '2020-08-07', '2020-08-07', 'allday', 'classique'),
(4, '2020-09-02', '2020-09-02', 'PM', 'classique'),
(4, '2020-09-03', '2020-09-03', 'allday', 'classique'),
(4, '2020-09-04', '2020-09-04', 'allday', 'maladie'),
(4, '2020-09-07', '2020-09-07', 'allday', 'classique'),
(4, '2020-09-18', '2020-09-18', 'allday', 'classique'),
(4, '2020-10-12', '2020-10-12', 'allday', 'classique'),
(4, '2020-10-13', '2020-10-13', 'allday', 'maladie'),
(4, '2020-10-20', '2020-10-20', 'PM', 'classique'),
(4, '2020-10-21', '2020-10-21', 'allday', 'maladie'),
(4, '2020-11-03', '2020-11-03', 'allday', 'classique'),
(4, '2020-11-16', '2020-11-16', 'allday', 'classique'),
(4, '2020-12-02', '2020-12-02', 'allday', 'maladie'),
(4, '2020-12-11', '2020-12-11', 'allday', 'classique'),
(4, '2021-01-04', '2021-01-06', 'allday', 'classique'),
(4, '2021-01-15', '2021-01-15', 'allday', 'classique'),
(4, '2021-01-18', '2021-01-21', 'allday', 'maladie'),
(5, '2020-01-29', '2020-01-29', 'allday', 'maladie'),
(5, '2020-02-17', '2020-02-17', 'allday', 'classique'),
(5, '2020-07-13', '2020-07-13', 'allday', 'maladie'),
(5, '2020-07-21', '2020-07-21', 'allday', 'maladie'),
(5, '2020-08-19', '2020-08-19', 'allday', 'classique'),
(5, '2020-08-31', '2020-08-31', 'allday', 'maladie'),
(5, '2020-09-01', '2020-09-01', 'allday', 'maladie'),
(5, '2020-09-23', '2020-09-24', 'allday', 'maladie'),
(5, '2020-10-15', '2020-10-15', 'AM', 'classique'),
(5, '2020-10-29', '2020-10-30', 'allday', 'classique'),
(5, '2020-11-16', '2020-11-16', 'allday', 'maladie'),
(5, '2020-12-04', '2020-12-04', 'allday', 'classique'),
(5, '2020-12-15', '2020-12-15', 'allday', 'classique'),
(5, '2020-12-23', '2020-12-23', 'allday', 'maladie'),
(5, '2021-01-04', '2021-01-06', 'allday', 'classique'),
(5, '2021-02-03', '2021-02-04', 'allday', 'maladie'),
(5, '2021-02-22', '2021-02-23', 'allday', 'maladie'),
(5, '2021-02-26', '2021-02-26', 'allday', 'maladie'),
(5, '2021-05-04', '2021-05-04', 'allday', 'classique'),
(5, '2021-05-05', '2021-05-05', 'allday', 'maladie'),
(5, '2021-05-07', '2021-05-07', 'allday', 'classique'),
(5, '2021-05-11', '2021-05-21', 'allday', 'maladie'),
(10, '2020-07-01', '2020-07-01', 'allday', 'classique'),
(10, '2020-07-09', '2020-07-09', 'allday', 'maladie'),
(10, '2020-07-31', '2020-07-31', 'allday', 'maladie'),
(10, '2020-08-03', '2020-08-03', 'allday', 'maladie'),
(10, '2020-08-07', '2020-08-07', 'allday', 'classique'),
(10, '2020-08-10', '2020-08-10', 'allday', 'classique'),
(10, '2020-08-24', '2020-08-24', 'allday', 'classique'),
(10, '2020-09-17', '2020-09-17', 'allday', 'classique'),
(10, '2020-09-28', '2020-09-28', 'allday', 'classique'),
(11, '2020-07-27', '2020-07-27', 'allday', 'classique'),
(11, '2020-07-28', '2020-07-28', 'allday', 'maladie'),
(11, '2020-09-11', '2020-09-11', 'allday', 'classique'),
(12, '2020-11-04', '2020-11-04', 'allday', 'maladie'),
(12, '2020-11-24', '2020-11-24', 'allday', 'maladie'),
(12, '2021-01-15', '2021-01-15', 'allday', 'maladie'),
(12, '2021-01-18', '2021-01-31', 'allday', 'maladie'),
(13, '2021-01-04', '2021-01-06', 'allday', 'classique'),
(14, '2021-02-16', '2021-02-16', 'allday', 'maladie'),
(14, '2021-03-01', '2021-03-01', 'PM', 'classique'),
(14, '2021-03-05', '2021-03-05', 'allday', 'maladie'),
(14, '2021-07-01', '2021-07-01', 'allday', 'classique'),
(14, '2021-07-26', '2021-07-28', 'allday', 'maladie'),
(14, '2021-10-26', '2021-10-29', 'allday', 'maladie'),
(14, '2021-11-03', '2021-11-03', 'allday', 'maladie'),
(14, '2021-11-05', '2021-11-05', 'allday', 'maladie'),
(14, '2021-11-08', '2021-11-08', 'allday', 'maladie'),
(14, '2021-11-09', '2021-11-09', 'allday', 'maladie'),
(14, '2021-11-10', '2021-11-10', 'allday', 'maladie'),
(14, '2021-11-11', '2021-11-11', 'allday', 'maladie'),
(14, '2021-11-12', '2021-11-12', 'allday', 'maladie'),
(14, '2021-12-07', '2021-12-07', 'PM', 'classique'),
(14, '2022-01-24', '2022-01-26', 'allday', 'classique'),
(14, '2022-01-27', '2022-01-28', 'allday', 'classique'),
(14, '2022-01-31', '2022-01-31', 'allday', 'classique'),
(16, '2021-01-26', '2021-01-26', 'allday', 'maladie'),
(16, '2021-02-18', '2021-02-18', 'allday', 'classique'),
(16, '2021-07-12', '2021-07-12', 'allday', 'maladie'),
(16, '2021-07-23', '2021-07-23', 'allday', 'classique'),
(16, '2021-07-26', '2021-07-26', 'allday', 'classique'),
(16, '2021-07-27', '2021-07-27', 'allday', 'classique'),
(16, '2021-07-28', '2021-07-28', 'allday', 'classique'),
(16, '2021-07-29', '2021-07-29', 'allday', 'classique'),
(16, '2021-07-30', '2021-07-30', 'allday', 'classique'),
(16, '2021-09-13', '2021-09-13', 'allday', 'classique'),
(16, '2021-10-19', '2021-10-19', 'allday', 'maladie'),
(16, '2021-11-08', '2021-11-08', 'allday', 'maladie'),
(16, '2021-11-24', '2021-11-24', 'PM', 'maladie'),
(16, '2021-11-25', '2021-11-25', 'allday', 'maladie'),
(16, '2021-11-30', '2021-11-30', 'allday', 'maladie'),
(16, '2021-12-01', '2021-12-01', 'allday', 'classique'),
(16, '2021-12-02', '2021-12-02', 'allday', 'classique'),
(16, '2021-12-03', '2021-12-03', 'allday', 'classique'),
(16, '2021-12-06', '2021-12-06', 'allday', 'classique'),
(16, '2021-12-07', '2021-12-07', 'allday', 'classique'),
(16, '2021-12-08', '2021-12-08', 'allday', 'classique'),
(16, '2021-12-09', '2021-12-09', 'allday', 'classique'),
(16, '2022-01-19', '2022-01-19', 'allday', 'maladie'),
(16, '2022-02-04', '2022-02-04', 'allday', 'classique'),
(16, '2022-02-10', '2022-02-10', 'allday', 'maladie'),
(16, '2022-02-11', '2022-02-11', 'allday', 'maladie'),
(16, '2022-02-17', '2022-02-17', 'allday', 'classique'),
(16, '2022-02-22', '2022-02-22', 'allday', 'classique'),
(16, '2022-02-23', '2022-02-23', 'allday', 'classique'),
(16, '2022-02-24', '2022-02-24', 'allday', 'maladie'),
(16, '2022-02-25', '2022-02-25', 'allday', 'maladie'),
(16, '2022-02-28', '2022-02-28', 'allday', 'maladie'),
(16, '2022-03-02', '2022-03-02', 'allday', 'maladie'),
(16, '2022-03-03', '2022-03-03', 'allday', 'maladie'),
(16, '2022-03-07', '2022-03-08', 'allday', 'maladie'),
(16, '2022-03-09', '2022-03-09', 'PM', 'classique'),
(16, '2022-03-10', '2022-03-11', 'allday', 'classique'),
(16, '2022-03-14', '2022-03-18', 'allday', 'classique'),
(19, '2022-01-03', '2022-01-05', 'allday', 'classique'),
(19, '2022-01-04', '2022-01-06', 'allday', 'classique'),
(19, '2022-02-25', '2022-02-25', 'allday', 'classique'),
(19, '2022-03-21', '2022-03-21', 'allday', 'maladie'),
(19, '2022-06-08', '2022-06-08', 'allday', 'maladie'),
(19, '2022-06-15', '2022-06-15', 'PM', 'classique'),
(19, '2022-10-14', '2022-10-14', 'allday', 'maladie'),
(19, '2022-11-08', '2022-11-08', 'allday', 'classique'),
(19, '2022-11-28', '2022-11-28', 'allday', 'classique'),
(19, '2023-01-05', '2023-01-06', 'allday', 'classique'),
(19, '2023-01-09', '2023-01-09', 'allday', 'classique'),
(19, '2023-01-13', '2023-01-13', 'allday', 'classique'),
(19, '2023-02-10', '2023-02-10', 'allday', 'classique'),
(19, '2023-02-13', '2023-02-13', 'PM', 'classique'),
(19, '2023-02-28', '2023-02-28', 'allday', 'classique'),
(19, '2023-03-01', '2023-03-02', 'allday', 'classique'),
(19, '2023-03-07', '2023-03-07', 'allday', 'maladie'),
(19, '2023-04-12', '2023-04-12', 'PM', 'classique'),
(19, '2023-04-13', '2023-04-13', 'allday', 'classique'),
(19, '2023-04-20', '2023-04-20', 'allday', 'maladie'),
(19, '2023-04-24', '2023-04-24', 'PM', 'classique'),
(19, '2023-05-04', '2023-05-04', 'allday', 'classique'),
(19, '2023-05-12', '2023-05-12', 'allday', 'classique'),
(19, '2023-05-24', '2023-05-24', 'PM', 'classique'),
(19, '2023-05-26', '2023-05-26', 'PM', 'classique'),
(19, '2023-06-06', '2023-06-06', 'PM', 'classique'),
(19, '2023-06-09', '2023-06-09', 'AM', 'classique'),
(19, '2023-06-15', '2023-06-15', 'allday', 'classique'),
(19, '2023-06-19', '2023-06-21', 'allday', 'maladie'),
(19, '2023-06-21', '2023-06-21', 'allday', 'maladie'),
(19, '2023-06-22', '2023-06-22', 'allday', 'classique'),
(19, '2023-06-28', '2023-06-29', 'allday', 'classique'),
(19, '2023-06-30', '2023-06-30', 'allday', 'classique'),
(20, '2022-01-03', '2022-01-05', 'allday', 'classique'),
(20, '2022-01-04', '2022-01-06', 'allday', 'classique'),
(20, '2022-02-16', '2022-02-16', 'allday', 'maladie'),
(20, '2022-03-07', '2022-03-07', 'allday', 'maladie'),
(20, '2022-04-06', '2022-04-08', 'allday', 'maladie'),
(20, '2022-06-21', '2022-06-21', 'allday', 'maladie'),
(20, '2022-06-22', '2022-06-22', 'allday', 'maladie'),
(20, '2022-07-26', '2022-07-26', 'allday', 'classique'),
(20, '2022-08-22', '2022-08-26', 'allday', 'maladie'),
(20, '2022-08-29', '2022-08-31', 'allday', 'maladie'),
(20, '2022-09-02', '2022-09-02', 'allday', 'maladie'),
(20, '2022-09-05', '2022-09-09', 'allday', 'maladie'),
(20, '2022-09-12', '2022-09-12', 'allday', 'maladie'),
(20, '2022-09-13', '2022-09-13', 'allday', 'maladie'),
(20, '2022-11-22', '2022-11-22', 'allday', 'classique'),
(20, '2022-11-28', '2022-11-30', 'allday', 'maladie'),
(20, '2022-12-01', '2022-12-02', 'allday', 'maladie'),
(20, '2023-01-05', '2023-01-06', 'allday', 'classique'),
(20, '2023-01-09', '2023-01-09', 'allday', 'classique'),
(20, '2023-01-18', '2023-01-18', 'allday', 'maladie'),
(20, '2023-02-07', '2023-02-08', 'allday', 'maladie'),
(20, '2023-02-13', '2023-02-16', 'allday', 'maladie'),
(20, '2023-03-09', '2023-03-09', 'allday', 'classique'),
(20, '2023-05-08', '2023-05-08', 'AM', 'classique'),
(20, '2023-05-09', '2023-05-09', 'AM', 'classique'),
(20, '2023-05-15', '2023-05-15', 'allday', 'maladie'),
(20, '2023-05-16', '2023-05-16', 'allday', 'maladie'),
(20, '2023-05-17', '2023-05-17', 'PM', 'maladie'),
(20, '2023-06-02', '2023-06-02', 'allday', 'classique'),
(20, '2023-06-19', '2023-06-19', 'allday', 'maladie'),
(20, '2023-06-20', '2023-06-20', 'allday', 'maladie'),
(20, '2023-06-21', '2023-06-21', 'allday', 'maladie'),
(20, '2023-07-11', '2023-07-11', 'PM', 'classique'),
(20, '2023-07-20', '2023-07-20', 'allday', 'classique'),
(20, '2023-07-24', '2023-07-24', 'allday', 'maladie'),
(20, '2023-07-25', '2023-07-25', 'allday', 'maladie'),
(20, '2023-07-26', '2023-07-26', 'allday', 'maladie'),
(20, '2023-07-27', '2023-07-27', 'allday', 'classique'),
(21, '2022-01-03', '2022-01-05', 'allday', 'classique'),
(21, '2022-01-04', '2022-01-06', 'allday', 'classique'),
(21, '2022-03-08', '2022-03-08', 'allday', 'maladie'),
(21, '2022-06-24', '2022-06-24', 'allday', 'classique'),
(22, '2022-01-03', '2022-01-05', 'allday', 'classique'),
(22, '2022-01-04', '2022-01-06', 'allday', 'classique'),
(22, '2022-03-24', '2022-03-25', 'allday', 'maladie'),
(22, '2022-05-02', '2022-05-02', 'allday', 'classique'),
(22, '2022-05-23', '2022-05-23', 'allday', 'maladie'),
(22, '2022-05-31', '2022-05-31', 'allday', 'classique'),
(22, '2022-06-06', '2022-06-06', 'allday', 'maladie'),
(22, '2022-06-07', '2022-06-07', 'allday', 'maladie'),
(22, '2022-06-28', '2022-06-28', 'allday', 'classique'),
(22, '2022-08-02', '2022-08-02', 'allday', 'classique'),
(22, '2022-08-16', '2022-08-16', 'allday', 'maladie'),
(22, '2022-08-31', '2022-08-31', 'allday', 'maladie'),
(22, '2022-09-02', '2022-09-02', 'allday', 'maladie'),
(22, '2022-09-05', '2022-09-09', 'allday', 'maladie'),
(22, '2022-10-06', '2022-10-06', 'allday', 'maladie'),
(22, '2022-10-25', '2022-10-25', 'allday', 'maladie'),
(22, '2022-11-07', '2022-11-07', 'allday', 'classique'),
(22, '2022-11-24', '2022-11-24', 'allday', 'maladie'),
(22, '2023-01-05', '2023-01-06', 'allday', 'classique'),
(22, '2023-01-09', '2023-01-09', 'allday', 'classique'),
(22, '2023-01-23', '2023-01-23', 'allday', 'classique'),
(22, '2023-02-16', '2023-02-16', 'allday', 'maladie'),
(22, '2023-03-14', '2023-03-14', 'allday', 'classique'),
(22, '2023-04-03', '2023-04-03', 'allday', 'maladie'),
(22, '2023-04-17', '2023-04-17', 'allday', 'maladie'),
(22, '2023-04-28', '2023-04-28', 'allday', 'classique'),
(22, '2023-05-26', '2023-05-26', 'allday', 'classique'),
(22, '2023-05-31', '2023-05-31', 'allday', 'classique'),
(22, '2023-06-07', '2023-06-07', 'allday', 'classique'),
(22, '2023-06-14', '2023-06-14', 'allday', 'classique'),
(22, '2023-07-03', '2023-07-03', 'allday', 'maladie'),
(22, '2023-07-04', '2023-07-04', 'allday', 'maladie'),
(22, '2023-07-13', '2023-07-13', 'AM', 'classique'),
(23, '2022-08-08', '2022-08-08', 'allday', 'maladie'),
(23, '2022-08-19', '2022-08-19', 'allday', 'classique'),
(23, '2022-09-06', '2022-09-06', 'allday', 'maladie'),
(23, '2022-09-19', '2022-09-19', 'allday', 'classique'),
(23, '2022-10-10', '2022-10-10', 'allday', 'maladie'),
(23, '2023-01-05', '2023-01-06', 'allday', 'classique'),
(23, '2023-01-09', '2023-01-09', 'allday', 'classique'),
(23, '2023-02-02', '2023-02-02', 'allday', 'classique'),
(23, '2023-02-13', '2023-02-13', 'allday', 'maladie'),
(23, '2023-04-18', '2023-04-18', 'PM', 'classique'),
(23, '2023-04-24', '2023-04-24', 'allday', 'maladie'),
(23, '2023-05-03', '2023-05-03', 'allday', 'classique'),
(23, '2023-05-04', '2023-05-04', 'AM', 'classique'),
(23, '2023-05-16', '2023-05-16', 'allday', 'classique'),
(23, '2023-05-22', '2023-05-22', 'PM', 'classique'),
(23, '2023-06-05', '2023-06-05', 'PM', 'classique'),
(23, '2023-06-13', '2023-06-13', 'allday', 'maladie'),
(23, '2023-06-16', '2023-06-16', 'allday', 'classique'),
(23, '2023-06-22', '2023-06-22', 'allday', 'classique'),
(23, '2023-07-10', '2023-07-10', 'allday', 'maladie'),
(23, '2023-07-14', '2023-07-14', 'allday', 'maladie'),
(23, '2023-07-18', '2023-07-18', 'AM', 'classique'),
(23, '2023-07-19', '2023-07-19', 'AM', 'classique'),
(24, '2022-07-26', '2022-07-26', 'allday', 'classique'),
(24, '2022-07-28', '2022-07-28', 'allday', 'classique'),
(24, '2022-08-09', '2022-08-09', 'allday', 'maladie'),
(24, '2022-08-23', '2022-08-23', 'allday', 'classique'),
(24, '2022-09-05', '2022-09-05', 'allday', 'maladie'),
(24, '2022-09-15', '2022-09-15', 'allday', 'classique'),
(24, '2022-09-19', '2022-09-19', 'allday', 'maladie'),
(24, '2022-09-20', '2022-09-20', 'allday', 'maladie'),
(24, '2022-09-22', '2022-09-22', 'allday', 'maladie'),
(24, '2022-09-23', '2022-09-23', 'allday', 'maladie'),
(24, '2022-09-26', '2022-09-30', 'allday', 'classique'),
(26, '2023-03-07', '2023-03-07', 'allday', 'maladie'),
(26, '2023-03-16', '2023-03-16', 'allday', 'maladie'),
(26, '2023-03-21', '2023-03-21', 'allday', 'classique'),
(26, '2023-03-31', '2023-03-31', 'allday', 'maladie'),
(26, '2023-04-17', '2023-04-17', 'allday', 'classique'),
(26, '2023-05-15', '2023-05-15', 'allday', 'maladie'),
(26, '2023-05-25', '2023-05-25', 'allday', 'classique'),
(26, '2023-06-26', '2023-06-26', 'allday', 'maladie'),
(26, '2023-07-05', '2023-07-05', 'allday', 'maladie'),
(26, '2023-07-06', '2023-07-06', 'allday', 'maladie');

-- --------------------------------------------------------

--
-- Table structure for table `creche_planning`
--

CREATE TABLE `creche_planning` (
  `id_creche_planning` int(11) NOT NULL,
  `id_personnel` int(11) NOT NULL,
  `datetime_from` datetime NOT NULL,
  `datetime_to` datetime NOT NULL
) ENGINE=InnoDB DEFAULT CHARSET=utf8;

--
-- Dumping data for table `creche_planning`
--

INSERT INTO `creche_planning` (`id_creche_planning`, `id_personnel`, `datetime_from`, `datetime_to`) VALUES
(1, 5, '2020-12-01 07:00:00', '2020-12-01 15:00:00'),
(2, 13, '2020-12-01 08:30:00', '2020-12-01 17:30:00'),
(3, 4, '2020-12-01 10:00:00', '2020-12-01 18:00:00'),
(4, 4, '2020-12-02 07:00:00', '2020-12-02 15:00:00'),
(5, 13, '2020-12-02 08:30:00', '2020-12-02 17:30:00'),
(6, 5, '2020-12-02 10:00:00', '2020-12-02 18:00:00'),
(7, 5, '2020-12-03 07:00:00', '2020-12-03 15:00:00'),
(8, 13, '2020-12-03 08:30:00', '2020-12-03 17:30:00'),
(9, 4, '2020-12-03 10:00:00', '2020-12-03 18:00:00');

-- --------------------------------------------------------

--
-- Table structure for table `documentation`
--

CREATE TABLE `documentation` (
  `id_documentation` int(11) NOT NULL,
  `niveau` varchar(20) NOT NULL,
  `titre` varchar(255) NOT NULL,
  `html` mediumtext NOT NULL,
  `orientation` enum('portrait','landscape') NOT NULL,
  `datetime_update` datetime NOT NULL,
  `id_personnel_update` int(11) NOT NULL
) ENGINE=InnoDB DEFAULT CHARSET=utf8;

--
-- Dumping data for table `documentation`
--

INSERT INTO `documentation` (`id_documentation`, `niveau`, `titre`, `html`, `orientation`, `datetime_update`, `id_personnel_update`) VALUES
(1, '1', 'Documentation de conformité à la RGPD', '<p>Le <strong>25 mai 2018</strong>, le R&egrave;glement (UE) 2016/679 du Parlement europ&eacute;en et du Conseil du 27 avril 2016, entrera en application.</p>\r\n<p>Pour prouver notre conformit&eacute; au r&egrave;glement, nous avons constitu&eacute; et regroup&eacute; au sein de notre base de donn&eacute;e la documentation suivante. Dans cette documentation, le R&egrave;glement g&eacute;n&eacute;ral sur la protection des donn&eacute;es sera repr&eacute;sent&eacute; sous le signe \"RGPD\"</p>\r\n<p><span style=\"text-decoration: underline;\">Donn&eacute;es sensibles</span> (origine CNIL)&nbsp;:</p>\r\n<p>Ce sont des informations qui r&eacute;v&egrave;lent les origines raciales ou ethniques, les opinions politiques, philosophiques ou religieuses, l\'appartenance syndicale, la sant&eacute; ou la vie sexuelle d\'une personne. La loi informatique et libert&eacute;s interdit de recueillir et d\'utiliser ces donn&eacute;es, sauf dans certains cas et notamment :</p>\r\n<ul>\r\n<li>Si la personne concern&eacute;e a donn&eacute; son consentement expr&egrave;s (d&eacute;marche active, explicite et de pr&eacute;f&eacute;rence &eacute;crite, qui doit &ecirc;tre libre, sp&eacute;cifique, et inform&eacute;e),</li>\r\n<li>Si les informations sont rendues publiques par la personne concern&eacute;e,</li>\r\n<li>Si elles sont n&eacute;cessaires &agrave; la sauvegarde de la vie humaine,</li>\r\n<li>Si leur utilisation est justifi&eacute;e par l\'int&eacute;r&ecirc;t public et autoris&eacute; par la CNIL,</li>\r\n<li>Si elles concernent les membres ou adh&eacute;rents d\'une association ou d\'une organisation politique, religieuse, philosophique, politique ou syndicale.</li>\r\n</ul>\r\n<p><span style=\"text-decoration: underline;\">Attention aux champs libres et aux zones commentaires</span> (origine CNIL)</p>\r\n<p>Les progiciels de gestion de relation client disposent parfois de champs &agrave; remplir librement, appel&eacute;s &laquo;zones commentaires&raquo; ou &laquo;bloc-notes&raquo;.</p>\r\n<p>Ces champs de texte libre sont utiles pour assurer le suivi d&rsquo;un dossier ou pour personnaliser une relation. S&rsquo;il n&rsquo;est pas interdit d&rsquo;y recourir, des actions de sensibilisation et des r&egrave;gles de gestion doivent encadrer leur utilisation pour &eacute;viter que les commentaires saisis puissent porter atteinte aux droits des personnes concern&eacute;es.</p>\r\n<p>Certains commentaires peuvent en effet &ecirc;tre d&eacute;sobligeants, discriminants, voire injurieux, ou encore faire apparaitre des donn&eacute;es dites &laquo; sensibles &raquo; telles que des donn&eacute;es relatives &agrave; la sant&eacute;.</p>\r\n<p>La meilleure des pr&eacute;cautions est de garder &agrave; l&rsquo;esprit que les personnes concern&eacute;es (clients, usagers, salari&eacute;s&hellip;) peuvent, &agrave; tout moment et sur simple demande, acc&eacute;der au contenu de ces zones commentaires en exer&ccedil;ant leur droit d&rsquo;acc&egrave;s.</p>\r\n<p><span style=\"text-decoration: underline;\">L&eacute;gislation</span> (Code p&eacute;nal)</p>\r\n<ul>\r\n<li>Code p&eacute;nal - Article 226-16-1</li>\r\n<li>Code p&eacute;nal - Article 226-18</li>\r\n<li>Code p&eacute;nal - Article 226-19</li>\r\n</ul>', 'portrait', '2019-02-27 06:51:10', 1);
INSERT INTO `documentation` (`id_documentation`, `niveau`, `titre`, `html`, `orientation`, `datetime_update`, `id_personnel_update`) VALUES
(2, '1.1', 'Localisation et technologies du stockage des données', '<p>Les donn&eacute;es sont stock&eacute;es physiquement sur les serveurs OVH</p>\r\n<ol>\r\n<li><strong>Contr&ocirc;le des acc&egrave;s</strong> des site de Roulaix Valley (RBX 1,2, 3, 4,5) / Beauharnois (BHS) / Paris 19e (P19) et Strasbourg (SBG 1 et 3) et Gravelines (GRA) :\r\n<ul>\r\n<li>P&eacute;rimetres s&eacute;curis&eacute; par des cl&ocirc;tures &eacute;quip&eacute;es de barbel&eacute;s.</li>\r\n<li>Syst&egrave;me de vid&eacute;o-surveillance + d&eacute;tection de mouvement</li>\r\n<li>Activit&eacute; des centres de donn&eacute;es et &agrave; l\'ext&eacute;rieur des b&acirc;timents est monitor&eacute;e et enregistr&eacute; sur des serveyrs s&eacute;curis&eacute;s</li>\r\n<li>Equipe de surveillance 24h/24 ej/7</li>\r\n</ul>\r\n</li>\r\n<li><strong>Gestion des risques d\'incendie</strong>\r\n<ul>\r\n<li>Syst&egrave;me de d&eacute;tection d\'incendie + extinction incendie sur chaque salle du datacenter</li>\r\n<li>Portes coupe-feu</li>\r\n<li>R&egrave;gle APSAD R4 pour extincteurs portatifs et mobiles</li>\r\n<li>Certificat de conformit&eacute; N4</li>\r\n</ul>\r\n</li>\r\n<li><strong>R&eacute;seau OVH</strong> (Europe)<br /><br /><img title=\"reseau-ovh-europe.jpg\" src=\"data:image/jpeg;base64,[encoded data, 185100 characters]\" alt=\"\" width=\"900\" height=\"612\" /></li>\r\n<li><strong>Serveurs</strong><br />\r\n<ul>\r\n<li>Pr&eacute;sence humaine 24/7/365</li>\r\n<li>En cas d\'incident technique : retablissement dans les meilleurs d&eacute;lais</li>\r\n</ul>\r\n</li>\r\n<li><strong>Alimentation electrique</strong>\r\n<ul>\r\n<li>2 arriv&eacute;es &eacute;lectriques ind&eacute;pendante</li>\r\n<li>Onduleurs</li>\r\n<li>Groupes electrog&egrave;nes d\'une autonomie de 48h</li>\r\n</ul>\r\n</li>\r\n<li><strong>Centres de donn&eacute;es g&eacute;ographiquement distants</strong>\r\n<ul>\r\n<li>11 datacenter en France et 1 au Canada</li>\r\n<li>Continuit&eacute; de service m&ecirc;me en cas d\'incident majeur</li>\r\n<li>Exemple : sauvegarde de l\'h&eacute;bergement&nbsp; web h&eacute;berg&eacute; &agrave; Paris est repliqu&eacute;e chaque jour sur des machines &agrave; Roubaix</li>\r\n</ul>\r\n</li>\r\n<li><strong>Protection anti-DDOS (attaque)</strong>\r\n<ul>\r\n<li>3 infrastructures anti-DDoS de 160 Gbps (Roubaix / Strasbourg / Beauharnois)</li>\r\n</ul>\r\n</li>\r\n<li><strong>Certification ISO 27001</strong>\r\n<ul>\r\n<li>Mesures de s&eacute;curit&eacute;, appreciation des risques, plan de traitement des risques</li>\r\n<li>Donn&eacute;es disponibles, preserv&eacute;es de toute pertes, vol ou alt&eacute;ration</li>\r\n</ul>\r\n</li>\r\n</ol>\r\n<table style=\"border-collapse: collapse; width: 110.559%; height: 661px;\" border=\"1\">\r\n<tbody>\r\n<tr style=\"height: 643px;\">\r\n<td style=\"width: 50%;\"><img title=\"cisco-6k.jpg\" src=\"data:image/jpeg;base64,[encoded data, 118228 characters]