-- Table structure for table `jw_freres_disponibilites`
--

CREATE TABLE `jw_freres_disponibilites` (
  `id_frere` int(11) NOT NULL,
  `jour_semaine` int(11) NOT NULL,
  `time_debut` time NOT NULL,
  `time_fin` time NOT NULL
) ENGINE=InnoDB DEFAULT CHARSET=utf8;

--
-- Dumping data for table `jw_freres_disponibilites`
--

INSERT INTO `jw_freres_disponibilites` (`id_frere`, `jour_semaine`, `time_debut`, `time_fin`) VALUES
(1, 0, '08:00:00', '12:00:00');

-- --------------------------------------------------------

--
-- Table structure for table `jw_freres_presentoir`
--

CREATE TABLE `jw_freres_presentoir` (
  `id_frere_presentoir` int(11) NOT NULL,
  `id_frere` int(11) NOT NULL,
  `id_presentoir_zone` int(11) NOT NULL,
  `datetime_debut` datetime NOT NULL,
  `datetime_fin` datetime NOT NULL
) ENGINE=InnoDB DEFAULT CHARSET=utf8;

-- --------------------------------------------------------

--
-- Table structure for table `jw_groupes`
--

CREATE TABLE `jw_groupes` (
  `id_groupe` int(11) NOT NULL,
  `id_assemblee` int(11) NOT NULL,
  `nom` varchar(50) NOT NULL,
  `carte` varchar(255) NOT NULL
) ENGINE=InnoDB DEFAULT CHARSET=utf8;

--
-- Dumping data for table `jw_groupes`
--

INSERT INTO `jw_groupes` (`id_groupe`, `id_assemblee`, `nom`, `carte`) VALUES
(1, 1, 'Eudoxie Nonge', ''),
(2, 1, 'Flubustiers', ''),
(3, 1, 'Forestier', ''),
(4, 1, 'Rivière des pluies', ''),
(5, 1, 'Salle du Royaume', ''),
(6, 1, 'Mahorais', 'carte_mayotte.png'),
(7, 1, 'Visiteurs', ''),
(8, 2, 'NC', ''),
(9, 3, 'Chemin ceinture', ''),
(10, 3, 'Chemin du cap', ''),
(11, 3, 'Sainte Anne', ''),
(12, 3, 'Bras Fusil', ''),
(17, 5, 'NC', ''),
(19, 7, 'Groupe 1', ''),
(20, 8, 'Groupe 1', ''),
(21, 8, 'Groupe 2', ''),
(22, 8, 'Groupe 3', ''),
(23, 8, 'Groupe 4', ''),
(24, 8, 'Groupe 5', ''),
(25, 8, 'Groupe 6', ''),
(26, 3, 'BEAUFOND', ''),
(27, 6, 'NC', 'carte_mauritius.png'),
(28, 4, '1', ''),
(29, 4, '2', ''),
(30, 4, '5', ''),
(31, 4, '6', ''),
(32, 4, '0', ''),
(33, 4, '4', ''),
(34, 4, '3', '');

-- --------------------------------------------------------

--
-- Table structure for table `jw_points_eleve`
--

CREATE TABLE `jw_points_eleve` (
  `id_point_eleve` int(11) NOT NULL,
  `nom` varchar(255) NOT NULL,
  `lecture` tinyint(1) NOT NULL,
  `demonstration` tinyint(1) NOT NULL,
  `expose` tinyint(1) NOT NULL
) ENGINE=InnoDB DEFAULT CHARSET=utf8;

--
-- Dumping data for table `jw_points_eleve`
--

INSERT INTO `jw_points_eleve` (`id_point_eleve`, `nom`, `lecture`, `demonstration`, `expose`) VALUES
(1, 'Entrée en matière efficace', 0, 0, 0),
(2, 'Ton de la conversation', 0, 0, 0),
(3, 'Usage de questions', 0, 0, 0),
(4, 'Versets bien introduits', 0, 0, 0),
(5, 'Lecture exacte', 0, 0, 0),
(6, 'Application claire des versets', 0, 0, 0),
(7, 'Idées exactes et convaincantes', 0, 0, 0),
(8, 'Exemples instructifs', 0, 0, 0),
(9, 'Bon usage des supports visuels', 0, 0, 0),
(10, 'Modulation', 0, 0, 0),
(11, 'Enthousiasme', 0, 0, 0),
(12, 'Chaleur et empathie', 0, 0, 0),
(13, 'Valeur pratique présentée clairement', 0, 0, 0),
(14, 'Idées principales mises en évidence', 0, 0, 0),
(15, 'Conviction', 0, 0, 0),
(16, 'Constructif et positif', 0, 0, 0),
(17, 'Idées compréhensibles', 0, 0, 0),
(18, 'Présentation instructive', 0, 0, 0),
(19, 'Efforts pour toucher le cœur', 0, 0, 0),
(20, 'Conclusion efficace', 0, 0, 0);

-- --------------------------------------------------------

--
-- Table structure for table `jw_presentoir_week`
--

CREATE TABLE `jw_presentoir_week` (
  `jour_semaine` int(11) NOT NULL,
  `time_debut` time NOT NULL,
  `time_fin` time NOT NULL,
  `id_presentoir_zone` int(11) NOT NULL
) ENGINE=InnoDB DEFAULT CHARSET=utf8;

--
-- Dumping data for table `jw_presentoir_week`
--

INSERT INTO `jw_presentoir_week` (`jour_semaine`, `time_debut`, `time_fin`, `id_presentoir_zone`) VALUES
(1, '07:00:00', '08:00:00', 1),
(1, '10:30:00', '11:30:00', 1),
(2, '07:00:00', '08:00:00', 1),
(2, '10:30:00', '11:30:00', 1),
(3, '07:00:00', '09:00:00', 1),
(4, '07:00:00', '08:00:00', 1),
(4, '10:30:00', '11:30:00', 1),
(5, '07:00:00', '08:00:00', 1),
(1, '07:00:00', '08:00:00', 2),
(1, '10:30:00', '11:30:00', 2),
(2, '07:00:00', '08:00:00', 2),
(2, '10:30:00', '11:30:00', 2),
(3, '07:00:00', '09:00:00', 2),
(4, '07:00:00', '08:00:00', 2),
(4, '10:30:00', '11:30:00', 2),
(5, '07:00:00', '08:00:00', 2),
(1, '07:00:00', '08:00:00', 3),
(4, '07:00:00', '08:00:00', 3),
(4, '10:30:00', '11:30:00', 3),
(1, '10:30:00', '12:00:00', 7),
(2, '09:00:00', '10:30:00', 7),
(2, '10:30:00', '12:00:00', 7),
(3, '09:00:00', '10:30:00', 7),
(3, '10:30:00', '12:00:00', 7),
(4, '09:00:00', '10:30:00', 7),
(4, '10:30:00', '12:00:00', 7),
(5, '09:00:00', '10:30:00', 7),
(1, '10:30:00', '12:00:00', 8),
(2, '09:00:00', '10:30:00', 8),
(2, '10:30:00', '12:00:00', 8),
(3, '09:00:00', '10:30:00', 8),
(3, '10:30:00', '12:00:00', 8),
(4, '09:00:00', '10:30:00', 8),
(4, '10:30:00', '12:00:00', 8),
(5, '09:00:00', '10:30:00', 8),
(1, '10:30:00', '12:00:00', 9),
(2, '09:00:00', '10:30:00', 9),
(2, '10:30:00', '12:00:00', 9),
(3, '09:00:00', '10:30:00', 9),
(3, '10:30:00', '12:00:00', 9),
(4, '09:00:00', '10:30:00', 9),
(4, '10:30:00', '12:00:00', 9),
(5, '09:00:00', '10:30:00', 9),
(1, '10:30:00', '12:00:00', 10),
(2, '09:00:00', '10:30:00', 10),
(2, '10:30:00', '12:00:00', 10),
(3, '09:00:00', '10:30:00', 10),
(3, '10:30:00', '12:00:00', 10),
(4, '09:00:00', '10:30:00', 10),
(4, '10:30:00', '12:00:00', 10),
(5, '09:00:00', '10:30:00', 10),
(5, '10:30:00', '12:00:00', 10);

-- --------------------------------------------------------

--
-- Table structure for table `jw_presentoir_zones`
--

CREATE TABLE `jw_presentoir_zones` (
  `id_presentoir_zone` int(11) NOT NULL,
  `id_assemblee` int(11) NOT NULL,
  `nom` varchar(50) NOT NULL
) ENGINE=InnoDB DEFAULT CHARSET=utf8;

--
-- Dumping data for table `jw_presentoir_zones`
--

INSERT INTO `jw_presentoir_zones` (`id_presentoir_zone`, `id_assemblee`, `nom`) VALUES
(1, 1, 'Mail du chaudron'),
(2, 1, 'Zone 2 de la bretagne'),
(3, 1, 'Zone 3 de la bretagne'),
(4, 5, 'Score / Sécurité sociale'),
(5, 5, 'Jardin de l\'état'),
(6, 5, 'Marché de la source'),
(7, 4, 'Mairie Tampon 3 Mares'),
(8, 4, 'La Chatoire'),
(9, 4, 'Le quatorzième'),
(10, 4, 'Vidéo Club');

-- --------------------------------------------------------

--
-- Table structure for table `jw_reunion_discours_public`
--

CREATE TABLE `jw_reunion_discours_public` (
  `id_discours` int(11) NOT NULL,
  `nom` varchar(255) NOT NULL
) ENGINE=InnoDB DEFAULT CHARSET=utf8;

--
-- Dumping data for table `jw_reunion_discours_public`
--

INSERT INTO `jw_reunion_discours_public` (`id_discours`, `nom`) VALUES
(1, 'CONNAISSONS-NOUS VRAIMENT DIEU ?'),
(2, 'SURVIVREZ-VOUS AUX DERNIERS JOURS ?'),
(3, 'AVANÇONS AU RYTHME DE L’ORGANISATION UNIE DE JÉHOVAH'),
(4, 'DES PREUVES DE L’EXISTENCE DE DIEU DANS LE MONDE QUI NOUS ENTOURE'),
(5, 'UNE AIDE RÉELLE POUR LA FAMILLE'),
(6, 'LE DÉLUGE ET SA SIGNIFICATION POUR NOUS'),
(7, 'IMITONS « LE PÈRE DES TENDRES MISÉRICORDES »'),
(8, 'VIVONS POUR FAIRE LA VOLONTÉ DE DIEU, ET NON LA NOTRE'),
(9, 'SOYONS DES AUDITEURS ET DES PRATIQUANTS DE LA PAROLE DE DIEU'),
(10, 'SOYONS HONNÊTES EN PAROLES ET EN ACTIONS'),
(11, 'COMME CHRIST, NE FAISONS PAS PARTIE DU MONDE'),
(12, 'NOTRE CONCEPTION DE L’AUTORITÉ COMPTE AUX YEUX DE DIEU'),
(13, 'LA PENSÉE DE DIEU SUR LE MARIAGE ET LA SEXUALITÉ'),
(14, 'UN PEUPLE PUR QUI HONORE JÉHOVAH'),
(15, '« PRATIQUONS ENVERS TOUS CE QUI EST BON »'),
(16, 'AMÉLIORONS SANS CESSE NOS RELATIONS AVEC DIEU'),
(17, 'UTILISONS TOUT CE QUE NOUS POSSÉDONS POUR GLORIFIER DIEU'),
(18, 'FAITES-VOUS VRAIMENT DE JÉHOVAH VOTRE FORTERESSE ?'),
(19, 'COMMENT CONNAITRE VOTRE AVENIR ?'),
(20, 'LE TEMPS EST-IL VENU POUR DIEU DE GOUVERNER LE MONDE ?'),
(21, 'ETES-VOUS DIGNES DU ROYAUME DE DIEU ?'),
(22, 'SOMMES-NOUS SATISFAITS DE CE QUE JÉHOVAH NOUS DONNE ?'),
(23, 'LA VIE A BIEN UN BUT'),
(24, 'CE QUE LA DOMINATION DE DIEU PEUT FAIRE POUR NOUS'),
(25, 'RÉSISTONS A L’ESPRIT DU MONDE'),
(26, 'COMPTEZ-VOUS VRAIMENT AUX YEUX DE DIEU ?'),
(27, 'COMMENT PRENDRE UN BON DÉPART DANS LE MARIAGE ?'),
(28, 'MANIFESTEZ LE RESPECT ET L’AMOUR DANS LE MARIAGE'),
(29, 'LES RESPONSABILITÉS ET LES JOIES D’ÊTRE PARENTS'),
(30, 'LA COMMUNICATION ENTRE LES MEMBRES D’UNE FAMILLE ET AVEC DIEU'),
(31, 'AFFAMES, MAIS HEUREUX ! EST-CE POSSIBLE ?'),
(32, 'COMMENT FAIRE FACE AUX INQUIÉTUDES DE LA VIE ?'),
(33, 'QUE CACHE L’ESPRIT DE RÉBELLION ?'),
(34, 'AVONS-NOUS RECU LA “ MARQUE ” POUR SURVIVRE ?'),
(35, 'LA VIE ÉTERNELLE EST-ELLE POSSIBLE ? L’OBTIENDREZ-VOUS ?'),
(36, 'TOUT FINIT-IL AVEC CETTE VIE ?'),
(37, 'PRENEZ POSITION DES MAINTENANT POUR LA DOMINATION DIVINE'),
(38, 'AGISSONS AVEC SAGESSE MAINTENANT QUE LA FIN APPROCHE'),
(39, 'AYONS CONFIANCE EN LA VICTOIRE DIVINE'),
(40, 'QUE NOUS RÉSERVE LE PROCHE AVENIR ?'),
(41, '“ RESTEZ IMMOBILES ET VOYEZ LE SALUT DE JEHOVAH ”'),
(42, 'QUELLE INFLUENCE LE ROYAUME DE DIEU A-T-IL SUR NOTRE VIE ?'),
(43, 'ACCOMPLISSONS-NOUS CE QUE DIEU EXIGE DE NOUS ?'),
(44, 'CHERCHONS SANS CESSE LE ROYAUME DE DIEU'),
(45, 'SUIVONS LE CHEMIN DE LA VIE'),
(46, 'GARDONS UNE CONFIANCE INEBRANLABLE JUSQU’A LA FIN'),
(47, '“ AYEZ FOI DANS LA BONNE NOUVELLE ”'),
(48, 'SURMONTONS L’EPREUVE DE LA FIDELITE CHRETIENNE'),
(49, 'VIVRONS-NOUS UN JOUR SUR UNE TERRE PURIFIEE ?'),
(50, 'COMMENT PRENDRE DE BONNES DECISIONS ?'),
(51, 'LA VERITE TRANSFORME-T-ELLE NOTRE VIE ?'),
(52, 'QUI EST VOTRE DIEU ?'),
(53, 'VOS PENSEES SONT-ELLES EN ACCORD AVEC CELLES DE DIEU ?'),
(54, 'BATISSEZ VOTRE FOI DANS LE CREATEUR DE L’HOMME'),
(55, 'QUELLE EST VOTRE REPUTATION AUPRES DE DIEU ?'),
(56, 'ENTRONS DANS LE MONDE NOUVEAU SOUS LA DIRECTION DU CHRIST'),
(57, 'COMMENT ENDURER LA PERSECUTION'),
(58, 'COMMENT DEVONS-NOUS SERVIR DIEU ?'),
(59, 'NOUS MOISSONNERONS CE QUE NOUS SEMONS'),
(60, 'QUEL EST LE BUT DE NOTRE VIE ?'),
(61, 'SUR QUELLES PROMESSES VOUS APPUYEZ-VOUS ?'),
(62, 'L’UNIQUE REMEDE POUR UNE HUMANITE MALADE'),
(63, 'AVEZ-VOUS L’ESPRIT D’EVANGELISATION ?'),
(64, 'ETES-VOUS AMIS DES PLAISIRS OU AMIS DE DIEU ?'),
(65, 'FAVORISONS LA PAIX DANS UN MONDE EN COL'),
(66, 'SERVONS EN TANT QU’ESCLAVES LE MAITRE DE LA MOISSON'),
(67, 'PRENONS LE TEMPS DE MEDITER SUR LES CHOSES SPIRITUELLES'),
(68, 'LA RANCUNE OU LE PARDON ?'),
(69, 'DEVELOPPONS L’ESPRIT DE SACRIFICE'),
(70, 'FAISONS DE JEHOVAH NOTRE CONFIANCE'),
(71, 'COMMENT RESTER SPIRITUELLEMENT EVEILLE'),
(72, 'L’AMOUR : MARQUE DISTINCTIVE DE LA VRAIE CONGREGATION CHRETIENNE'),
(73, 'ACQUERONS UN COEUR DE SAGESSE'),
(74, 'LES YEUX DE JEHOVAH SONT SUR CHACUN DE NOUS'),
(75, 'RECONNAISSEZ-VOUS LA SOUVERAINETE DE JEHOVAH DANS VOTRE VIE ?'),
(76, 'QUELLE EST L\'UTILITE DES PRINCIPES DE LA BIBLE AUJOURD\'HUI ?'),
(77, 'SUIVONS LA VOIE DE L’HOSPITALITE'),
(78, 'SERVONS JEHOVAH D’UN COEUR JOYEUX'),
(79, 'AMIS DE DIEU OU AMIS DU MONDE : QUEL CHOIX FEREZ-VOUS ?'),
(80, 'FONDEZ-VOUS VOTRE ESPERANCE SUR LA SCIENCE OU SUR LA BIBLE ?'),
(81, 'QUI EST QUALIFIE POUR ETRE MINISTRE DE DIEU ?'),
(82, 'JEHOVAH ET JESUS CHRIST FONT-ILS PARTIE D’UNE TRINITE ?'),
(83, 'L’HEURE DU JUGEMENT DE LA RELIGION EST ARRIVEE'),
(84, 'PARTAGERONS-NOUS LE SORT DU MONDE ?'),
(85, 'UNE BONNE NOUVELLE DANS UN MONDE DE VIOLENCE'),
(86, 'DES PRIERES QUE DIEU ENTEND'),
(87, 'QUELLES RELATIONS ENTRETENONS-NOUS AVEC DIEU ?'),
(88, 'POURQUOI VIVRE EN ACCORD AVEC LES PRINCIPES DE LA BIBLE ?'),
(89, 'VENEZ, VOUS QUI AVEZ SOIF DE VERITE'),
(90, 'ASPIRONS A LA VIE VERITABLE !'),
(91, 'LE MESSIE : SA PRESENCE ET SON REGNE'),
(92, 'LE ROLE DE LA RELIGION DANS LES AFFAIRES DU MONDE'),
(93, 'LES CATASTROPHES NATURELLES : SONT-ELLES DES CHATIMENTS DIVINS ?'),
(94, 'LAVRAIE RELIGION COMBLE LES BESOINS DE LA SOCIETE HUMAINE'),
(95, 'LE POINT DE VUE BIBLIQUE SUR LES PRATIQUES SPIRITES'),
(96, 'LA FIN DE LA FAUSSE RELIGION EST PROCHE'),
(97, 'DEMEURONS IRREPROCHABLES AU MILIEU D’UNE GENERATION TORTUEUSE'),
(98, '« LA SCENE DE CE MONDE EST EN TRAIN DE CHANGER »'),
(99, 'POURQUOI AVOIR CONFIANCE EN LA BIBLE'),
(100, 'L\'AMITIE VERITABLE AVEC DIEU ET AVEC LE PROCHAIN'),
(101, 'JEHOVAH : LE GRAND CREATEUR'),
(102, 'PRETONS ATTENTION A LA PAROLE PROPHETIQUE'),
(103, 'ON PEUT TROUVER LA JOIE EN SERVANT DIEU'),
(104, 'PARENTS, BATISSEZ-VOUS AVEC DES MATERIAUX A L’EPREUVE DU FEU ?'),
(105, 'TROUVONS LA CONSOLATION DANS TOUTES NOS TRIBULATIONS'),
(106, 'CEUX QUI RUINENT LA TERRE SUBIRONT LE CHATIMENT DE DIEU'),
(107, 'AYONS UNE BONNE CONSCIENCE DANS UN MONDE DOMINE PAR LE PECHE'),
(108, 'NE CRAIGNONS PAS L’AVENIR'),
(109, 'LE ROYAUME DE DIEU EST PROCHE'),
(110, 'UNE VIE DE FAMILLE HEUREUSE : EN ACCORDANT LA PREMIERE PLACE A DIEU'),
(111, 'LA GUERISON DES NATIONS ET SES EFFETS'),
(112, 'COMMENT FAIRE PREUVE D’AMOUR DANS UN MONDE D’ILLEGALITE'),
(113, 'COMMENT LES JEUNES PEUVENT-ILS AFFRONTER LE MONDE EN CRISE ?'),
(114, 'APPRECIONS LES MERVEILLES DE LA CREATION DE DIEU'),
(115, 'COMMENT SE PROTEGER DES PIEGES DE SATAN'),
(116, 'FAISONS PREUVE DE SAGESSE DANS LE CHOIX DE NOS FREQUENTATIONS'),
(117, 'COMMENT VAINCRE LE MAL PAR LE BIEN'),
(118, 'AYONS LA PENSEE DE JEHOVAH SUR LES JEUNES'),
(119, 'LES CHRETIENS SE TIENNENT SEPARES DU MONDE : POURQUOI EST-CE BENEFIQUE ?'),
(120, 'POURQUOI SE SOUMETTRE DES MAINTENANT A LA DOMINATION DE DIEU'),
(121, 'UNE COMMUNAUTE MONDIALE DE FRERES SAUVEE DU MALHEUR'),
(122, 'LA PAIX UNIVERSELLE : D’OU VIENDRA-T-ELLE ?'),
(123, 'POURQUOI LES CHRETIENS DOIVENT ETRE DIFFERENTS'),
(124, 'RAISONS DE CROIRE QUE DIEU EST L’AUTEUR DE LA BIBLE'),
(125, 'POURQUOI L’HUMANITE A-T-ELLE BESOIN D’UNE RANCON ?'),
(126, 'QUI SERA SAUVE ?'),
(127, 'QUE SE PASSE-T-IL QUAND ON MEURT ?'),
(128, 'L’ENFER EST-IL REELLEMENT UN LIEU DE FLAMMES ET DE TOURMENTS ?'),
(129, 'LA BIBLE ENSEIGNE-T-ELLE LA TRINITE ?'),
(130, 'LA TERRE SUBSISTERA POUR TOUJOURS'),
(131, 'LE DIABLE EXISTE-T-IL VRAIMENT ?'),
(132, 'LA VICTOIRE SUR LA MORT GRACE A LA RESURRECTION'),
(133, 'L’ORIGINE DE L’HOMME : POURQUOI VOUS Y INTERESSER'),
(134, 'LES CHRETIENS DOIVENT-ILS OBSERVER LE SABBAT ?'),
(135, 'LE CARACTERE SACRE DE LA VIE ET DU SANG'),
(136, 'DIEU APPROUVE-T-IL L’UTILISATION D’IMAGES DANS LE CULTE ?'),
(137, 'LES MIRACLES DE LA BIBLE ONT-ILS VRAIMENT EU LIEU ?'),
(138, 'VIVONS AVEC BON SENS AU SEIN D’UN MONDE DEPRAVE'),
(139, 'LA SAGESSE DIVINE DANS UN MONDE EPRIS DE SCIENCE'),
(140, 'JESUS CHRIST : LE NOUVEAU CHEF DE LA TERRE'),
(141, 'L’HUMANITE GEMIT : JUSQU’A QUAND ?'),
(142, 'POURQUOI SE REFUGIER EN JEHOVAH'),
(143, 'AYEZ CONFIANCE DANS LE DIEU DE TOUTE CONSOLATION'),
(144, 'UNE CONGREGATION FIDELE SOUS LA DIRECTION DE CHRIST'),
(145, 'QUI EST COMME JEHOVAH NOTRE DIEU ?'),
(146, 'UTILISONS L’INSTRUCTION POUR LOUER JEHOVAH'),
(147, 'AYONS CONFIANCE DANS LA FORCE SALVATRICE DE JEHOVAH'),
(148, 'AVEZ-VOUS LA PENSEE DE DIEU SUR LA VIE ?'),
(149, 'MARCHEZ-VOUS AVEC DIEU ?'),
(150, 'VOYEZ-VOUS EN DIEU UNE PERSONNE REELLE ?'),
(151, 'JEHOVAH EST “ UNE HAUTEUR SURE ” POUR SON PEUPLE'),
(152, 'LA BATAILLE D’HARMAGUEDON : POURQUOI ET QUAND ?'),
(153, 'GARDEZ CONSTAMMENT A L\'ESPRIT LE \" JOUR REDOUTABLE \"'),
(154, 'LA DOMINATION HUMAINE : L’HEURE DU BILAN'),
(155, 'L’HEURE DU JUGEMENT DE BABYLONE EST-ELLE ARRIVEE ?'),
(156, 'LE JOUR DU JUGEMENT : UN JOUR DE TERREUR OU D’ESPOIR ?'),
(157, 'LES VRAIS CHRETIENS PARENT L’ENSEIGNEMENT DIVIN'),
(158, 'SOYEZ COURAGEUX ET METTEZ VOTRE CONFIANCE EN JEHOVAH'),
(159, 'COMMENT TROUVER LA SECURITE DANS UN MONDE DANGEREUX'),
(160, 'PRESERVEZ VOTRE IDENTITE CHRETIENNE'),
(161, 'POURQUOI JESUS A-T-IL SOUFFERT ? POURQUOI EST-IL MORT ?'),
(162, 'DELIVRE D\'UN MONDE DE TENEBRES'),
(163, 'POURQUOI CRAINDRE LE VRAI DIEU ?'),
(164, 'DIEU EST-IL TOUJOURS LE SOUVERAIN DE LA TERRE ?'),
(165, 'A QUELLES VALEURS ETES-VOUS ATTACHE ?'),
(166, 'AFFRONTONS L’AVENIR AVEC FOI ET COURAGE'),
(167, 'AGISSONS SAGEMENT DANS UN MONDE INSENSE'),
(168, 'EN SECURITE DANS UN MONDE AGITE'),
(169, 'POURQUOI SE LAISSER GUIDER PAR LA BIBLE ?'),
(170, 'QUI EST QUALIFIE POUR DIRIGER L’HUMANITE ?'),
(171, 'VIVEZ DANS LA PAIX DES A PRESENT ET POUR L’ETERNITE !'),
(172, 'QUELLE REPUTATION AVEZ-VOUS AUPRES DE DIEU ?'),
(173, 'DIEU APPROUVE-T-IL UNE RELIGION EN PARTICULIER ?'),
(174, 'LE MONDE NOUVEAU PROMIS PAR DIEU : QUI Y SERA ADMIS ?'),
(175, 'LA BIBLE : UN LIVRE DIGNE DE FOI'),
(176, 'LA PAIX ET LA SECURITE VERITABLES — QUAND ?'),
(177, 'OU TROUVER DE L’AIDE DANS LES TEMPS DE DETRESSE ?'),
(178, 'MARCHEZ DANS LA VOIE DE L’INTEGRITE'),
(179, 'REJETEZ LES ILLUSIONS DU MONDE POURSUIVEZ LES REALITES DU ROYAUME'),
(180, 'POURQUOI CROIRE EN LA RESURECTION'),
(181, 'EST-IL PLUS TARD QUE VOUS NE LE PENSEZ ?'),
(182, 'CE QUE LE ROYAUME DE DIEU FAIT POUR NOUS DES MAINTENANT'),
(183, 'DETOURNONS LES YEUX DE CE QUI NE VAUT RIEN !'),
(184, 'LA MORT EST-ELLE LA FIN DE TOUT ?'),
(185, 'LA VERITE INFLUENCE-T-ELLE VOTRE VIE ?'),
(186, 'UNISSEZ-VOUS AU PEUPLE HEUREUX DE DIEU'),
(187, 'POURQUOI UN DIEU D\'AMOPUR PERMET-IL LA MECHANCETE ?'),
(188, 'PLACEZ-VOUS VOTRE CONFIANCE EN JEHOVAH'),
(189, 'MARCHER AVEC DIEU PROCURE DES BIENFAITS MAINTENANT ET POUR TOUJOURS'),
(190, 'LA PROMESSE D’UN BONHEUR FAMILIAL PARFAIT'),
(191, 'COMMENT L’AMOUR ET LA FOI PEUVENT VAINCRE LE MONDE'),
(192, 'ETES-VOUS SUR LA ROUTE QUI MENE A LA VIE ETERNELLE ?'),
(193, 'DELIVRES DE LA DETRESSE'),
(194, 'LES BIENFAITS DE LA SAGESSE QUI VIENT DE DIEU');

-- --------------------------------------------------------

--
-- Table structure for table `jw_reunion_programme`
--

CREATE TABLE `jw_reunion_programme` (
  `id_reunion_programme` int(11) NOT NULL,
  `id_reunion_session` int(11) NOT NULL,
  `partie` varchar(255) NOT NULL,
  `duree_min` int(11) NOT NULL,
  `nom` varchar(255) NOT NULL,
  `id_point_eleve` int(11) DEFAULT NULL
) ENGINE=InnoDB DEFAULT CHARSET=utf8;

--
-- Dumping data for table `jw_reunion_programme`
--

INSERT INTO `jw_reunion_programme` (`id_reunion_programme`, `id_reunion_session`, `partie`, `duree_min`, `nom`, `id_point_eleve`) VALUES
(1, 1, '', 0, 'Cantique 26', NULL),
(2, 1, '', 3, 'Introduction', NULL),
(3, 1, 'joyaux', 10, 'Le culte pur est rétabli !', NULL),
(4, 1, 'joyaux', 8, 'Recherche des perles spitituelles', NULL),
(5, 1, 'joyaux', 4, 'Lecture de la Bible', NULL),
(6, 1, 'applique_toi', 15, 'Prépare les présentations du mois', NULL),
(7, 1, 'vie_chretienne', 0, 'Cantique 143', NULL),
(8, 1, 'vie_chretienne', 15, '\"Pourquoi accordes-tu de la valeur au culte pur\"?', NULL),
(10, 1, 'vie_chretienne', 30, 'Étude biblique de la congration', NULL),
(11, 1, 'vie_chretienne', 3, 'Révision, aperçu et communications', NULL),
(12, 1, 'vie_chretienne', 0, 'Cantique 115', NULL),
(13, 2, '', 0, 'Cantique ', NULL),
(14, 2, 'discours_public', 0, '', NULL),
(15, 2, 'etude_tour_de_garde', 0, 'Cantique', NULL),
(16, 2, 'etude_tour_de_garde', 0, 'Examen de l\'article d\'Etude de la Tour de Garde', NULL),
(17, 2, 'etude_tour_de_garde', 0, 'Cantique', NULL),
(18, 3, '', 0, 'Cantique 134', NULL),
(19, 3, '', 3, 'Introduction', NULL),
(20, 3, 'joyaux', 10, '\"Les bienfaits que connaîtrait l\'Israël rétabli\"', NULL),
(21, 3, 'joyaux', 8, 'Recherche des perles spitituelles', NULL),
(22, 3, 'joyaux', 4, 'Lecture de la Bible', NULL),
(23, 3, 'applique_toi', 2, 'Premier contact', NULL),
(24, 3, 'applique_toi', 4, 'Nouvelle visite', NULL),
(25, 3, 'applique_toi', 6, 'Cours biblique', NULL),
(26, 3, 'vie_chretienne', 0, 'Cantique 28', NULL),
(27, 3, 'vie_chretienne', 8, 'Besoin de la congrégation', NULL),
(28, 3, 'vie_chretienne', 7, 'L\'organisation de Dieu à l\'oeuvre', NULL),
(29, 3, 'vie_chretienne', 30, 'Étude biblique de la congration', NULL),
(30, 3, 'vie_chretienne', 3, 'Révision, aperçu et communications', NULL),
(31, 3, 'vie_chretienne', 0, 'Cantique 11', NULL),
(32, 4, '', 0, 'Cantique ', NULL),
(33, 4, 'discours_public', 0, '', NULL),
(34, 4, 'etude_tour_de_garde', 0, 'Cantique', NULL),
(35, 4, 'etude_tour_de_garde', 0, 'Examen de l\'article d\'Etude de la Tour de Garde', NULL),
(36, 4, 'etude_tour_de_garde', 0, 'Cantique', NULL),
(37, 5, '', 0, 'Cantique 131', NULL),
(38, 5, '', 3, 'Introduction', NULL),
(39, 5, 'joyaux', 10, '\"La fidélité  à Jéhovah procure des bienfaits\"', NULL),
(40, 5, 'joyaux', 8, 'Recherche des perles spitituelles', NULL),
(41, 5, 'joyaux', 4, 'Lecture de la Bible', NULL),
(42, 5, 'applique_toi', 2, 'Premier contact', NULL),
(43, 5, 'applique_toi', 4, 'Nouvelle visite', NULL),
(44, 5, 'applique_toi', 6, 'Discours', NULL),
(45, 5, 'vie_chretienne', 0, 'Cantique 139', NULL),
(46, 5, 'vie_chretienne', 8, '\"Sois fidèle face à la tentation\"', NULL),
(47, 5, 'vie_chretienne', 7, '\"Sois fidèle quand un proche est excommunié\"', NULL),
(48, 5, 'vie_chretienne', 30, 'Étude biblique de la congration', NULL),
(49, 5, 'vie_chretienne', 3, 'Révision, aperçu et communications', NULL),
(50, 5, 'vie_chretienne', 0, 'Cantique 73', NULL),
(51, 6, '', 0, 'Cantique ', NULL),
(52, 6, 'discours_public', 30, '', NULL),
(53, 6, 'etude_tour_de_garde', 0, 'Cantique ', NULL),
(54, 6, 'etude_tour_de_garde', 60, 'Examen de l\'article d\'Etude de la Tour de Garde', NULL),
(55, 6, 'etude_tour_de_garde', 0, 'Cantique ', NULL),
(56, 7, '', 0, 'Cantique 67 et prière', NULL),
(57, 7, '', 0, 'Introduction', NULL),
(58, 7, 'joyaux', 0, '« Sers-​tu Jéhovah avec constance ? »', NULL),
(59, 7, 'joyaux', 0, 'Recherchons des perles spirituelles', NULL),
(60, 7, 'joyaux', 0, 'Lecture de la Bible', NULL),
(61, 7, 'applique_toi', 0, 'Premier contact', NULL),
(62, 7, 'applique_toi', 0, 'Nouvelle visite', NULL),
(63, 7, 'applique_toi', 0, 'Cours biblique', NULL),
(64, 7, 'vie_chretienne', 0, 'Cantique 139', NULL),
(65, 7, 'vie_chretienne', 0, '« Forme-​les à servir Jéhovah avec constance »', NULL),
(66, 7, 'vie_chretienne', 0, 'Étude biblique de la congrégation', NULL),
(67, 7, 'vie_chretienne', 0, 'Révision puis aperçu de la semaine suivante', NULL),
(68, 7, 'vie_chretienne', 0, 'Cantique 73 et prière', NULL),
(69, 8, '', 0, 'Cantique ', NULL),
(70, 8, 'discours_public', 30, '', NULL),
(71, 8, 'etude_tour_de_garde', 0, 'Cantique ', NULL),
(72, 8, 'etude_tour_de_garde', 60, 'Examen de l\'article d\'Etude de la Tour de Garde', NULL),
(73, 8, 'etude_tour_de_garde', 0, 'Cantique ', NULL),
(74, 9, '', 0, 'Cantique 116', NULL),
(75, 9, '', 3, 'Introduction', NULL),
(76, 9, 'joyaux', 10, '\"La prophétie de Daniel annonçait l\'arrivée du Messie\"', NULL),
(77, 9, 'joyaux', 8, 'Recherche des perles spitituelles', NULL),
(78, 9, 'joyaux', 4, 'Lecture de la Bible', NULL),
(79, 9, 'applique_toi', 15, 'Prépare les présentations du mois', NULL),
(80, 9, 'vie_chretienne', 0, 'Cantique 94', NULL),
(81, 9, 'vie_chretienne', 15, '\"Comment devenir un étudiant assidu de la Bible\"', NULL),
(83, 9, 'vie_chretienne', 30, 'Étude biblique de la congration', NULL),
(84, 9, 'vie_chretienne', 3, 'Révision, aperçu et communications', NULL),
(85, 9, 'vie_chretienne', 0, 'Cantique 53', NULL),
(86, 11, '', 0, 'Cantique 31', NULL),
(87, 11, '', 3, 'Introduction', NULL),
(88, 11, 'joyaux', 10, '\"Jéhovah a vu d\'avance l\'avenir de rois\"', NULL),
(89, 11, 'joyaux', 8, 'Recherche des perles spitituelles', NULL),
(90, 11, 'joyaux', 4, 'Lecture de la Bible', NULL),
(91, 11, 'applique_toi', 2, 'Premier contact', NULL),
(92, 11, 'applique_toi', 4, 'Nouvelle visite', NULL),
(93, 11, 'applique_toi', 6, 'Discours', NULL),
(94, 11, 'vie_chretienne', 0, 'Cantique 113', NULL),
(95, 11, 'vie_chretienne', 15, 'Fortifiés par les prophéties bibliques', NULL),
(97, 11, 'vie_chretienne', 30, 'Étude biblique de la congration', NULL),
(98, 11, 'vie_chretienne', 3, 'Révision, aperçu et communications', NULL),
(99, 11, 'vie_chretienne', 0, 'Cantique 126', NULL),
(100, 13, '', 0, 'Cantique 18', NULL),
(101, 13, '', 3, 'Introduction', NULL),
(102, 13, 'joyaux', 10, '\"Jéhovah prend plaisir à l\'amour fidèle. Et toi?\"', NULL),
(103, 13, 'joyaux', 8, 'Recherche des perles spitituelles', NULL),
(104, 13, 'joyaux', 4, 'Lecture de la Bible', NULL),
(105, 13, 'applique_toi', 2, 'Premier contact', NULL),
(106, 13, 'applique_toi', 4, 'Nouvelle visite', NULL),
(107, 13, 'applique_toi', 6, 'Cours biblique', NULL),
(108, 13, 'vie_chretienne', 0, 'Cantique 124', NULL),
(109, 13, 'vie_chretienne', 15, 'Besoin de la congrégation', NULL),
(110, 13, 'vie_chretienne', 30, 'Étude biblique de la congration', NULL),
(111, 13, 'vie_chretienne', 3, 'Révision, aperçu et communications', NULL),
(112, 13, 'vie_chretienne', 0, 'Cantique 50', NULL),
(113, 15, '', 0, 'Cantique 153', NULL),
(114, 15, '', 3, 'Introduction', NULL),
(115, 15, 'joyaux', 10, '\"Offre ce que tu as de meilleur à Jéhovah\"', NULL),
(116, 15, 'joyaux', 8, 'Recherche des perles spitituelles', NULL),
(117, 15, 'joyaux', 4, 'Lecture de la Bible', NULL),
(118, 15, 'applique_toi', 2, 'Premier contact', NULL),
(119, 15, 'applique_toi', 4, 'Nouvelle visite', NULL),
(120, 15, 'applique_toi', 6, 'Cours biblique', NULL),
(121, 15, 'vie_chretienne', 0, 'Cantique 97', NULL),
(122, 15, 'vie_chretienne', 15, '\"Vis pour louer Jéhovah!\"', NULL),
(123, 15, 'vie_chretienne', 30, 'Étude biblique de la congration', NULL),
(124, 15, 'vie_chretienne', 3, 'Révision, aperçu et communications', NULL),
(125, 15, 'vie_chretienne', 0, 'Cantique 63', NULL),
(126, 17, '', 0, 'Cantique 143', NULL),
(127, 17, '', 3, 'Introduction', NULL),
(128, 17, 'joyaux', 10, '\"Vos fils et vos filles prophétiseront\"', NULL),
(129, 17, 'joyaux', 8, 'Recherche des perles spitituelles', NULL),
(130, 17, 'joyaux', 4, 'Lecture de la Bible', NULL),
(131, 17, 'applique_toi', 2, 'Premier contact', NULL),
(132, 17, 'applique_toi', 4, 'Nouvelle visite', NULL),
(133, 17, 'applique_toi', 6, 'Cours biblique', NULL),
(134, 17, 'vie_chretienne', 0, 'Cantique 91', NULL),
(135, 17, 'vie_chretienne', 9, 'Jéhovah nous aide à endurer les épreuves', NULL),
(136, 17, 'vie_chretienne', 6, 'Deviens l\'ami de Jéhovah : le nom de Jéhovah', NULL),
(137, 17, 'vie_chretienne', 30, 'Étude biblique de la congration', NULL),
(138, 17, 'vie_chretienne', 3, 'Révision, aperçu et communications', NULL),
(139, 17, 'vie_chretienne', 0, 'Cantique 72', NULL),
(140, 10, '', 0, 'Cantique', NULL),
(141, 10, 'discours_public', 30, '', NULL),
(142, 10, 'etude_tour_de_garde', 0, 'Cantique ', NULL),
(143, 10, 'etude_tour_de_garde', 45, 'Examen de l\'article d\'Etude de la Tour de Garde', NULL),
(144, 10, 'etude_tour_de_garde', 0, 'Cantique ', NULL),
(145, 12, '', 0, 'Cantique', NULL),
(146, 12, 'discours_public', 30, '', NULL),
(147, 12, 'etude_tour_de_garde', 0, 'Cantique ', NULL),
(148, 12, 'etude_tour_de_garde', 45, 'Examen de l\'article d\'Etude de la Tour de Garde', NULL),
(149, 12, 'etude_tour_de_garde', 0, 'Cantique ', NULL),
(150, 14, '', 0, 'Cantique ', NULL),
(151, 14, 'discours_public', 30, '', NULL),
(152, 14, 'etude_tour_de_garde', 0, 'Cantique ', NULL),
(153, 14, 'etude_tour_de_garde', 45, 'Examen de l\'article d\'Etude de la Tour de Garde', NULL),
(154, 14, 'etude_tour_de_garde', 0, 'Cantique ', NULL),
(155, 16, '', 0, 'Cantique ', NULL),
(156, 16, 'discours_public', 30, '', NULL),
(157, 16, 'etude_tour_de_garde', 0, 'Cantique ', NULL),
(158, 16, 'etude_tour_de_garde', 45, 'Examen de l\'article d\'Etude de la Tour de Garde', NULL),
(159, 16, 'etude_tour_de_garde', 0, 'Cantique ', NULL),
(160, 18, '', 0, 'Cantique ', NULL),
(161, 18, 'discours_public', 30, '', NULL),
(162, 18, 'etude_tour_de_garde', 0, 'Cantique ', NULL),
(163, 18, 'etude_tour_de_garde', 45, 'Examen de l\'article d\'Etude de la Tour de Garde', NULL),
(164, 18, 'etude_tour_de_garde', 0, 'Cantique ', NULL),
(170, 28, '', 0, 'Cantique', NULL),
(171, 28, 'discours_public', 0, '', NULL),
(172, 28, 'etude_tour_de_garde', 0, 'Cantique ', NULL),
(173, 28, 'etude_tour_de_garde', 45, 'Examen de l\'article d\'Etude de la Tour de Garde', NULL),
(174, 28, 'etude_tour_de_garde', 0, 'Cantique ', NULL),
(246, 25, '', 0, 'Cantique 154', NULL),
(247, 25, '', 3, 'Introduction', NULL),
(248, 25, 'joyaux', 10, '« Reste spirituellement éveillé et actif »', NULL),
(249, 25, 'joyaux', 8, 'Recherche des perles spirituelles', NULL),
(250, 25, 'joyaux', 4, 'Lecture de la Bible', NULL),
(251, 25, 'applique_toi', 2, 'Premier contact', NULL),
(252, 25, 'applique_toi', 4, 'Nouvelle visite', NULL),
(253, 25, 'applique_toi', 6, 'Discours', NULL),
(254, 25, 'vie_chretienne', 0, 'Cantique: 40', NULL),
(255, 25, 'vie_chretienne', 15, '« Reste spirituellement éveillé et actif quand ta situation change »', NULL),
(257, 25, 'vie_chretienne', 30, 'Étude biblique de la congration', NULL),
(258, 25, 'vie_chretienne', 3, 'Révision puis aperçu de la semaine suivante', NULL),
(259, 25, 'vie_chretienne', 0, 'Cantique 129', NULL),
(260, 19, '', 0, 'Cantique:144', NULL),
(261, 19, '', 3, 'Introduction', NULL),
(262, 19, 'joyaux', 10, '« Recherche Jéhovah et reste en vie »', NULL),
(263, 19, 'joyaux', 8, 'Recherche des perles spitituelles', NULL),
(264, 19, 'joyaux', 4, 'Lecture de la Bible:  Am 4:1-13', NULL),
(265, 19, 'applique_toi', 15, 'Prépare les présentations du mois', NULL),
(268, 19, 'vie_chretienne', 0, 'Cantique: 141', NULL),
(269, 19, 'vie_chretienne', 15, '« Devenons plus habiles dans le ministère : en faisant une nouvelle visite » ', NULL),
(271, 19, 'vie_chretienne', 30, 'Etude du Livre de la Congrégation', NULL),
(272, 19, 'vie_chretienne', 3, 'Révision, aperçu et communications', NULL),
(273, 19, 'vie_chretienne', 0, 'Cantique 128 et prière', NULL),
(277, 21, '', 0, 'Cantique 42 et priere', NULL),
(278, 21, '', 3, 'Introduction', NULL),
(279, 21, 'joyaux', 10, '« Tire leçon de tes erreurs »', NULL),
(280, 21, 'joyaux', 8, 'Recherche des perles spitituelles', NULL),
(281, 21, 'joyaux', 4, 'Lecture de la Bible', NULL),
(282, 21, 'applique_toi', 2, 'Premier contact', NULL),
(283, 21, 'applique_toi', 4, 'Nouvelle visite', NULL),
(284, 21, 'applique_toi', 6, 'Cours biblique', NULL),
(287, 21, 'vie_chretienne', 0, 'Cantique 37', NULL),
(288, 21, 'vie_chretienne', 15, '« Tirons des leçons du livre de Yona »', NULL),
(290, 21, 'vie_chretienne', 30, 'Étude biblique de la congregation', NULL),
(291, 21, 'vie_chretienne', 3, 'Révision, aperçu et communications', NULL),
(292, 21, 'vie_chretienne', 0, 'Cantique:133', NULL),
(293, 23, '', 0, 'Cantique 26 et prière', NULL),
(294, 23, '', 0, 'Introduction ', NULL),
(295, 23, 'joyaux', 0, '« Qu’est-​ce que Jéhovah attend de nous ? »', NULL),
(296, 23, 'joyaux', 8, 'Recherche des perles spitituelles', NULL),
(297, 23, 'joyaux', 4, 'Lecture de la Bible', NULL),
(298, 23, 'applique_toi', 15, 'Premier contact', NULL),
(299, 23, 'applique_toi', 0, 'Nouvelle visite', NULL),
(300, 23, 'applique_toi', 0, 'Cours biblique', NULL),
(301, 23, 'vie_chretienne', 0, 'Cantique: 106', NULL),
(302, 23, 'vie_chretienne', 15, 'Besoins de la congrégation', NULL),
(303, 23, 'vie_chretienne', 0, 'Jéhovah veut que nous soyons généreux (Prov. 3:27)', NULL),
(304, 23, 'vie_chretienne', 30, 'Étude biblique de la congrégation', NULL),
(305, 23, 'vie_chretienne', 3, 'Révision, aperçu et communications', NULL),
(306, 23, 'vie_chretienne', 0, 'Cantique 132', NULL),
(308, 20, '', 0, 'Cantique ', NULL),
(309, 20, 'discours_public', 30, '', NULL),
(310, 20, 'etude_tour_de_garde', 0, 'Cantique ', NULL),
(311, 20, 'etude_tour_de_garde', 45, 'Examen de l\'article d\'Etude de la Tour de Garde', NULL),
(312, 20, 'etude_tour_de_garde', 0, 'Cantique ', NULL),
(313, 22, '', 0, 'Cantique ', NULL),
(314, 22, 'discours_public', 30, '', NULL),
(315, 22, 'etude_tour_de_garde', 0, 'Cantique ', NULL),
(316, 22, 'etude_tour_de_garde', 45, 'Examen de l\'article d\'Etude de la Tour de Garde', NULL),
(317, 22, 'etude_tour_de_garde', 0, 'Cantique ', NULL),
(318, 27, '', 0, 'Cantique 151', NULL),
(319, 27, '', 3, 'Introduction', NULL),
(320, 27, 'joyaux', 10, 'Cherche Jéhovah avant le jour de sa colère', NULL),
(321, 27, 'joyaux', 8, 'Recherchons des perles spitituelles', NULL),
(322, 27, 'joyaux', 4, 'Lecture de la Bible', NULL),
(323, 27, 'applique_toi', 15, 'Prépare les présentations du mois', NULL),
(324, 27, 'vie_chretienne', 0, 'Cantique 30', NULL),
(325, 27, 'vie_chretienne', 5, '« Besoin de la congrégation »', NULL),
(326, 27, 'vie_chretienne', 10, 'La langue pure favorise la paix et l\'unité', NULL),
(327, 27, 'vie_chretienne', 30, 'Étude biblique de la congration', NULL),
(328, 27, 'vie_chretienne', 3, 'Révision, aperçu et communications', NULL),
(329, 27, 'vie_chretienne', 0, 'Cantique 136', NULL),
(330, 29, '', 0, 'Cantique 146', NULL),
(331, 29, '', 3, 'Introduction', NULL),
(332, 29, 'joyaux', 10, '« Saisis fermement le vêtement d’un Juif »', NULL),
(333, 29, 'joyaux', 8, 'Recherche des perles spitituelles', NULL),
(334, 29, 'joyaux', 4, 'Lecture de la Bible', NULL),
(339, 29, 'applique_toi', 2, 'Premier contact', NULL),
(340, 29, 'applique_toi', 4, 'Nouvelle visite', NULL),
(341, 29, 'applique_toi', 6, 'Cours biblique', NULL),
(342, 29, 'vie_chretienne', 0, 'Cantique 96', NULL),
(343, 29, 'vie_chretienne', 15, '« Devenons plus habiles dans le ministère : en contactant toutes les personnes de notre territoire » ', NULL),
(345, 29, 'vie_chretienne', 30, 'Étude biblique de la congration', NULL),
(346, 29, 'vie_chretienne', 3, 'Révision, aperçu et communications', NULL),
(347, 29, 'vie_chretienne', 0, 'Cantique 134', NULL),
(348, 31, '', 0, 'Cantique 49', NULL),
(349, 31, '', 3, 'Introduction', NULL),
(350, 31, 'joyaux', 10, '« Reste dans la “vallée des montagnes” »', NULL),
(351, 31, 'joyaux', 8, 'Recherchons des perles spirituelles', NULL),
(352, 31, 'applique_toi', 2, 'Premier contact', NULL),
(353, 31, 'applique_toi', 4, 'Nouvelle visite', NULL),
(354, 31, 'applique_toi', 6, 'Cours biblique', NULL),
(355, 31, 'vie_chretienne', 0, 'Cantique 98', NULL),
(356, 31, 'vie_chretienne', 7, 'L’organisation de Dieu à l’œuvre', NULL),
(357, 31, 'vie_chretienne', 8, '« Une nouveauté dans la réunion de semaine »', NULL),
(358, 31, 'vie_chretienne', 30, 'Étude biblique de la congration', NULL),
(359, 31, 'vie_chretienne', 3, 'Révision, aperçu et communications', NULL),
(360, 31, 'vie_chretienne', 0, 'Cantique 5', NULL),
(361, 33, '', 0, 'Cantique 36', NULL),
(362, 33, '', 0, 'Introduction', NULL),
(363, 33, 'joyaux', 0, '« Votre mariage plaît-​il à Jéhovah ? »', NULL),
(364, 33, 'joyaux', 0, 'Recherche des perles spitituelles', NULL),
(365, 33, 'joyaux', 4, 'Lecture de la Bible', NULL),
(366, 33, 'applique_toi', 2, 'Premier contact', NULL),
(367, 33, 'applique_toi', 4, 'Nouvelle visite', NULL),
(368, 33, 'applique_toi', 6, 'Discours ', NULL),
(369, 33, 'vie_chretienne', 0, 'Cantique 87', NULL),
(370, 33, 'vie_chretienne', 15, '« Qu’est-​ce que le vrai amour ? »', NULL),
(371, 26, '', 0, 'Cantique ', NULL),
(372, 26, 'discours_public', 0, '', NULL),
(373, 26, 'etude_tour_de_garde', 0, 'Cantique ', NULL),
(374, 26, 'etude_tour_de_garde', 0, 'Examen de l\'article d\'Etude de la Tour de Garde', NULL),
(375, 26, 'etude_tour_de_garde', 0, 'Cantique ', NULL),
(376, 33, 'vie_chretienne', 30, 'Étude biblique de la congration', NULL),
(377, 33, 'vie_chretienne', 3, 'Révision, aperçu et communications', NULL),
(378, 33, 'vie_chretienne', 0, 'Cantique 114', NULL),
(379, 24, '', 0, 'Cantique', NULL),
(380, 24, 'discours_public', 30, '', NULL),
(381, 24, 'etude_tour_de_garde', 0, 'Cantique ', NULL),
(382, 24, 'etude_tour_de_garde', 45, 'Examen de l\'article d\'Etude de la Tour de Garde', NULL),
(383, 24, 'etude_tour_de_garde', 0, 'Cantique ', NULL),
(384, 30, '', 0, 'Cantique ', NULL),
(385, 30, 'discours_public', 30, '', NULL),
(386, 30, 'etude_tour_de_garde', 0, 'Cantique ', NULL),
(387, 30, 'etude_tour_de_garde', 45, 'Examen de l\'article d\'Etude de la Tour de Garde', NULL),
(388, 30, 'etude_tour_de_garde', 0, 'Cantique ', NULL),
(389, 32, '', 0, 'Cantique ', NULL),
(390, 32, 'discours_public', 30, '', NULL),
(391, 32, 'etude_tour_de_garde', 0, 'Cantique ', NULL),
(392, 32, 'etude_tour_de_garde', 45, 'Examen de l\'article d\'Etude de la Tour de Garde', NULL),
(393, 32, 'etude_tour_de_garde', 0, 'Cantique ', NULL),
(394, 34, '', 0, 'Cantique ', NULL),
(395, 34, 'discours_public', 30, '', NULL),
(396, 34, 'etude_tour_de_garde', 0, 'Cantique ', NULL),
(397, 34, 'etude_tour_de_garde', 45, 'Examen de l\'article d\'Etude de la Tour de Garde', NULL),
(398, 34, 'etude_tour_de_garde', 0, 'Cantique ', NULL),
(399, 36, '', 0, 'Cantique ', NULL),
(401, 36, 'discours_public', 30, '', NULL),
(403, 36, 'etude_tour_de_garde', 0, 'Cantique ', NULL),
(404, 36, 'etude_tour_de_garde', 45, '', NULL),
(405, 36, 'etude_tour_de_garde', 0, 'Cantique ', NULL),
(406, 38, '', 0, 'Cantique ', NULL),
(407, 38, 'discours_public', 30, '', NULL),
(408, 38, 'etude_tour_de_garde', 0, 'Cantique ', NULL),
(409, 38, 'etude_tour_de_garde', 45, '', NULL),
(410, 38, 'etude_tour_de_garde', 0, 'Cantique ', NULL),
(411, 40, '', 0, 'Cantique ', NULL),
(412, 40, 'discours_public', 30, '', NULL),
(413, 40, 'etude_tour_de_garde', 0, 'Cantique ', NULL),
(414, 40, 'etude_tour_de_garde', 45, '', NULL),
(415, 40, 'etude_tour_de_garde', 0, 'Cantique ', NULL),
(416, 42, '', 0, 'Cantique ', NULL),
(417, 42, 'discours_public', 30, '', NULL),
(418, 42, 'etude_tour_de_garde', 0, 'Cantique ', NULL),
(419, 42, 'etude_tour_de_garde', 45, '', NULL),
(420, 42, 'etude_tour_de_garde', 0, 'Cantique ', NULL),
(421, 44, '', 0, 'Cantique ', NULL),
(422, 44, 'discours_public', 30, '', NULL),
(423, 44, 'etude_tour_de_garde', 0, 'Cantique ', NULL),
(424, 44, 'etude_tour_de_garde', 45, '', NULL),
(425, 44, 'etude_tour_de_garde', 0, 'Cantique ', NULL),
(426, 46, '', 0, 'Cantique ', NULL),
(427, 46, 'discours_public', 30, '', NULL),
(428, 46, 'etude_tour_de_garde', 0, 'Cantique ', NULL),
(429, 46, 'etude_tour_de_garde', 45, '', NULL),
(430, 46, 'etude_tour_de_garde', 0, 'Cantique ', NULL),
(431, 48, '', 0, 'Cantique ', NULL),
(432, 48, 'discours_public', 30, '', NULL),
(433, 48, 'etude_tour_de_garde', 0, 'Cantique ', NULL),
(434, 48, 'etude_tour_de_garde', 45, '', NULL),
(435, 48, 'etude_tour_de_garde', 0, 'Cantique ', NULL),
(436, 50, '', 0, 'Cantique ', NULL),
(437, 50, 'discours_public', 30, '', NULL),
(438, 50, 'etude_tour_de_garde', 0, 'Cantique ', NULL),
(439, 50, 'etude_tour_de_garde', 45, '', NULL),
(440, 50, 'etude_tour_de_garde', 0, 'Cantique ', NULL),
(441, 52, '', 0, 'Cantique ', NULL),
(442, 52, 'discours_public', 30, '', NULL),
(443, 52, 'etude_tour_de_garde', 0, 'Cantique ', NULL),
(444, 52, 'etude_tour_de_garde', 45, '', NULL),
(445, 52, 'etude_tour_de_garde', 0, 'Cantique ', NULL),
(446, 54, '', 0, 'Cantique ', NULL),
(447, 54, 'discours_public', 30, '', NULL),
(448, 54, 'etude_tour_de_garde', 0, 'Cantique ', NULL),
(449, 54, 'etude_tour_de_garde', 45, '', NULL),
(450, 54, 'etude_tour_de_garde', 0, 'Cantique ', NULL),
(451, 56, '', 0, 'Cantique ', NULL),
(452, 56, 'discours_public', 30, '', NULL),
(453, 56, 'etude_tour_de_garde', 0, 'Cantique ', NULL),
(454, 56, 'etude_tour_de_garde', 45, '', NULL),
(455, 56, 'etude_tour_de_garde', 0, 'Cantique ', NULL),
(456, 58, '', 0, 'Cantique ', NULL),
(457, 58, 'discours_public', 30, '', NULL),
(458, 58, 'etude_tour_de_garde', 0, 'Cantique ', NULL),
(459, 58, 'etude_tour_de_garde', 45, '', NULL),
(460, 58, 'etude_tour_de_garde', 0, 'Cantique ', NULL),
(461, 60, '', 0, 'Cantique ', NULL),
(462, 60, 'discours_public', 30, '', NULL),
(463, 60, 'etude_tour_de_garde', 0, 'Cantique ', NULL),
(464, 60, 'etude_tour_de_garde', 45, '', NULL),
(465, 60, 'etude_tour_de_garde', 0, 'Cantique ', NULL),
(466, 62, '', 0, 'Cantique ', NULL),
(467, 62, 'discours_public', 30, '', NULL),
(468, 62, 'etude_tour_de_garde', 0, 'Cantique ', NULL),
(469, 62, 'etude_tour_de_garde', 45, '', NULL),
(470, 62, 'etude_tour_de_garde', 0, 'Cantique ', NULL),
(471, 64, '', 0, 'Cantique ', NULL),
(472, 64, 'discours_public', 30, '', NULL),
(473, 64, 'etude_tour_de_garde', 0, 'Cantique ', NULL),
(474, 64, 'etude_tour_de_garde', 45, '', NULL),
(475, 64, 'etude_tour_de_garde', 0, 'Cantique ', NULL),
(476, 66, '', 0, 'Cantique ', NULL),
(477, 66, 'discours_public', 30, '', NULL),
(478, 66, 'etude_tour_de_garde', 0, 'Cantique ', NULL),
(479, 66, 'etude_tour_de_garde', 45, '', NULL),
(480, 66, 'etude_tour_de_garde', 0, 'Cantique ', NULL),
(481, 68, '', 0, 'Cantique ', NULL),
(482, 68, 'discours_public', 30, '', NULL),
(483, 68, 'etude_tour_de_garde', 0, 'Cantique ', NULL),
(484, 68, 'etude_tour_de_garde', 45, '', NULL),
(485, 68, 'etude_tour_de_garde', 0, 'Cantique ', NULL),
(486, 70, '', 0, 'Cantique ', NULL),
(487, 70, 'discours_public', 30, '', NULL),
(488, 70, 'etude_tour_de_garde', 0, 'Cantique ', NULL),
(489, 70, 'etude_tour_de_garde', 45, '', NULL),
(490, 70, 'etude_tour_de_garde', 0, 'Cantique ', NULL),
(491, 72, '', 0, 'Cantique ', NULL),
(492, 72, 'discours_public', 30, '', NULL),
(493, 72, 'etude_tour_de_garde', 0, 'Cantique ', NULL),
(494, 72, 'etude_tour_de_garde', 45, '', NULL),
(495, 72, 'etude_tour_de_garde', 0, 'Cantique ', NULL),
(496, 74, '', 0, 'Cantique ', NULL),
(497, 74, 'discours_public', 30, '', NULL),
(498, 74, 'etude_tour_de_garde', 0, 'Cantique ', NULL),
(499, 74, 'etude_tour_de_garde', 45, '', NULL),
(500, 74, 'etude_tour_de_garde', 0, 'Cantique ', NULL),
(501, 76, '', 0, 'Cantique ', NULL),
(502, 76, 'discours_public', 30, '', NULL),
(503, 76, 'etude_tour_de_garde', 0, 'Cantique ', NULL),
(504, 76, 'etude_tour_de_garde', 45, '', NULL),
(505, 76, 'etude_tour_de_garde', 0, 'Cantique ', NULL),
(506, 78, '', 0, 'Cantique ', NULL),
(507, 78, 'discours_public', 30, '', NULL),
(508, 78, 'etude_tour_de_garde', 0, 'Cantique ', NULL),
(509, 78, 'etude_tour_de_garde', 45, '', NULL),
(510, 78, 'etude_tour_de_garde', 0, 'Cantique ', NULL),
(511, 80, '', 0, 'Cantique ', NULL),
(512, 80, 'discours_public', 30, '', NULL),
(513, 80, 'etude_tour_de_garde', 0, 'Cantique ', NULL),
(514, 80, 'etude_tour_de_garde', 45, '', NULL),
(515, 80, 'etude_tour_de_garde', 0, 'Cantique ', NULL),
(516, 82, '', 0, 'Cantique ', NULL),
(517, 82, 'discours_public', 30, '', NULL),
(518, 82, 'etude_tour_de_garde', 0, 'Cantique ', NULL),
(519, 82, 'etude_tour_de_garde', 45, '', NULL),
(520, 82, 'etude_tour_de_garde', 0, 'Cantique ', NULL),
(521, 84, '', 0, 'Cantique ', NULL),
(522, 84, 'discours_public', 30, '', NULL),
(523, 84, 'etude_tour_de_garde', 0, 'Cantique ', NULL),
(524, 84, 'etude_tour_de_garde', 45, '', NULL),
(525, 84, 'etude_tour_de_garde', 0, 'Cantique ', NULL),
(526, 86, '', 0, 'Cantique ', NULL),
(527, 86, 'discours_public', 30, '', NULL),
(528, 86, 'etude_tour_de_garde', 0, 'Cantique ', NULL),
(529, 86, 'etude_tour_de_garde', 45, '', NULL),
(530, 86, 'etude_tour_de_garde', 0, 'Cantique ', NULL),
(531, 35, '', 0, 'Cantique 14', NULL),
(532, 35, '', 3, 'Introduction', NULL),
(533, 35, 'joyaux', 10, 'Le royaume des cieux s’est approché »', NULL),
(534, 35, 'joyaux', 8, 'Recherche des perles spitituelles', NULL),
(535, 35, 'joyaux', 4, 'Lecture de la Bible', NULL),
(536, 35, 'applique_toi', 4, 'Vidéo du premier contact', NULL),
(537, 35, 'applique_toi', 3, 'Première nouvelle visite', NULL),
(538, 35, 'applique_toi', 6, 'Cours biblique', NULL),
(539, 35, 'vie_chretienne', 0, 'Cantique 72', NULL),
(540, 35, 'vie_chretienne', 15, 'Rapport de service annuel', NULL),
(542, 35, 'vie_chretienne', 30, 'Étude biblique de la congration', NULL),
(543, 35, 'vie_chretienne', 3, 'Révision, aperçu et communications', NULL),
(544, 35, 'vie_chretienne', 0, 'Cantique 137', NULL),
(545, 37, '', 0, 'Cantique 82 et prière', NULL),
(546, 37, '', 3, 'Introduction', NULL),
(547, 37, 'joyaux', 10, '« Leçons tirées du Sermon sur la montagne »', NULL),
(548, 37, 'joyaux', 8, 'Recherche des perles spitituelles', NULL),
(549, 37, 'joyaux', 4, 'Lecture de la Bible', NULL),
(550, 37, 'applique_toi', 2, 'Premier contact', NULL),
(551, 37, 'applique_toi', 5, 'Vidéo de la première nouvelle visite', NULL),
(552, 37, 'applique_toi', 6, 'Discours', NULL),
(553, 37, 'vie_chretienne', 0, 'Cantique 130', NULL),
(554, 37, 'vie_chretienne', 9, 'Heureux ceux qui sont persécutés pour la justice', NULL),
(555, 37, 'vie_chretienne', 7, '« Fais d’abord la paix avec ton frère : comment ? »', NULL),
(556, 37, 'vie_chretienne', 30, 'Étude biblique de la congration', NULL),
(557, 37, 'vie_chretienne', 3, 'Révision, aperçu et communications', NULL),
(558, 37, 'vie_chretienne', 0, 'Cantique 141', NULL),
(559, 39, '', 0, 'Cantique 21 et prière', NULL),
(560, 39, '', 3, 'Introduction', NULL),
(561, 39, 'joyaux', 10, '« Continue à chercher d’abord le Royaume »', NULL),
(562, 39, 'joyaux', 8, 'Recherchons des perles spirituelles', NULL),
(563, 39, 'joyaux', 4, 'Lecture de la Bible', NULL),
(564, 39, 'applique_toi', 2, 'Premier contact', NULL),
(565, 39, 'applique_toi', 3, 'Première nouvelle visite', NULL),
(566, 39, 'applique_toi', 5, 'Vidéo de la deuxième nouvelle visite', NULL),
(567, 39, 'vie_chretienne', 0, 'Cantique 118', NULL),
(568, 39, 'vie_chretienne', 15, '« Arrête de t’inquiéter »', NULL),
(569, 39, 'vie_chretienne', 30, 'Étude biblique de la congration', NULL),
(570, 39, 'vie_chretienne', 3, 'Révision, aperçu et communications', NULL),
(571, 39, 'vie_chretienne', 0, 'Cantique 132', NULL),
(572, 41, '', 0, 'Cantique 17 et prière', NULL),
(573, 41, '', 0, 'Introduction ', NULL),
(574, 41, 'joyaux', 10, '« Jésus aimait les gens »', NULL),
(575, 41, 'joyaux', 8, 'Recherchons des perles spirituelles', NULL),
(576, 41, 'joyaux', 4, 'Lecture de la Bible', NULL),
(577, 41, 'applique_toi', 3, 'Deuxième nouvelle visite', NULL),
(578, 41, 'applique_toi', 3, 'Troisième nouvelle visite', NULL),
(579, 41, 'applique_toi', 6, 'Cours biblique', NULL),
(580, 41, 'vie_chretienne', 0, 'Cantique 145', NULL),
(581, 41, 'vie_chretienne', 15, '« Sachez avec certitude que Dieu l’a fait Seigneur et Christ » (Partie 1)', NULL),
(582, 41, 'vie_chretienne', 30, 'Étude biblique de la congration', NULL),
(583, 41, 'vie_chretienne', 3, 'Révision, aperçu et communications', NULL),
(584, 41, 'vie_chretienne', 0, 'Cantique 95', NULL),
(585, 43, '', 0, 'Cantique 4', NULL),
(586, 43, '', 3, 'Introduction', NULL),
(587, 43, 'joyaux', 10, '« Jésus procurait du réconfort »', NULL),
(588, 43, 'joyaux', 8, 'Recherchons des perles spirituelles', NULL),
(589, 43, 'joyaux', 4, 'Lecture de la Bible', NULL),
(590, 43, 'applique_toi', 3, 'Deuxième nouvelle visite', NULL),
(591, 43, 'applique_toi', 3, 'Troisième nouvelle visite', NULL),
(592, 43, 'applique_toi', 6, 'Cours biblique', NULL),
(593, 43, 'vie_chretienne', 0, 'Cantique 87', NULL),
(594, 43, 'vie_chretienne', 15, 'Du réconfort pour ceux « qui peinent et qui sont chargés » ', NULL),
(595, 43, 'vie_chretienne', 30, 'Étude biblique de la congration', NULL),
(596, 43, 'vie_chretienne', 3, 'Révision, aperçu et communications', NULL),
(597, 43, 'vie_chretienne', 0, 'Cantique 138', NULL),
(598, 45, 'joyaux', 10, 'L’exemple du blé et de la mauvaise herbe', NULL),
(599, 45, 'joyaux', 8, 'Recherche des perles spitituelles', NULL),
(600, 45, 'joyaux', 4, 'Lecture de la Bible', NULL),
(601, 45, 'applique_toi', 4, 'Vidéo du premier contact', NULL),
(602, 45, 'applique_toi', 3, 'Première nouvelle visite', NULL),
(603, 45, 'applique_toi', 6, 'Cours biblique', NULL),
(604, 45, 'vie_chretienne', 0, 'Cantique 68', NULL),
(605, 45, 'vie_chretienne', 8, '« Besoin de la congrégation »', NULL),
(606, 45, 'vie_chretienne', 7, '« Les exemples relatifs au Royaume et ce qu’ils signifient pour nous »', NULL),
(607, 45, 'vie_chretienne', 30, 'Étude biblique de la congration', NULL),
(608, 45, 'vie_chretienne', 3, 'Révision, aperçu et communications', NULL),
(609, 45, 'vie_chretienne', 0, 'Cantique 10', NULL),
(610, 47, '', 0, 'Cantique 93 et prière', NULL),
(611, 47, '', 3, 'Introduction', NULL),
(612, 47, 'joyaux', 10, '« Une poignée d’hommes pour nourrir beaucoup de monde » ', NULL),
(613, 47, 'joyaux', 8, 'Recherche des perles spitituelles', NULL),
(614, 47, 'joyaux', 4, 'Lecture de la Bible', NULL),
(615, 47, 'applique_toi', 2, 'Premier contact', NULL),
(616, 47, 'applique_toi', 5, 'Vidéo de la première nouvelle visite', NULL),
(617, 47, 'applique_toi', 6, 'Discours : Thème : Renforce ta foi en gardant les yeux fixés sur Jésus.', NULL),
(618, 47, 'vie_chretienne', 0, 'Cantique 135', NULL),
(619, 47, 'vie_chretienne', 7, 'Deviens l’ami de Jéhovah : De vrais amis', NULL),
(620, 47, 'vie_chretienne', 8, '« Honore ton père et ta mère »', NULL),
(621, 47, 'vie_chretienne', 30, 'Étude biblique de la congration', NULL),
(622, 47, 'vie_chretienne', 3, 'Révision, aperçu et communications', NULL),
(623, 47, 'vie_chretienne', 0, 'Cantique 148 et prière', NULL),
(624, 49, '', 0, 'Cantique 45 et prière', NULL),
(625, 49, '', 3, 'Introduction', NULL),
(626, 49, 'joyaux', 10, '« Quelle est ta façon de penser ? »', NULL),
(627, 49, 'joyaux', 8, 'Recherchons des perles spirituelles', NULL),
(628, 49, 'joyaux', 4, 'Lecture de la Bible', NULL),
(629, 49, 'applique_toi', 2, 'Premier contact', NULL),
(630, 49, 'applique_toi', 3, 'Première nouvelle visite', NULL),
(631, 49, 'applique_toi', 5, 'Vidéo de la deuxième nouvelle visite', NULL),
(632, 49, 'vie_chretienne', 0, 'Cantique 78', NULL),
(633, 49, 'vie_chretienne', 15, '« Devenons plus habiles dans le ministère : en faisant un bon usage des questions »', NULL),
(634, 51, '', 0, 'Cantique 121 et prière', NULL),
(635, 51, '', 3, 'Introduction ', NULL),
(636, 51, 'joyaux', 10, '« Ne faisons trébucher ni nous-​même ni les autres »', NULL),
(637, 51, 'joyaux', 8, 'Recherchons des perles spirituelles', NULL),
(638, 51, 'joyaux', 4, 'Lecture de la Bible', NULL),
(639, 51, 'applique_toi', 3, 'Deuxième nouvelle visite', NULL),
(640, 51, 'applique_toi', 3, 'Troisième nouvelle visite', NULL),
(641, 51, 'applique_toi', 6, 'Cours biblique', NULL),
(642, 49, 'vie_chretienne', 30, 'Étude biblique de la congration', NULL),
(643, 49, 'vie_chretienne', 3, 'Révision, aperçu et communications', NULL),
(644, 49, 'vie_chretienne', 0, 'Cantique 134 et prière', NULL),
(645, 51, 'vie_chretienne', 0, 'Cantique 90', NULL),
(646, 51, 'vie_chretienne', 9, 'Ne donnons à personne l’occasion de trébucher', NULL),
(647, 51, 'vie_chretienne', 6, 'Campagne d’invitation au Mémorial débutant le 3 mars', NULL),
(648, 51, 'vie_chretienne', 30, 'Étude biblique de la congration', NULL),
(649, 51, 'vie_chretienne', 3, 'Révision, aperçu et communications', NULL),
(650, 51, 'vie_chretienne', 0, 'Cantique 133 et prière', NULL),
(651, 53, '', 0, 'Cantique 76 et prière', NULL),
(652, 53, '', 3, 'Introduction (3 min ou moins)', NULL),
(653, 53, 'joyaux', 10, '« Celui qui veut devenir grand parmi vous doit être votre serviteur »', NULL),
(654, 53, 'joyaux', 8, 'Recherchons des perles spirituelles', NULL),
(655, 53, 'joyaux', 4, 'Lecture de la Bible', NULL),
(656, 53, 'applique_toi', 4, 'Vidéo du premier contact', NULL),
(657, 53, 'applique_toi', 3, 'Première nouvelle visite', NULL),
(658, 53, 'applique_toi', 6, 'Cours biblique', NULL),
(659, 53, 'vie_chretienne', 0, 'Cantique 99', NULL),
(660, 53, 'vie_chretienne', 5, 'Besoins de la congrégation', NULL),
(661, 53, 'vie_chretienne', 10, 'L’organisation de Dieu à l’œuvre', NULL),
(662, 53, 'vie_chretienne', 30, 'Étude biblique de la congrégation', NULL),
(663, 53, 'vie_chretienne', 3, 'Révision puis aperçu de la semaine suivante', NULL),
(664, 53, 'vie_chretienne', 0, 'Cantique 53 et prière', NULL),
(665, 55, '', 0, 'Cantique 30', NULL),
(666, 55, '', 3, 'Introduction', NULL),
(667, 55, 'joyaux', 10, '« Obéis aux deux plus grands commandements »', NULL),
(668, 55, 'joyaux', 8, 'Recherche des perles spitituelles', NULL),
(669, 55, 'joyaux', 4, 'Lecture de la Bible', NULL),
(670, 55, 'applique_toi', 2, 'Premier contact', NULL),
(671, 55, 'applique_toi', 5, 'Vidéo de la première nouvelle visite', NULL),
(672, 55, 'applique_toi', 6, 'Cours biblique', NULL),
(673, 55, 'vie_chretienne', 0, 'Cantique 96', NULL),
(674, 55, 'vie_chretienne', 15, '« Comment cultiver l’amour pour Dieu et pour son prochain ? » ', NULL),
(675, 55, 'vie_chretienne', 30, 'Étude biblique de la congrégation', NULL),
(676, 55, 'vie_chretienne', 3, 'Révision, aperçu et communications', NULL),
(677, 55, 'vie_chretienne', 0, 'Cantique 52 et prère', NULL),
(678, 57, '', 0, 'Cantique 126 et prière', NULL),
(679, 57, '', 3, 'Introduction', NULL),
(680, 57, 'joyaux', 10, '« Reste spirituellement éveillé durant les derniers jours » ', NULL),
(681, 57, 'joyaux', 8, 'Recherche des perles spitituelles', NULL),
(682, 57, 'joyaux', 4, 'Lecture de la Bible', NULL),
(683, 57, 'applique_toi', 2, 'Premier contact', NULL),
(684, 57, 'applique_toi', 3, 'Première nouvelle visite', NULL),
(685, 57, 'applique_toi', 5, 'Vidéo de la deuxième nouvelle visite', NULL),
(686, 57, 'vie_chretienne', 0, 'Cantique 57', NULL),
(687, 57, 'vie_chretienne', 15, '« La fin de ce système de choses est proche »', NULL),
(688, 57, 'vie_chretienne', 30, 'Étude biblique de la congration', NULL),
(689, 57, 'vie_chretienne', 3, 'Révision, aperçu et communications', NULL),
(690, 57, 'vie_chretienne', 0, 'Cantique 97 et prière', NULL),
(691, 59, '', 0, 'Cantique 143 et prière', NULL),
(692, 59, '', 3, 'Introduction', NULL),
(693, 59, 'joyaux', 10, '« Veillez »', NULL),
(694, 59, 'joyaux', 8, 'Recherchons des perles spirituelles', NULL),
(695, 59, 'joyaux', 4, 'Lecture de la Bible', NULL),
(696, 59, 'applique_toi', 3, 'Deuxième nouvelle visite', NULL),
(697, 59, 'applique_toi', 3, 'Troisième nouvelle visite', NULL),
(698, 59, 'applique_toi', 6, 'Discours ', NULL),
(699, 59, 'vie_chretienne', 0, 'Cantique 85', NULL),
(700, 59, 'vie_chretienne', 10, '« Devenons plus habiles dans le ministère : en aidant nos étudiants à se préparer »', NULL),
(701, 59, 'vie_chretienne', 5, 'Accueillons les invités', NULL),
(702, 59, 'vie_chretienne', 30, 'Étude biblique de la congration', NULL),
(703, 59, 'vie_chretienne', 3, 'Révision, aperçu et communications', NULL),
(704, 59, 'vie_chretienne', 0, 'Cantique 79 et prière', NULL),
(705, 61, '', 0, 'Cantique 19 et prière', NULL),
(706, 61, '', 3, 'Introduction ', NULL),
(707, 61, 'joyaux', 10, '« La Pâque et le Mémorial : similitudes et différences »', NULL),
(708, 61, 'joyaux', 8, 'Recherchons des perles spirituelles', NULL),
(709, 61, 'joyaux', 4, 'Lecture de la Bible', NULL),
(710, 61, 'applique_toi', 4, 'Vidéo du premier contact', NULL),
(711, 61, 'applique_toi', 3, 'Première nouvelle visite', NULL),
(712, 61, 'applique_toi', 6, 'Cours biblique', NULL),
(713, 61, 'vie_chretienne', 0, 'Cantique 20', NULL),
(714, 61, 'vie_chretienne', 8, '« Besoin de la congrégation »', NULL),
(715, 61, 'vie_chretienne', 7, 'Deviens l’ami de Jéhovah : La rançon', NULL),
(716, 61, 'vie_chretienne', 30, 'Étude biblique de la congration', NULL),
(717, 61, 'vie_chretienne', 3, 'Révision, aperçu et communications', NULL),
(718, 61, 'vie_chretienne', 0, 'Cantique 74 et prière', NULL),
(719, 63, '', 0, 'Cantique 69 et prière', NULL),
(720, 63, '', 3, 'Introduction', NULL),
(721, 63, 'joyaux', 10, '« Allez et faites des disciples : pourquoi, où et comment ? » ', NULL),
(722, 63, 'joyaux', 8, 'Recherchons des perles spirituelles', NULL),
(723, 63, 'joyaux', 4, 'Lecture de la Bible', NULL),
(724, 63, 'applique_toi', 2, 'Premier contact', NULL),
(725, 63, 'applique_toi', 5, 'Vidéo de la première nouvelle visite', NULL),
(726, 63, 'applique_toi', 6, 'Discours ', NULL),
(727, 63, 'vie_chretienne', 7, 'Cantique 70', NULL),
(728, 63, 'vie_chretienne', 15, '« Prêcher et enseigner : essentiels pour faire des disciples » ', NULL),
(729, 63, 'vie_chretienne', 30, 'Étude biblique de la congrégation', NULL),
(730, 63, 'vie_chretienne', 3, 'Révision puis aperçu de la semaine suivante', NULL),
(731, 63, 'vie_chretienne', 0, 'Cantique 73 et prière', NULL),
(732, 65, '', 0, 'Cantique 130 et prière', NULL),
(733, 65, '', 8, 'Introduction', NULL),
(734, 65, 'joyaux', 10, '« Tes péchés sont pardonnés » ', NULL),
(735, 65, 'joyaux', 8, 'Recherchons des perles spirituelles', NULL),
(736, 65, 'joyaux', 4, 'Lecture de la Bible', NULL),
(737, 65, 'applique_toi', 2, 'Premier contact', NULL),
(738, 65, 'applique_toi', 3, 'Première nouvelle visite', NULL),
(739, 65, 'applique_toi', 5, 'Vidéo de la deuxième nouvelle visite', NULL),
(740, 65, 'vie_chretienne', 0, 'Cantique 44', NULL),
(741, 65, 'vie_chretienne', 7, '« Je suis venu appeler, non pas des justes, mais des pécheurs »', NULL),
(742, 65, 'vie_chretienne', 8, 'Jéhovah pardonne « largement »', NULL),
(743, 65, 'vie_chretienne', 30, 'Étude biblique de la congration', NULL),
(744, 65, 'vie_chretienne', 3, 'Révision puis aperçu de la semaine suivante', NULL),
(745, 65, 'vie_chretienne', 0, 'Cantique 86 et prière', NULL),
(746, 67, '', 0, 'Cantique 77 et prière', NULL),
(747, 67, '', 3, 'Introduction', NULL),
(748, 67, 'joyaux', 10, '« Guérison le jour du sabbat »', NULL),
(749, 67, 'joyaux', 8, 'Recherchons des perles spirituelles', NULL),
(750, 67, 'joyaux', 4, 'Lecture de la Bible', NULL),
(751, 67, 'applique_toi', 3, 'Deuxième nouvelle visite', NULL),
(752, 67, 'applique_toi', 3, 'Troisième nouvelle visite', NULL),
(753, 67, 'applique_toi', 6, 'Cours biblique', NULL),
(754, 67, 'vie_chretienne', 0, 'Cantique 103', NULL),
(755, 67, 'vie_chretienne', 15, '« Que celui qui a des oreilles pour écouter écoute »', NULL),
(756, 67, 'vie_chretienne', 30, 'Étude biblique de la congration', NULL),
(757, 67, 'vie_chretienne', 3, 'Révision puis aperçu de la semaine suivante', NULL),
(758, 67, 'vie_chretienne', 0, 'Cantique 123 et prière', NULL),
(759, 69, '', 0, 'Cantique 151 et prière', NULL),
(760, 69, '', 3, 'Introduction', NULL),
(761, 69, 'joyaux', 10, '« Jésus a le pouvoir de ressusciter nos chers disparus » ', NULL),
(762, 69, 'joyaux', 8, 'Recherchons des perles spirituelles', NULL),
(763, 69, 'joyaux', 4, 'Lecture de la Bible', NULL),
(764, 69, 'applique_toi', 3, 'Deuxième nouvelle visite', NULL),
(765, 69, 'applique_toi', 3, 'Troisième nouvelle visite', NULL),
(766, 69, 'applique_toi', 6, 'Cours biblique', NULL),
(767, 69, 'vie_chretienne', 0, 'Cantique 144', NULL),
(768, 69, 'vie_chretienne', 5, '« Manions avec habileté les outils de notre panoplie d’enseignant »', NULL),
(769, 69, 'vie_chretienne', 10, 'Ils puisent de la consolation dans l’organisation de Jéhovah', NULL),
(770, 69, 'vie_chretienne', 30, 'Étude biblique de la congration', NULL),
(771, 69, 'vie_chretienne', 3, 'Révision puis aperçu de la semaine suivante', NULL),
(772, 69, 'vie_chretienne', 0, 'Cantique 72 et prière', NULL),
(773, 71, '', 3, 'Cantique 13 et prière', NULL),
(774, 71, '', 3, 'Introduction', NULL),
(775, 71, 'joyaux', 10, '« Prends ton poteau de supplice et suis-​moi continuellement » ', NULL),
(776, 71, 'joyaux', 8, 'Recherchons des perles spirituelles', NULL),
(777, 71, 'joyaux', 4, 'Lecture de la Bible', NULL),
(778, 71, 'applique_toi', 4, 'Vidéo du premier contact', NULL),
(779, 71, 'applique_toi', 3, 'Première nouvelle visite', NULL),
(780, 71, 'applique_toi', 6, 'Cours biblique', NULL),
(781, 71, 'vie_chretienne', 0, 'Cantique 51', NULL),
(782, 71, 'vie_chretienne', 5, 'Besoins de la congrégation', NULL),
(783, 71, 'vie_chretienne', 10, '« Préparez votre enfant à suivre Christ »', NULL),
(784, 71, 'vie_chretienne', 30, 'Étude biblique de la congrégation', NULL),
(785, 71, 'vie_chretienne', 3, 'Révision puis aperçu de la semaine suivante', NULL),
(786, 71, 'vie_chretienne', 0, 'Cantique 60 et prière', NULL),
(787, 73, '', 0, 'Cantique 22 et prière', NULL),
(788, 73, '', 3, 'Introduction', NULL),
(789, 73, 'joyaux', 10, '« Une vision qui renforce la foi »', NULL),
(790, 73, 'joyaux', 8, 'Recherche des perles spitituelles', NULL),
(791, 73, 'joyaux', 4, 'Lecture de la Bible', NULL),
(792, 73, 'applique_toi', 2, 'Premier contact', NULL),
(793, 73, 'applique_toi', 5, 'Vidéo de la première nouvelle visite', NULL),
(794, 73, 'applique_toi', 6, 'Discours', NULL),
(795, 73, 'vie_chretienne', 0, 'Cantique 131', NULL),
(796, 73, 'vie_chretienne', 15, '« Ce que Dieu a attelé au même joug... »', NULL),
(798, 73, 'vie_chretienne', 30, 'Étude biblique de la congration', NULL),
(799, 73, 'vie_chretienne', 3, 'Révision puis aperçu de la semaine suivante', NULL),
(800, 73, 'vie_chretienne', 0, 'Cantique ', NULL),
(801, 75, '', 0, 'Cantique 34 et prière', NULL),
(802, 75, '', 3, 'Introduction', NULL),
(803, 75, 'joyaux', 10, '« Elle a mis plus que tous les autres »', NULL),
(804, 75, 'joyaux', 8, 'Recherchons des perles spirituelles', NULL),
(805, 75, 'joyaux', 4, 'Lecture de la Bible', NULL),
(806, 75, 'applique_toi', 2, 'Premier contact', NULL),
(807, 75, 'applique_toi', 3, 'Première nouvelle visite', NULL),
(808, 75, 'applique_toi', 5, 'Vidéo de la deuxième nouvelle visite', NULL),
(809, 75, 'vie_chretienne', 0, 'Cantique 118', NULL),
(810, 75, 'vie_chretienne', 15, 'La foi en Jéhovah peut tout changer', NULL),
(811, 77, '', 0, 'Cantique 55 et prière', NULL),
(812, 77, '', 3, 'Introduction', NULL),
(813, 75, 'vie_chretienne', 30, 'Étude biblique de la congration', NULL),
(814, 75, 'vie_chretienne', 3, 'Révision puis aperçu de la semaine suivante', NULL),
(815, 75, 'vie_chretienne', 0, 'Cantique 98', NULL),
(816, 77, 'joyaux', 10, '« Ne te laisse pas piéger par la crainte de l’homme »', NULL),
(817, 77, 'joyaux', 8, 'Recherchons des perles spirituelles', NULL),
(818, 77, 'joyaux', 4, 'Lecture de la Bible', NULL),
(819, 77, 'applique_toi', 3, 'Deuxième nouvelle visite', NULL),
(820, 77, 'applique_toi', 3, 'Troisième nouvelle visite', NULL),
(821, 77, 'applique_toi', 6, 'Cours biblique', NULL),
(822, 77, 'vie_chretienne', 8, 'Cantique 73', NULL),
(823, 77, 'vie_chretienne', 15, '« Jéhovah te donnera du courage »', NULL),
(824, 77, 'vie_chretienne', 30, 'Étude biblique de la congration', NULL),
(825, 77, 'vie_chretienne', 3, 'Révision puis aperçu de la semaine suivante', NULL),
(826, 77, 'vie_chretienne', 0, 'Cantique 81 et prière', NULL),
(827, 79, '', 0, 'Cantique 95 et prière', NULL),
(828, 79, 'joyaux', 10, '« Jésus a accompli des prophéties »', NULL),
(829, 79, 'joyaux', 8, 'Recherchons des perles spirituelles', NULL),
(830, 79, 'joyaux', 4, 'Lecture de la Bible ', NULL),
(831, 79, '', 3, 'Introduction', NULL),
(832, 79, 'applique_toi', 4, 'Vidéo du premier contact', NULL),
(833, 79, 'applique_toi', 3, 'Première nouvelle visite', NULL),
(834, 79, 'applique_toi', 6, 'Cours biblique', NULL),
(835, 79, 'vie_chretienne', 0, 'Cantique 63', NULL),
(836, 79, 'vie_chretienne', 15, '« Suis fidèlement les traces de Christ »', NULL),
(837, 81, '', 0, 'Cantique 137 et prière', NULL),
(838, 81, 'joyaux', 10, '« Imite l’humilité de Marie »', NULL),
(839, 81, 'joyaux', 8, 'Recherchons des perles spirituelles', NULL),
(840, 81, 'joyaux', 0, 'Lecture de la Bible Luc 1:46-66', NULL),
(841, 81, 'applique_toi', 2, 'Premier contact', NULL),
(842, 81, 'applique_toi', 5, 'Vidéo de la première nouvelle visite', NULL),
(843, 81, 'applique_toi', 3, 'Deuxième nouvelle visite', NULL),
(844, 81, '', 3, 'Introduction ', NULL),
(845, 79, 'vie_chretienne', 30, 'Étude biblique de la congration', NULL),
(846, 79, 'vie_chretienne', 3, 'Révision puis aperçu de la semaine suivante', NULL),
(847, 79, 'vie_chretienne', 0, 'Cantique 140 et prière', NULL),
(848, 81, 'vie_chretienne', 0, 'Cantique 92', NULL),
(849, 81, 'vie_chretienne', 8, '« Besoin de la congrégation »', NULL),
(851, 81, 'vie_chretienne', 7, 'L’organisation de Dieu à l’œuvre', NULL),
(852, 81, 'vie_chretienne', 30, 'Étude biblique de la congrégation', NULL),
(853, 81, 'vie_chretienne', 3, 'Révision puis aperçu de la semaine suivante', NULL),
(854, 81, 'vie_chretienne', 0, 'Cantique 58 et prière', NULL),
(855, 83, '', 0, 'Cantique 133 et prière', NULL),
(856, 83, '', 3, 'Introduction', NULL),
(857, 83, 'joyaux', 10, '« Jeunes, grandissez-​vous spirituellement ? »', NULL),
(858, 83, 'joyaux', 8, 'Recherchons des perles spirituelles', NULL),
(859, 83, 'joyaux', 4, 'Lecture de la Bible', NULL),
(860, 83, 'applique_toi', 2, 'Premier contact', NULL),
(861, 83, 'applique_toi', 5, 'Vidéo de la deuxième nouvelle visite', NULL),
(862, 83, 'applique_toi', 6, 'Discours', NULL),
(863, 83, 'vie_chretienne', 0, 'Cantique 134', NULL),
(864, 83, 'vie_chretienne', 15, '« Parents, donnez à vos enfants les meilleures chances de réussir » ', NULL),
(865, 85, '', 0, 'Cantique 37 et prière', NULL),
(866, 85, '', 3, 'Introduction', NULL),
(867, 83, 'vie_chretienne', 30, 'Étude biblique de la congration', NULL),
(868, 83, 'vie_chretienne', 3, 'Révision puis aperçu de la semaine suivante', NULL),
(869, 83, 'vie_chretienne', 0, 'Cantique 17 et prière', NULL),
(870, 85, 'joyaux', 10, '« Comme Jésus, résiste aux tentations »', NULL),
(871, 85, 'joyaux', 8, 'Recherchons des perles spirituelles', NULL),
(872, 85, 'joyaux', 4, 'Lecture de la Bible', NULL),
(873, 85, 'applique_toi', 3, 'Deuxième nouvelle visite', NULL),
(874, 85, 'applique_toi', 3, 'Troisième nouvelle visite', NULL),
(875, 85, 'applique_toi', 6, 'Cours biblique', NULL),
(876, 85, 'vie_chretienne', 0, 'Cantique 28', NULL),
(877, 85, 'vie_chretienne', 15, '« Réseaux sociaux : évite les dangers »', NULL),
(878, 87, '', 3, 'Cantique 109 et prière', NULL),
(879, 87, '', 3, 'Introduction', NULL),
(881, 85, 'vie_chretienne', 30, 'Étude biblique de la congration', NULL),
(882, 85, 'vie_chretienne', 3, 'Révision puis aperçu de la semaine suivante', NULL),
(883, 85, 'vie_chretienne', 0, 'Cantique 105 et prière', NULL),
(884, 87, 'joyaux', 10, '« Mesurons généreusement »', NULL),
(885, 87, 'joyaux', 8, 'Recherchons des perles spirituelles', NULL),
(886, 87, 'joyaux', 4, 'Lecture de la Bible', NULL),
(887, 87, 'applique_toi', 4, 'Vidéo du premier contact', NULL),
(888, 87, 'applique_toi', 3, 'Première nouvelle visite', NULL),
(889, 87, 'applique_toi', 6, 'Cours biblique', NULL),
(890, 89, '', 0, 'Cantique 13 et prière', NULL),
(891, 89, '', 3, 'Introduction', NULL),
(892, 89, 'joyaux', 10, '« “Suis-​moi” : qu’est-​ce que cela implique ? »', NULL),
(893, 89, 'joyaux', 8, 'Recherchons des perles spirituelles', NULL),
(894, 89, 'joyaux', 4, 'Lecture de la Bible', NULL),
(895, 87, 'vie_chretienne', 0, 'Cantique 108', NULL),
(896, 87, 'vie_chretienne', 15, 'Imitons la générosité de Jéhovah', NULL),
(897, 89, 'applique_toi', 2, 'Premier contact', NULL),
(898, 89, 'applique_toi', 5, 'Vidéo de la première nouvelle visite', NULL),
(899, 89, 'applique_toi', 6, 'Discours ', NULL),
(900, 87, 'vie_chretienne', 30, 'Étude biblique de la congration', NULL),
(901, 87, 'vie_chretienne', 3, 'Révision puis aperçu de la semaine suivante', NULL),
(902, 87, 'vie_chretienne', 0, 'Cantique 57 et prière', NULL),
(903, 89, 'vie_chretienne', 0, 'Cantique 124', NULL),
(904, 91, '', 0, 'Cantique 100 et prière', NULL),
(905, 91, 'joyaux', 10, '« La parabole du bon Samaritain » ', NULL),
(906, 91, 'joyaux', 8, 'Recherchons des perles spirituelles', NULL),
(907, 91, 'joyaux', 4, 'Lecture de la Bible', NULL),
(908, 91, 'applique_toi', 2, 'Premier contact', NULL),
(909, 91, 'applique_toi', 3, 'Première nouvelle visite', NULL),
(910, 91, 'applique_toi', 5, 'Vidéo de la deuxième nouvelle visite', NULL),
(911, 91, '', 3, 'Introduction', NULL),
(912, 89, 'vie_chretienne', 15, 'Besoins de la congrégation', NULL),
(913, 89, 'vie_chretienne', 30, 'Étude biblique de la congrégation', NULL),
(914, 89, 'vie_chretienne', 3, 'Révision puis aperçu de la semaine suivante', NULL),
(915, 89, 'vie_chretienne', 0, 'Cantique 110 et prière', NULL),
(916, 91, 'vie_chretienne', 0, 'Cantique 24', NULL),
(918, 91, 'vie_chretienne', 15, '« Pourquoi la neutralité est-​elle si importante ? (Mi 4:2) »', NULL),
(919, 91, 'vie_chretienne', 30, 'Étude biblique de la congrégation', NULL),
(920, 91, 'vie_chretienne', 3, 'Révision puis aperçu de la semaine suivante', NULL),
(921, 91, 'vie_chretienne', 0, 'Cantique 146 et prière', NULL),
(922, 93, '', 0, 'Cantique 4 et prière', NULL),
(923, 93, '', 3, 'Introduction', NULL),
(924, 93, 'joyaux', 10, '« Vous valez plus que beaucoup de moineaux »', NULL),
(925, 93, 'joyaux', 8, 'Recherchons des perles spirituelles', NULL),
(926, 93, 'joyaux', 4, 'Lecture de la Bible', NULL),
(927, 93, 'applique_toi', 3, 'Deuxième nouvelle visite', NULL),
(928, 93, 'applique_toi', 3, 'Troisième nouvelle visite', NULL),
(929, 93, 'applique_toi', 6, 'Cours biblique', NULL),
(930, 93, 'vie_chretienne', 0, 'Cantique 116', NULL),
(931, 93, 'vie_chretienne', 15, 'Ils ne sont pas oubliés', NULL),
(932, 95, '', 0, 'Cantique 125 et prière', NULL),
(933, 95, '', 3, 'Introduction', NULL),
(934, 93, 'vie_chretienne', 30, 'Étude biblique de la congration', NULL),
(935, 93, 'vie_chretienne', 3, 'Révision puis aperçu de la semaine suivante', NULL),
(936, 93, 'vie_chretienne', 0, 'Cantique 5 et prière', NULL),
(937, 95, 'joyaux', 10, '« La parabole du fils prodigue »', NULL),
(938, 95, 'joyaux', 8, 'Recherchons des perles spirituelles', NULL),
(939, 95, 'joyaux', 4, 'Lecture de la Bible', NULL),
(940, 95, 'applique_toi', 3, 'Deuxième nouvelle visite', NULL),
(941, 95, 'applique_toi', 3, 'Troisième nouvelle visite', NULL),
(942, 95, 'applique_toi', 6, 'Cours biblique', NULL),
(943, 95, 'vie_chretienne', 0, 'Cantique 107', NULL),
(944, 95, 'vie_chretienne', 15, '« Le retour d’un fils »', NULL),
(946, 95, 'vie_chretienne', 30, 'Étude biblique de la congration', NULL),
(947, 95, 'vie_chretienne', 3, 'Révision puis aperçu de la semaine suivante', NULL),
(948, 95, 'vie_chretienne', 0, 'Cantique 139 et prière', NULL),
(949, 97, '', 0, 'Cantique 18 et prière', NULL),
(950, 97, '', 3, 'Introduction ', NULL),
(952, 97, 'joyaux', 10, '« Montrons-​nous reconnaissants » ', NULL),
(956, 97, 'joyaux', 8, 'Recherchons des perles spirituelles ', NULL),
(963, 97, 'applique_toi', 4, 'Vidéo du premier contact ', NULL),
(964, 97, 'applique_toi', 3, 'Première nouvelle visite ', NULL),
(965, 97, 'applique_toi', 6, 'Cours biblique ', NULL);
INSERT INTO `jw_reunion_programme` (`id_reunion_programme`, `id_reunion_session`, `partie`, `duree_min`, `nom`, `id_point_eleve`) VALUES
(967, 97, 'vie_chretienne', 0, 'Cantique 39', NULL),
(968, 97, 'vie_chretienne', 15, '« Souvenez-​vous de la femme de Loth » ', NULL),
(969, 97, 'vie_chretienne', 30, 'Étude biblique de la congrégation ', NULL),
(970, 97, 'vie_chretienne', 3, 'Révision puis aperçu de la semaine suivante ', NULL),
(971, 97, 'vie_chretienne', 0, 'Cantique 117 et prière', NULL),
(972, 99, '', 0, 'Cantique 84 et prière', NULL),
(973, 99, '', 3, 'Introduction ', NULL),
(975, 99, 'joyaux', 10, '« Tirons leçon de l’exemple des dix mines » ', NULL),
(979, 99, 'joyaux', 8, 'Recherchons des perles spirituelles ', NULL),
(984, 99, 'joyaux', 4, 'Lecture de la Bible ', NULL),
(986, 99, 'applique_toi', 2, 'Premier contact ', NULL),
(987, 99, 'applique_toi', 5, 'Vidéo de la première nouvelle visite ', NULL),
(988, 99, 'applique_toi', 6, 'Discours ', NULL),
(990, 99, 'vie_chretienne', 0, 'Cantique 83', NULL),
(991, 99, 'vie_chretienne', 15, '« Devenons plus habiles dans le ministère : en naviguant efficacement sur JW.ORG » ', NULL),
(992, 99, 'vie_chretienne', 30, 'Étude biblique de la congrégation ', NULL),
(993, 99, 'vie_chretienne', 3, 'Révision puis aperçu de la semaine suivante ', NULL),
(994, 99, 'vie_chretienne', 0, 'Cantique 116 et prière', NULL),
(995, 101, '', 0, 'Cantique 27 et prière', NULL),
(996, 101, '', 3, 'Introduction ', NULL),
(998, 101, 'joyaux', 10, '« Votre délivrance approche » ', NULL),
(999, 101, 'joyaux', 8, 'Recherchons des perles spirituelles ', NULL),
(1000, 101, 'joyaux', 4, 'Lecture de la Bible ', NULL),
(1002, 101, 'applique_toi', 2, 'Premier contact ', NULL),
(1003, 101, 'applique_toi', 3, 'Première nouvelle visite ', NULL),
(1004, 101, 'applique_toi', 5, 'Vidéo de la deuxième nouvelle visite ', NULL),
(1006, 101, 'vie_chretienne', 0, 'Cantique 136', NULL),
(1007, 101, 'vie_chretienne', 15, 'Besoins de la congrégation ', NULL),
(1008, 101, 'vie_chretienne', 30, 'Étude biblique de la congrégation ', NULL),
(1009, 101, 'vie_chretienne', 3, 'Révision puis aperçu de la semaine suivante ', NULL),
(1010, 101, 'vie_chretienne', 0, 'Cantique 41 et prière', NULL),
(1011, 103, '', 0, 'Cantique 130 et prière', NULL),
(1012, 103, '', 3, 'Introduction ', NULL),
(1014, 103, 'joyaux', 10, '« Soyons prêts à pardonner » ', NULL),
(1015, 103, 'joyaux', 8, 'Recherchons des perles spirituelles ', NULL),
(1016, 103, 'joyaux', 4, 'Lecture de la Bible ', NULL),
(1018, 103, 'applique_toi', 3, 'Deuxième nouvelle visite ', NULL),
(1019, 103, 'applique_toi', 3, 'Troisième nouvelle visite ', NULL),
(1020, 103, 'applique_toi', 6, 'Cours biblique ', NULL),
(1022, 103, 'vie_chretienne', 0, 'Cantique 20', NULL),
(1023, 103, 'vie_chretienne', 15, '« Jésus est mort aussi pour ton frère » ', NULL),
(1024, 103, 'vie_chretienne', 30, 'Étude biblique de la congrégation ', NULL),
(1025, 103, 'vie_chretienne', 3, 'Révision puis aperçu de la semaine suivante ', NULL),
(1026, 103, 'vie_chretienne', 0, 'Cantique 82 et prière', NULL),
(1027, 105, '', 0, 'Cantique 13 et prière', NULL),
(1028, 105, '', 3, 'Introduction ', NULL),
(1030, 105, 'joyaux', 10, '« Jésus accomplit son premier miracle » ', NULL),
(1031, 105, 'joyaux', 8, 'Recherchons des perles spirituelles ', NULL),
(1032, 105, 'joyaux', 4, 'Lecture de la Bible ', NULL),
(1034, 105, 'applique_toi', 4, 'Vidéo du premier contact ', NULL),
(1035, 105, 'applique_toi', 3, 'Première nouvelle visite ', NULL),
(1036, 105, 'applique_toi', 6, 'Cours biblique ', NULL),
(1038, 105, 'vie_chretienne', 0, 'Cantique 38', NULL),
(1039, 105, 'vie_chretienne', 8, 'Besoins de la congrégation ', NULL),
(1040, 105, 'vie_chretienne', 7, 'L’organisation de Dieu à l’œuvre ', NULL),
(1041, 105, 'vie_chretienne', 30, 'Étude biblique de la congrégation ', NULL),
(1042, 105, 'vie_chretienne', 3, 'Révision puis aperçu de la semaine suivante ', NULL),
(1043, 105, 'vie_chretienne', 0, 'Cantique 121 et prière', NULL),
(1044, 107, '', 0, 'Cantique 57 et prière', NULL),
(1045, 107, '', 3, 'Introduction ', NULL),
(1046, 107, 'joyaux', 10, '« Jésus prêche à une Samaritaine » ', NULL),
(1047, 107, 'joyaux', 8, 'Recherchons des perles spirituelles ', NULL),
(1048, 107, 'joyaux', 4, 'Lecture de la Bible ', NULL),
(1049, 107, 'applique_toi', 2, 'Premier contact ', NULL),
(1050, 107, 'applique_toi', 5, 'Vidéo de la première nouvelle visite ', NULL),
(1051, 107, 'applique_toi', 6, 'Discours ', NULL),
(1052, 107, 'vie_chretienne', 0, 'Cantique 77', NULL),
(1053, 107, 'vie_chretienne', 15, '« Devenons plus habiles dans le ministère : en engageant des conversations qui peuvent mener à un témoignage » ', NULL),
(1054, 107, 'vie_chretienne', 30, 'Étude biblique de la congrégation ', NULL),
(1055, 107, 'vie_chretienne', 3, 'Révision puis aperçu de la semaine suivante ', NULL),
(1056, 107, 'vie_chretienne', 0, 'Cantique 35 et prière', NULL),
(1057, 109, '', 0, 'Cantique 2 et prière', NULL),
(1058, 109, '', 3, 'Introduction ', NULL),
(1059, 109, 'joyaux', 10, '« Suis Jésus avec de bons mobiles » ', NULL),
(1060, 109, 'joyaux', 8, 'Recherchons des perles spirituelles ', NULL),
(1061, 109, 'joyaux', 4, 'Lecture de la Bible ', NULL),
(1062, 109, 'applique_toi', 2, 'Premier contact ', NULL),
(1063, 109, 'applique_toi', 3, 'Première nouvelle visite ', NULL),
(1064, 109, 'applique_toi', 5, 'Vidéo de la deuxième nouvelle visite ', NULL),
(1065, 109, 'vie_chretienne', 0, 'Cantique 31', NULL),
(1066, 109, 'vie_chretienne', 5, 'Comment avez-​vous fait ? ', NULL),
(1067, 109, 'vie_chretienne', 0, '« Rien n’a été gaspillé » (10 min) : Discussion. Montrer la vidéo Une construction respectueuse de l’environnement honore Jéhovah ', NULL),
(1068, 109, 'vie_chretienne', 30, 'Étude biblique de la congrégation ', NULL),
(1069, 109, 'vie_chretienne', 3, 'Révision puis aperçu de la semaine suivante ', NULL),
(1070, 109, 'vie_chretienne', 0, 'Cantique 89 et prière', NULL),
(1071, 111, '', 0, 'Cantique 12 et prière', NULL),
(1072, 111, '', 3, 'Introduction ', NULL),
(1074, 111, 'joyaux', 10, '« Jésus a glorifié son Père » ', NULL),
(1075, 111, 'joyaux', 8, 'Recherchons des perles spirituelles ', NULL),
(1076, 111, 'joyaux', 4, 'Lecture de la Bible ', NULL),
(1078, 111, 'applique_toi', 3, 'Deuxième nouvelle visite ', NULL),
(1079, 111, 'applique_toi', 3, 'Troisième nouvelle visite ', NULL),
(1080, 111, 'applique_toi', 6, 'Cours biblique ', NULL),
(1082, 111, 'vie_chretienne', 0, 'Cantique 103', NULL),
(1083, 111, 'vie_chretienne', 15, '« Imite l’humilité et la modestie de Jésus » ', NULL),
(1084, 111, 'vie_chretienne', 30, 'Étude biblique de la congrégation ', NULL),
(1085, 111, 'vie_chretienne', 3, 'Révision puis aperçu de la semaine suivante ', NULL),
(1086, 111, 'vie_chretienne', 0, 'Cantique 119 et prière', NULL),
(1087, 113, '', 0, 'Cantique 25 et prière', NULL),
(1088, 113, '', 3, 'Introduction ', NULL),
(1090, 113, 'joyaux', 10, '« Jésus prend soin de ses brebis » ', NULL),
(1091, 113, 'joyaux', 8, 'Recherchons des perles spirituelles ', NULL),
(1092, 113, 'joyaux', 4, 'Lecture de la Bible ', NULL),
(1094, 113, 'applique_toi', 4, 'Vidéo du premier contact ', NULL),
(1095, 113, 'applique_toi', 3, 'Première nouvelle visite ', NULL),
(1096, 113, 'applique_toi', 6, 'Cours biblique ', NULL),
(1098, 113, 'vie_chretienne', 0, 'Cantique 62', NULL),
(1099, 113, 'vie_chretienne', 15, 'Besoins de l’assemblée ', NULL),
(1100, 113, 'vie_chretienne', 30, 'Étude biblique de l’assemblée ', NULL),
(1101, 113, 'vie_chretienne', 3, 'Révision puis aperçu de la semaine suivante ', NULL),
(1102, 113, 'vie_chretienne', 0, 'Cantique 3 et prière', NULL),
(1103, 115, '', 0, 'Cantique 16 et prière', NULL),
(1104, 115, '', 3, 'Introduction ', NULL),
(1106, 115, 'joyaux', 10, '« Imite la compassion de Jésus » ', NULL),
(1107, 115, 'joyaux', 8, 'Recherchons des perles spirituelles ', NULL),
(1108, 115, 'joyaux', 4, 'Lecture de la Bible ', NULL),
(1110, 115, 'applique_toi', 2, 'Premier contact ', NULL),
(1111, 115, 'applique_toi', 5, 'Vidéo de la première nouvelle visite ', NULL),
(1112, 115, 'applique_toi', 6, 'Discours ', NULL),
(1114, 115, 'vie_chretienne', 0, 'Cantique 141', NULL),
(1115, 115, 'vie_chretienne', 0, 'Jésus est « la résurrection et la vie » (Jean 11:25) (15 min) : Discussion', NULL),
(1116, 115, 'vie_chretienne', 30, 'Étude biblique de l’assemblée ', NULL),
(1117, 115, 'vie_chretienne', 3, 'Révision puis aperçu de la semaine suivante ', NULL),
(1118, 115, 'vie_chretienne', 0, 'Cantique 147 et prière', NULL),
(1119, 117, '', 0, 'Cantique 100 et prière', NULL),
(1120, 117, '', 3, 'Introduction ', NULL),
(1122, 117, 'joyaux', 10, '« Je vous ai donné l’exemple » ', NULL),
(1123, 117, 'joyaux', 8, 'Recherchons des perles spirituelles ', NULL),
(1124, 117, 'joyaux', 4, 'Lecture de la Bible ', NULL),
(1126, 117, 'applique_toi', 2, 'Premier contact ', NULL),
(1127, 117, 'applique_toi', 3, 'Première nouvelle visite ', NULL),
(1128, 117, 'applique_toi', 5, 'Vidéo de la deuxième nouvelle visite ', NULL),
(1130, 117, 'vie_chretienne', 0, 'Cantique 114', NULL),
(1131, 117, 'vie_chretienne', 15, '« L’amour caractérise les vrais chrétiens : Rejetons l’égoïsme et la colère » ', NULL),
(1132, 117, 'vie_chretienne', 30, 'Étude biblique de l’assemblée ', NULL),
(1133, 117, 'vie_chretienne', 3, 'Révision puis aperçu de la semaine suivante ', NULL),
(1134, 117, 'vie_chretienne', 0, 'Cantique 120 et prière', NULL),
(1135, 119, '', 0, 'Cantique 129 et prière', NULL),
(1136, 119, '', 3, 'Introduction ', NULL),
(1138, 119, 'joyaux', 10, '« Vous ne faites pas partie du monde » ', NULL),
(1139, 119, 'joyaux', 8, 'Recherchons des perles spirituelles ', NULL),
(1140, 119, 'joyaux', 4, 'Lecture de la Bible ', NULL),
(1142, 119, 'applique_toi', 3, 'Deuxième nouvelle visite ', NULL),
(1143, 119, 'applique_toi', 3, 'Troisième nouvelle visite ', NULL),
(1144, 119, 'applique_toi', 6, 'Cours biblique ', NULL),
(1146, 119, 'vie_chretienne', 0, 'Cantique 101', NULL),
(1147, 119, 'vie_chretienne', 15, '« L’amour caractérise les vrais chrétiens : Protégeons notre précieuse unité » ', NULL),
(1148, 119, 'vie_chretienne', 30, 'Étude biblique de l’assemblée ', NULL),
(1149, 119, 'vie_chretienne', 3, 'Révision puis aperçu de la semaine suivante ', NULL),
(1150, 119, 'vie_chretienne', 0, 'Cantique 106 et prière', NULL),
(1151, 121, '', 0, 'Cantique 54 et prière', NULL),
(1152, 121, '', 3, 'Introduction ', NULL),
(1154, 121, 'joyaux', 10, '« Jésus a rendu témoignage à la vérité » ', NULL),
(1155, 121, 'joyaux', 8, 'Recherchons des perles spirituelles ', NULL),
(1156, 121, 'joyaux', 4, 'Lecture de la Bible ', NULL),
(1158, 121, 'applique_toi', 3, 'Deuxième nouvelle visite ', NULL),
(1159, 121, 'applique_toi', 3, 'Troisième nouvelle visite ', NULL),
(1160, 121, 'applique_toi', 6, 'Cours biblique ', NULL),
(1162, 121, 'vie_chretienne', 0, 'Cantique 46', NULL),
(1163, 121, 'vie_chretienne', 15, '« L’amour caractérise les vrais chrétiens : Trouvons de la joie dans la vérité » ', NULL),
(1164, 121, 'vie_chretienne', 30, 'Étude biblique de l’assemblée ', NULL),
(1165, 121, 'vie_chretienne', 3, 'Révision puis aperçu de la semaine suivante ', NULL),
(1166, 121, 'vie_chretienne', 0, 'Cantique 32 et prière', NULL),
(1167, 123, '', 0, 'Cantique 35 et prière', NULL),
(1168, 123, '', 3, 'Introduction ', NULL),
(1170, 123, 'joyaux', 10, '« M’aimes-​tu plus que ceux-ci ? » ', NULL),
(1171, 123, 'joyaux', 8, 'Recherchons des perles spirituelles ', NULL),
(1172, 123, 'joyaux', 4, 'Lecture de la Bible ', NULL),
(1174, 123, 'applique_toi', 4, 'Vidéo du premier contact ', NULL),
(1175, 123, 'applique_toi', 3, 'Première nouvelle visite ', NULL),
(1176, 123, 'applique_toi', 6, 'Cours biblique ', NULL),
(1178, 123, 'vie_chretienne', 0, 'Cantique 37', NULL),
(1179, 123, 'vie_chretienne', 15, 'Besoins de l’assemblée ', NULL),
(1180, 123, 'vie_chretienne', 30, 'Étude biblique de l’assemblée ', NULL),
(1181, 123, 'vie_chretienne', 3, 'Révision puis aperçu de la semaine suivante ', NULL),
(1182, 123, 'vie_chretienne', 0, 'Cantique 45 et prière', NULL),
(1183, 125, '', 0, 'Cantique 104 et prière', NULL),
(1184, 125, '', 3, 'Introduction ', NULL),
(1186, 125, 'joyaux', 10, '« L’esprit saint est répandu sur l’assemblée chrétienne » ', NULL),
(1187, 125, 'joyaux', 8, 'Recherchons des perles spirituelles ', NULL),
(1188, 125, 'joyaux', 4, 'Lecture de la Bible ', NULL),
(1190, 125, 'applique_toi', 2, 'Premier contact ', NULL),
(1191, 125, 'applique_toi', 5, 'Vidéo de la première nouvelle visite ', NULL),
(1192, 125, 'applique_toi', 6, 'Discours ', NULL),
(1194, 125, 'vie_chretienne', 0, 'Cantique 85', NULL),
(1195, 125, 'vie_chretienne', 15, '« Coopérons pour prêcher dans les territoires multilingues » ', NULL),
(1196, 125, 'vie_chretienne', 30, 'Étude biblique de l’assemblée ', NULL),
(1197, 125, 'vie_chretienne', 3, 'Révision puis aperçu de la semaine suivante ', NULL),
(1198, 125, 'vie_chretienne', 0, 'Cantique 68 et prière', NULL),
(1199, 127, '', 0, 'Cantique 73 et prière', NULL),
(1200, 127, '', 3, 'Introduction ', NULL),
(1202, 127, 'joyaux', 10, '« Ils ont continué à dire la parole de Dieu avec assurance » ', NULL),
(1203, 127, 'joyaux', 8, 'Recherchons des perles spirituelles ', NULL),
(1204, 127, 'joyaux', 4, 'Lecture de la Bible ', NULL),
(1206, 127, 'applique_toi', 2, 'Premier contact ', NULL),
(1207, 127, 'applique_toi', 3, 'Première nouvelle visite ', NULL),
(1208, 127, 'applique_toi', 5, 'Vidéo de la deuxième nouvelle visite ', NULL),
(1210, 127, 'vie_chretienne', 0, 'Cantique 82', NULL),
(1211, 127, 'vie_chretienne', 15, '« Le présentoir mobile : ses bienfaits à l’échelle mondiale » ', NULL),
(1212, 127, 'vie_chretienne', 30, 'Étude biblique de l’assemblée ', NULL),
(1213, 127, 'vie_chretienne', 3, 'Révision puis aperçu de la semaine suivante ', NULL),
(1214, 127, 'vie_chretienne', 0, 'Cantique 64 et prière', NULL),
(1215, 129, '', 0, 'Cantique 124 et prière', NULL),
(1216, 129, '', 3, 'Introduction ', NULL),
(1218, 129, 'joyaux', 10, '« L’assemblée chrétienne, toute nouvelle, rencontre des épreuves » ', NULL),
(1219, 129, 'joyaux', 8, 'Recherchons des perles spirituelles ', NULL),
(1220, 129, 'joyaux', 4, 'Lecture de la Bible ', NULL),
(1222, 129, 'applique_toi', 3, 'Deuxième nouvelle visite ', NULL),
(1223, 129, 'applique_toi', 3, 'Troisième nouvelle visite ', NULL),
(1224, 129, 'applique_toi', 6, 'Cours biblique ', NULL),
(1226, 129, 'vie_chretienne', 0, 'Cantique 109', NULL),
(1227, 129, 'vie_chretienne', 15, '« Un cadeau à Jéhovah » ', NULL),
(1228, 129, 'vie_chretienne', 30, 'Étude biblique de l’assemblée ', NULL),
(1229, 129, 'vie_chretienne', 3, 'Révision puis aperçu de la semaine suivante ', NULL),
(1230, 129, 'vie_chretienne', 0, 'Cantique 67 et prière', NULL),
(1231, 110, '', 0, 'Cantique ', NULL),
(1232, 110, 'discours_public', 0, '', NULL),
(1234, 110, 'etude_tour_de_garde', 0, 'Cantique ', NULL),
(1235, 110, 'etude_tour_de_garde', 0, '', NULL),
(1237, 110, 'etude_tour_de_garde', 0, 'Cantique ', NULL),
(1238, 112, '', 0, 'Cantique ', NULL),
(1239, 112, 'discours_public', 30, '', NULL),
(1240, 112, 'etude_tour_de_garde', 0, 'Cantique ', NULL),
(1241, 112, 'etude_tour_de_garde', 45, '', NULL),
(1242, 112, 'etude_tour_de_garde', 0, 'Cantique ', NULL),
(1243, 114, '', 0, 'Cantique ', NULL),
(1244, 114, 'discours_public', 30, '', NULL),
(1245, 114, 'etude_tour_de_garde', 0, 'Cantique ', NULL),
(1246, 114, 'etude_tour_de_garde', 45, '', NULL),
(1247, 114, 'etude_tour_de_garde', 0, 'Cantique ', NULL),
(1248, 116, '', 0, 'Cantique ', NULL),
(1249, 116, 'discours_public', 30, '', NULL),
(1250, 116, 'etude_tour_de_garde', 0, 'Cantique ', NULL),
(1251, 116, 'etude_tour_de_garde', 45, '', NULL),
(1252, 116, 'etude_tour_de_garde', 0, 'Cantique ', NULL),
(1253, 108, '', 0, 'Cantique ', NULL),
(1254, 108, 'discours_public', 0, '', NULL),
(1256, 108, 'etude_tour_de_garde', 0, 'Cantique ', NULL),
(1257, 108, 'etude_tour_de_garde', 0, '', NULL),
(1259, 108, 'etude_tour_de_garde', 0, 'Cantique ', NULL),
(1260, 122, '', 0, 'Cantique ', NULL),
(1261, 122, 'discours_public', 0, '', NULL),
(1263, 122, 'etude_tour_de_garde', 0, 'Cantique ', NULL),
(1264, 122, 'etude_tour_de_garde', 0, '', NULL),
(1266, 122, 'etude_tour_de_garde', 0, 'Cantique ', NULL),
(1267, 124, '', 0, 'Cantique ', NULL),
(1268, 124, 'discours_public', 30, '', NULL),
(1269, 124, 'etude_tour_de_garde', 0, 'Cantique ', NULL),
(1270, 124, 'etude_tour_de_garde', 45, '', NULL),
(1271, 124, 'etude_tour_de_garde', 0, 'Cantique ', NULL),
(1273, 126, '', 0, 'Cantique ', NULL),
(1274, 126, 'discours_public', 0, '', NULL),
(1276, 126, 'etude_tour_de_garde', 0, 'Cantique ', NULL),
(1277, 126, 'etude_tour_de_garde', 0, '', NULL),
(1279, 126, 'etude_tour_de_garde', 0, 'Cantique ', NULL),
(1280, 118, '', 0, 'Cantique ', NULL),
(1281, 118, 'discours_public', 0, '', NULL),
(1283, 118, 'etude_tour_de_garde', 0, 'Cantique ', NULL),
(1284, 118, 'etude_tour_de_garde', 0, '', NULL),
(1287, 120, '', 0, 'Cantique ', NULL),
(1288, 120, 'discours_public', 0, '', NULL),
(1289, 118, 'etude_tour_de_garde', 0, 'Cantique ', NULL),
(1290, 120, 'etude_tour_de_garde', 0, 'Cantique ', NULL),
(1291, 120, 'etude_tour_de_garde', 45, '', NULL),
(1292, 120, 'etude_tour_de_garde', 0, 'Cantique ', NULL),
(1293, 131, '', 0, 'Cantique 115 et prière', NULL),
(1294, 131, '', 3, 'Introduction ', NULL),
(1296, 131, 'joyaux', 10, '« Un persécuteur violent devient un témoin zélé » ', NULL),
(1297, 131, 'joyaux', 8, 'Recherchons des perles spirituelles ', NULL),
(1298, 131, 'joyaux', 4, 'Lecture de la Bible ', NULL),
(1300, 131, 'applique_toi', 4, 'Vidéo du premier contact ', NULL),
(1301, 131, 'applique_toi', 3, 'Première nouvelle visite ', NULL),
(1302, 131, 'applique_toi', 6, 'Cours biblique ', NULL),
(1304, 131, 'vie_chretienne', 0, 'Cantique 58', NULL),
(1305, 131, 'vie_chretienne', 8, 'Besoins de l’assemblée ', NULL),
(1306, 131, 'vie_chretienne', 7, 'L’organisation de Dieu à l’œuvre ', NULL),
(1307, 131, 'vie_chretienne', 30, 'Étude biblique de l’assemblée ', NULL),
(1308, 131, 'vie_chretienne', 3, 'Révision puis aperçu de la semaine suivante ', NULL),
(1309, 131, 'vie_chretienne', 0, 'Cantique 59 et prière', NULL),
(1310, 133, '', 0, 'Cantique 60 et prière', NULL),
(1311, 133, '', 3, 'Introduction ', NULL),
(1313, 133, 'joyaux', 10, '« Barnabé et Paul font des disciples dans des endroits éloignés » ', NULL),
(1314, 133, 'joyaux', 8, 'Recherchons des perles spirituelles ', NULL),
(1315, 133, 'joyaux', 4, 'Lecture de la Bible ', NULL),
(1317, 133, 'applique_toi', 2, 'Premier contact ', NULL),
(1318, 133, 'applique_toi', 5, 'Vidéo de la première nouvelle visite ', NULL),
(1319, 133, 'applique_toi', 6, 'Discours ', NULL),
(1321, 133, 'vie_chretienne', 0, 'Cantique 65', NULL),
(1322, 133, 'vie_chretienne', 15, '« Devenons plus habiles dans le ministère : en aidant “ceux qui ont l’état d’esprit qu’il faut” » ', NULL),
(1323, 133, 'vie_chretienne', 30, 'Étude biblique de l’assemblée ', NULL),
(1324, 133, 'vie_chretienne', 3, 'Révision puis aperçu de la semaine suivante ', NULL),
(1325, 133, 'vie_chretienne', 0, 'Cantique 55 et prière', NULL),
(1326, 135, '', 0, 'Cantique 96 et prière', NULL),
(1327, 135, '', 3, 'Introduction ', NULL),
(1329, 135, 'joyaux', 10, '« Une décision unanime basée sur la Parole de Dieu » ', NULL),
(1330, 135, 'joyaux', 8, 'Recherchons des perles spirituelles ', NULL),
(1331, 135, 'joyaux', 4, 'Lecture de la Bible ', NULL),
(1333, 135, 'applique_toi', 2, 'Premier contact ', NULL),
(1334, 135, 'applique_toi', 0, 'Première nouvelle visite (3 min ou moins) : Utiliser la suggestion de conversation. Présenter la vidéo Pourquoi étudier la Bible ? ', NULL),
(1335, 135, 'applique_toi', 5, 'Vidéo de la deuxième nouvelle visite ', NULL),
(1337, 135, 'vie_chretienne', 0, 'Cantique 74', NULL),
(1338, 135, 'vie_chretienne', 15, '« Loue joyeusement Jéhovah par des chants » ', NULL),
(1339, 135, 'vie_chretienne', 30, 'Étude biblique de l’assemblée ', NULL),
(1340, 135, 'vie_chretienne', 3, 'Révision puis aperçu de la semaine suivante ', NULL),
(1341, 135, 'vie_chretienne', 0, 'Cantique 102 et prière', NULL),
(1342, 137, '', 0, 'Cantique 78 et prière', NULL),
(1343, 137, '', 3, 'Introduction ', NULL),
(1345, 137, 'joyaux', 10, '« Imite l’apôtre Paul quand tu prêches et quand tu enseignes » ', NULL),
(1346, 137, 'joyaux', 8, 'Recherchons des perles spirituelles ', NULL),
(1347, 137, 'joyaux', 4, 'Lecture de la Bible ', NULL),
(1349, 137, 'applique_toi', 0, 'Deuxième nouvelle visite (3 min ou moins) : Utiliser la suggestion de conversation. Présenter la vidéo Comment se passe un cours biblique ? ', NULL),
(1350, 137, 'applique_toi', 3, 'Troisième nouvelle visite ', NULL),
(1351, 137, 'applique_toi', 6, 'Cours biblique ', NULL),
(1353, 137, 'vie_chretienne', 0, 'Cantique 70', NULL),
(1354, 137, 'vie_chretienne', 15, 'Prêche et enseigne pleinement la bonne nouvelle ', NULL),
(1355, 137, 'vie_chretienne', 30, 'Étude biblique de l’assemblée ', NULL),
(1356, 137, 'vie_chretienne', 3, 'Révision puis aperçu de la semaine suivante ', NULL),
(1357, 137, 'vie_chretienne', 0, 'Cantique 151 et prière', NULL),
(1358, 139, '', 0, 'Cantique 103 et prière', NULL),
(1359, 139, '', 3, 'Introduction ', NULL),
(1361, 139, 'joyaux', 10, '« Faites attention à vous-​mêmes et à tout le troupeau » ', NULL),
(1362, 139, 'joyaux', 8, 'Recherchons des perles spirituelles ', NULL),
(1363, 139, 'joyaux', 4, 'Lecture de la Bible ', NULL),
(1365, 139, 'applique_toi', 3, 'Deuxième nouvelle visite ', NULL),
(1366, 139, 'applique_toi', 3, 'Troisième nouvelle visite ', NULL),
(1367, 139, 'applique_toi', 6, 'Cours biblique ', NULL),
(1369, 139, 'vie_chretienne', 0, 'Cantique 99', NULL),
(1370, 139, 'vie_chretienne', 15, 'Formons les jeunes frères qui veulent faire plus au service de Jéhovah ', NULL),
(1371, 139, 'vie_chretienne', 30, 'Étude biblique de l’assemblée ', NULL),
(1372, 139, 'vie_chretienne', 3, 'Révision puis aperçu de la semaine suivante ', NULL),
(1373, 139, 'vie_chretienne', 0, 'Cantique 118 et prière', NULL),
(1379, 88, '', 0, 'Cantique ', NULL),
(1380, 88, 'discours_public', 30, '', NULL),
(1381, 88, 'etude_tour_de_garde', 0, 'Cantique ', NULL),
(1382, 88, 'etude_tour_de_garde', 45, '', NULL),
(1383, 88, 'etude_tour_de_garde', 0, 'Cantique ', NULL),
(1384, 90, '', 0, 'Cantique ', NULL),
(1385, 90, 'discours_public', 30, '', NULL),
(1386, 90, 'etude_tour_de_garde', 0, 'Cantique ', NULL),
(1387, 90, 'etude_tour_de_garde', 45, '', NULL),
(1388, 90, 'etude_tour_de_garde', 0, 'Cantique ', NULL),
(1389, 92, '', 0, 'Cantique ', NULL),
(1390, 92, 'discours_public', 30, '', NULL),
(1391, 92, 'etude_tour_de_garde', 0, 'Cantique ', NULL),
(1392, 92, 'etude_tour_de_garde', 45, '', NULL),
(1393, 92, 'etude_tour_de_garde', 0, 'Cantique ', NULL),
(1394, 94, '', 0, 'Cantique ', NULL),
(1395, 94, 'discours_public', 30, '', NULL),
(1396, 94, 'etude_tour_de_garde', 0, 'Cantique ', NULL),
(1397, 94, 'etude_tour_de_garde', 45, '', NULL),
(1398, 94, 'etude_tour_de_garde', 0, 'Cantique ', NULL),
(1399, 96, '', 0, 'Cantique ', NULL),
(1400, 96, 'discours_public', 30, '', NULL),
(1401, 96, 'etude_tour_de_garde', 0, 'Cantique ', NULL),
(1402, 96, 'etude_tour_de_garde', 45, '', NULL),
(1403, 96, 'etude_tour_de_garde', 0, 'Cantique ', NULL),
(1404, 98, '', 0, 'Cantique ', NULL),
(1405, 98, 'discours_public', 30, '', NULL),
(1406, 98, 'etude_tour_de_garde', 0, 'Cantique ', NULL),
(1407, 98, 'etude_tour_de_garde', 45, '', NULL),
(1408, 98, 'etude_tour_de_garde', 0, 'Cantique ', NULL),
(1409, 100, '', 0, 'Cantique ', NULL),
(1410, 100, 'discours_public', 30, '', NULL),
(1411, 100, 'etude_tour_de_garde', 0, 'Cantique ', NULL),
(1412, 100, 'etude_tour_de_garde', 45, '', NULL),
(1413, 100, 'etude_tour_de_garde', 0, 'Cantique ', NULL),
(1414, 102, '', 0, 'Cantique ', NULL),
(1415, 102, 'discours_public', 30, '', NULL),
(1416, 102, 'etude_tour_de_garde', 0, 'Cantique ', NULL),
(1417, 102, 'etude_tour_de_garde', 45, '', NULL),
(1418, 102, 'etude_tour_de_garde', 0, 'Cantique ', NULL),
(1419, 104, '', 0, 'Cantique ', NULL),
(1420, 104, 'discours_public', 30, '', NULL),
(1421, 104, 'etude_tour_de_garde', 0, 'Cantique ', NULL),
(1422, 104, 'etude_tour_de_garde', 45, '', NULL),
(1423, 104, 'etude_tour_de_garde', 0, 'Cantique ', NULL),
(1424, 106, '', 0, 'Cantique ', NULL),
(1425, 106, 'discours_public', 30, '', NULL),
(1426, 106, 'etude_tour_de_garde', 0, 'Cantique ', NULL),
(1427, 106, 'etude_tour_de_garde', 45, '', NULL),
(1428, 106, 'etude_tour_de_garde', 0, 'Cantique ', NULL),
(1429, 128, '', 0, 'Cantique ', NULL),
(1430, 128, 'discours_public', 30, '', NULL),
(1431, 128, 'etude_tour_de_garde', 0, 'Cantique ', NULL),
(1432, 128, 'etude_tour_de_garde', 45, '', NULL),
(1433, 128, 'etude_tour_de_garde', 0, 'Cantique ', NULL),
(1434, 130, '', 0, 'Cantique ', NULL),
(1435, 130, 'discours_public', 30, '', NULL),
(1436, 130, 'etude_tour_de_garde', 0, 'Cantique ', NULL),
(1437, 130, 'etude_tour_de_garde', 45, '', NULL),
(1438, 130, 'etude_tour_de_garde', 0, 'Cantique ', NULL),
(1439, 132, '', 0, 'Cantique ', NULL),
(1440, 132, 'discours_public', 30, '', NULL),
(1441, 132, 'etude_tour_de_garde', 0, 'Cantique ', NULL),
(1442, 132, 'etude_tour_de_garde', 45, '', NULL),
(1443, 132, 'etude_tour_de_garde', 0, 'Cantique ', NULL),
(1444, 134, '', 0, 'Cantique ', NULL),
(1445, 134, 'discours_public', 30, '', NULL),
(1446, 134, 'etude_tour_de_garde', 0, 'Cantique ', NULL),
(1447, 134, 'etude_tour_de_garde', 45, '', NULL),
(1448, 134, 'etude_tour_de_garde', 0, 'Cantique ', NULL),
(1449, 136, '', 0, 'Cantique ', NULL),
(1450, 136, 'discours_public', 30, '', NULL),
(1451, 136, 'etude_tour_de_garde', 0, 'Cantique ', NULL),
(1452, 136, 'etude_tour_de_garde', 45, '', NULL),
(1453, 136, 'etude_tour_de_garde', 0, 'Cantique ', NULL),
(1454, 138, '', 0, 'Cantique ', NULL),
(1455, 138, 'discours_public', 30, '', NULL),
(1456, 138, 'etude_tour_de_garde', 0, 'Cantique ', NULL),
(1457, 138, 'etude_tour_de_garde', 45, '', NULL),
(1458, 138, 'etude_tour_de_garde', 0, 'Cantique ', NULL),
(1459, 140, '', 0, 'Cantique ', NULL),
(1460, 140, 'discours_public', 30, '', NULL),
(1461, 140, 'etude_tour_de_garde', 0, 'Cantique ', NULL),
(1462, 140, 'etude_tour_de_garde', 45, '', NULL),
(1463, 140, 'etude_tour_de_garde', 0, 'Cantique ', NULL),
(1464, 142, '', 0, 'Cantique ', NULL),
(1465, 142, 'discours_public', 30, '', NULL),
(1466, 142, 'etude_tour_de_garde', 0, 'Cantique ', NULL),
(1467, 142, 'etude_tour_de_garde', 45, '', NULL),
(1468, 142, 'etude_tour_de_garde', 0, 'Cantique ', NULL),
(1469, 144, '', 0, 'Cantique ', NULL),
(1470, 144, 'discours_public', 30, '', NULL),
(1471, 144, 'etude_tour_de_garde', 0, 'Cantique ', NULL),
(1472, 144, 'etude_tour_de_garde', 45, '', NULL),
(1473, 144, 'etude_tour_de_garde', 0, 'Cantique ', NULL),
(1474, 146, '', 0, 'Cantique ', NULL),
(1475, 146, 'discours_public', 30, '', NULL),
(1476, 146, 'etude_tour_de_garde', 0, 'Cantique ', NULL),
(1477, 146, 'etude_tour_de_garde', 45, '', NULL),
(1478, 146, 'etude_tour_de_garde', 0, 'Cantique ', NULL),
(1479, 148, '', 0, 'Cantique ', NULL),
(1480, 148, 'discours_public', 30, '', NULL),
(1481, 148, 'etude_tour_de_garde', 0, 'Cantique ', NULL),
(1482, 148, 'etude_tour_de_garde', 45, '', NULL),
(1483, 148, 'etude_tour_de_garde', 0, 'Cantique ', NULL),
(1484, 150, '', 0, 'Cantique ', NULL),
(1485, 150, 'discours_public', 30, '', NULL),
(1486, 150, 'etude_tour_de_garde', 0, 'Cantique ', NULL),
(1487, 150, 'etude_tour_de_garde', 45, '', NULL),
(1488, 150, 'etude_tour_de_garde', 0, 'Cantique ', NULL),
(1489, 152, '', 0, 'Cantique ', NULL),
(1490, 152, 'discours_public', 30, '', NULL),
(1491, 152, 'etude_tour_de_garde', 0, 'Cantique ', NULL),
(1492, 152, 'etude_tour_de_garde', 45, '', NULL),
(1493, 152, 'etude_tour_de_garde', 0, 'Cantique ', NULL),
(1494, 154, '', 0, 'Cantique ', NULL),
(1495, 154, 'discours_public', 30, '', NULL),
(1496, 154, 'etude_tour_de_garde', 0, 'Cantique ', NULL),
(1497, 154, 'etude_tour_de_garde', 45, '', NULL),
(1498, 154, 'etude_tour_de_garde', 0, 'Cantique ', NULL),
(1499, 156, '', 0, 'Cantique ', NULL),
(1500, 156, 'discours_public', 30, '', NULL),
(1501, 156, 'etude_tour_de_garde', 0, 'Cantique ', NULL),
(1502, 156, 'etude_tour_de_garde', 45, '', NULL),
(1503, 156, 'etude_tour_de_garde', 0, 'Cantique ', NULL),
(1504, 158, '', 0, 'Cantique ', NULL),
(1505, 158, 'discours_public', 30, '', NULL),
(1506, 158, 'etude_tour_de_garde', 0, 'Cantique ', NULL),
(1507, 158, 'etude_tour_de_garde', 45, '', NULL),
(1508, 158, 'etude_tour_de_garde', 0, 'Cantique ', NULL),
(1509, 160, '', 0, 'Cantique ', NULL),
(1510, 160, 'discours_public', 30, '', NULL),
(1511, 160, 'etude_tour_de_garde', 0, 'Cantique ', NULL),
(1512, 160, 'etude_tour_de_garde', 45, '', NULL),
(1513, 160, 'etude_tour_de_garde', 0, 'Cantique ', NULL),
(1514, 162, '', 0, 'Cantique ', NULL),
(1515, 162, 'discours_public', 30, '', NULL),
(1516, 162, 'etude_tour_de_garde', 0, 'Cantique ', NULL),
(1517, 162, 'etude_tour_de_garde', 45, '', NULL),
(1518, 162, 'etude_tour_de_garde', 0, 'Cantique ', NULL),
(1519, 164, '', 0, 'Cantique ', NULL),
(1520, 164, 'discours_public', 30, '', NULL),
(1521, 164, 'etude_tour_de_garde', 0, 'Cantique ', NULL),
(1522, 164, 'etude_tour_de_garde', 45, '', NULL),
(1523, 164, 'etude_tour_de_garde', 0, 'Cantique ', NULL),
(1524, 166, '', 0, 'Cantique ', NULL),
(1525, 166, 'discours_public', 30, '', NULL),
(1526, 166, 'etude_tour_de_garde', 0, 'Cantique ', NULL),
(1527, 166, 'etude_tour_de_garde', 45, '', NULL),
(1528, 166, 'etude_tour_de_garde', 0, 'Cantique ', NULL),
(1529, 168, '', 0, 'Cantique ', NULL),
(1530, 168, 'discours_public', 30, '', NULL),
(1531, 168, 'etude_tour_de_garde', 0, 'Cantique ', NULL),
(1532, 168, 'etude_tour_de_garde', 45, '', NULL),
(1533, 168, 'etude_tour_de_garde', 0, 'Cantique ', NULL),
(1534, 170, '', 0, 'Cantique ', NULL),
(1535, 170, 'discours_public', 30, '', NULL),
(1536, 170, 'etude_tour_de_garde', 0, 'Cantique ', NULL),
(1537, 170, 'etude_tour_de_garde', 45, '', NULL),
(1538, 170, 'etude_tour_de_garde', 0, 'Cantique ', NULL),
(1539, 172, '', 0, 'Cantique ', NULL),
(1540, 172, 'discours_public', 30, '', NULL),
(1541, 172, 'etude_tour_de_garde', 0, 'Cantique ', NULL),
(1542, 172, 'etude_tour_de_garde', 45, '', NULL),
(1543, 172, 'etude_tour_de_garde', 0, 'Cantique ', NULL),
(1544, 174, '', 0, 'Cantique ', NULL),
(1545, 174, 'discours_public', 30, '', NULL),
(1546, 174, 'etude_tour_de_garde', 0, 'Cantique ', NULL),
(1547, 174, 'etude_tour_de_garde', 45, '', NULL),
(1548, 174, 'etude_tour_de_garde', 0, 'Cantique ', NULL),
(1549, 176, '', 0, 'Cantique ', NULL),
(1550, 176, 'discours_public', 30, '', NULL),
(1551, 176, 'etude_tour_de_garde', 0, 'Cantique ', NULL),
(1552, 176, 'etude_tour_de_garde', 45, '', NULL),
(1553, 176, 'etude_tour_de_garde', 0, 'Cantique ', NULL),
(1554, 178, '', 0, 'Cantique ', NULL),
(1555, 178, 'discours_public', 30, '', NULL),
(1556, 178, 'etude_tour_de_garde', 0, 'Cantique ', NULL),
(1557, 178, 'etude_tour_de_garde', 45, '', NULL),
(1558, 178, 'etude_tour_de_garde', 0, 'Cantique ', NULL),
(1559, 180, '', 0, 'Cantique ', NULL),
(1560, 180, 'discours_public', 30, '', NULL),
(1561, 180, 'etude_tour_de_garde', 0, 'Cantique ', NULL),
(1562, 180, 'etude_tour_de_garde', 45, '', NULL),
(1563, 180, 'etude_tour_de_garde', 0, 'Cantique ', NULL),
(1564, 182, '', 0, 'Cantique ', NULL),
(1565, 182, 'discours_public', 30, '', NULL),
(1566, 182, 'etude_tour_de_garde', 0, 'Cantique ', NULL),
(1567, 182, 'etude_tour_de_garde', 45, '', NULL),
(1568, 182, 'etude_tour_de_garde', 0, 'Cantique ', NULL),
(1569, 184, '', 0, 'Cantique ', NULL),
(1570, 184, 'discours_public', 30, '', NULL),
(1571, 184, 'etude_tour_de_garde', 0, 'Cantique ', NULL),
(1572, 184, 'etude_tour_de_garde', 45, '', NULL),
(1573, 184, 'etude_tour_de_garde', 0, 'Cantique ', NULL),
(1574, 186, '', 0, 'Cantique ', NULL),
(1575, 186, 'discours_public', 30, '', NULL),
(1576, 186, 'etude_tour_de_garde', 0, 'Cantique ', NULL),
(1577, 186, 'etude_tour_de_garde', 45, '', NULL),
(1578, 186, 'etude_tour_de_garde', 0, 'Cantique ', NULL),
(1579, 188, '', 0, 'Cantique ', NULL),
(1580, 188, 'discours_public', 30, '', NULL),
(1581, 188, 'etude_tour_de_garde', 0, 'Cantique ', NULL),
(1582, 188, 'etude_tour_de_garde', 45, '', NULL),
(1583, 188, 'etude_tour_de_garde', 0, 'Cantique ', NULL),
(1584, 190, '', 0, 'Cantique ', NULL),
(1585, 190, 'discours_public', 30, '', NULL),
(1586, 190, 'etude_tour_de_garde', 0, 'Cantique ', NULL),
(1587, 190, 'etude_tour_de_garde', 45, '', NULL),
(1588, 190, 'etude_tour_de_garde', 0, 'Cantique ', NULL),
(1589, 192, '', 0, 'Cantique ', NULL),
(1590, 192, 'discours_public', 30, '', NULL),
(1591, 192, 'etude_tour_de_garde', 0, 'Cantique ', NULL),
(1592, 192, 'etude_tour_de_garde', 45, '', NULL),
(1593, 192, 'etude_tour_de_garde', 0, 'Cantique ', NULL),
(1594, 194, '', 0, 'Cantique ', NULL),
(1595, 194, 'discours_public', 30, '', NULL),
(1596, 194, 'etude_tour_de_garde', 0, 'Cantique ', NULL),
(1597, 194, 'etude_tour_de_garde', 45, '', NULL),
(1598, 194, 'etude_tour_de_garde', 0, 'Cantique ', NULL),
(1599, 196, '', 0, 'Cantique ', NULL),
(1600, 196, 'discours_public', 30, '', NULL),
(1601, 196, 'etude_tour_de_garde', 0, 'Cantique ', NULL),
(1602, 196, 'etude_tour_de_garde', 45, '', NULL),
(1603, 196, 'etude_tour_de_garde', 0, 'Cantique ', NULL),
(1604, 198, '', 0, 'Cantique ', NULL),
(1605, 198, 'discours_public', 30, '', NULL),
(1606, 198, 'etude_tour_de_garde', 0, 'Cantique ', NULL),
(1607, 198, 'etude_tour_de_garde', 45, '', NULL),
(1608, 198, 'etude_tour_de_garde', 0, 'Cantique ', NULL),
(1609, 200, '', 0, 'Cantique ', NULL),
(1610, 200, 'discours_public', 30, '', NULL),
(1611, 200, 'etude_tour_de_garde', 0, 'Cantique ', NULL),
(1612, 200, 'etude_tour_de_garde', 45, '', NULL),
(1613, 200, 'etude_tour_de_garde', 0, 'Cantique ', NULL),
(1614, 202, '', 0, 'Cantique ', NULL),
(1615, 202, 'discours_public', 30, '', NULL),
(1616, 202, 'etude_tour_de_garde', 0, 'Cantique ', NULL),
(1617, 202, 'etude_tour_de_garde', 45, '', NULL),
(1618, 202, 'etude_tour_de_garde', 0, 'Cantique ', NULL),
(1619, 204, '', 0, 'Cantique ', NULL),
(1620, 204, 'discours_public', 30, '', NULL),
(1621, 204, 'etude_tour_de_garde', 0, 'Cantique ', NULL),
(1622, 204, 'etude_tour_de_garde', 45, '', NULL),
(1623, 204, 'etude_tour_de_garde', 0, 'Cantique ', NULL),
(1624, 206, '', 0, 'Cantique ', NULL),
(1625, 206, 'discours_public', 30, '', NULL),
(1626, 206, 'etude_tour_de_garde', 0, 'Cantique ', NULL),
(1627, 206, 'etude_tour_de_garde', 45, '', NULL),
(1628, 206, 'etude_tour_de_garde', 0, 'Cantique ', NULL),
(1629, 208, '', 0, 'Cantique ', NULL),
(1630, 208, 'discours_public', 30, '', NULL),
(1631, 208, 'etude_tour_de_garde', 0, 'Cantique ', NULL),
(1632, 208, 'etude_tour_de_garde', 45, '', NULL),
(1633, 208, 'etude_tour_de_garde', 0, 'Cantique ', NULL),
(1634, 210, '', 0, 'Cantique ', NULL),
(1635, 210, 'discours_public', 30, '', NULL),
(1636, 210, 'etude_tour_de_garde', 0, 'Cantique ', NULL),
(1637, 210, 'etude_tour_de_garde', 45, '', NULL),
(1638, 210, 'etude_tour_de_garde', 0, 'Cantique ', NULL),
(1639, 212, '', 0, 'Cantique ', NULL),
(1640, 212, 'discours_public', 30, '', NULL),
(1641, 212, 'etude_tour_de_garde', 0, 'Cantique ', NULL),
(1642, 212, 'etude_tour_de_garde', 45, '', NULL),
(1643, 212, 'etude_tour_de_garde', 0, 'Cantique ', NULL),
(1644, 214, '', 0, 'Cantique ', NULL),
(1645, 214, 'discours_public', 30, '', NULL),
(1646, 214, 'etude_tour_de_garde', 0, 'Cantique ', NULL),
(1647, 214, 'etude_tour_de_garde', 45, '', NULL),
(1648, 214, 'etude_tour_de_garde', 0, 'Cantique ', NULL),
(1649, 216, '', 0, 'Cantique ', NULL),
(1650, 216, 'discours_public', 30, '', NULL),
(1651, 216, 'etude_tour_de_garde', 0, 'Cantique ', NULL),
(1652, 216, 'etude_tour_de_garde', 45, '', NULL),
(1653, 216, 'etude_tour_de_garde', 0, 'Cantique ', NULL),
(1654, 218, '', 0, 'Cantique ', NULL),
(1655, 218, 'discours_public', 30, '', NULL),
(1656, 218, 'etude_tour_de_garde', 0, 'Cantique ', NULL),
(1657, 218, 'etude_tour_de_garde', 45, '', NULL),
(1658, 218, 'etude_tour_de_garde', 0, 'Cantique ', NULL),
(1659, 220, '', 0, 'Cantique ', NULL),
(1660, 220, 'discours_public', 30, '', NULL),
(1661, 220, 'etude_tour_de_garde', 0, 'Cantique ', NULL),
(1662, 220, 'etude_tour_de_garde', 45, '', NULL),
(1663, 220, 'etude_tour_de_garde', 0, 'Cantique ', NULL),
(1664, 222, '', 0, 'Cantique ', NULL),
(1665, 222, 'discours_public', 30, '', NULL),
(1666, 222, 'etude_tour_de_garde', 0, 'Cantique ', NULL),
(1667, 222, 'etude_tour_de_garde', 45, '', NULL),
(1668, 222, 'etude_tour_de_garde', 0, 'Cantique ', NULL),
(1669, 224, '', 0, 'Cantique ', NULL),
(1670, 224, 'discours_public', 30, '', NULL),
(1671, 224, 'etude_tour_de_garde', 0, 'Cantique ', NULL),
(1672, 224, 'etude_tour_de_garde', 45, '', NULL),
(1673, 224, 'etude_tour_de_garde', 0, 'Cantique ', NULL),
(1674, 226, '', 0, 'Cantique ', NULL),
(1675, 226, 'discours_public', 30, '', NULL),
(1676, 226, 'etude_tour_de_garde', 0, 'Cantique ', NULL),
(1677, 226, 'etude_tour_de_garde', 45, '', NULL),
(1678, 226, 'etude_tour_de_garde', 0, 'Cantique ', NULL),
(1679, 228, '', 0, 'Cantique ', NULL),
(1680, 228, 'discours_public', 30, '', NULL),
(1681, 228, 'etude_tour_de_garde', 0, 'Cantique ', NULL),
(1682, 228, 'etude_tour_de_garde', 45, '', NULL),
(1683, 228, 'etude_tour_de_garde', 0, 'Cantique ', NULL),
(1684, 230, '', 0, 'Cantique ', NULL),
(1685, 230, 'discours_public', 30, '', NULL),
(1686, 230, 'etude_tour_de_garde', 0, 'Cantique ', NULL),
(1687, 230, 'etude_tour_de_garde', 45, '', NULL),
(1688, 230, 'etude_tour_de_garde', 0, 'Cantique ', NULL),
(1689, 232, '', 0, 'Cantique ', NULL),
(1690, 232, 'discours_public', 30, '', NULL),
(1691, 232, 'etude_tour_de_garde', 0, 'Cantique ', NULL),
(1692, 232, 'etude_tour_de_garde', 45, '', NULL),
(1693, 232, 'etude_tour_de_garde', 0, 'Cantique ', NULL),
(1694, 234, '', 0, 'Cantique ', NULL),
(1695, 234, 'discours_public', 30, '', NULL),
(1696, 234, 'etude_tour_de_garde', 0, 'Cantique ', NULL),
(1697, 234, 'etude_tour_de_garde', 45, '', NULL),
(1698, 234, 'etude_tour_de_garde', 0, 'Cantique ', NULL),
(1699, 236, '', 0, 'Cantique ', NULL),
(1700, 236, 'discours_public', 30, '', NULL),
(1701, 236, 'etude_tour_de_garde', 0, 'Cantique ', NULL),
(1702, 236, 'etude_tour_de_garde', 45, '', NULL),
(1703, 236, 'etude_tour_de_garde', 0, 'Cantique ', NULL),
(1704, 238, '', 0, 'Cantique ', NULL),
(1705, 238, 'discours_public', 30, '', NULL),
(1706, 238, 'etude_tour_de_garde', 0, 'Cantique ', NULL),
(1707, 238, 'etude_tour_de_garde', 45, '', NULL),
(1708, 238, 'etude_tour_de_garde', 0, 'Cantique ', NULL),
(1709, 240, '', 0, 'Cantique ', NULL),
(1710, 240, 'discours_public', 30, '', NULL),
(1711, 240, 'etude_tour_de_garde', 0, 'Cantique ', NULL),
(1712, 240, 'etude_tour_de_garde', 45, '', NULL),
(1713, 240, 'etude_tour_de_garde', 0, 'Cantique ', NULL),
(1714, 242, '', 0, 'Cantique ', NULL),
(1715, 242, 'discours_public', 30, '', NULL),
(1716, 242, 'etude_tour_de_garde', 0, 'Cantique ', NULL),
(1717, 242, 'etude_tour_de_garde', 45, '', NULL),
(1718, 242, 'etude_tour_de_garde', 0, 'Cantique ', NULL),
(1719, 141, '', 0, 'Cantique 55 et prière', NULL),
(1720, 141, '', 3, 'Introduction ', NULL),
(1722, 141, 'joyaux', 10, '« Que la volonté de Jéhovah se fasse » ', NULL),
(1723, 141, 'joyaux', 8, 'Recherchons des perles spirituelles ', NULL),
(1724, 141, 'joyaux', 4, 'Lecture de la Bible : Ac 21:1-19 ', NULL),
(1726, 141, 'applique_toi', 10, 'Applique-​toi à la lecture et à l’enseignement ', NULL),
(1727, 141, 'applique_toi', 5, 'Discours : w10 1/2 13 § 2-14 § 2. Thème : Les chrétiens doivent-​ils respecter le sabbat hebdomadaire ? ', NULL),
(1729, 141, 'vie_chretienne', 0, 'Cantique 134', NULL),
(1730, 141, 'vie_chretienne', 15, '« Jéhovah nous a appris comment élever nos enfants » ', NULL),
(1731, 141, 'vie_chretienne', 30, 'Étude biblique de l’assemblée ', NULL),
(1732, 141, 'vie_chretienne', 3, 'Révision puis aperçu de la semaine suivante ', NULL),
(1733, 141, 'vie_chretienne', 0, 'Cantique 70 et prière', NULL),
(1734, 143, '', 0, 'Cantique 148 et prière', NULL),
(1735, 143, '', 3, 'Introduction ', NULL),
(1737, 143, 'joyaux', 10, '« Accusé d’être une plaie et de provoquer des révoltes » ', NULL),
(1738, 143, 'joyaux', 8, 'Recherchons des perles spirituelles ', NULL),
(1739, 143, 'joyaux', 4, 'Lecture de la Bible : Ac 23:1-15 ', NULL),
(1741, 143, 'applique_toi', 4, 'Vidéo du premier contact ', NULL),
(1742, 143, 'applique_toi', 2, 'Premier contact : Utilise la suggestion de conversation ', NULL),
(1743, 143, 'applique_toi', 3, 'Premier contact : Commence par la suggestion de conversation. Surmonte une objection courante ', NULL),
(1744, 143, 'applique_toi', 3, 'Premier contact : Commence par la suggestion de conversation. Surmonte une objection courante ', NULL),
(1746, 143, 'vie_chretienne', 0, 'Cantique 77', NULL),
(1747, 143, 'vie_chretienne', 15, 'Rapport de service annuel ', NULL),
(1748, 143, 'vie_chretienne', 30, 'Étude biblique de l’assemblée ', NULL),
(1749, 143, 'vie_chretienne', 3, 'Révision puis aperçu de la semaine suivante ', NULL),
(1750, 143, 'vie_chretienne', 0, 'Cantique 128 et prière', NULL),
(1751, 145, '', 0, 'Cantique 73 et prière', NULL),
(1752, 145, '', 3, 'Introduction ', NULL),
(1754, 145, 'joyaux', 10, '« Paul en appelle à César, puis donne un témoignage au roi Hérode Agrippa » ', NULL),
(1755, 145, 'joyaux', 8, 'Recherchons des perles spirituelles ', NULL),
(1756, 145, 'joyaux', 4, 'Lecture de la Bible : Ac 25:1-12 ', NULL),
(1758, 145, 'applique_toi', 5, 'Vidéo de la première nouvelle visite ', NULL),
(1759, 145, 'applique_toi', 3, 'Première nouvelle visite : Utilise la suggestion de conversation ', NULL),
(1760, 145, 'applique_toi', 4, 'Première nouvelle visite : Commence par la suggestion de conversation. Puis présente le livre Enseigne ', NULL),
(1762, 145, 'vie_chretienne', 0, 'Cantique 38', NULL),
(1763, 145, 'vie_chretienne', 15, '« La reconnaissance de notre œuvre au Québec » ', NULL),
(1764, 145, 'vie_chretienne', 30, 'Étude biblique de l’assemblée ', NULL),
(1765, 145, 'vie_chretienne', 3, 'Révision puis aperçu de la semaine suivante ', NULL),
(1766, 145, 'vie_chretienne', 0, 'Cantique 122 et prière', NULL),
(1767, 147, '', 0, 'Cantique 129 et prière', NULL),
(1768, 147, '', 3, 'Introduction ', NULL),
(1770, 147, 'joyaux', 10, '« Paul embarque pour Rome » ', NULL),
(1771, 147, 'joyaux', 8, 'Recherchons des perles spirituelles ', NULL),
(1772, 147, 'joyaux', 4, 'Lecture de la Bible : Ac 27:1-12 ', NULL),
(1774, 147, 'applique_toi', 5, 'Vidéo de la deuxième nouvelle visite ', NULL),
(1775, 147, 'applique_toi', 3, 'Deuxième nouvelle visite : Utilise la suggestion de conversation ', NULL),
(1776, 147, 'applique_toi', 5, 'Cours biblique lvs chap. 12 § 16-17 ', NULL),
(1778, 147, 'vie_chretienne', 0, 'Cantique 103', NULL),
(1779, 147, 'vie_chretienne', 15, '« Paul a remercié Dieu et a pris courage » : Discussion. Montrer la vidéo « Le fer s’aiguise par le fer » ', NULL),
(1780, 147, 'vie_chretienne', 30, 'Étude biblique de l’assemblée ', NULL),
(1781, 147, 'vie_chretienne', 3, 'Révision puis aperçu de la semaine suivante ', NULL),
(1782, 147, 'vie_chretienne', 0, 'Cantique 93 et prière', NULL),
(1783, 149, '', 0, 'Cantique 88 et prière', NULL),
(1784, 149, '', 3, 'Introduction ', NULL),
(1786, 149, 'joyaux', 10, '« Continue d’éduquer ta conscience » ', NULL),
(1787, 149, 'joyaux', 8, 'Recherchons des perles spirituelles ', NULL),
(1788, 149, 'joyaux', 4, 'Lecture de la Bible : Rm 1:1-17 ', NULL),
(1790, 149, 'applique_toi', 10, 'Applique-​toi à la lecture et à l’enseignement ', NULL),
(1791, 149, 'applique_toi', 5, 'Discours : w06 1/6 12-13. Thème : Gardons un point de vue réaliste sur nos limites et celles des autres ', NULL),
(1793, 149, 'vie_chretienne', 0, 'Cantique 6', NULL),
(1794, 149, 'vie_chretienne', 15, '« Vois-​tu clairement les qualités invisibles de Dieu ? » ', NULL),
(1795, 149, 'vie_chretienne', 30, 'Étude biblique de l’assemblée ', NULL),
(1796, 149, 'vie_chretienne', 3, 'Révision puis aperçu de la semaine suivante ', NULL),
(1797, 149, 'vie_chretienne', 0, 'Cantique 142 et prière', NULL),
(1798, 151, '', 0, 'Cantique 20 et prière', NULL),
(1799, 151, '', 3, 'Introduction', NULL),
(1800, 151, 'joyaux', 10, '« Dieu nous montre son amour » ', NULL),
(1801, 151, 'joyaux', 8, 'Recherchons des perles spirituelles ', NULL),
(1802, 151, 'joyaux', 4, 'Lecture de la Bible : Rm 4:1-15 ', NULL),
(1803, 151, 'applique_toi', 4, 'Vidéo du premier contact ', NULL),
(1804, 151, 'applique_toi', 2, 'Premier contact : Utilise la suggestion de conversation ', NULL),
(1805, 151, 'applique_toi', 3, 'Premier contact : Commence par la suggestion de conversation. Puis surmonte une objection courante ', NULL),
(1806, 151, 'applique_toi', 3, 'Premier contact : Commence par la suggestion de conversation. Puis présente une publication de notre panoplie d’enseignant ', NULL),
(1807, 151, 'vie_chretienne', 0, 'Cantique 107', NULL),
(1808, 151, 'vie_chretienne', 15, 'Besoins de l’assemblée ', NULL),
(1809, 151, 'vie_chretienne', 30, 'Étude biblique de l’assemblée ', NULL),
(1810, 151, 'vie_chretienne', 3, 'Révision puis aperçu de la semaine suivante ', NULL),
(1811, 151, 'vie_chretienne', 0, 'Cantique 97 et prière', NULL),
(1812, 153, '', 0, 'Cantique 27 et prière', NULL),
(1813, 153, '', 3, 'Introduction', NULL),
(1815, 153, 'joyaux', 10, '« Attends-​tu vivement la réalisation des promesses ? »  : ', NULL),
(1816, 153, 'joyaux', 8, 'Recherchons des perles spirituelles  : ', NULL),
(1817, 153, 'joyaux', 4, 'Lecture de la Bible  : Rm 7:13-25 (th leçon 10) ', 10),
(1819, 153, 'applique_toi', 5, 'Vidéo de la première nouvelle visite : Montrer la vidéo, puis en discuter. ', NULL),
(1820, 153, 'applique_toi', 3, 'Première nouvelle visite : Utilise la suggestion de conversation (th leçon 6). ', 6),
(1821, 153, 'applique_toi', 5, 'Première nouvelle visite  puis discutes-​en avec ton interlocuteur (th leçon 9). ', 9),
(1823, 153, 'vie_chretienne', 0, 'Cantique 139', NULL),
(1824, 153, 'vie_chretienne', 15, '« Continuons à l’attendre vivement et avec endurance »  : Discussion. Montrer la vidéo Nous devons « courir avec endurance » — Soyons certains de remporter le prix. ', NULL),
(1825, 153, 'vie_chretienne', 30, 'Étude biblique de l’assemblée  : jy chap. 55 ', NULL),
(1826, 153, 'vie_chretienne', 0, 'Révision puis aperçu de la semaine suivante (3 min)', NULL),
(1827, 153, 'vie_chretienne', 0, 'Cantique 124 et prière', NULL),
(1828, 155, '', 0, 'Cantique 25 et prière', NULL),
(1829, 155, '', 0, 'Introduction (3 min ou moins)', NULL),
(1831, 155, 'joyaux', 10, '« L’exemple de l’olivier »  : ', NULL),
(1832, 155, 'joyaux', 8, 'Recherchons des perles spirituelles  : ', NULL),
(1833, 155, 'joyaux', 4, 'Lecture de la Bible : Rm 10:1-15 (th leçon 10) ', 10),
(1835, 155, 'applique_toi', 5, 'Vidéo de la deuxième nouvelle visite : Montrer la vidéo, puis en discuter. ', NULL),
(1836, 155, 'applique_toi', 3, 'Deuxième nouvelle visite : Utilise la suggestion de conversation (th leçon 6). ', 6),
(1837, 155, 'applique_toi', 5, 'Cours biblique : Utilise la suggestion de conversation pour la deuxième nouvelle visite, puis commence un cours biblique à l’aide du livre Enseigne (th leçon 9). ', 9),
(1839, 155, 'vie_chretienne', 0, 'Cantique 60', NULL),
(1840, 155, 'vie_chretienne', 15, '« Devenons plus habiles dans le ministère : Arrêter un cours biblique improductif »  : Discussion. Montrer la vidéo. ', NULL),
(1841, 155, 'vie_chretienne', 30, 'Étude biblique de l’assemblée : jy chap. 56 ', NULL),
(1842, 155, 'vie_chretienne', 0, 'Révision puis aperçu de la semaine suivante (3 min)', NULL),
(1843, 155, 'vie_chretienne', 0, 'Cantique 36 et prière', NULL),
(1844, 157, '', 5, 'Cantique 106 et prière', NULL),
(1845, 157, '', 3, 'Introduction (3 min ou moins)', NULL),
(1847, 157, 'joyaux', 10, '« Comment manifester l’amour chrétien »  : ', NULL),
(1848, 157, 'joyaux', 8, 'Recherchons des perles spirituelles  : ', NULL),
(1849, 157, 'joyaux', 4, 'Lecture de la Bible  : Rm 13:1-14 (th leçon 10) ', 10),
(1851, 157, 'applique_toi', 10, 'Applique-​toi à la lecture et à l’enseignement  : Discussion. Montrer la vidéo Usage de questions, puis discuter de la leçon 3 de la brochure Enseignement. ', NULL),
(1852, 157, 'applique_toi', 5, 'Discours  : w11 1/9 21-22. Thème : Pourquoi les chrétiens doivent-​ils payer leurs impôts même si cet argent sert à financer des activités qui ne sont pas approuvées par la Bible ? (th leçon 3). ', 3),
(1854, 157, 'vie_chretienne', 5, 'Cantique 77', NULL),
(1855, 157, 'vie_chretienne', 0, 'Besoins de l’assemblée (15 min)', NULL),
(1856, 157, 'vie_chretienne', 30, 'Étude biblique de l’assemblée : jy chap. 57 ', NULL),
(1857, 157, 'vie_chretienne', 3, 'Révision puis aperçu de la semaine suivante (3 min)', NULL),
(1858, 157, 'vie_chretienne', 5, 'Cantique 57 et prière', NULL),
(1859, 159, '', 0, 'Cantique 33 et prière', NULL),
(1860, 159, '', 0, 'Introduction (3 min ou moins)', NULL),
(1862, 159, 'joyaux', 10, '« Cherche l’endurance et la consolation auprès de Jéhovah »  : ', NULL),
(1863, 159, 'joyaux', 8, 'Recherchons des perles spirituelles  : ', NULL),
(1864, 159, 'joyaux', 4, 'Lecture de la Bible  : Rm 15:1-16 (th leçon 10) ', 10),
(1866, 159, 'applique_toi', 4, 'Vidéo du premier contact  : Montrer la vidéo, puis en discuter. ', NULL),
(1867, 159, 'applique_toi', 2, 'Premier contact  : Utilise la suggestion de conversation (th leçon 3). ', 3),
(1868, 159, 'applique_toi', 3, 'Premier contact  : Commence par la suggestion de conversation, puis surmonte une objection courante (th leçon 10). ', 10),
(1869, 159, 'applique_toi', 3, 'Premier contact  : Commence par la suggestion de conversation, puis surmonte une objection courante (th leçon 11). ', 11),
(1871, 159, 'vie_chretienne', 0, 'Cantique 129', NULL),
(1872, 159, 'vie_chretienne', 15, 'Comment Jéhovah « donne l’endurance et la consolation »  : Montrer la vidéo, puis discuter de ces questions : ', NULL),
(1873, 159, 'vie_chretienne', 30, 'Étude biblique de l’assemblée  : jy chap. 58 ', NULL),
(1874, 159, 'vie_chretienne', 0, 'Révision puis aperçu de la semaine suivante (3 min)', NULL),
(1875, 159, 'vie_chretienne', 0, 'Cantique 34 et prière', NULL),
(1876, 161, '', 0, 'Cantique 127 et prière', NULL),
(1877, 161, '', 0, 'Introduction (3 min ou moins)', NULL),
(1879, 161, 'joyaux', 10, '« Es-​tu un homme physique ou un homme spirituel ? »  : ', NULL),
(1880, 161, 'joyaux', 8, 'Recherchons des perles spirituelles  : ', NULL),
(1881, 161, 'joyaux', 4, 'Lecture de la Bible : 1Co 1:1-17 (th leçon 10) ', 10),
(1883, 161, 'applique_toi', 5, 'Vidéo de la première nouvelle visite : Montrer la vidéo, puis en discuter. ', NULL),
(1884, 161, 'applique_toi', 3, 'Première nouvelle visite : Utilise la suggestion de conversation (th leçon 3). ', 3),
(1885, 161, 'applique_toi', 4, 'Première nouvelle visite : Commence par la suggestion de conversation, puis présente le livre Enseigne (th leçon 11). ', 11),
(1887, 161, 'vie_chretienne', 0, 'Cantique 18', NULL),
(1888, 161, 'vie_chretienne', 8, '« Devenons plus habiles dans le ministère : Des lettres bien rédigées » : Discussion.', NULL),
(1889, 161, 'vie_chretienne', 7, 'Campagne d’invitation au Mémorial débutant le samedi 23 mars', NULL),
(1890, 161, 'vie_chretienne', 30, 'Étude biblique de l’assemblée  : jy chap. 59 ', NULL),
(1891, 161, 'vie_chretienne', 3, 'Révision puis aperçu de la semaine suivante', NULL),
(1892, 161, 'vie_chretienne', 0, 'Cantique 51 et prière', NULL),
(1893, 163, '', 0, 'Cantique 123 et prière', NULL),
(1894, 163, '', 0, 'Introduction (3 min ou moins)', NULL);
INSERT INTO `jw_reunion_programme` (`id_reunion_programme`, `id_reunion_session`, `partie`, `duree_min`, `nom`, `id_point_eleve`) VALUES
(1896, 163, 'joyaux', 10, '« Un peu de levain fait fermenter toute la pâte »  : ', NULL),
(1897, 163, 'joyaux', 8, 'Recherchons des perles spirituelles', NULL),
(1898, 163, 'joyaux', 4, 'Lecture de la Bible : 1Co 6:1-14 (th leçon 10) ', 10),
(1900, 163, 'applique_toi', 5, 'Vidéo de la deuxième nouvelle visite : Montrer la vidéo, puis en discuter. ', NULL),
(1901, 163, 'applique_toi', 3, 'Deuxième nouvelle visite : Utilise la suggestion de conversation (th leçon 11). ', 11),
(1902, 163, 'applique_toi', 5, 'Cours biblique  : lvs 44 (th leçon 3) ', 3),
(1904, 163, 'vie_chretienne', 0, 'Cantique 78', NULL),
(1905, 163, 'vie_chretienne', 15, '« Utilisons les vidéos pour enseigner nos étudiants de la Bible » : Discussion. ', NULL),
(1906, 163, 'vie_chretienne', 30, 'Étude biblique de l’assemblée  : jy chap. 60 ', NULL),
(1907, 163, 'vie_chretienne', 3, 'Révision puis aperçu de la semaine suivante', NULL),
(1908, 163, 'vie_chretienne', 0, 'Cantique 23 et prière', NULL),
(1909, 165, '', 0, 'Cantique 136 et prière', NULL),
(1910, 165, '', 3, 'Introduction', NULL),
(1912, 165, 'joyaux', 10, '« Le célibat : un don »', NULL),
(1913, 165, 'joyaux', 8, 'Recherchons des perles spirituelles  : ', NULL),
(1914, 165, 'joyaux', 4, 'Lecture de la Bible  : 1Co 8:1-13 (th leçon 5) ', 5),
(1916, 165, 'applique_toi', 10, 'Applique-​toi à la lecture et à l’enseignement', NULL),
(1917, 165, 'applique_toi', 5, 'Discours  : w12 15/11 20. Thème : Ceux qui choisissent de rester célibataires ont-​ils reçu le don du célibat de façon mystérieuse ? (th leçon 12).', 12),
(1919, 165, 'vie_chretienne', 0, 'Cantique 37', NULL),
(1920, 165, 'vie_chretienne', 15, 'Réussissez votre vie de célibataire', NULL),
(1921, 165, 'vie_chretienne', 30, 'Étude biblique de l’assemblée  : jy chap. 61 ', NULL),
(1922, 165, 'vie_chretienne', 3, 'Révision puis aperçu de la semaine suivante', NULL),
(1923, 165, 'vie_chretienne', 0, 'Cantique 42 et prière', NULL),
(1924, 167, '', 0, 'Cantique 30 et prière', NULL),
(1925, 167, '', 3, 'Introduction', NULL),
(1927, 167, 'joyaux', 10, '« Jéhovah est fidèle »  : ', NULL),
(1928, 167, 'joyaux', 8, 'Recherchons des perles spirituelles  : ', NULL),
(1929, 167, 'joyaux', 4, 'Lecture de la Bible  : 1Co 10:1-17 (th leçon 5) ', 5),
(1931, 167, 'applique_toi', 4, 'Vidéo du premier contact  : Montrer la vidéo, puis en discuter. ', NULL),
(1932, 167, 'applique_toi', 2, 'Premier contact  : Utilise la suggestion de conversation (th leçon 1). ', 1),
(1933, 167, 'applique_toi', 3, 'Premier contact  : Commence par la suggestion de conversation. Surmonte une objection courante (th leçon 3). ', 3),
(1934, 167, 'applique_toi', 3, 'Premier contact  : Commence par la suggestion de conversation. Présente une publication de notre panoplie d’enseignant (th leçon 6). ', 6),
(1936, 167, 'vie_chretienne', 0, 'Cantique 25', NULL),
(1937, 167, 'vie_chretienne', 10, '« Les membres du corps sont nécessaires » (1Co 12:22)   ', NULL),
(1938, 167, 'vie_chretienne', 5, '« Comment vas-​tu te préparer pour le Mémorial ? »  : Discours.', NULL),
(1939, 167, 'vie_chretienne', 30, 'Étude biblique de l’assemblée  : jy chap. 62', NULL),
(1940, 167, 'vie_chretienne', 3, 'Révision puis aperçu de la semaine suivante', NULL),
(1941, 167, 'vie_chretienne', 0, 'Cantique 31 et prière', NULL),
(1942, 171, '', 0, 'Cantique 22 et prière', NULL),
(1943, 171, '', 3, 'Introduction', NULL),
(1945, 171, 'joyaux', 10, '« Dieu sera “tout pour tous” » ', NULL),
(1946, 171, 'joyaux', 8, 'Recherchons des perles spirituelles ', NULL),
(1947, 171, 'joyaux', 4, 'Lecture de la Bible  : 1Co 14:20-40 (th leçon 10) ', 10),
(1949, 171, 'applique_toi', 5, 'Vidéo de la première nouvelle visite', NULL),
(1950, 171, 'applique_toi', 3, 'Première nouvelle visite  : th leçon 3', 3),
(1951, 171, 'applique_toi', 5, 'Première nouvelle visite  :  th leçon 9', 9),
(1953, 171, 'vie_chretienne', 0, 'Cantique 69', NULL),
(1954, 171, 'vie_chretienne', 15, 'Besoins de l’assemblée', NULL),
(1955, 171, 'vie_chretienne', 30, 'Étude biblique de l’assemblée  : jy chap. 63 ', NULL),
(1956, 171, 'vie_chretienne', 3, 'Révision puis aperçu de la semaine suivante', NULL),
(1957, 171, 'vie_chretienne', 0, 'Cantique 103 et prière', NULL),
(1958, 173, '', 0, 'Cantique 44 et prière', NULL),
(1959, 173, '', 3, 'Introduction', NULL),
(1961, 173, 'joyaux', 10, '« Jéhovah : “le Dieu de toute consolation” » ', NULL),
(1962, 173, 'joyaux', 8, 'Recherchons des perles spirituelles', NULL),
(1963, 173, 'joyaux', 4, 'Lecture de la Bible  : 2Co 3:1-18 (th leçon 10) ', 10),
(1965, 173, 'applique_toi', 5, 'Vidéo de la deuxième nouvelle visite', NULL),
(1966, 173, 'applique_toi', 3, 'Deuxième nouvelle visite : Utilise la suggestion de conversation (th leçon 6).', 6),
(1967, 173, 'applique_toi', 5, 'Cours biblique : bhs 52-53 § 3-4 (th leçon 8)', 8),
(1969, 173, 'vie_chretienne', 0, 'Cantique 86', NULL),
(1970, 173, 'vie_chretienne', 15, '« Cherche à être formé par Dieu »  : Discussion.', NULL),
(1971, 173, 'vie_chretienne', 30, 'Étude biblique de l’assemblée  : jy chap. 64', NULL),
(1972, 173, 'vie_chretienne', 3, 'Révision puis aperçu de la semaine suivante', NULL),
(1973, 173, 'vie_chretienne', 0, 'Cantique 130 et prière', NULL),
(1975, 175, '', 0, 'Cantique 128 et prière', NULL),
(1976, 175, '', 10, '« Nous n’abandonnons pas »  : ', NULL),
(1978, 175, 'joyaux', 8, 'Recherchons des perles spirituelles  : ', NULL),
(1979, 175, 'joyaux', 0, 'Quelles autres perles spirituelles as-​tu découvertes dans la lecture de la Bible de cette semaine ?', NULL),
(1980, 175, 'joyaux', 4, 'Lecture de la Bible  : 2Co 4:1-15 (th leçon 12) ', 12),
(1982, 175, 'applique_toi', 10, 'Applique-​toi à la lecture et à l’enseignement  : Discussion. Montrer la vidéo Lecture exacte, puis discuter de la leçon 5 de la brochure Enseignement. ', NULL),
(1983, 175, 'applique_toi', 5, 'Discours  : w04 1/7 30-31. Thème : Serait-​il sage qu’un chrétien baptisé fréquente un proclamateur non baptisé dans le but de se marier ? (th leçon 7). ', 7),
(1985, 175, 'vie_chretienne', 0, 'Cantique 143', NULL),
(1986, 175, 'vie_chretienne', 8, 'Je fais tout mon possible  : Montrer la vidéo, puis poser ces questions : Comment frère Foster a-​t-​il donné son maximum à Jéhovah quand il était jeune et en pleine santé ? Comment sa situation a-​t-​elle changé ? Comment continue-​t-​il malgré tout à do', NULL),
(1987, 175, 'vie_chretienne', 0, 'Besoins de l’assemblée (7 min)', NULL),
(1988, 175, 'vie_chretienne', 30, 'Étude biblique de l’assemblée  : jy chap. 65 ', NULL),
(1989, 175, 'vie_chretienne', 0, 'Révision puis aperçu de la semaine suivante (3 min)', NULL),
(1990, 175, 'vie_chretienne', 0, 'Cantique 65 et prière', NULL),
(1991, 177, '', 0, 'Cantique 109 et prière', NULL),
(1992, 177, '', 0, 'Introduction (3 min ou moins)', NULL),
(1994, 177, 'joyaux', 10, '« Notre “ministère des secours” »  : ', NULL),
(1995, 177, 'joyaux', 8, 'Recherchons des perles spirituelles  : ', NULL),
(1996, 177, 'joyaux', 4, 'Lecture de la Bible  : 2Co 7:1-12 (th leçon 12) ', 12),
(1998, 177, 'applique_toi', 4, 'Vidéo du premier contact  : Montrer la vidéo, puis en discuter. ', NULL),
(1999, 177, 'applique_toi', 2, 'Premier contact  : Utilise la suggestion de conversation (th leçon 1). ', 1),
(2000, 177, 'applique_toi', 3, 'Premier contact  : Commence par la suggestion de conversation. Surmonte une objection courante (th leçon 2). ', 2),
(2001, 177, 'applique_toi', 3, 'Premier contact  : Commence par la suggestion de conversation. Surmonte une objection courante (th leçon 4). ', 4),
(2003, 177, 'vie_chretienne', 0, 'Cantique 17', NULL),
(2004, 177, 'vie_chretienne', 15, '« Ce que nos opérations de secours ont apporté à nos frères des Antilles »  : Discussion. Montrer la vidéo L’amour en action : les opérations de secours dans les îles. ', NULL),
(2005, 177, 'vie_chretienne', 30, 'Étude biblique de l’assemblée  : jy chap. 66 ', NULL),
(2006, 177, 'vie_chretienne', 0, 'Révision puis aperçu de la semaine suivante (3 min)', NULL),
(2007, 177, 'vie_chretienne', 0, 'Cantique 94 et prière', NULL),
(2008, 179, '', 0, 'Cantique 3 et prière', NULL),
(2009, 179, '', 0, 'Introduction (3 min ou moins)', NULL),
(2011, 179, 'joyaux', 10, '« Paul avait une “épine dans la chair” »  : ', NULL),
(2012, 179, 'joyaux', 8, 'Recherchons des perles spirituelles  : ', NULL),
(2013, 179, 'joyaux', 4, 'Lecture de la Bible  : 2Co 11:1-15 (th leçon 5) ', 5),
(2015, 179, 'applique_toi', 5, 'Vidéo de la première nouvelle visite  : Montrer la vidéo, puis en discuter. ', NULL),
(2016, 179, 'applique_toi', 3, 'Première nouvelle visite  : Utilise la suggestion de conversation (th leçon 2). ', 2),
(2017, 179, 'applique_toi', 4, 'Première nouvelle visite  : Commence par la suggestion de conversation, puis présente le livre Enseigne (th leçon 4). ', 4),
(2019, 179, 'vie_chretienne', 0, 'Cantique 38', NULL),
(2020, 179, 'vie_chretienne', 15, '« Tu peux y arriver malgré ton “épine dans la chair” ! »  : Discussion. Montrer la vidéo Les yeux des aveugles s’ouvriront. Informer l’auditoire que des publications pour aveugles et malvoyants sont disponibles en braille en 47 langues et sous d’autres fo', NULL),
(2021, 179, 'vie_chretienne', 30, 'Étude biblique de l’assemblée  : jy chap. 67 ', NULL),
(2022, 179, 'vie_chretienne', 0, 'Révision puis aperçu de la semaine suivante (3 min)', NULL),
(2023, 179, 'vie_chretienne', 0, 'Cantique 78 et prière', NULL),
(2024, 181, '', 0, 'Cantique 106 et prière', NULL),
(2025, 181, '', 0, 'Introduction (3 min ou moins)', NULL),
(2027, 181, 'joyaux', 10, '« Je lui ai résisté en face »  : ', NULL),
(2028, 181, 'joyaux', 8, 'Recherchons des perles spirituelles  : ', NULL),
(2029, 181, 'joyaux', 4, 'Lecture de la Bible  : Ga 2:11-21 (th leçon 10) ', 10),
(2031, 181, 'applique_toi', 5, 'Vidéo de la deuxième nouvelle visite  : Montrer la vidéo, puis en discuter. ', NULL),
(2032, 181, 'applique_toi', 3, 'Deuxième nouvelle visite  : Utilise la suggestion de conversation (th leçon 2). ', 2),
(2033, 181, 'applique_toi', 5, 'Cours biblique  : bhs 202-203 § 18-19 (th leçon 6) ', 6),
(2035, 181, 'vie_chretienne', 0, 'Cantique 92', NULL),
(2036, 181, 'vie_chretienne', 0, '« Comment pouvons-​nous tous participer à l’entretien de nos lieux de culte ? » (15 min)', NULL),
(2037, 181, 'vie_chretienne', 30, 'Étude biblique de l’assemblée  : jy chap. 68 ', NULL),
(2038, 181, 'vie_chretienne', 0, 'Révision puis aperçu de la semaine suivante (3 min)', NULL),
(2039, 181, 'vie_chretienne', 0, 'Cantique 72 et prière', NULL),
(2040, 183, '', 0, 'Cantique 16 et prière', NULL),
(2041, 183, '', 3, 'Introduction', NULL),
(2043, 183, 'joyaux', 10, '« Des évènements qui ont “une signification symbolique” pour nous »  : ', NULL),
(2044, 183, 'joyaux', 8, 'Recherchons des perles spirituelles  : ', NULL),
(2045, 183, 'joyaux', 4, 'Lecture de la Bible  : Ga 4:1-20 (th leçon 10) ', 10),
(2047, 183, 'applique_toi', 10, 'Applique-​toi à la lecture et à l’enseignement  : Discussion. Montrer la vidéo Application claire des versets, puis discuter de la leçon 6 de la brochure Enseignement. ', NULL),
(2048, 183, 'applique_toi', 5, 'Discours  : w12 15/3 30-31. Thème : Pourquoi un chrétien doit-​il rejeter énergiquement la pornographie ? (th leçon 13). ', 13),
(2050, 183, 'vie_chretienne', 0, 'Cantique 110', NULL),
(2051, 183, 'vie_chretienne', 8, 'Besoins de l’assemblée', NULL),
(2052, 183, 'vie_chretienne', 7, 'L’organisation de Dieu à l’œuvre  : Montrer la vidéo L’organisation de Dieu à l’œuvre de juin. ', NULL),
(2053, 183, 'vie_chretienne', 30, 'Étude biblique de l’assemblée  : jy chap. 69 ', NULL),
(2054, 183, 'vie_chretienne', 3, 'Révision puis aperçu de la semaine suivante', NULL),
(2055, 183, 'vie_chretienne', 0, 'Cantique 40 et prière', NULL),
(2056, 185, '', 0, 'Cantique 112 et prière', NULL),
(2057, 185, '', 3, 'Introduction', NULL),
(2059, 185, 'joyaux', 10, '« L’administration de Jéhovah et ce qu’elle réalise »  : ', NULL),
(2060, 185, 'joyaux', 8, 'Recherchons des perles spirituelles  : ', NULL),
(2061, 185, 'joyaux', 4, 'Lecture de la Bible  : Éph 1:1-14 (th leçon 5) ', 5),
(2063, 185, 'applique_toi', 4, 'Vidéo du premier contact  : Montrer la vidéo, puis en discuter. ', NULL),
(2064, 185, 'applique_toi', 2, 'Premier contact  : Utilise la suggestion de conversation (th leçon 1). ', 1),
(2065, 185, 'applique_toi', 3, 'Premier contact  : Commence par la suggestion de conversation. Surmonte une objection courante (th leçon 3). ', 3),
(2066, 185, 'applique_toi', 3, 'Premier contact  : Commence par la suggestion de conversation. Présente une publication de notre panoplie d’enseignant (th leçon 9). ', 9),
(2068, 185, 'vie_chretienne', 0, 'Cantique 95', NULL),
(2069, 185, 'vie_chretienne', 15, '« Rends ton étude individuelle plus enrichissante »  : Discussion. Montrer la vidéo Comment tenir ferme grâce à une bonne étude individuelle. ', NULL),
(2070, 185, 'vie_chretienne', 30, 'Étude biblique de l’assemblée  : jy chap. 70 ', NULL),
(2071, 185, 'vie_chretienne', 3, 'Révision puis aperçu de la semaine suivante', NULL),
(2072, 185, 'vie_chretienne', 0, 'Cantique 144 et prière', NULL),
(2073, 187, '', 0, 'Cantique 71 et prière', NULL),
(2074, 187, '', 3, 'Introduction', NULL),
(2076, 187, 'joyaux', 10, '« Revêtez l’armure complète de Dieu »  : ', NULL),
(2077, 187, 'joyaux', 8, 'Recherchons des perles spirituelles  : ', NULL),
(2078, 187, 'joyaux', 4, 'Lecture de la Bible  : Éph 4:17-32 (th leçon 10) ', 10),
(2080, 187, 'applique_toi', 5, 'Vidéo de la première nouvelle visite  : Montrer la vidéo, puis en discuter. ', NULL),
(2081, 187, 'applique_toi', 3, 'Première nouvelle visite  : Utilise la suggestion de conversation (th leçon 6). ', 6),
(2082, 187, 'applique_toi', 5, 'Première nouvelle visite  puis discutes-​en avec ton interlocuteur (th leçon 8). ', 8),
(2084, 187, 'vie_chretienne', 0, 'Cantique 135', NULL),
(2085, 187, 'vie_chretienne', 15, '« Qu’en penserait Jéhovah ? »  : Discussion. Montrer la vidéo Continuez à comprendre quelle est la volonté de Jéhovah (Lv 19:18). ', NULL),
(2086, 187, 'vie_chretienne', 30, 'Étude biblique de l’assemblée  : jy chap. 71 ', NULL),
(2087, 187, 'vie_chretienne', 3, 'Révision puis aperçu de la semaine suivante', NULL),
(2088, 187, 'vie_chretienne', 0, 'Cantique 34 et prière', NULL),
(2089, 189, '', 0, 'Cantique 33 et prière', NULL),
(2090, 189, '', 3, 'Introduction', NULL),
(2092, 189, 'joyaux', 10, '« Ne vous inquiétez de rien »  : ', NULL),
(2093, 189, 'joyaux', 8, 'Recherchons des perles spirituelles  : ', NULL),
(2094, 189, 'joyaux', 4, 'Lecture de la Bible  : Php 4:10-23 ', NULL),
(2096, 189, 'applique_toi', 5, 'Vidéo de la deuxième nouvelle visite', NULL),
(2097, 189, 'applique_toi', 3, 'Deuxième nouvelle visite', NULL),
(2098, 189, 'applique_toi', 5, 'Cours biblique', NULL),
(2100, 189, 'vie_chretienne', 0, 'Cantique 45', NULL),
(2101, 189, 'vie_chretienne', 5, 'Les appareils électroniques, qui contrôle qui ?', NULL),
(2102, 189, 'vie_chretienne', 10, '« Choisis bien tes divertissements »  : Discussion. ', NULL),
(2103, 189, 'vie_chretienne', 30, 'Étude biblique de l’assemblée  : jy chap. 72 ', NULL),
(2104, 189, 'vie_chretienne', 3, 'Révision puis aperçu de la semaine suivante', NULL),
(2105, 189, 'vie_chretienne', 0, 'Cantique 76 et prière', NULL),
(2106, 191, '', 0, 'Cantique 56 et prière', NULL),
(2107, 191, '', 3, 'Introduction (3 min ou moins)', NULL),
(2108, 191, 'joyaux', 10, '« Enlève la vieille personnalité et revêts-​toi de la nouvelle »', NULL),
(2109, 191, 'joyaux', 8, 'Recherchons des perles spirituelles', NULL),
(2110, 191, 'joyaux', 4, 'Lecture de la Bible  : Col 1:1-20 (th leçon 2) ', 2),
(2111, 191, 'applique_toi', 10, 'Applique-​toi à la lecture et à l’enseignement  : Discussion.  ', NULL),
(2112, 191, 'applique_toi', 5, 'Discours 04 1/5 19-20 § 3-7. Thème : Comment certains chrétiens ont-​ils été « une aide qui fortifie » pour Paul ?', NULL),
(2113, 191, 'vie_chretienne', 0, 'Cantique 17', NULL),
(2114, 191, 'vie_chretienne', 15, 'Rapport 2018 du Comité pour l’enseignement', NULL),
(2115, 191, 'vie_chretienne', 30, 'Étude biblique de l’assemblée  : jy chap. 73 ', NULL),
(2116, 191, 'vie_chretienne', 3, 'Révision puis aperçu de la semaine suivante', NULL),
(2117, 191, 'vie_chretienne', 0, 'Cantique 102 et prière', NULL),
(2118, 193, '', 0, 'Cantique 90 et prière', NULL),
(2119, 193, '', 3, 'Introduction', NULL),
(2120, 193, 'joyaux', 10, '« Continuez à vous encourager et à vous affermir les uns les autres »  : ', NULL),
(2121, 193, 'joyaux', 8, 'Recherchons des perles spirituelles  : ', NULL),
(2122, 193, 'joyaux', 4, 'Lecture de la Bible  : 1Th 3:1-13 (th leçon 5) ', 5),
(2123, 193, 'applique_toi', 4, 'Vidéo du premier contact  : Montrer la vidéo, puis en discuter. ', NULL),
(2124, 193, 'applique_toi', 2, 'Premier contact  : Utilise la suggestion de conversation (th leçon 1). ', 1),
(2125, 193, 'applique_toi', 3, 'Premier contact  : Commence par la suggestion de conversation. Surmonte une objection courante (th leçon 3). ', 3),
(2126, 193, 'applique_toi', 3, 'Premier contact  : Commence par la suggestion de conversation. Surmonte une objection courante (th leçon 4). ', 4),
(2127, 193, 'vie_chretienne', 0, 'Cantique 81', NULL),
(2128, 193, 'vie_chretienne', 9, 'Des pionniers qui encouragent  : Montrer la vidéo ', NULL),
(2129, 193, 'vie_chretienne', 6, 'De bons exemples qui nous encouragent  : Montrer la vidéo ', NULL),
(2130, 193, 'vie_chretienne', 30, 'Étude biblique de l’assemblée  : jy chap. 74 ', NULL),
(2131, 193, 'vie_chretienne', 3, 'Révision puis aperçu de la semaine suivante', NULL),
(2132, 193, 'vie_chretienne', 0, 'Cantique 100 et prière', NULL),
(2133, 195, '', 0, 'Cantique 67 et prière', NULL),
(2134, 195, '', 3, 'Introduction (3 min ou moins)', NULL),
(2135, 195, 'joyaux', 10, '« Celui qui est opposé à la loi “se révélera” »  : ', NULL),
(2136, 195, 'joyaux', 8, 'Recherchons des perles spirituelles  : ', NULL),
(2137, 195, 'joyaux', 4, 'Lecture de la Bible  : 2Th 1:1-12 (th leçon 10) ', 10),
(2138, 195, 'applique_toi', 5, 'Vidéo de la première nouvelle visite  : Montrer la vidéo, puis en discuter. ', NULL),
(2139, 195, 'applique_toi', 3, 'Première nouvelle visite  : Utilise la suggestion de conversation (th leçon 6). ', 6),
(2140, 195, 'applique_toi', 4, 'Première nouvelle visite  : Commence par la suggestion de conversation, puis présente le livre Enseigne (th leçon 12). ', 12),
(2141, 195, 'vie_chretienne', 0, 'Cantique 61', NULL),
(2142, 195, 'vie_chretienne', 15, 'Ta prédication est-​elle routinière ?  : Montrer la vidéo Comment dynamiser notre ministère ?. ', NULL),
(2143, 195, 'vie_chretienne', 30, 'Étude biblique de l’assemblée  : jy chap. 75 ', NULL),
(2144, 195, 'vie_chretienne', 3, 'Révision puis aperçu de la semaine suivante', NULL),
(2145, 195, 'vie_chretienne', 0, 'Cantique 111 et prière', NULL),
(2146, 197, '', 0, 'Cantique 103 et prière', NULL),
(2147, 197, '', 3, 'Introduction', NULL),
(2148, 197, 'joyaux', 10, '« Aspire à une belle œuvre »  : ', NULL),
(2149, 197, 'joyaux', 8, 'Recherchons des perles spirituelles  : ', NULL),
(2150, 197, 'joyaux', 4, 'Lecture de la Bible  : 1Tm 2:1-15 (th leçon 10) ', 10),
(2151, 197, 'applique_toi', 5, 'Vidéo de la deuxième nouvelle visite  : Regarder la vidéo, puis en discuter.', NULL),
(2152, 197, 'applique_toi', 3, 'Deuxième nouvelle visite  : Utilise la suggestion de conversation (th leçon 2). ', 2),
(2153, 197, 'applique_toi', 5, 'Cours biblique  : lvs 47-48 § 6-7 (th leçon 6)', 6),
(2154, 197, 'vie_chretienne', 0, 'Cantique 137', NULL),
(2155, 197, 'vie_chretienne', 6, 'De jeunes volontaires honorent Jéhovah sur le chantier de Warwick ', NULL),
(2157, 197, 'vie_chretienne', 9, '« Que peux-​tu apprendre d’eux ? »  : Discussion. Montrer la vidéo Respectons les frères expérimentés. ', NULL),
(2158, 197, 'vie_chretienne', 30, 'Étude biblique de l’assemblée  : jy chap. 76 ', NULL),
(2159, 197, 'vie_chretienne', 3, 'Révision puis aperçu de la semaine suivante', NULL),
(2160, 197, 'vie_chretienne', 0, 'Cantique 115 et prière', NULL),
(2161, 199, '', 0, 'Cantique 80 et prière', NULL),
(2162, 199, '', 3, 'Introduction', NULL),
(2163, 199, 'joyaux', 10, '« L’attachement à Dieu ou “l’Argent” ? »', NULL),
(2164, 199, 'joyaux', 8, 'Recherchons des perles spirituelles', NULL),
(2165, 199, 'joyaux', 4, 'Lecture de la Bible  : 1Tm 4:1-16 (th leçon 5)', 5),
(2166, 199, 'applique_toi', 3, 'Deuxième nouvelle visite  : Utilise la suggestion de conversation. Invite ton interlocuteur à la réunion (th leçon 11).', 11),
(2167, 199, 'applique_toi', 4, 'Cours biblique  : lvs 207-209 § 20-21 (th leçon 3)', 3),
(2168, 199, 'applique_toi', 5, 'Cours biblique  (th leçon 12).', 12),
(2169, 199, 'vie_chretienne', 0, 'Cantique 37', NULL),
(2170, 199, 'vie_chretienne', 7, 'Le matérialisme a un coût  : Montrer la vidéo', NULL),
(2171, 199, 'vie_chretienne', 8, '« L’attachement à Dieu ou l’exercice physique ? »', NULL),
(2172, 199, 'vie_chretienne', 30, 'Étude biblique de l’assemblée  : jy chap. 77', NULL),
(2173, 199, 'vie_chretienne', 3, 'Révision puis aperçu de la semaine suivante', NULL),
(2174, 199, 'vie_chretienne', 0, 'Cantique 21 et prière', NULL),
(2175, 201, '', 0, 'Cantique 150 et prière', NULL),
(2176, 201, '', 3, 'Introduction (3 min ou moins)', NULL),
(2178, 201, 'joyaux', 10, '« Dieu ne nous a pas donné un esprit de lâcheté »', NULL),
(2179, 201, 'joyaux', 8, 'Recherchons des perles spirituelles', NULL),
(2180, 201, 'joyaux', 4, 'Lecture de la Bible  : 2Tm 1:1-18 (th leçon 10) ', 10),
(2182, 201, 'applique_toi', 10, 'Applique-​toi à la lecture et à l’enseignement  : Discussion', NULL),
(2183, 201, 'applique_toi', 5, 'Discours  : w14 15/7 13 § 3-7. Thème : En quel sens les adorateurs de Jéhovah ‘renoncent-​ils à l’injustice’ ? (th leçon 7). ', 7),
(2185, 201, 'vie_chretienne', 0, 'Cantique 85', NULL),
(2186, 201, 'vie_chretienne', 15, '« Passe du temps avec ceux qui aiment Jéhovah »  : Discussion.', NULL),
(2187, 201, 'vie_chretienne', 30, 'Étude biblique de l’assemblée  : jy chap. 78', NULL),
(2188, 201, 'vie_chretienne', 3, 'Révision puis aperçu de la semaine suivante', NULL),
(2189, 201, 'vie_chretienne', 0, 'Cantique 126 et prière', NULL),
(2190, 203, '', 0, 'Cantique 99 et prière', NULL),
(2191, 203, '', 3, 'Introduction (3 min ou moins)', NULL),
(2193, 203, 'joyaux', 10, '« Établis des anciens » ', NULL),
(2194, 203, 'joyaux', 8, 'Recherchons des perles spirituelles', NULL),
(2195, 203, 'joyaux', 4, 'Lecture de la Bible  : Tt 3:1-15 (th leçon 5)', 5),
(2196, 203, '', 0, 'APPLIQUE-​TOI AU MINISTÈRE', NULL),
(2197, 203, 'applique_toi', 4, 'Vidéo du premier contact  : Montrer la vidéo, puis en discuter.', NULL),
(2198, 203, 'applique_toi', 2, 'Premier contact  : Utilise la suggestion de conversation (th leçon 3).', 3),
(2199, 203, 'applique_toi', 3, 'Premier contact  : Commence par la suggestion de conversation. Surmonte une objection courante (th leçon 12).', 12),
(2200, 203, 'applique_toi', 3, 'Premier contact  : Commence par la suggestion de conversation, puis laisse une carte de visite jw.org (th leçon 11). ', 11),
(2202, 203, 'vie_chretienne', 0, 'Cantique 84', NULL),
(2203, 203, 'vie_chretienne', 15, '« Jeunes, soyez “zélés pour les belles œuvres” »  : Discussion. Montrer la vidéo Des jeunes qui honorent Jéhovah. ', NULL),
(2204, 203, 'vie_chretienne', 30, 'Étude biblique de l’assemblée  : jy chap. 79 ', NULL),
(2205, 203, 'vie_chretienne', 3, 'Révision puis aperçu de la semaine suivante', NULL),
(2206, 203, 'vie_chretienne', 0, 'Cantique 127 et prière', NULL),
(2207, 205, '', 0, 'Cantique 35 et prière', NULL),
(2208, 205, '', 3, 'Introduction', NULL),
(2210, 205, 'joyaux', 10, '« Aimez la justice et haïssez le mépris de la loi »  :', NULL),
(2211, 205, 'joyaux', 8, 'Recherchons des perles spirituelles  :', NULL),
(2212, 205, 'joyaux', 4, 'Lecture de la Bible  : Hé 1:1-14 (th leçon 10)', 10),
(2214, 205, 'applique_toi', 5, 'Vidéo de la première nouvelle visite  : Montrer la vidéo, puis en discuter.', NULL),
(2215, 205, 'applique_toi', 3, 'Première nouvelle visite  : Utilise la suggestion de conversation (th leçon 4).', 4),
(2216, 205, 'applique_toi', 5, 'Première nouvelle visite  : Commence par la suggestion de conversation.', NULL),
(2218, 205, 'vie_chretienne', 0, 'Cantique 121', NULL),
(2219, 205, 'vie_chretienne', 15, 'Besoins de l’assemblée', NULL),
(2220, 205, 'vie_chretienne', 30, 'Étude biblique de l’assemblée  : jy chap. 80 ', NULL),
(2221, 205, 'vie_chretienne', 3, 'Révision puis aperçu de la semaine suivante', NULL),
(2222, 205, 'vie_chretienne', 0, 'Cantique 101 et prière', NULL),
(2223, 207, '', 0, 'Cantique 5 et prière', NULL),
(2224, 207, '', 3, 'Introduction', NULL),
(2226, 207, 'joyaux', 10, '« Fais tout ton possible pour entrer dans le repos de Dieu »  : ', NULL),
(2227, 207, 'joyaux', 8, 'Recherchons des perles spirituelles  : ', NULL),
(2228, 207, 'joyaux', 4, 'Lecture de la Bible  : Hé 5:1-14 (th leçon 5) ', 5),
(2230, 207, 'applique_toi', 5, 'Vidéo de la deuxième nouvelle visite  : Montrer la vidéo, puis en discuter. ', NULL),
(2231, 207, 'applique_toi', 3, 'Deuxième nouvelle visite  : Utilise la suggestion de conversation (th leçon 6). ', 6),
(2232, 207, 'applique_toi', 5, 'Cours biblique  : lvs 228-229 § 7-8 (th leçon 12) ', 12),
(2234, 207, 'vie_chretienne', 0, 'Cantique 75', NULL),
(2235, 207, 'vie_chretienne', 15, '« Des œuvres bonnes qui ne tombent pas dans l’oubli »  : Discussion. ', NULL),
(2236, 207, 'vie_chretienne', 30, 'Étude biblique de l’assemblée  : jy chap. 81 ', NULL),
(2237, 207, 'vie_chretienne', 3, 'Révision puis aperçu de la semaine suivante', NULL),
(2238, 207, 'vie_chretienne', 0, 'Cantique 12 et prière', NULL),
(2239, 209, '', 0, 'Cantique 16 et prière', NULL),
(2240, 209, '', 3, 'Introduction', NULL),
(2242, 209, 'joyaux', 10, '« Prêtre pour toujours à la manière de Melchisédech »  : ', NULL),
(2243, 209, 'joyaux', 8, 'Recherchons des perles spirituelles  : ', NULL),
(2244, 209, 'joyaux', 4, 'Lecture de la Bible  : Hé 7:1-17 (th leçon 5) ', 5),
(2246, 209, 'applique_toi', 10, 'Applique-​toi à la lecture et à l’enseignement  : Discussion. ', NULL),
(2247, 209, 'applique_toi', 5, 'Discours  : it-1 80 § 5-7. Thème : Qu’est-​ce que la nouvelle alliance ? (th leçon 7). ', 7),
(2249, 209, 'vie_chretienne', 0, 'Cantique 124', NULL),
(2250, 209, 'vie_chretienne', 15, 'L’organisation de Dieu à l’œuvre  : Montrer la vidéo L’organisation de Dieu à l’œuvre de septembre. ', NULL),
(2251, 209, 'vie_chretienne', 30, 'Étude biblique de l’assemblée  : jy chap. 82 ', NULL),
(2252, 209, 'vie_chretienne', 3, 'Révision puis aperçu de la semaine suivante', NULL),
(2253, 209, 'vie_chretienne', 0, 'Cantique 83 et prière', NULL),
(2254, 211, '', 0, 'Cantique 10 et prière', NULL),
(2255, 211, '', 3, 'Introduction', NULL),
(2257, 211, 'joyaux', 10, '« Une ombre des bonnes choses à venir »  : ', NULL),
(2258, 211, 'joyaux', 8, 'Recherchons des perles spirituelles  : ', NULL),
(2259, 211, 'joyaux', 4, 'Lecture de la Bible  : Hé 9:1-14 (th leçon 5) ', 5),
(2261, 211, 'applique_toi', 4, 'Vidéo du premier contact  : Montrer la vidéo, puis en discuter. ', NULL),
(2262, 211, 'applique_toi', 2, 'Premier contact  : Utilise la suggestion de conversation (th leçon 1). ', 1),
(2263, 211, 'applique_toi', 3, 'Premier contact  : Commence par la suggestion de conversation. Surmonte une objection courante dans ton territoire (th leçon 2). ', 2),
(2264, 211, 'applique_toi', 3, 'Premier contact  : Commence par la suggestion de conversation, puis laisse une carte de visite jw.org (th leçon 11). ', 11),
(2266, 211, 'vie_chretienne', 0, 'Cantique 89', NULL),
(2267, 211, 'vie_chretienne', 12, 'Attachons-​nous du prix à nos réunions ? (Ps 27:11)  : Montrer la vidéo, puis discuter de ces questions : ', NULL),
(2270, 211, 'vie_chretienne', 3, 'Sois attentif pendant les réunions  : Montrer la vidéo, puis demander aux enfants de dire pourquoi ils doivent être attentifs pendant les réunions. ', NULL),
(2271, 211, 'vie_chretienne', 30, 'Étude biblique de l’assemblée  : jy chap. 83 ', NULL),
(2272, 211, 'vie_chretienne', 3, 'Révision puis aperçu de la semaine suivante', NULL),
(2273, 211, 'vie_chretienne', 0, 'Cantique 108 et prière', NULL),
(2274, 213, '', 0, 'Cantique 119 et prière', NULL),
(2275, 213, '', 3, 'Introduction', NULL),
(2277, 213, 'joyaux', 10, '« L’importance de la foi »  : ', NULL),
(2278, 213, 'joyaux', 8, 'Recherchons des perles spirituelles  : ', NULL),
(2279, 213, 'joyaux', 4, 'Lecture de la Bible  : Hé 11:1-16 (th leçon 10) ', 10),
(2281, 213, 'applique_toi', 5, 'Vidéo de la première nouvelle visite  : Montrer la vidéo, puis en discuter. ', NULL),
(2282, 213, 'applique_toi', 3, 'Première nouvelle visite  : Utilise la suggestion de conversation (th leçon 3). ', 3),
(2283, 213, 'applique_toi', 5, 'Première nouvelle visite  la vidéo Que se passe-​t-​il dans une Salle du Royaume ? (th leçon 11). ', 11),
(2285, 213, 'vie_chretienne', 0, 'Cantique 3', NULL),
(2286, 213, 'vie_chretienne', 15, '« Que ferez-​vous pendant l’année de la sécheresse ? »  : Discussion. Montrer la vidéo. ', NULL),
(2287, 213, 'vie_chretienne', 30, 'Étude biblique de l’assemblée  : jy chap. 84 ', NULL),
(2288, 213, 'vie_chretienne', 3, 'Révision puis aperçu de la semaine suivante', NULL),
(2289, 213, 'vie_chretienne', 0, 'Cantique 54 et prière', NULL),
(2290, 215, '', 0, 'Cantique 88 et prière', NULL),
(2291, 215, '', 0, 'Introduction (3 min ou moins)', NULL),
(2293, 215, 'joyaux', 10, '« La correction, une preuve de l’amour de Jéhovah »  : ', NULL),
(2294, 215, 'joyaux', 8, 'Recherchons des perles spirituelles  : ', NULL),
(2295, 215, 'joyaux', 4, 'Lecture de la Bible  : Hé 12:1-17 (th leçon 11) ', 11),
(2297, 215, 'applique_toi', 5, 'Vidéo de la deuxième nouvelle visite  : Montrer la vidéo, puis en discuter. ', NULL),
(2298, 215, 'applique_toi', 3, 'Deuxième nouvelle visite  : Utilise la suggestion de conversation (th leçon 2). ', 2),
(2299, 215, 'applique_toi', 5, 'Cours biblique  : lvs 39-40 § 19 (th leçon 6) ', 6),
(2301, 215, 'vie_chretienne', 0, 'Cantique 115', NULL),
(2302, 215, 'vie_chretienne', 5, 'Endurons malgré... nos imperfections  : Montrer la vidéo, puis discuter de ces questions : ', NULL),
(2305, 215, 'vie_chretienne', 10, 'Besoins de l’assemblée', NULL),
(2306, 215, 'vie_chretienne', 30, 'Étude biblique de l’assemblée  : jy chap. 85 ', NULL),
(2307, 215, 'vie_chretienne', 3, 'Révision puis aperçu de la semaine suivante', NULL),
(2308, 215, 'vie_chretienne', 0, 'Cantique 74 et prière', NULL),
(2309, 217, '', 0, 'Cantique 122 et prière', NULL),
(2310, 217, '', 3, 'Introduction', NULL),
(2312, 217, 'joyaux', 10, '« Le chemin qui mène au péché et à la mort »  : ', NULL),
(2313, 217, 'joyaux', 8, 'Recherchons des perles spirituelles  : ', NULL),
(2314, 217, 'joyaux', 4, 'Lecture de la Bible  : Jc 2:10-26 (th leçon 5) ', 5),
(2316, 217, 'applique_toi', 3, 'Troisième nouvelle visite  : Choisis toi-​même le verset. Invite ton interlocuteur à la réunion (th leçon 3). ', 3),
(2317, 217, 'applique_toi', 4, 'Troisième nouvelle visite  : Choisis le verset. Propose une publication d’étude (th leçon 12). ', 12),
(2318, 217, 'applique_toi', 5, 'Cours biblique  : bhs 30 § 4-5 (th leçon 13) ', 13),
(2320, 217, 'vie_chretienne', 0, 'Cantique 45', NULL),
(2321, 217, 'vie_chretienne', 8, '« Faites de ces choses-​là l’objet continuel de vos pensées »  : Discussion. Montrer la vidéo Rejetons ce qui mine la fidélité : les divertissements inconvenants. ', NULL),
(2322, 217, 'vie_chretienne', 7, 'Parents, préparez votre adolescent à rejeter le sexting  : Discours par un ancien basé sur Réveillez-vous ! de novembre 2013, pages 4 et 5. ', NULL),
(2323, 217, 'vie_chretienne', 30, 'Étude biblique de l’assemblée  : jy chap. 86 § 1-7 ', NULL),
(2324, 217, 'vie_chretienne', 3, 'Révision puis aperçu de la semaine suivante', NULL),
(2325, 217, 'vie_chretienne', 0, 'Cantique 130 et prière', NULL);

-- --------------------------------------------------------

--
-- Table structure for table `jw_reunion_programme_assemblee`
--

CREATE TABLE `jw_reunion_programme_assemblee` (
  `id_reunion_programme` int(11) NOT NULL,
  `id_assemblee` int(11) NOT NULL,
  `datetime_debut` datetime NOT NULL,
  `id_discours` int(11) DEFAULT NULL
) ENGINE=InnoDB DEFAULT CHARSET=utf8;

--
-- Dumping data for table `jw_reunion_programme_assemblee`
--

INSERT INTO `jw_reunion_programme_assemblee` (`id_reunion_programme`, `id_assemblee`, `datetime_debut`, `id_discours`) VALUES
(1, 1, '2017-09-06 18:45:00', NULL),
(2, 1, '2017-09-06 18:50:00', NULL),
(3, 1, '2017-09-06 18:53:00', NULL),
(4, 1, '2017-09-06 19:03:00', NULL),
(5, 1, '2017-09-06 19:11:00', NULL),
(6, 1, '2017-09-06 19:16:00', NULL),
(7, 1, '2017-09-06 19:31:00', NULL),
(8, 1, '2017-09-06 19:36:00', NULL),
(10, 1, '2017-09-06 19:51:00', NULL),
(11, 1, '2017-09-06 20:21:00', NULL),
(12, 1, '2017-09-06 20:24:00', NULL),
(13, 1, '2017-09-09 15:00:00', NULL),
(14, 1, '2017-09-09 15:05:00', 19),
(15, 1, '2017-09-09 15:35:00', NULL),
(16, 1, '2017-09-09 15:40:00', NULL),
(17, 1, '2017-09-09 16:40:00', NULL),
(18, 1, '2017-09-13 18:45:00', NULL),
(19, 1, '2017-09-13 18:50:00', NULL),
(20, 1, '2017-09-13 18:53:00', NULL),
(21, 1, '2017-09-13 19:03:00', NULL),
(22, 1, '2017-09-13 19:11:00', NULL),
(23, 1, '2017-09-13 19:16:00', NULL),
(24, 1, '2017-09-13 19:19:00', NULL),
(25, 1, '2017-09-13 19:24:00', NULL),
(26, 1, '2017-09-13 19:31:00', NULL),
(27, 1, '2017-09-13 19:36:00', NULL),
(28, 1, '2017-09-13 19:44:00', NULL),
(29, 1, '2017-09-13 19:51:00', NULL),
(30, 1, '2017-09-13 20:21:00', NULL),
(31, 1, '2017-09-13 20:24:00', NULL),
(32, 1, '2017-09-16 15:00:00', NULL),
(33, 1, '2017-09-16 15:05:00', 47),
(34, 1, '2017-09-16 15:35:00', NULL),
(35, 1, '2017-09-16 15:40:00', NULL),
(36, 1, '2017-09-16 16:40:00', NULL),
(37, 1, '2017-09-20 18:45:00', NULL),
(38, 1, '2017-09-20 18:50:00', NULL),
(39, 1, '2017-09-20 18:53:00', NULL),
(40, 1, '2017-09-20 19:03:00', NULL),
(41, 1, '2017-09-20 19:11:00', NULL),
(42, 1, '2017-09-20 19:16:00', NULL),
(43, 1, '2017-09-20 19:19:00', NULL),
(44, 1, '2017-09-20 19:24:00', NULL),
(45, 1, '2017-09-20 19:31:00', NULL),
(46, 1, '2017-09-20 19:36:00', NULL),
(47, 1, '2017-09-20 19:44:00', NULL),
(48, 1, '2017-09-20 19:51:00', NULL),
(49, 1, '2017-09-20 20:21:00', NULL),
(50, 1, '2017-09-20 20:24:00', NULL),
(51, 1, '2017-09-23 15:00:00', NULL),
(52, 1, '2017-09-23 15:05:00', 169),
(53, 1, '2017-09-23 15:35:00', NULL),
(54, 1, '2017-09-23 15:40:00', NULL),
(55, 1, '2017-09-23 16:40:00', NULL),
(56, 1, '2017-09-27 18:45:00', NULL),
(57, 1, '2017-09-27 18:50:00', NULL),
(58, 1, '2017-09-27 18:53:00', NULL),
(59, 1, '2017-09-27 19:03:00', NULL),
(60, 1, '2017-09-27 19:11:00', NULL),
(61, 1, '2017-09-27 19:16:00', NULL),
(62, 1, '2017-09-27 19:19:00', NULL),
(63, 1, '2017-09-27 19:24:00', NULL),
(64, 1, '2017-09-27 19:31:00', NULL),
(65, 1, '2017-09-27 19:36:00', NULL),
(66, 1, '2017-09-27 19:51:00', NULL),
(67, 1, '2017-09-27 20:21:00', NULL),
(68, 1, '2017-09-27 20:24:00', NULL),
(69, 1, '2017-09-30 15:00:00', NULL),
(70, 1, '2017-09-30 15:05:00', 160),
(71, 1, '2017-09-30 15:35:00', NULL),
(72, 1, '2017-09-30 15:40:00', NULL),
(73, 1, '2017-09-30 16:40:00', NULL),
(74, 1, '2017-10-04 18:45:00', NULL),
(75, 1, '2017-10-04 18:50:00', NULL),
(76, 1, '2017-10-04 18:53:00', NULL),
(77, 1, '2017-10-04 19:03:00', NULL),
(78, 1, '2017-10-04 19:11:00', NULL),
(79, 1, '2017-10-04 19:16:00', NULL),
(80, 1, '2017-10-04 19:31:00', NULL),
(81, 1, '2017-10-04 19:36:00', NULL),
(83, 1, '2017-10-04 19:51:00', NULL),
(84, 1, '2017-10-04 20:21:00', NULL),
(85, 1, '2017-10-04 20:24:00', NULL),
(86, 1, '2017-10-11 18:45:00', NULL),
(87, 1, '2017-10-11 18:50:00', NULL),
(88, 1, '2017-10-11 18:53:00', NULL),
(89, 1, '2017-10-11 19:03:00', NULL),
(90, 1, '2017-10-11 00:00:00', NULL),
(91, 1, '2017-10-11 19:16:00', NULL),
(92, 1, '2017-10-11 19:19:00', NULL),
(93, 1, '2017-10-11 19:24:00', NULL),
(94, 1, '2017-10-11 19:31:00', NULL),
(95, 1, '2017-10-11 19:36:00', NULL),
(97, 1, '2017-10-11 19:51:00', NULL),
(98, 1, '2017-10-11 20:21:00', NULL),
(99, 1, '2017-10-11 20:24:00', NULL),
(100, 1, '2017-10-18 18:45:00', NULL),
(101, 1, '2017-10-18 18:50:00', NULL),
(102, 1, '2017-10-18 18:53:00', NULL),
(103, 1, '2017-10-18 19:03:00', NULL),
(104, 1, '2017-10-18 19:11:00', NULL),
(105, 1, '2017-10-18 19:16:00', NULL),
(106, 1, '2017-10-18 19:19:00', NULL),
(107, 1, '2017-10-18 19:24:00', NULL),
(108, 1, '2017-10-18 19:31:00', NULL),
(109, 1, '2017-10-18 19:36:00', NULL),
(110, 1, '2017-10-18 19:51:00', NULL),
(111, 1, '2017-10-18 20:21:00', NULL),
(112, 1, '2017-10-18 20:24:00', NULL),
(113, 1, '2017-10-25 18:45:00', NULL),
(114, 1, '2017-10-25 18:50:00', NULL),
(115, 1, '2017-10-25 18:53:00', NULL),
(116, 1, '2017-10-25 19:03:00', NULL),
(117, 1, '2017-10-25 19:11:00', NULL),
(118, 1, '2017-10-25 19:16:00', NULL),
(119, 1, '2017-10-25 19:19:00', NULL),
(120, 1, '2017-10-25 19:24:00', NULL),
(121, 1, '2017-10-25 19:31:00', NULL),
(122, 1, '2017-10-25 19:36:00', NULL),
(123, 1, '2017-10-25 19:51:00', NULL),
(124, 1, '2017-10-25 20:21:00', NULL),
(125, 1, '2017-10-25 20:24:00', NULL),
(126, 1, '2017-11-01 18:45:00', NULL),
(127, 1, '2017-11-01 18:50:00', NULL),
(128, 1, '2017-11-01 18:53:00', NULL),
(129, 1, '2017-11-01 19:03:00', NULL),
(130, 1, '2017-11-01 19:11:00', NULL),
(131, 1, '2017-11-01 19:16:00', NULL),
(132, 1, '2017-11-01 19:19:00', NULL),
(133, 1, '2017-11-01 19:24:00', NULL),
(134, 1, '2017-11-01 19:31:00', NULL),
(135, 1, '2017-11-01 19:36:00', NULL),
(136, 1, '2017-11-01 19:45:00', NULL),
(137, 1, '2017-11-01 19:51:00', NULL),
(138, 1, '2017-11-01 20:21:00', NULL),
(139, 1, '2017-11-01 20:24:00', NULL),
(140, 1, '2017-10-07 18:05:00', NULL),
(141, 1, '2017-10-07 18:05:00', NULL),
(142, 1, '2017-10-07 18:35:00', NULL),
(143, 1, '2017-10-07 18:40:00', NULL),
(144, 1, '2017-10-07 19:25:00', NULL),
(146, 1, '2017-10-14 18:05:00', NULL),
(147, 1, '2017-10-14 18:35:00', NULL),
(148, 1, '2017-10-14 18:40:00', NULL),
(149, 1, '2017-10-14 19:25:00', NULL),
(150, 1, '2017-10-21 18:00:00', NULL),
(151, 1, '2017-10-21 18:05:00', NULL),
(152, 1, '2017-10-21 18:35:00', NULL),
(153, 1, '2017-10-21 18:40:00', NULL),
(154, 1, '2017-10-21 19:25:00', NULL),
(155, 1, '2017-10-28 18:00:00', NULL),
(156, 1, '2017-10-28 18:05:00', NULL),
(157, 1, '2017-10-28 18:35:00', NULL),
(158, 1, '2017-10-28 18:40:00', NULL),
(159, 1, '2017-10-28 19:25:00', NULL),
(160, 1, '2017-11-04 15:00:00', NULL),
(161, 1, '2017-11-04 15:05:00', NULL),
(162, 1, '2017-11-04 15:35:00', NULL),
(163, 1, '2017-11-04 15:40:00', NULL),
(164, 1, '2017-11-04 16:25:00', NULL),
(170, 1, '2017-12-09 15:00:00', NULL),
(171, 1, '2017-12-09 15:05:00', NULL),
(172, 1, '2017-12-09 15:35:00', NULL),
(173, 1, '2017-12-09 15:40:00', NULL),
(174, 1, '2017-12-09 16:25:00', NULL),
(246, 3, '2017-11-29 18:30:00', NULL),
(247, 3, '2017-11-29 18:35:00', NULL),
(248, 3, '2017-11-29 18:38:00', NULL),
(249, 3, '2017-11-29 18:48:00', NULL),
(250, 3, '2017-11-29 18:57:00', NULL),
(251, 3, '2017-11-29 19:02:00', NULL),
(252, 3, '2017-11-29 19:05:00', NULL),
(253, 3, '2017-11-29 19:10:00', NULL),
(254, 3, '2017-11-29 19:17:00', NULL),
(255, 3, '2017-11-29 19:21:00', NULL),
(257, 3, '2017-11-29 19:36:00', NULL),
(258, 3, '2017-11-29 20:06:00', NULL),
(259, 3, '2017-11-29 20:10:00', NULL),
(260, 1, '2017-11-08 18:30:00', NULL),
(260, 3, '2017-11-08 18:30:00', NULL),
(261, 1, '2017-11-08 18:35:00', NULL),
(261, 3, '2017-11-08 18:35:00', NULL),
(262, 1, '2017-11-08 18:38:00', NULL),
(262, 3, '2017-11-08 18:38:00', NULL),
(263, 1, '2017-11-08 18:48:00', NULL),
(263, 3, '2017-11-08 18:48:00', NULL),
(264, 1, '2017-11-08 18:56:00', NULL),
(264, 3, '2017-11-08 18:56:00', NULL),
(265, 1, '2017-11-08 19:01:00', NULL),
(265, 3, '2017-11-08 19:01:00', NULL),
(268, 1, '2017-11-08 19:16:00', NULL),
(268, 3, '2017-11-08 19:16:00', NULL),
(269, 1, '2017-11-08 19:21:00', NULL),
(269, 3, '2017-11-08 19:21:00', NULL),
(271, 1, '2017-11-08 19:36:00', NULL),
(271, 3, '2017-11-08 19:36:00', NULL),
(272, 1, '2017-11-08 20:06:00', NULL),
(272, 3, '2017-11-08 20:06:00', NULL),
(273, 1, '2017-11-08 20:10:00', NULL),
(273, 3, '2017-11-08 20:10:00', NULL),
(277, 3, '2017-11-15 18:30:00', NULL),
(278, 3, '2017-11-15 18:35:00', NULL),
(279, 3, '2017-11-15 18:38:00', NULL),
(280, 3, '2017-11-15 18:49:00', NULL),
(281, 3, '2017-11-15 19:57:00', NULL),
(282, 3, '2017-11-15 19:02:00', NULL),
(283, 3, '2017-11-15 19:05:00', NULL),
(284, 3, '2017-11-15 19:10:00', NULL),
(287, 3, '2017-11-15 19:16:00', NULL),
(288, 3, '2017-11-15 19:21:00', NULL),
(290, 3, '2017-11-15 19:36:00', NULL),
(291, 3, '2017-11-15 20:06:00', NULL),
(292, 3, '2017-11-15 20:10:00', NULL),
(293, 3, '2017-11-22 18:30:00', NULL),
(294, 3, '2017-11-22 18:35:00', NULL),
(295, 3, '2017-11-22 18:38:00', NULL),
(296, 3, '2017-11-22 18:49:00', NULL),
(297, 3, '2017-11-22 18:57:00', NULL),
(298, 3, '2017-11-22 19:02:00', NULL),
(299, 3, '2017-11-22 19:05:00', NULL),
(300, 3, '2017-11-22 19:10:00', NULL),
(301, 3, '2017-11-22 19:16:00', NULL),
(302, 3, '2017-11-22 00:00:00', NULL),
(303, 3, '2017-11-22 00:00:00', NULL),
(304, 3, '2017-11-22 00:00:00', NULL),
(305, 3, '2017-11-22 00:00:00', NULL),
(306, 3, '2017-11-22 00:00:00', NULL),
(308, 1, '2017-11-11 15:00:00', NULL),
(309, 1, '2017-11-11 15:05:00', NULL),
(310, 1, '2017-11-11 15:35:00', NULL),
(311, 1, '2017-11-11 15:40:00', NULL),
(312, 1, '2017-11-11 16:25:00', NULL),
(313, 1, '2017-11-18 15:00:00', NULL),
(314, 1, '2017-11-18 15:05:00', NULL),
(315, 1, '2017-11-18 15:35:00', NULL),
(316, 1, '2017-11-18 15:40:00', NULL),
(317, 1, '2017-11-18 16:25:00', NULL),
(330, 1, '2017-12-13 18:45:00', NULL),
(330, 3, '2017-12-11 18:30:00', NULL),
(331, 1, '2017-12-13 18:50:00', NULL),
(331, 3, '2017-12-11 00:00:00', NULL),
(332, 1, '2017-12-13 18:53:00', NULL),
(332, 3, '2017-12-11 00:00:00', NULL),
(333, 1, '2017-12-13 19:03:00', NULL),
(333, 3, '2017-12-11 00:00:00', NULL),
(334, 1, '2017-12-13 19:11:00', NULL),
(334, 3, '2017-12-11 00:00:00', NULL),
(339, 1, '2017-12-13 19:16:00', NULL),
(339, 3, '2017-12-11 00:00:00', NULL),
(340, 1, '2017-12-13 19:19:00', NULL),
(340, 3, '2017-12-11 00:00:00', NULL),
(341, 1, '2017-12-13 19:24:00', NULL),
(341, 3, '2017-12-11 00:00:00', NULL),
(342, 1, '2017-12-13 19:31:00', NULL),
(342, 3, '2017-12-11 00:00:00', NULL),
(343, 1, '2017-12-13 19:36:00', NULL),
(343, 3, '2017-12-11 00:00:00', NULL),
(345, 1, '2017-12-13 19:51:00', NULL),
(345, 3, '2017-12-11 00:00:00', NULL),
(346, 1, '2017-12-13 20:23:00', NULL),
(346, 3, '2017-12-11 00:00:00', NULL),
(347, 1, '2017-12-13 20:25:00', NULL),
(347, 3, '2017-12-11 00:00:00', NULL),
(348, 1, '2017-12-20 18:45:00', NULL),
(348, 3, '2017-12-18 18:45:00', NULL),
(349, 1, '2017-12-20 18:50:00', NULL),
(349, 3, '2017-12-18 18:50:00', NULL),
(350, 1, '2017-12-20 18:53:00', NULL),
(350, 3, '2017-12-18 18:53:00', NULL),
(351, 1, '2017-12-20 19:03:00', NULL),
(351, 3, '2017-12-18 19:03:00', NULL),
(352, 1, '2017-12-20 19:16:00', NULL),
(352, 3, '2017-12-18 19:16:00', NULL),
(353, 1, '2017-12-20 19:19:00', NULL),
(353, 3, '2017-12-18 19:19:00', NULL),
(354, 1, '2017-12-20 19:24:00', NULL),
(354, 3, '2017-12-18 19:24:00', NULL),
(355, 1, '2017-12-20 19:31:00', NULL),
(355, 3, '2017-12-18 19:31:00', NULL),
(356, 1, '2017-12-20 19:36:00', NULL),
(356, 3, '2017-12-18 19:36:00', NULL),
(357, 1, '2017-12-20 19:43:00', NULL),
(357, 3, '2017-12-18 19:43:00', NULL),
(358, 1, '2017-12-20 19:51:00', NULL),
(358, 3, '2017-12-18 19:51:00', NULL),
(359, 1, '2017-12-20 20:23:00', NULL),
(359, 3, '2017-12-18 20:23:00', NULL),
(360, 1, '2017-12-20 20:25:00', NULL),
(360, 3, '2017-12-18 20:25:00', NULL),
(361, 1, '2017-12-27 18:45:00', NULL),
(361, 3, '2017-12-25 18:45:00', NULL),
(362, 1, '2017-12-27 18:50:00', NULL),
(362, 3, '2017-12-25 18:50:00', NULL),
(363, 1, '2017-12-27 18:53:00', NULL),
(363, 3, '2017-12-25 18:53:00', NULL),
(364, 1, '2017-12-27 19:03:00', NULL),
(364, 3, '2017-12-25 19:03:00', NULL),
(365, 1, '2017-12-27 19:11:00', NULL),
(365, 3, '2017-12-25 19:11:00', NULL),
(366, 1, '2017-12-27 19:16:00', NULL),
(366, 3, '2017-12-25 19:16:00', NULL),
(367, 1, '2017-12-27 19:19:00', NULL),
(367, 3, '2017-12-25 19:19:00', NULL),
(368, 1, '2017-12-27 19:24:00', NULL),
(368, 3, '2017-12-25 19:24:00', NULL),
(369, 1, '2017-12-27 19:31:00', NULL),
(369, 3, '2017-12-25 19:31:00', NULL),
(370, 1, '2017-12-27 19:36:00', NULL),
(370, 3, '2017-12-25 19:36:00', NULL),
(371, 1, '2017-12-02 15:00:00', NULL),
(372, 1, '2017-12-02 15:05:00', NULL),
(373, 1, '2017-12-02 15:35:00', NULL),
(374, 1, '2017-12-02 15:40:00', NULL),
(375, 1, '2017-12-02 16:25:00', NULL),
(376, 1, '2017-12-27 19:45:00', NULL),
(376, 3, '2017-12-25 19:45:00', NULL),
(377, 1, '2017-12-27 20:23:00', NULL),
(377, 3, '2017-12-25 20:23:00', NULL),
(378, 1, '2017-12-27 20:25:00', NULL),
(378, 3, '2017-12-25 20:25:00', NULL),
(379, 1, '2017-11-25 15:00:00', NULL),
(380, 1, '2017-11-25 15:05:00', NULL),
(381, 1, '2017-11-25 15:35:00', NULL),
(382, 1, '2017-11-25 15:40:00', NULL),
(383, 1, '2017-11-25 16:25:00', NULL),
(384, 1, '2017-12-16 15:00:00', NULL),
(385, 1, '2017-12-16 15:05:00', NULL),
(386, 1, '2017-12-16 15:35:00', NULL),
(387, 1, '2017-12-16 15:40:00', NULL),
(388, 1, '2017-12-16 16:25:00', NULL),
(389, 1, '2017-12-23 15:00:00', NULL),
(390, 1, '2017-12-23 15:05:00', NULL),
(391, 1, '2017-12-23 15:35:00', NULL),
(392, 1, '2017-12-23 15:40:00', NULL),
(393, 1, '2017-12-23 16:25:00', NULL),
(394, 1, '2017-12-30 15:00:00', NULL),
(395, 1, '2017-12-30 15:05:00', NULL),
(396, 1, '2017-12-30 15:35:00', NULL),
(397, 1, '2017-12-30 15:40:00', NULL),
(398, 1, '2017-12-30 16:25:00', NULL),
(399, 1, '2018-01-06 15:00:00', NULL),
(401, 1, '2018-01-06 15:05:00', 155),
(403, 1, '2018-01-06 15:35:00', NULL),
(404, 1, '2018-01-06 15:40:00', NULL),
(405, 1, '2018-01-06 16:25:00', NULL),
(406, 1, '2018-01-13 15:00:00', NULL),
(407, 1, '2018-01-13 15:05:00', 194),
(408, 1, '2018-01-13 15:35:00', NULL),
(409, 1, '2018-01-13 15:40:00', NULL),
(410, 1, '2018-01-13 16:25:00', NULL),
(411, 1, '2018-01-20 15:00:00', NULL),
(412, 1, '2018-01-20 15:05:00', 44),
(413, 1, '2018-01-20 15:35:00', NULL),
(414, 1, '2018-01-20 15:40:00', NULL),
(415, 1, '2018-01-20 16:25:00', NULL),
(416, 1, '2018-01-27 15:00:00', NULL),
(417, 1, '2018-01-27 15:05:00', 46),
(418, 1, '2018-01-27 15:35:00', NULL),
(419, 1, '2018-01-27 15:40:00', NULL),
(420, 1, '2018-01-27 16:25:00', NULL),
(421, 1, '2018-02-03 15:00:00', NULL),
(422, 1, '2018-02-03 15:05:00', 181),
(423, 1, '2018-02-03 15:35:00', NULL),
(424, 1, '2018-02-03 15:40:00', NULL),
(425, 1, '2018-02-03 16:25:00', NULL),
(426, 1, '2018-02-10 15:00:00', NULL),
(427, 1, '2018-02-10 15:05:00', NULL),
(428, 1, '2018-02-10 15:35:00', NULL),
(429, 1, '2018-02-10 15:40:00', NULL),
(430, 1, '2018-02-10 16:25:00', NULL),
(431, 1, '2018-02-17 15:00:00', NULL),
(432, 1, '2018-02-17 15:05:00', NULL),
(433, 1, '2018-02-17 15:35:00', NULL),
(434, 1, '2018-02-17 15:40:00', NULL),
(435, 1, '2018-02-17 16:25:00', NULL),
(436, 1, '2018-02-24 15:00:00', NULL),
(437, 1, '2018-02-24 15:05:00', NULL),
(438, 1, '2018-02-24 15:35:00', NULL),
(439, 1, '2018-02-24 15:40:00', NULL),
(440, 1, '2018-02-24 16:25:00', NULL),
(441, 1, '2018-03-03 15:00:00', NULL),
(442, 1, '2018-03-03 15:05:00', NULL),
(443, 1, '2018-03-03 15:35:00', NULL),
(444, 1, '2018-03-03 15:40:00', NULL),
(445, 1, '2018-03-03 16:25:00', NULL),
(446, 1, '2018-03-10 15:00:00', NULL),
(447, 1, '2018-03-10 15:05:00', NULL),
(448, 1, '2018-03-10 15:35:00', NULL),
(449, 1, '2018-03-10 15:40:00', NULL),
(450, 1, '2018-03-10 16:25:00', NULL),
(451, 1, '2018-03-17 15:00:00', NULL),
(452, 1, '2018-03-17 15:05:00', NULL),
(453, 1, '2018-03-17 15:35:00', NULL),
(454, 1, '2018-03-17 15:40:00', NULL),
(455, 1, '2018-03-17 16:25:00', NULL),
(456, 1, '2018-03-24 15:00:00', NULL),
(457, 1, '2018-03-24 15:05:00', NULL),
(458, 1, '2018-03-24 15:35:00', NULL),
(459, 1, '2018-03-24 15:40:00', NULL),
(460, 1, '2018-03-24 16:25:00', NULL),
(461, 1, '2018-03-31 15:00:00', NULL),
(462, 1, '2018-03-31 15:05:00', NULL),
(463, 1, '2018-03-31 15:35:00', NULL),
(464, 1, '2018-03-31 15:40:00', NULL),
(465, 1, '2018-03-31 16:25:00', NULL),
(466, 1, '2018-04-07 15:00:00', NULL),
(467, 1, '2018-04-07 15:05:00', NULL),
(468, 1, '2018-04-07 15:35:00', NULL),
(469, 1, '2018-04-07 15:40:00', NULL),
(470, 1, '2018-04-07 16:25:00', NULL),
(471, 1, '2018-04-14 15:00:00', NULL),
(472, 1, '2018-04-14 15:05:00', NULL),
(473, 1, '2018-04-14 15:35:00', NULL),
(474, 1, '2018-04-14 15:40:00', NULL),
(475, 1, '2018-04-14 16:25:00', NULL),
(476, 1, '2018-04-21 15:00:00', NULL),
(477, 1, '2018-04-21 15:05:00', NULL),
(478, 1, '2018-04-21 15:35:00', NULL),
(479, 1, '2018-04-21 15:40:00', NULL),
(480, 1, '2018-04-21 16:25:00', NULL),
(481, 1, '2018-04-28 15:00:00', NULL),
(482, 1, '2018-04-28 15:05:00', NULL),
(483, 1, '2018-04-28 15:35:00', NULL),
(484, 1, '2018-04-28 15:40:00', NULL),
(485, 1, '2018-04-28 16:25:00', NULL),
(486, 1, '2018-05-05 15:00:00', NULL),
(487, 1, '2018-05-05 15:05:00', NULL),
(488, 1, '2018-05-05 15:35:00', NULL),
(489, 1, '2018-05-05 15:40:00', NULL),
(490, 1, '2018-05-05 16:25:00', NULL),
(491, 1, '2018-05-12 15:00:00', NULL),
(492, 1, '2018-05-12 15:05:00', NULL),
(493, 1, '2018-05-12 15:35:00', NULL),
(494, 1, '2018-05-12 15:40:00', NULL),
(495, 1, '2018-05-12 16:25:00', NULL),
(496, 1, '2018-05-19 15:00:00', NULL),
(497, 1, '2018-05-19 15:05:00', NULL),
(498, 1, '2018-05-19 15:35:00', NULL),
(499, 1, '2018-05-19 15:40:00', NULL),
(500, 1, '2018-05-19 16:25:00', NULL),
(501, 1, '2018-05-26 15:00:00', NULL),
(502, 1, '2018-05-26 15:05:00', NULL),
(503, 1, '2018-05-26 15:35:00', NULL),
(504, 1, '2018-05-26 15:40:00', NULL),
(505, 1, '2018-05-26 16:25:00', NULL),
(506, 1, '2018-06-02 15:00:00', NULL),
(507, 1, '2018-06-02 15:05:00', NULL),
(508, 1, '2018-06-02 15:35:00', NULL),
(509, 1, '2018-06-02 15:40:00', NULL),
(510, 1, '2018-06-02 16:25:00', NULL),
(511, 1, '2018-06-09 15:00:00', NULL),
(512, 1, '2018-06-09 15:05:00', NULL),
(513, 1, '2018-06-09 15:35:00', NULL),
(514, 1, '2018-06-09 15:40:00', NULL),
(515, 1, '2018-06-09 16:25:00', NULL),
(516, 1, '2018-06-16 15:00:00', NULL),
(517, 1, '2018-06-16 15:05:00', NULL),
(518, 1, '2018-06-16 15:35:00', NULL),
(519, 1, '2018-06-16 15:40:00', NULL),
(520, 1, '2018-06-16 16:25:00', NULL),
(521, 1, '2018-06-23 15:00:00', NULL),
(522, 1, '2018-06-23 15:05:00', NULL),
(523, 1, '2018-06-23 15:35:00', NULL),
(524, 1, '2018-06-23 15:40:00', NULL),
(525, 1, '2018-06-23 16:25:00', NULL),
(526, 1, '2018-06-30 15:00:00', NULL),
(527, 1, '2018-06-30 15:05:00', NULL),
(528, 1, '2018-06-30 15:35:00', NULL),
(529, 1, '2018-06-30 15:40:00', NULL),
(530, 1, '2018-06-30 16:25:00', NULL),
(531, 1, '2018-01-03 18:45:00', NULL),
(531, 3, '2018-01-01 18:45:00', NULL),
(532, 1, '2018-01-03 18:50:00', NULL),
(532, 3, '2018-01-01 18:50:00', NULL),
(533, 1, '2018-01-03 18:53:00', NULL),
(533, 3, '2018-01-01 18:53:00', NULL),
(534, 1, '2018-01-03 19:03:00', NULL),
(534, 3, '2018-01-01 19:03:00', NULL),
(535, 1, '2018-01-03 19:12:00', NULL),
(535, 3, '2018-01-01 19:12:00', NULL),
(536, 1, '2018-01-03 19:16:00', NULL),
(536, 3, '2018-01-01 19:16:00', NULL),
(537, 1, '2018-01-03 19:20:00', NULL),
(537, 3, '2018-01-01 19:20:00', NULL),
(538, 1, '2018-01-03 19:23:00', NULL),
(538, 3, '2018-01-01 19:23:00', NULL),
(539, 1, '2018-01-03 19:30:00', NULL),
(539, 3, '2018-01-01 19:30:00', NULL),
(540, 1, '2018-01-03 19:35:00', NULL),
(540, 3, '2018-01-01 19:35:00', NULL),
(542, 1, '2018-01-03 19:50:00', NULL),
(542, 3, '2018-01-01 19:50:00', NULL),
(543, 1, '2018-01-03 20:21:00', NULL),
(543, 3, '2018-01-01 20:21:00', NULL),
(544, 1, '2018-01-03 20:25:00', NULL),
(544, 3, '2018-01-01 20:25:00', NULL),
(545, 1, '2018-01-10 18:45:00', NULL),
(545, 3, '2018-01-08 18:45:00', NULL),
(546, 1, '2018-01-10 18:50:00', NULL),
(546, 3, '2018-01-08 18:50:00', NULL),
(547, 1, '2018-01-10 18:53:00', NULL),
(547, 3, '2018-01-08 18:53:00', NULL),
(548, 1, '2018-01-10 19:03:00', NULL),
(548, 3, '2018-01-08 19:03:00', NULL),
(549, 1, '2018-01-10 19:12:00', NULL),
(549, 3, '2018-01-08 19:12:00', NULL),
(550, 1, '2018-01-10 19:17:00', NULL),
(550, 3, '2018-01-08 19:17:00', NULL),
(551, 1, '2018-01-10 19:19:00', NULL),
(551, 3, '2018-01-08 19:19:00', NULL),
(552, 1, '2018-01-10 19:24:00', NULL),
(552, 3, '2018-01-08 19:24:00', NULL),
(553, 1, '2018-01-10 19:30:00', NULL),
(553, 3, '2018-01-08 19:30:00', NULL),
(554, 1, '2018-01-10 19:35:00', NULL),
(554, 3, '2018-01-08 19:35:00', NULL),
(555, 1, '2018-01-10 19:44:00', NULL),
(555, 3, '2018-01-08 19:44:00', NULL),
(556, 1, '2018-01-10 19:51:00', NULL),
(556, 3, '2018-01-08 19:51:00', NULL),
(557, 1, '2018-01-10 20:21:00', NULL),
(557, 3, '2018-01-08 20:21:00', NULL),
(558, 1, '2018-01-10 20:25:00', NULL),
(558, 3, '2018-01-08 20:25:00', NULL),
(559, 1, '2018-01-17 18:45:00', NULL),
(559, 3, '2018-01-15 18:45:00', NULL),
(560, 1, '2018-01-17 18:50:00', NULL),
(560, 3, '2018-01-15 18:50:00', NULL),
(561, 1, '2018-01-17 18:53:00', NULL),
(561, 3, '2018-01-15 18:53:00', NULL),
(562, 1, '2018-01-17 19:03:00', NULL),
(562, 3, '2018-01-15 19:03:00', NULL),
(563, 1, '2018-01-17 19:12:00', NULL),
(563, 3, '2018-01-15 19:12:00', NULL),
(564, 1, '2018-01-17 19:17:00', NULL),
(564, 3, '2018-01-15 19:17:00', NULL),
(565, 1, '2018-01-17 19:20:00', NULL),
(565, 3, '2018-01-15 19:20:00', NULL),
(566, 1, '2018-01-17 19:24:00', NULL),
(566, 3, '2018-01-15 19:24:00', NULL),
(567, 1, '2018-01-17 19:30:00', NULL),
(567, 3, '2018-01-15 19:30:00', NULL),
(568, 1, '2018-01-17 19:35:00', NULL),
(568, 3, '2018-01-15 19:35:00', NULL),
(569, 1, '2018-01-17 19:51:00', NULL),
(569, 3, '2018-01-15 19:51:00', NULL),
(570, 1, '2018-01-17 20:21:00', NULL),
(570, 3, '2018-01-15 20:21:00', NULL),
(571, 1, '2018-01-17 20:25:00', NULL),
(571, 3, '2018-01-15 20:25:00', NULL),
(572, 1, '2018-01-24 18:45:00', NULL),
(572, 3, '2018-01-22 18:45:00', NULL),
(573, 1, '2018-01-24 18:50:00', NULL),
(573, 3, '2018-01-22 18:50:00', NULL),
(574, 1, '2018-01-24 18:53:00', NULL),
(574, 3, '2018-01-22 18:53:00', NULL),
(575, 1, '2018-01-24 19:03:00', NULL),
(575, 3, '2018-01-22 19:03:00', NULL),
(576, 1, '2018-01-24 19:12:00', NULL),
(576, 3, '2018-01-22 19:12:00', NULL),
(577, 1, '2018-01-24 19:16:00', NULL),
(577, 3, '2018-01-22 19:16:00', NULL),
(578, 1, '2018-01-24 19:20:00', NULL),
(578, 3, '2018-01-22 19:20:00', NULL),
(579, 1, '2018-01-24 19:24:00', NULL),
(579, 3, '2018-01-22 19:24:00', NULL),
(580, 1, '2018-01-24 19:30:00', NULL),
(580, 3, '2018-01-22 19:30:00', NULL),
(581, 1, '2018-01-24 19:35:00', NULL),
(581, 3, '2018-01-22 19:35:00', NULL),
(582, 1, '2018-01-24 19:51:00', NULL),
(582, 3, '2018-01-22 19:51:00', NULL),
(583, 1, '2018-01-24 20:21:00', NULL),
(583, 3, '2018-01-22 20:21:00', NULL),
(584, 1, '2018-01-24 20:25:00', NULL),
(584, 3, '2018-01-22 20:25:00', NULL),
(585, 1, '2018-01-31 18:45:00', NULL),
(585, 3, '2018-01-29 18:45:00', NULL),
(586, 1, '2018-01-31 18:50:00', NULL),
(586, 3, '2018-01-29 18:50:00', NULL),
(587, 1, '2018-01-31 18:53:00', NULL),
(587, 3, '2018-01-29 18:53:00', NULL),
(588, 1, '2018-01-31 19:03:00', NULL),
(588, 3, '2018-01-29 19:03:00', NULL),
(589, 1, '2018-01-31 19:12:00', NULL),
(589, 3, '2018-01-29 19:12:00', NULL),
(590, 1, '2018-01-31 19:16:00', NULL),
(590, 3, '2018-01-29 19:16:00', NULL),
(591, 1, '2018-01-31 19:19:00', NULL),
(591, 3, '2018-01-29 19:19:00', NULL),
(592, 1, '2018-01-31 19:24:00', NULL),
(592, 3, '2018-01-29 19:24:00', NULL),
(593, 1, '2018-01-31 19:30:00', NULL),
(593, 3, '2018-01-29 19:30:00', NULL),
(594, 1, '2018-01-31 19:35:00', NULL),
(594, 3, '2018-01-29 19:35:00', NULL),
(595, 1, '2018-01-31 19:51:00', NULL),
(595, 3, '2018-01-29 19:51:00', NULL),
(596, 1, '2018-01-31 20:21:00', NULL),
(596, 3, '2018-01-29 20:21:00', NULL),
(597, 1, '2018-01-31 20:25:00', NULL),
(597, 3, '2018-01-29 20:25:00', NULL),
(598, 1, '2018-02-07 18:53:00', NULL),
(598, 3, '2018-02-07 18:53:00', NULL),
(599, 1, '2018-02-07 19:03:00', NULL),
(599, 3, '2018-02-07 19:03:00', NULL),
(600, 1, '2018-02-07 19:11:00', NULL),
(600, 3, '2018-02-07 19:11:00', NULL),
(601, 1, '2018-02-07 19:15:00', NULL),
(601, 3, '2018-02-07 19:15:00', NULL),
(602, 1, '2018-02-07 19:20:00', NULL),
(602, 3, '2018-02-07 19:20:00', NULL),
(603, 1, '2018-02-07 19:24:00', NULL),
(603, 3, '2018-02-07 19:24:00', NULL),
(604, 1, '2018-02-07 19:31:00', NULL),
(604, 3, '2018-02-07 19:31:00', NULL),
(605, 1, '2018-02-07 19:36:00', NULL),
(605, 3, '2018-02-07 19:36:00', NULL),
(606, 1, '2018-02-07 19:41:00', NULL),
(606, 3, '2018-02-07 19:41:00', NULL),
(607, 1, '2018-02-07 19:51:00', NULL),
(607, 3, '2018-02-07 19:51:00', NULL),
(608, 1, '2018-02-07 20:21:00', NULL),
(608, 3, '2018-02-07 20:21:00', NULL),
(609, 1, '2018-02-07 20:25:00', NULL),
(609, 3, '2018-02-07 20:25:00', NULL),
(610, 1, '2018-02-14 18:45:00', NULL),
(610, 3, '2018-02-12 18:45:00', NULL),
(611, 1, '2018-02-14 18:50:00', NULL),
(611, 3, '2018-02-12 18:50:00', NULL),
(612, 1, '2018-02-14 18:53:00', NULL),
(612, 3, '2018-02-12 18:53:00', NULL),
(613, 1, '2018-02-14 00:00:00', NULL),
(613, 3, '2018-02-12 00:00:00', NULL),
(614, 1, '2018-02-14 00:00:00', NULL),
(614, 3, '2018-02-12 00:00:00', NULL),
(615, 1, '2018-02-14 00:00:00', NULL),
(615, 3, '2018-02-12 00:00:00', NULL),
(616, 1, '2018-02-14 00:00:00', NULL),
(616, 3, '2018-02-12 00:00:00', NULL),
(617, 1, '2018-02-14 00:00:00', NULL),
(617, 3, '2018-02-12 00:00:00', NULL),
(618, 1, '2018-02-14 00:00:00', NULL),
(618, 3, '2018-02-12 00:00:00', NULL),
(619, 1, '2018-02-14 00:00:00', NULL),
(619, 3, '2018-02-12 00:00:00', NULL),
(620, 1, '2018-02-14 00:00:00', NULL),
(620, 3, '2018-02-12 00:00:00', NULL),
(621, 1, '2018-02-14 00:00:00', NULL),
(621, 3, '2018-02-12 00:00:00', NULL),
(622, 1, '2018-02-14 20:21:00', NULL),
(622, 3, '2018-02-12 20:21:00', NULL),
(623, 1, '2018-02-14 20:25:00', NULL),
(623, 3, '2018-02-12 20:25:00', NULL),
(624, 1, '2018-02-21 18:45:00', NULL),
(624, 3, '2018-02-19 18:45:00', NULL),
(625, 1, '2018-02-21 18:50:00', NULL),
(625, 3, '2018-02-19 18:50:00', NULL),
(626, 1, '2018-02-21 18:53:00', NULL),
(626, 3, '2018-02-19 18:53:00', NULL),
(627, 1, '2018-02-21 00:00:00', NULL),
(627, 3, '2018-02-19 00:00:00', NULL),
(628, 1, '2018-02-21 00:00:00', NULL),
(628, 3, '2018-02-19 00:00:00', NULL),
(629, 1, '2018-02-21 00:00:00', NULL),
(629, 3, '2018-02-19 00:00:00', NULL),
(630, 1, '2018-02-21 00:00:00', NULL),
(630, 3, '2018-02-19 00:00:00', NULL),
(631, 1, '2018-02-21 00:00:00', NULL),
(631, 3, '2018-02-19 00:00:00', NULL),
(632, 1, '2018-02-21 00:00:00', NULL),
(632, 3, '2018-02-19 00:00:00', NULL),
(633, 1, '2018-02-21 00:00:00', NULL),
(633, 3, '2018-02-19 00:00:00', NULL),
(634, 1, '2018-02-28 18:45:00', NULL),
(634, 3, '2018-02-26 18:45:00', NULL),
(635, 1, '2018-02-28 18:50:00', NULL),
(635, 3, '2018-02-26 18:50:00', NULL),
(636, 1, '2018-02-28 18:53:00', NULL),
(636, 3, '2018-02-26 18:53:00', NULL),
(637, 1, '2018-02-28 00:00:00', NULL),
(637, 3, '2018-02-26 00:00:00', NULL),
(638, 1, '2018-02-28 00:00:00', NULL),
(638, 3, '2018-02-26 00:00:00', NULL),
(639, 1, '2018-02-28 00:00:00', NULL),
(639, 3, '2018-02-26 00:00:00', NULL),
(640, 1, '2018-02-28 00:00:00', NULL),
(640, 3, '2018-02-26 00:00:00', NULL),
(641, 1, '2018-02-28 00:00:00', NULL),
(641, 3, '2018-02-26 00:00:00', NULL),
(642, 1, '2018-02-21 00:00:00', NULL),
(642, 3, '2018-02-19 00:00:00', NULL),
(643, 1, '2018-02-21 20:21:00', NULL),
(643, 3, '2018-02-19 20:21:00', NULL),
(644, 1, '2018-02-21 20:25:00', NULL),
(644, 3, '2018-02-19 20:25:00', NULL),
(645, 1, '2018-02-28 00:00:00', NULL),
(645, 3, '2018-02-26 00:00:00', NULL),
(646, 1, '2018-02-28 00:00:00', NULL),
(646, 3, '2018-02-26 00:00:00', NULL),
(647, 1, '2018-02-28 00:00:00', NULL),
(647, 3, '2018-02-26 00:00:00', NULL),
(648, 1, '2018-02-28 00:00:00', NULL),
(648, 3, '2018-02-26 00:00:00', NULL),
(649, 1, '2018-02-28 20:21:00', NULL),
(649, 3, '2018-02-26 20:21:00', NULL),
(650, 1, '2018-02-28 20:25:00', NULL),
(650, 3, '2018-02-26 20:25:00', NULL),
(651, 1, '2018-03-07 18:45:00', NULL),
(651, 3, '2018-03-05 18:45:00', NULL),
(652, 1, '2018-03-07 18:50:00', NULL),
(652, 3, '2018-03-05 18:50:00', NULL),
(653, 1, '2018-03-07 18:53:00', NULL),
(653, 3, '2018-03-05 18:53:00', NULL),
(654, 1, '2018-03-07 19:03:00', NULL),
(654, 3, '2018-03-05 19:03:00', NULL),
(655, 1, '2018-03-07 19:12:00', NULL),
(655, 3, '2018-03-05 19:12:00', NULL),
(656, 1, '2018-03-07 19:16:00', NULL),
(656, 3, '2018-03-05 19:16:00', NULL),
(657, 1, '2018-03-07 19:21:00', NULL),
(657, 3, '2018-03-05 19:21:00', NULL),
(658, 1, '2018-03-07 19:24:00', NULL),
(658, 3, '2018-03-05 19:24:00', NULL),
(659, 1, '2018-03-07 19:30:00', NULL),
(659, 3, '2018-03-05 19:30:00', NULL),
(660, 1, '2018-03-07 19:35:00', NULL),
(660, 3, '2018-03-05 19:35:00', NULL),
(661, 1, '2018-03-07 19:45:00', NULL),
(661, 3, '2018-03-05 19:45:00', NULL),
(662, 1, '2018-03-07 19:51:00', NULL),
(662, 3, '2018-03-05 19:51:00', NULL),
(663, 1, '2018-03-07 20:21:00', NULL),
(663, 3, '2018-03-05 20:21:00', NULL),
(664, 1, '2018-03-07 20:25:00', NULL),
(664, 3, '2018-03-05 20:25:00', NULL),
(665, 1, '2018-03-14 18:45:00', NULL),
(665, 3, '2018-03-12 18:45:00', NULL),
(666, 1, '2018-03-14 18:50:00', NULL),
(666, 3, '2018-03-12 18:50:00', NULL),
(667, 1, '2018-03-14 18:53:00', NULL),
(667, 3, '2018-03-12 18:53:00', NULL),
(668, 1, '2018-03-14 19:03:00', NULL),
(668, 3, '2018-03-12 19:03:00', NULL),
(669, 1, '2018-03-14 19:12:00', NULL),
(669, 3, '2018-03-12 19:12:00', NULL),
(670, 1, '2018-03-14 19:15:00', NULL),
(670, 3, '2018-03-12 19:15:00', NULL),
(671, 1, '2018-03-14 19:18:00', NULL),
(671, 3, '2018-03-12 19:18:00', NULL),
(672, 1, '2018-03-14 19:24:00', NULL),
(672, 3, '2018-03-12 19:24:00', NULL),
(673, 1, '2018-03-14 19:30:00', NULL),
(673, 3, '2018-03-12 19:30:00', NULL),
(674, 1, '2018-03-14 19:35:00', NULL),
(674, 3, '2018-03-12 19:35:00', NULL),
(675, 1, '2018-03-14 19:51:00', NULL),
(675, 3, '2018-03-12 19:51:00', NULL),
(676, 1, '2018-03-14 20:21:00', NULL),
(676, 3, '2018-03-12 20:21:00', NULL),
(677, 1, '2018-03-14 20:25:00', NULL),
(677, 3, '2018-03-12 20:25:00', NULL),
(678, 1, '2018-03-21 18:45:00', NULL),
(678, 3, '2018-03-19 18:45:00', NULL),
(679, 1, '2018-03-21 18:50:00', NULL),
(679, 3, '2018-03-19 18:50:00', NULL),
(680, 1, '2018-03-21 18:53:00', NULL),
(680, 3, '2018-03-19 18:53:00', NULL),
(681, 1, '2018-03-21 19:03:00', NULL),
(681, 3, '2018-03-19 19:03:00', NULL),
(682, 1, '2018-03-21 19:11:00', NULL),
(682, 3, '2018-03-19 19:11:00', NULL),
(683, 1, '2018-03-21 19:15:00', NULL),
(683, 3, '2018-03-19 19:15:00', NULL),
(684, 1, '2018-03-21 19:20:00', NULL),
(684, 3, '2018-03-19 19:20:00', NULL),
(685, 1, '2018-03-21 19:24:00', NULL),
(685, 3, '2018-03-19 19:24:00', NULL),
(686, 1, '2018-03-21 19:30:00', NULL),
(686, 3, '2018-03-19 19:30:00', NULL),
(687, 1, '2018-03-21 19:35:00', NULL),
(687, 3, '2018-03-19 19:35:00', NULL),
(688, 1, '2018-03-21 19:51:00', NULL),
(688, 3, '2018-03-19 19:51:00', NULL),
(689, 1, '2018-03-21 20:21:00', NULL),
(689, 3, '2018-03-19 20:21:00', NULL),
(690, 1, '2018-03-21 20:25:00', NULL),
(690, 3, '2018-03-19 20:25:00', NULL),
(691, 1, '2018-03-28 18:45:00', NULL),
(691, 3, '2018-03-26 18:45:00', NULL),
(692, 1, '2018-03-28 18:50:00', NULL),
(692, 3, '2018-03-26 18:50:00', NULL),
(693, 1, '2018-03-28 18:53:00', NULL),
(693, 3, '2018-03-26 18:53:00', NULL),
(694, 1, '2018-03-28 19:03:00', NULL),
(694, 3, '2018-03-26 19:03:00', NULL),
(695, 1, '2018-03-28 19:11:00', NULL),
(695, 3, '2018-03-26 19:11:00', NULL),
(696, 1, '2018-03-28 19:16:00', NULL),
(696, 3, '2018-03-26 19:16:00', NULL),
(697, 1, '2018-03-28 19:19:00', NULL),
(697, 3, '2018-03-26 19:19:00', NULL),
(698, 1, '2018-03-28 19:23:00', NULL),
(698, 3, '2018-03-26 19:23:00', NULL),
(699, 1, '2018-03-28 19:30:00', NULL),
(699, 3, '2018-03-26 19:30:00', NULL),
(700, 1, '2018-03-28 19:35:00', NULL),
(700, 3, '2018-03-26 19:35:00', NULL),
(701, 1, '2018-03-28 19:45:00', NULL),
(701, 3, '2018-03-26 19:45:00', NULL),
(702, 1, '2018-03-28 19:51:00', NULL),
(702, 3, '2018-03-26 19:51:00', NULL),
(703, 1, '2018-03-28 20:21:00', NULL),
(703, 3, '2018-03-26 20:21:00', NULL),
(704, 1, '2018-03-28 20:25:00', NULL),
(704, 3, '2018-03-26 20:25:00', NULL),
(705, 1, '2018-04-04 18:45:00', NULL),
(706, 1, '2018-04-04 18:50:00', NULL),
(707, 1, '2018-04-04 18:53:00', NULL),
(708, 1, '2018-04-04 19:03:00', NULL),
(709, 1, '2018-04-04 19:11:00', NULL),
(710, 1, '2018-04-04 19:15:00', NULL),
(711, 1, '2018-04-04 19:20:00', NULL),
(712, 1, '2018-04-04 19:24:00', NULL),
(713, 1, '2018-04-04 19:30:00', NULL),
(714, 1, '2018-04-04 19:35:00', NULL),
(715, 1, '2018-04-04 19:43:00', NULL),
(716, 1, '2018-04-04 19:51:00', NULL),
(717, 1, '2018-04-04 20:21:00', NULL),
(718, 1, '2018-04-04 20:25:00', NULL),
(719, 1, '2018-04-11 18:45:00', NULL),
(720, 1, '2018-04-11 18:50:00', NULL),
(721, 1, '2018-04-11 18:53:00', NULL),
(722, 1, '2018-04-11 19:03:00', NULL),
(723, 1, '2018-04-11 19:11:00', NULL),
(724, 1, '2018-04-11 19:15:00', NULL),
(725, 1, '2018-04-11 19:18:00', NULL),
(726, 1, '2018-04-11 19:24:00', NULL),
(727, 1, '2018-04-11 19:30:00', NULL),
(728, 1, '2018-04-11 19:35:00', NULL),
(729, 1, '2018-04-11 19:51:00', NULL),
(730, 1, '2018-04-11 20:21:00', NULL),
(731, 1, '2018-04-11 20:25:00', NULL),
(732, 1, '2018-04-18 18:45:00', NULL),
(733, 1, '2018-04-18 18:50:00', NULL),
(734, 1, '2018-04-18 18:53:00', NULL),
(735, 1, '2018-04-18 19:03:00', NULL),
(736, 1, '2018-04-18 19:11:00', NULL),
(737, 1, '2018-04-18 19:15:00', NULL),
(738, 1, '2018-04-18 19:18:00', NULL),
(739, 1, '2018-04-18 19:22:00', NULL),
(740, 1, '2018-04-18 19:30:00', NULL),
(741, 1, '2018-04-18 19:35:00', NULL),
(742, 1, '2018-04-18 19:43:00', NULL),
(743, 1, '2018-04-18 19:51:00', NULL),
(744, 1, '2018-04-18 20:21:00', NULL),
(745, 1, '2018-04-18 20:25:00', NULL),
(746, 1, '2018-04-24 18:45:00', NULL),
(747, 1, '2018-04-24 18:50:00', NULL),
(748, 1, '2018-04-24 18:53:00', NULL),
(749, 1, '2018-04-24 19:03:00', NULL),
(750, 1, '2018-04-24 19:11:00', NULL),
(751, 1, '2018-04-24 19:15:00', NULL),
(752, 1, '2018-04-24 19:18:00', NULL),
(753, 1, '2018-04-24 19:23:00', NULL),
(754, 1, '2018-04-24 19:30:00', NULL),
(755, 1, '2018-04-24 19:35:00', NULL),
(756, 1, '2018-04-24 00:00:00', NULL),
(757, 1, '2018-04-24 00:00:00', NULL),
(758, 1, '2018-04-24 00:00:00', NULL),
(759, 1, '2018-05-02 18:45:00', NULL),
(760, 1, '2018-05-02 18:50:00', NULL),
(761, 1, '2018-05-02 18:53:00', NULL),
(762, 1, '2018-05-02 19:03:00', NULL),
(763, 1, '2018-05-02 19:11:00', NULL),
(764, 1, '2018-05-02 19:15:00', NULL),
(765, 1, '2018-05-02 19:19:00', NULL),
(766, 1, '2018-05-02 19:24:00', NULL),
(767, 1, '2018-05-02 19:30:00', NULL),
(768, 1, '2018-05-02 19:35:00', NULL),
(769, 1, '2018-05-02 19:41:00', NULL),
(770, 1, '2018-05-02 19:51:00', NULL),
(771, 1, '2018-05-02 20:21:00', NULL),
(772, 1, '2018-05-02 20:25:00', NULL),
(773, 1, '2018-05-09 18:45:00', NULL),
(774, 1, '2018-05-09 18:50:00', NULL),
(775, 1, '2018-05-09 18:53:00', NULL),
(776, 1, '2018-05-09 19:03:00', NULL),
(777, 1, '2018-05-09 19:11:00', NULL),
(778, 1, '2018-05-09 19:15:00', NULL),
(779, 1, '2018-05-09 19:18:00', NULL),
(780, 1, '2018-05-09 19:24:00', NULL),
(781, 1, '2018-05-09 19:30:00', NULL),
(782, 1, '2018-05-09 19:35:00', NULL),
(783, 1, '2018-05-09 19:40:00', NULL),
(784, 1, '2018-05-09 19:51:00', NULL),
(785, 1, '2018-05-09 20:21:00', NULL),
(786, 1, '2018-05-09 20:25:00', NULL),
(787, 1, '2018-05-16 18:45:00', NULL),
(787, 3, '2018-05-16 18:45:00', NULL),
(788, 1, '2018-05-16 18:50:00', NULL),
(788, 3, '2018-05-16 18:50:00', NULL),
(789, 1, '2018-05-16 18:53:00', NULL),
(789, 3, '2018-05-16 18:53:00', NULL),
(790, 1, '2018-05-16 19:03:00', NULL),
(790, 3, '2018-05-16 19:03:00', NULL),
(791, 1, '2018-05-16 19:11:00', NULL),
(791, 3, '2018-05-16 19:11:00', NULL),
(792, 1, '2018-05-16 19:15:00', NULL),
(792, 3, '2018-05-16 19:15:00', NULL),
(793, 1, '2018-05-16 19:18:00', NULL),
(793, 3, '2018-05-16 19:18:00', NULL),
(794, 1, '2018-05-16 19:24:00', NULL),
(794, 3, '2018-05-16 19:24:00', NULL),
(795, 1, '2018-05-16 19:30:00', NULL),
(795, 3, '2018-05-16 19:30:00', NULL),
(796, 1, '2018-05-16 19:35:00', NULL),
(796, 3, '2018-05-16 19:35:00', NULL),
(798, 1, '2018-05-16 19:51:00', NULL),
(798, 3, '2018-05-16 19:51:00', NULL),
(799, 1, '2018-05-16 20:21:00', NULL),
(799, 3, '2018-05-16 20:21:00', NULL),
(800, 1, '2018-05-16 20:25:00', NULL),
(800, 3, '2018-05-16 20:25:00', NULL),
(801, 1, '2018-05-23 18:45:00', NULL),
(801, 3, '2018-05-21 18:45:00', NULL),
(802, 1, '2018-05-23 18:50:00', NULL),
(802, 3, '2018-05-21 18:50:00', NULL),
(803, 1, '2018-05-23 18:53:00', NULL),
(803, 3, '2018-05-21 18:53:00', NULL),
(804, 1, '2018-05-23 19:03:00', NULL),
(804, 3, '2018-05-21 19:03:00', NULL),
(805, 1, '2018-05-23 19:11:00', NULL),
(805, 3, '2018-05-21 19:11:00', NULL),
(806, 1, '2018-05-23 19:15:00', NULL),
(806, 3, '2018-05-21 19:15:00', NULL),
(807, 1, '2018-05-23 19:18:00', NULL),
(807, 3, '2018-05-21 19:18:00', NULL),
(808, 1, '2018-05-23 19:23:00', NULL),
(808, 3, '2018-05-21 19:23:00', NULL),
(809, 1, '2018-05-23 19:30:00', NULL),
(809, 3, '2018-05-21 19:30:00', NULL),
(810, 1, '2018-05-23 19:35:00', NULL),
(810, 3, '2018-05-21 19:35:00', NULL),
(811, 1, '2018-05-30 18:45:00', NULL),
(811, 3, '2018-05-30 18:45:00', NULL),
(812, 1, '2018-05-30 18:50:00', NULL),
(812, 3, '2018-05-30 18:50:00', NULL),
(813, 1, '2018-05-23 19:51:00', NULL),
(813, 3, '2018-05-21 19:51:00', NULL),
(814, 1, '2018-05-23 20:21:00', NULL),
(814, 3, '2018-05-21 20:21:00', NULL),
(815, 1, '2018-05-23 20:25:00', NULL),
(815, 3, '2018-05-21 20:25:00', NULL),
(816, 1, '2018-05-30 18:53:00', NULL),
(816, 3, '2018-05-30 18:53:00', NULL),
(817, 1, '2018-05-30 19:03:00', NULL),
(817, 3, '2018-05-30 19:03:00', NULL),
(818, 1, '2018-05-30 19:11:00', NULL),
(818, 3, '2018-05-30 19:11:00', NULL),
(819, 1, '2018-05-30 19:15:00', NULL),
(819, 3, '2018-05-30 19:15:00', NULL),
(820, 1, '2018-05-30 19:19:00', NULL),
(820, 3, '2018-05-30 19:19:00', NULL),
(821, 1, '2018-05-30 19:24:00', NULL),
(821, 3, '2018-05-30 19:24:00', NULL),
(822, 1, '2018-05-30 19:30:00', NULL),
(822, 3, '2018-05-30 19:30:00', NULL),
(823, 1, '2018-05-30 19:35:00', NULL),
(823, 3, '2018-05-30 19:35:00', NULL),
(824, 1, '2018-05-30 19:51:00', NULL),
(824, 3, '2018-05-30 19:51:00', NULL),
(825, 1, '2018-05-30 20:21:00', NULL),
(825, 3, '2018-05-30 20:21:00', NULL),
(826, 1, '2018-05-30 20:25:00', NULL),
(826, 3, '2018-05-30 20:25:00', NULL),
(827, 1, '2018-06-06 18:45:00', NULL),
(827, 3, '2018-06-06 18:45:00', NULL),
(828, 1, '2018-06-06 18:53:00', NULL),
(828, 3, '2018-06-06 18:53:00', NULL),
(829, 1, '2018-06-06 19:03:00', NULL),
(829, 3, '2018-06-06 19:03:00', NULL),
(830, 1, '2018-06-06 19:11:00', NULL),
(830, 3, '2018-06-06 19:11:00', NULL),
(831, 1, '2018-06-06 18:50:00', NULL),
(831, 3, '2018-06-06 18:50:00', NULL),
(832, 1, '2018-06-06 19:16:00', NULL),
(832, 3, '2018-06-06 19:16:00', NULL),
(833, 1, '2018-06-06 19:21:00', NULL),
(833, 3, '2018-06-06 19:21:00', NULL),
(834, 1, '2018-06-06 19:25:00', NULL),
(834, 3, '2018-06-06 19:25:00', NULL),
(835, 1, '2018-06-06 19:32:00', NULL),
(835, 3, '2018-06-06 19:32:00', NULL),
(836, 1, '2018-06-06 19:37:00', NULL),
(836, 3, '2018-06-06 19:37:00', NULL),
(837, 1, '2018-06-13 18:45:00', NULL),
(837, 3, '2018-06-13 18:45:00', NULL),
(838, 1, '2018-06-13 18:53:00', NULL),
(838, 3, '2018-06-13 18:53:00', NULL),
(839, 1, '2018-06-13 19:03:00', NULL),
(839, 3, '2018-06-13 19:03:00', NULL),
(840, 1, '2018-06-13 19:11:00', NULL),
(840, 3, '2018-06-13 19:11:00', NULL),
(841, 1, '2018-06-13 19:18:00', NULL),
(841, 3, '2018-06-13 19:18:00', NULL),
(842, 1, '2018-06-13 19:21:00', NULL),
(842, 3, '2018-06-13 19:21:00', NULL),
(843, 1, '2018-06-13 19:27:00', NULL),
(843, 3, '2018-06-13 19:27:00', NULL),
(844, 1, '2018-06-13 18:50:00', NULL),
(844, 3, '2018-06-13 18:50:00', NULL),
(845, 1, '2018-06-06 19:52:00', NULL),
(845, 3, '2018-06-06 19:52:00', NULL),
(846, 1, '2018-06-06 20:22:00', NULL),
(846, 3, '2018-06-06 20:22:00', NULL),
(847, 1, '2018-06-06 20:25:00', NULL),
(847, 3, '2018-06-06 20:25:00', NULL),
(848, 1, '2018-06-13 19:31:00', NULL),
(848, 3, '2018-06-13 19:31:00', NULL),
(849, 1, '2018-06-13 19:37:00', NULL),
(849, 3, '2018-06-13 19:37:00', NULL),
(851, 1, '2018-06-13 19:45:00', NULL),
(851, 3, '2018-06-13 19:45:00', NULL),
(852, 1, '2018-06-13 19:52:00', NULL),
(852, 3, '2018-06-13 19:52:00', NULL),
(853, 1, '2018-06-13 20:22:00', NULL),
(853, 3, '2018-06-13 20:22:00', NULL),
(854, 1, '2018-06-13 20:25:00', NULL),
(854, 3, '2018-06-13 20:25:00', NULL),
(855, 1, '2018-06-20 18:45:00', NULL),
(855, 3, '2018-06-20 18:45:00', NULL),
(856, 1, '2018-06-20 18:50:00', NULL),
(856, 3, '2018-06-20 18:50:00', NULL),
(857, 1, '2018-06-20 18:53:00', NULL),
(857, 3, '2018-06-20 18:53:00', NULL),
(858, 1, '2018-06-20 19:03:00', NULL),
(858, 3, '2018-06-20 19:03:00', NULL),
(859, 1, '2018-06-20 19:11:00', NULL),
(859, 3, '2018-06-20 19:11:00', NULL),
(860, 1, '2018-06-20 19:15:00', NULL),
(860, 3, '2018-06-20 19:15:00', NULL),
(861, 1, '2018-06-20 19:18:00', NULL),
(861, 3, '2018-06-20 19:18:00', NULL),
(862, 1, '2018-06-20 19:24:00', NULL),
(862, 3, '2018-06-20 19:24:00', NULL),
(863, 1, '2018-06-20 19:31:00', NULL),
(863, 3, '2018-06-20 19:31:00', NULL),
(864, 1, '2018-06-20 19:37:00', NULL),
(864, 3, '2018-06-20 19:37:00', NULL),
(865, 1, '2018-06-27 18:45:00', NULL),
(865, 3, '2018-06-27 18:45:00', NULL),
(866, 1, '2018-06-27 18:50:00', NULL),
(866, 3, '2018-06-27 18:50:00', NULL),
(867, 1, '2018-06-20 19:52:00', NULL),
(867, 3, '2018-06-20 19:52:00', NULL),
(868, 1, '2018-06-20 20:22:00', NULL),
(868, 3, '2018-06-20 20:22:00', NULL),
(869, 1, '2018-06-20 20:25:00', NULL),
(869, 3, '2018-06-20 20:25:00', NULL),
(870, 1, '2018-06-27 18:53:00', NULL),
(870, 3, '2018-06-27 18:53:00', NULL),
(871, 1, '2018-06-27 19:03:00', NULL),
(871, 3, '2018-06-27 19:03:00', NULL),
(872, 1, '2018-06-27 19:11:00', NULL),
(872, 3, '2018-06-27 19:11:00', NULL),
(873, 1, '2018-06-27 19:16:00', NULL),
(873, 3, '2018-06-27 19:16:00', NULL),
(874, 1, '2018-06-27 19:20:00', NULL),
(874, 3, '2018-06-27 19:20:00', NULL),
(875, 1, '2018-06-27 19:24:00', NULL),
(875, 3, '2018-06-27 19:24:00', NULL),
(876, 1, '2018-06-27 19:31:00', NULL),
(876, 3, '2018-06-27 19:31:00', NULL),
(877, 1, '2018-06-27 19:37:00', NULL),
(877, 3, '2018-06-27 19:37:00', NULL),
(878, 1, '2018-07-04 00:00:00', NULL),
(878, 3, '2018-07-02 00:00:00', NULL),
(879, 1, '2018-07-04 00:00:00', NULL),
(879, 3, '2018-07-02 00:00:00', NULL),
(881, 1, '2018-06-27 19:52:00', NULL),
(881, 3, '2018-06-27 19:52:00', NULL),
(882, 1, '2018-06-27 20:22:00', NULL),
(882, 3, '2018-06-27 20:22:00', NULL),
(883, 1, '2018-06-27 20:25:00', NULL),
(883, 3, '2018-06-27 20:25:00', NULL),
(884, 1, '2018-07-04 00:00:00', NULL),
(884, 3, '2018-07-02 00:00:00', NULL),
(885, 1, '2018-07-04 00:00:00', NULL),
(885, 3, '2018-07-02 00:00:00', NULL),
(886, 1, '2018-07-04 00:00:00', NULL),
(886, 3, '2018-07-02 00:00:00', NULL),
(887, 1, '2018-07-04 00:00:00', NULL),
(887, 3, '2018-07-02 00:00:00', NULL),
(888, 1, '2018-07-04 00:00:00', NULL),
(888, 3, '2018-07-02 00:00:00', NULL),
(889, 1, '2018-07-04 00:00:00', NULL),
(889, 3, '2018-07-02 00:00:00', NULL),
(890, 1, '2018-07-11 00:00:00', NULL),
(890, 3, '2018-07-09 00:00:00', NULL),
(891, 1, '2018-07-11 00:00:00', NULL),
(891, 3, '2018-07-09 00:00:00', NULL),
(892, 1, '2018-07-11 00:00:00', NULL),
(892, 3, '2018-07-09 00:00:00', NULL),
(893, 1, '2018-07-11 00:00:00', NULL),
(893, 3, '2018-07-09 00:00:00', NULL),
(894, 1, '2018-07-11 00:00:00', NULL),
(894, 3, '2018-07-09 00:00:00', NULL),
(895, 1, '2018-07-04 00:00:00', NULL),
(895, 3, '2018-07-02 00:00:00', NULL),
(896, 1, '2018-07-04 00:00:00', NULL),
(896, 3, '2018-07-02 00:00:00', NULL),
(897, 1, '2018-07-11 00:00:00', NULL),
(897, 3, '2018-07-09 00:00:00', NULL),
(898, 1, '2018-07-11 00:00:00', NULL),
(898, 3, '2018-07-09 00:00:00', NULL),
(899, 1, '2018-07-11 00:00:00', NULL),
(899, 3, '2018-07-09 00:00:00', NULL),
(900, 1, '2018-07-04 00:00:00', NULL),
(900, 3, '2018-07-02 00:00:00', NULL),
(901, 1, '2018-07-04 00:00:00', NULL),
(901, 3, '2018-07-02 00:00:00', NULL),
(902, 1, '2018-07-04 00:00:00', NULL),
(902, 3, '2018-07-02 00:00:00', NULL),
(903, 1, '2018-07-11 00:00:00', NULL),
(903, 3, '2018-07-09 00:00:00', NULL),
(904, 1, '2018-07-18 00:00:00', NULL),
(904, 3, '2018-07-16 00:00:00', NULL),
(905, 1, '2018-07-18 00:00:00', NULL),
(905, 3, '2018-07-16 00:00:00', NULL),
(906, 1, '2018-07-18 00:00:00', NULL),
(906, 3, '2018-07-16 00:00:00', NULL),
(907, 1, '2018-07-18 00:00:00', NULL),
(907, 3, '2018-07-16 00:00:00', NULL),
(908, 1, '2018-07-18 00:00:00', NULL),
(908, 3, '2018-07-16 00:00:00', NULL),
(909, 1, '2018-07-18 00:00:00', NULL),
(909, 3, '2018-07-16 00:00:00', NULL),
(910, 1, '2018-07-18 00:00:00', NULL),
(910, 3, '2018-07-16 00:00:00', NULL),
(911, 1, '2018-07-18 00:00:00', NULL),
(911, 3, '2018-07-16 00:00:00', NULL),
(912, 1, '2018-07-11 00:00:00', NULL),
(912, 3, '2018-07-09 00:00:00', NULL),
(913, 1, '2018-07-11 00:00:00', NULL),
(913, 3, '2018-07-09 00:00:00', NULL),
(914, 1, '2018-07-11 00:00:00', NULL),
(914, 3, '2018-07-09 00:00:00', NULL),
(915, 1, '2018-07-11 00:00:00', NULL),
(915, 3, '2018-07-09 00:00:00', NULL),
(916, 1, '2018-07-18 00:00:00', NULL),
(916, 3, '2018-07-16 00:00:00', NULL),
(918, 1, '2018-07-18 00:00:00', NULL),
(918, 3, '2018-07-16 00:00:00', NULL),
(919, 1, '2018-07-18 00:00:00', NULL),
(919, 3, '2018-07-16 00:00:00', NULL),
(920, 1, '2018-07-18 00:00:00', NULL),
(920, 3, '2018-07-16 00:00:00', NULL),
(921, 1, '2018-07-18 00:00:00', NULL),
(921, 3, '2018-07-16 00:00:00', NULL),
(922, 1, '2018-07-25 00:00:00', NULL),
(922, 3, '2018-07-23 00:00:00', NULL),
(923, 1, '2018-07-25 00:00:00', NULL),
(923, 3, '2018-07-23 00:00:00', NULL),
(924, 1, '2018-07-25 00:00:00', NULL),
(924, 3, '2018-07-23 00:00:00', NULL),
(925, 1, '2018-07-25 00:00:00', NULL),
(925, 3, '2018-07-23 00:00:00', NULL),
(926, 1, '2018-07-25 00:00:00', NULL),
(926, 3, '2018-07-23 00:00:00', NULL),
(927, 1, '2018-07-25 00:00:00', NULL),
(927, 3, '2018-07-23 00:00:00', NULL),
(928, 1, '2018-07-25 00:00:00', NULL),
(928, 3, '2018-07-23 00:00:00', NULL),
(929, 1, '2018-07-25 00:00:00', NULL),
(929, 3, '2018-07-23 00:00:00', NULL),
(930, 1, '2018-07-25 00:00:00', NULL),
(930, 3, '2018-07-23 00:00:00', NULL),
(931, 1, '2018-07-25 00:00:00', NULL),
(931, 3, '2018-07-23 00:00:00', NULL),
(932, 1, '2018-08-01 00:00:00', NULL),
(932, 3, '2018-07-30 00:00:00', NULL),
(933, 1, '2018-08-01 00:00:00', NULL),
(933, 3, '2018-07-30 00:00:00', NULL),
(934, 1, '2018-07-25 00:00:00', NULL),
(934, 3, '2018-07-23 00:00:00', NULL),
(935, 1, '2018-07-25 00:00:00', NULL),
(935, 3, '2018-07-23 00:00:00', NULL),
(936, 1, '2018-07-25 00:00:00', NULL),
(936, 3, '2018-07-23 00:00:00', NULL),
(937, 1, '2018-08-01 00:00:00', NULL),
(937, 3, '2018-07-30 00:00:00', NULL),
(938, 1, '2018-08-01 00:00:00', NULL),
(938, 3, '2018-07-30 00:00:00', NULL),
(939, 1, '2018-08-01 00:00:00', NULL),
(939, 3, '2018-07-30 00:00:00', NULL),
(940, 1, '2018-08-01 00:00:00', NULL),
(940, 3, '2018-07-30 00:00:00', NULL),
(941, 1, '2018-08-01 00:00:00', NULL),
(941, 3, '2018-07-30 00:00:00', NULL),
(942, 1, '2018-08-01 00:00:00', NULL),
(942, 3, '2018-07-30 00:00:00', NULL),
(943, 1, '2018-08-01 00:00:00', NULL),
(943, 3, '2018-07-30 00:00:00', NULL),
(944, 1, '2018-08-01 00:00:00', NULL),
(944, 3, '2018-07-30 00:00:00', NULL),
(946, 1, '2018-08-01 00:00:00', NULL),
(946, 3, '2018-07-30 00:00:00', NULL),
(947, 1, '2018-08-01 00:00:00', NULL),
(947, 3, '2018-07-30 00:00:00', NULL),
(948, 1, '2018-08-01 00:00:00', NULL),
(948, 3, '2018-07-30 00:00:00', NULL),
(1087, 4, '2018-10-02 00:00:00', NULL),
(1088, 4, '2018-10-02 00:00:00', NULL),
(1090, 4, '2018-10-02 00:00:00', NULL),
(1091, 4, '2018-10-02 00:00:00', NULL),
(1092, 4, '2018-10-02 00:00:00', NULL),
(1094, 4, '2018-10-02 00:00:00', NULL),
(1095, 4, '2018-10-02 00:00:00', NULL),
(1096, 4, '2018-10-02 00:00:00', NULL),
(1098, 4, '2018-10-02 00:00:00', NULL),
(1099, 4, '2018-10-02 00:00:00', NULL),
(1100, 4, '2018-10-02 00:00:00', NULL),
(1101, 4, '2018-10-02 00:00:00', NULL),
(1102, 4, '2018-10-02 00:00:00', NULL),
(1243, 4, '2018-10-06 00:00:00', NULL),
(1244, 4, '2018-10-06 00:00:00', NULL),
(1245, 4, '2018-10-06 00:00:00', NULL),
(1246, 4, '2018-10-06 00:00:00', NULL),
(1247, 4, '2018-10-06 00:00:00', NULL),
(1958, 8, '2019-04-30 00:00:00', NULL),
(1959, 8, '2019-04-30 00:00:00', NULL),
(1961, 8, '2019-04-30 00:00:00', NULL),
(1962, 8, '2019-04-30 00:00:00', NULL),
(1963, 8, '2019-04-30 00:00:00', NULL),
(1965, 8, '2019-04-30 00:00:00', NULL),
(1966, 8, '2019-04-30 00:00:00', NULL),
(1967, 8, '2019-04-30 00:00:00', NULL),
(1969, 8, '2019-04-30 00:00:00', NULL),
(1970, 8, '2019-04-30 00:00:00', NULL),
(1971, 8, '2019-04-30 00:00:00', NULL),
(1972, 8, '2019-04-30 00:00:00', NULL),
(1973, 8, '2019-04-30 00:00:00', NULL),
(2106, 3, '2019-07-03 18:30:00', NULL),
(2107, 3, '2019-07-03 00:00:00', NULL),
(2108, 3, '2019-07-03 00:00:00', NULL),
(2109, 3, '2019-07-03 00:00:00', NULL),
(2110, 3, '2019-07-03 00:00:00', NULL),
(2111, 3, '2019-07-03 00:00:00', NULL),
(2112, 3, '2019-07-03 00:00:00', NULL),
(2113, 3, '2019-07-03 00:00:00', NULL),
(2114, 3, '2019-07-03 00:00:00', NULL),
(2115, 3, '2019-07-03 00:00:00', NULL),
(2116, 3, '2019-07-03 00:00:00', NULL),
(2117, 3, '2019-07-03 00:00:00', NULL),
(2118, 3, '2019-07-10 00:00:00', NULL),
(2119, 3, '2019-07-10 00:00:00', NULL),
(2120, 3, '2019-07-10 00:00:00', NULL),
(2121, 3, '2019-07-10 00:00:00', NULL),
(2122, 3, '2019-07-10 00:00:00', NULL),
(2123, 3, '2019-07-10 00:00:00', NULL),
(2124, 3, '2019-07-10 00:00:00', NULL),
(2125, 3, '2019-07-10 00:00:00', NULL),
(2126, 3, '2019-07-10 00:00:00', NULL),
(2127, 3, '2019-07-10 00:00:00', NULL),
(2128, 3, '2019-07-10 00:00:00', NULL),
(2129, 3, '2019-07-10 00:00:00', NULL),
(2130, 3, '2019-07-10 00:00:00', NULL),
(2131, 3, '2019-07-10 00:00:00', NULL),
(2132, 3, '2019-07-10 00:00:00', NULL),
(2133, 3, '2019-07-17 00:00:00', NULL),
(2134, 3, '2019-07-17 00:00:00', NULL),
(2135, 3, '2019-07-17 00:00:00', NULL),
(2136, 3, '2019-07-17 00:00:00', NULL),
(2137, 3, '2019-07-17 00:00:00', NULL),
(2138, 3, '2019-07-17 00:00:00', NULL),
(2139, 3, '2019-07-17 00:00:00', NULL),
(2140, 3, '2019-07-17 00:00:00', NULL),
(2141, 3, '2019-07-17 00:00:00', NULL),
(2142, 3, '2019-07-17 00:00:00', NULL),
(2143, 3, '2019-07-17 00:00:00', NULL),
(2144, 3, '2019-07-17 00:00:00', NULL),
(2145, 3, '2019-07-17 00:00:00', NULL),
(2146, 3, '2019-07-24 00:00:00', NULL),
(2147, 3, '2019-07-24 00:00:00', NULL),
(2148, 3, '2019-07-24 00:00:00', NULL),
(2149, 3, '2019-07-24 00:00:00', NULL),
(2150, 3, '2019-07-24 00:00:00', NULL),
(2151, 3, '2019-07-24 00:00:00', NULL),
(2152, 3, '2019-07-24 00:00:00', NULL),
(2153, 3, '2019-07-24 00:00:00', NULL),
(2154, 3, '2019-07-24 00:00:00', NULL),
(2155, 3, '2019-07-24 00:00:00', NULL),
(2157, 3, '2019-07-24 00:00:00', NULL),
(2158, 3, '2019-07-24 00:00:00', NULL),
(2159, 3, '2019-07-24 00:00:00', NULL),
(2160, 3, '2019-07-24 00:00:00', NULL),
(2161, 3, '2019-07-31 00:00:00', NULL),
(2162, 3, '2019-07-31 00:00:00', NULL),
(2163, 3, '2019-07-31 00:00:00', NULL),
(2164, 3, '2019-07-31 00:00:00', NULL),
(2165, 3, '2019-07-31 00:00:00', NULL),
(2166, 3, '2019-07-31 00:00:00', NULL),
(2167, 3, '2019-07-31 00:00:00', NULL),
(2168, 3, '2019-07-31 00:00:00', NULL),
(2169, 3, '2019-07-31 00:00:00', NULL),
(2170, 3, '2019-07-31 00:00:00', NULL),
(2171, 3, '2019-07-31 00:00:00', NULL),
(2172, 3, '2019-07-31 00:00:00', NULL),
(2173, 3, '2019-07-31 00:00:00', NULL),
(2174, 3, '2019-07-31 00:00:00', NULL),
(2190, 3, '2019-08-13 00:00:00', NULL),
(2191, 3, '2019-08-13 00:00:00', NULL),
(2193, 3, '2019-08-13 00:00:00', NULL),
(2194, 3, '2019-08-13 00:00:00', NULL),
(2195, 3, '2019-08-13 00:00:00', NULL),
(2196, 3, '2019-08-13 00:00:00', NULL),
(2197, 3, '2019-08-13 00:00:00', NULL),
(2198, 3, '2019-08-13 00:00:00', NULL),
(2199, 3, '2019-08-13 00:00:00', NULL),
(2200, 3, '2019-08-13 00:00:00', NULL),
(2202, 3, '2019-08-13 00:00:00', NULL),
(2203, 3, '2019-08-13 00:00:00', NULL),
(2204, 3, '2019-08-13 00:00:00', NULL),
(2205, 3, '2019-08-13 00:00:00', NULL),
(2206, 3, '2019-08-13 00:00:00', NULL),
(2239, 1, '2019-09-04 18:45:00', NULL),
(2240, 1, '2019-09-04 18:50:00', NULL),
(2242, 1, '2019-09-04 18:53:00', NULL),
(2243, 1, '2019-09-04 19:03:00', NULL),
(2244, 1, '2019-09-04 19:11:00', NULL),
(2246, 1, '2019-09-04 19:15:00', NULL),
(2247, 1, '2019-09-04 19:25:00', NULL),
(2249, 1, '2019-09-04 19:30:00', NULL),
(2250, 1, '2019-09-04 19:35:00', NULL),
(2251, 1, '2019-09-04 19:50:00', NULL),
(2252, 1, '2019-09-04 20:20:00', NULL),
(2253, 1, '2019-09-04 20:25:00', NULL);

-- --------------------------------------------------------

--
-- Table structure for table `jw_reunion_programme_participants`
--

CREATE TABLE `jw_reunion_programme_participants` (
  `id_reunion_programme` int(11) NOT NULL,
  `id_assemblee` int(11) NOT NULL,
  `id_salle` int(11) NOT NULL,
  `id_frere_1` int(11) NOT NULL,
  `id_frere_2` int(11) DEFAULT NULL
) ENGINE=InnoDB DEFAULT CHARSET=utf8;

--
-- Dumping data for table `jw_reunion_programme_participants`
--

INSERT INTO `jw_reunion_programme_participants` (`id_reunion_programme`, `id_assemblee`, `id_salle`, `id_frere_1`, `id_frere_2`) VALUES
(1, 1, 1, 214, NULL),
(2, 1, 1, 214, NULL),
(3, 1, 1, 144, NULL),
(4, 1, 1, 239, NULL),
(5, 1, 1, 284, NULL),
(6, 1, 1, 121, NULL),
(7, 1, 1, 214, NULL),
(8, 1, 1, 213, NULL),
(10, 1, 1, 23, 171),
(11, 1, 1, 214, NULL),
(12, 1, 1, 148, NULL),
(13, 1, 1, 239, NULL),
(14, 1, 1, 135, 121),
(15, 1, 1, 23, NULL),
(16, 1, 1, 23, 213),
(17, 1, 1, 135, NULL),
(18, 1, 1, 96, NULL),
(19, 1, 1, 96, NULL),
(20, 1, 1, 171, NULL),
(21, 1, 1, 23, NULL),
(22, 1, 1, 221, NULL),
(22, 1, 2, 215, NULL),
(23, 1, 1, 257, 243),
(23, 1, 2, 158, 190),
(24, 1, 1, 43, 173),
(24, 1, 2, 183, 181),
(25, 1, 1, 187, 217),
(25, 1, 2, 70, 118),
(26, 1, 1, 96, NULL),
(27, 1, 1, 213, NULL),
(28, 1, 1, 214, NULL),
(29, 1, 1, 170, 135),
(30, 1, 1, 96, NULL),
(31, 1, 1, 16, NULL),
(32, 1, 1, 213, NULL),
(33, 1, 1, 49, NULL),
(34, 1, 1, 23, NULL),
(35, 1, 1, 23, 148),
(36, 1, 1, 49, NULL),
(37, 1, 1, 171, NULL),
(38, 1, 1, 171, NULL),
(39, 1, 1, 96, NULL),
(40, 1, 1, 142, NULL),
(41, 1, 1, 285, NULL),
(41, 1, 2, 286, NULL),
(42, 1, 1, 117, 194),
(42, 1, 2, 169, 287),
(43, 1, 1, 186, 226),
(43, 1, 2, 67, 164),
(44, 1, 1, 135, NULL),
(44, 1, 2, 84, NULL),
(45, 1, 1, 171, NULL),
(46, 1, 1, 239, NULL),
(47, 1, 1, 74, NULL),
(48, 1, 1, 120, 23),
(49, 1, 1, 171, NULL),
(50, 1, 1, 50, NULL),
(51, 1, 1, 120, NULL),
(52, 1, 1, 74, NULL),
(53, 1, 1, 23, NULL),
(54, 1, 1, 23, 171),
(55, 1, 1, 213, NULL),
(56, 1, 1, 213, NULL),
(57, 1, 1, 213, NULL),
(58, 1, 1, 49, NULL),
(59, 1, 1, 171, NULL),
(60, 1, 1, 99, NULL),
(60, 1, 2, 58, NULL),
(61, 1, 1, 7, 290),
(61, 1, 2, 16, 11),
(62, 1, 1, 188, 203),
(62, 1, 2, 189, 244),
(63, 1, 1, 170, 202),
(63, 1, 2, 93, 85),
(64, 1, 1, 213, NULL),
(65, 1, 1, 121, NULL),
(66, 1, 1, 96, 74),
(67, 1, 1, 213, NULL),
(68, 1, 1, 50, NULL),
(69, 1, 1, 96, NULL),
(70, 1, 1, 23, NULL),
(71, 1, 1, 96, NULL),
(72, 1, 1, 96, 121),
(73, 1, 1, 23, NULL),
(74, 1, 1, 120, NULL),
(75, 1, 1, 120, NULL),
(76, 1, 1, 126, NULL),
(77, 1, 1, 96, NULL),
(78, 1, 1, 57, NULL),
(78, 1, 2, 221, NULL),
(79, 1, 1, 144, NULL),
(80, 1, 1, 120, NULL),
(81, 1, 1, 214, NULL),
(83, 1, 1, 121, 142),
(84, 1, 1, 120, NULL),
(85, 1, 1, 50, NULL),
(86, 1, 1, 170, NULL),
(87, 1, 1, 170, NULL),
(88, 1, 1, 142, NULL),
(89, 1, 1, 148, NULL),
(90, 1, 1, 106, NULL),
(90, 1, 2, 202, NULL),
(91, 1, 1, 86, 190),
(91, 1, 2, 182, 88),
(92, 1, 1, 245, 42),
(92, 1, 2, 74, 50),
(93, 1, 1, 239, NULL),
(93, 1, 2, 187, NULL),
(94, 1, 1, 170, NULL),
(95, 1, 1, 170, NULL),
(97, 1, 1, 213, 239),
(98, 1, 1, 170, NULL),
(99, 1, 1, 7, NULL),
(100, 1, 1, 213, NULL),
(101, 1, 1, 213, NULL),
(102, 1, 1, 135, NULL),
(103, 1, 1, 74, NULL),
(104, 1, 1, 164, NULL),
(104, 1, 2, 215, NULL),
(105, 1, 1, 217, 75),
(105, 1, 2, 172, 159),
(106, 1, 1, 51, 54),
(106, 1, 2, 155, 56),
(107, 1, 1, 216, 251),
(107, 1, 2, 253, 258),
(108, 1, 1, 213, NULL),
(109, 1, 1, 171, NULL),
(110, 1, 1, 49, 96),
(111, 1, 1, 213, NULL),
(112, 1, 1, 217, NULL),
(113, 1, 1, 171, NULL),
(114, 1, 1, 171, NULL),
(115, 1, 1, 170, NULL),
(116, 1, 1, 49, NULL),
(117, 1, 1, 11, NULL),
(117, 1, 2, 285, NULL),
(118, 1, 1, 240, 175),
(118, 1, 2, 284, 254),
(119, 1, 1, 232, 186),
(119, 1, 2, 173, 177),
(120, 1, 1, 229, 195),
(120, 1, 2, 226, 257),
(121, 1, 1, 171, NULL),
(122, 1, 1, 120, NULL),
(123, 1, 1, 23, 135),
(124, 1, 1, 171, NULL),
(125, 1, 1, 158, NULL),
(126, 1, 1, 23, NULL),
(127, 1, 1, 23, NULL),
(128, 1, 1, 121, NULL),
(129, 1, 1, 214, NULL),
(130, 1, 1, 286, NULL),
(131, 1, 1, 146, 51),
(132, 1, 1, 85, 118),
(133, 1, 1, 43, 131),
(134, 1, 1, 23, NULL),
(135, 1, 1, 144, NULL),
(136, 1, 1, 239, NULL),
(137, 1, 1, 96, 74),
(138, 1, 1, 23, NULL),
(139, 1, 1, 121, NULL),
(142, 1, 1, 171, NULL),
(143, 1, 1, 214, NULL),
(250, 3, 1, 310, NULL),
(250, 3, 2, 302, NULL),
(251, 3, 1, 379, 312),
(251, 3, 2, 382, 343),
(252, 3, 1, 319, 345),
(252, 3, 2, 297, 355),
(253, 3, 1, 346, NULL),
(253, 3, 2, 356, NULL),
(260, 3, 1, 356, NULL),
(261, 3, 1, 318, NULL),
(262, 3, 1, 340, NULL),
(263, 3, 1, 294, NULL),
(264, 3, 1, 380, NULL),
(265, 3, 1, 305, NULL),
(268, 3, 1, 318, NULL),
(269, 3, 1, 308, NULL),
(271, 3, 1, 299, 356),
(272, 3, 1, 318, NULL),
(273, 3, 1, 332, NULL),
(277, 3, 1, 333, NULL),
(278, 3, 1, 308, NULL),
(279, 3, 1, 299, NULL),
(280, 3, 1, 305, NULL),
(281, 3, 1, 352, NULL),
(281, 3, 2, 321, NULL),
(282, 3, 1, 375, 331),
(282, 3, 2, 330, 311),
(283, 3, 1, 336, 307),
(283, 3, 2, 333, 376),
(284, 3, 1, 305, 326),
(284, 3, 2, 378, 342),
(297, 3, 1, 364, NULL),
(297, 3, 2, 372, NULL),
(298, 3, 1, 325, 298),
(298, 3, 2, 367, 309),
(299, 3, 1, 377, 348),
(299, 3, 2, 362, 335),
(300, 3, 1, 328, 336),
(300, 3, 2, 365, 381),
(330, 1, 1, 48, NULL),
(331, 1, 1, 48, NULL),
(332, 1, 1, 97, NULL),
(333, 1, 1, 126, NULL),
(334, 1, 1, 383, NULL),
(339, 1, 1, 25, 77),
(339, 3, 1, 325, 298),
(339, 3, 2, 367, 309),
(340, 1, 1, 26, 62),
(340, 3, 1, 377, 348),
(340, 3, 2, 297, 335),
(341, 1, 1, 51, 123),
(341, 3, 1, 328, 336),
(341, 3, 2, 365, 381),
(342, 1, 1, 48, NULL),
(343, 1, 1, 1, NULL),
(345, 1, 1, 23, 83),
(346, 1, 1, 48, NULL),
(347, 1, 1, 30, NULL),
(348, 1, 1, 96, NULL),
(349, 1, 1, 96, NULL),
(350, 1, 1, 24, NULL),
(351, 1, 1, 148, NULL),
(352, 1, 1, 385, 79),
(352, 3, 1, 364, 324),
(352, 3, 2, 373, 304),
(353, 1, 1, 30, 86),
(353, 3, 1, 345, 341),
(353, 3, 2, 373, 300),
(354, 1, 1, 6, 27),
(354, 3, 1, 329, 353),
(354, 3, 2, 316, 328),
(355, 1, 1, 96, NULL),
(356, 1, 1, 96, NULL),
(357, 1, 1, 73, NULL),
(358, 1, 1, 1, 91),
(359, 1, 1, 96, NULL),
(360, 1, 1, 97, NULL),
(361, 1, 1, 73, NULL),
(362, 1, 1, 73, NULL),
(363, 1, 1, 74, NULL),
(364, 1, 1, 96, NULL),
(365, 1, 1, 58, NULL),
(366, 1, 1, 87, 122),
(366, 3, 1, 359, 365),
(366, 3, 2, 386, 329),
(367, 1, 1, 76, 56),
(367, 3, 1, 357, 311),
(367, 3, 2, 378, 300),
(368, 1, 1, 2, NULL),
(368, 3, 1, 349, NULL),
(368, 3, 2, 375, NULL),
(369, 1, 1, 73, NULL),
(370, 1, 1, 144, NULL),
(376, 1, 1, 121, 1),
(377, 1, 1, 73, NULL),
(378, 1, 1, 112, NULL),
(399, 1, 1, 74, NULL),
(401, 1, 1, 49, NULL),
(403, 1, 1, 23, NULL),
(404, 1, 1, 23, 83),
(405, 1, 1, 49, NULL),
(406, 1, 1, 2, NULL),
(407, 1, 1, 1, NULL),
(408, 1, 1, 23, NULL),
(409, 1, 1, 23, 91),
(410, 1, 1, 1, NULL),
(411, 1, 1, 24, NULL),
(413, 1, 1, 23, NULL),
(414, 1, 1, 23, 121),
(416, 1, 1, 73, NULL),
(417, 1, 1, 96, NULL),
(418, 1, 1, 23, NULL),
(419, 1, 1, 23, 112),
(420, 1, 1, 96, NULL),
(421, 1, 1, 148, NULL),
(422, 1, 1, 126, NULL),
(423, 1, 1, 23, NULL),
(424, 1, 1, 23, 13),
(425, 1, 1, 126, NULL),
(531, 1, 1, 48, NULL),
(532, 1, 1, 48, NULL),
(533, 1, 1, 1, NULL),
(534, 1, 1, 142, NULL),
(535, 1, 1, 115, NULL),
(535, 1, 2, 100, NULL),
(535, 3, 1, 379, NULL),
(536, 1, 1, 48, NULL),
(536, 1, 2, 73, NULL),
(537, 1, 1, 75, 25),
(537, 1, 2, 50, 99),
(537, 3, 1, 363, 298),
(537, 3, 2, 333, 376),
(538, 1, 1, 7, 55),
(538, 1, 2, 36, 102),
(538, 3, 1, 377, 309),
(538, 3, 2, 370, 378),
(539, 1, 1, 48, NULL),
(540, 1, 1, 23, NULL),
(542, 1, 1, 120, 2),
(543, 1, 1, 48, NULL),
(544, 1, 1, 75, NULL),
(545, 1, 1, 96, NULL),
(545, 3, 1, 329, NULL),
(546, 1, 1, 96, NULL),
(546, 3, 1, 299, NULL),
(547, 1, 1, 144, NULL),
(547, 3, 1, 308, NULL),
(548, 1, 1, 121, NULL),
(548, 3, 1, 340, NULL),
(549, 1, 1, 80, NULL),
(549, 1, 2, 26, NULL),
(549, 3, 1, 375, NULL),
(549, 3, 2, 324, NULL),
(550, 1, 1, 79, 78),
(550, 1, 2, 27, 31),
(550, 3, 1, 339, 350),
(550, 3, 2, 300, 295),
(551, 1, 1, 96, NULL),
(551, 1, 2, 1, NULL),
(551, 3, 1, 299, NULL),
(552, 1, 1, 96, NULL),
(552, 1, 2, 74, NULL),
(552, 3, 1, 326, NULL),
(552, 3, 2, 346, NULL),
(553, 1, 1, 96, NULL),
(553, 3, 1, 299, NULL),
(554, 1, 1, 2, NULL),
(554, 3, 1, 305, NULL),
(555, 1, 1, 24, NULL),
(555, 3, 1, 349, NULL),
(556, 1, 1, 49, 148),
(556, 3, 1, 318, 308),
(557, 1, 1, 96, NULL),
(557, 3, 1, 299, NULL),
(558, 1, 1, 50, NULL),
(558, 3, 1, 326, NULL),
(559, 1, 1, 1, NULL),
(559, 3, 1, 380, NULL),
(560, 1, 1, 1, NULL),
(560, 3, 1, 318, NULL),
(561, 1, 1, 23, NULL),
(561, 3, 1, 312, NULL),
(562, 1, 1, 74, NULL),
(562, 3, 1, 346, NULL),
(563, 1, 1, 106, NULL),
(563, 1, 2, 55, NULL),
(563, 3, 1, 310, NULL),
(563, 3, 2, 395, NULL),
(564, 1, 1, 88, 33),
(564, 1, 2, 394, 75),
(564, 3, 1, 310, 352),
(564, 3, 2, 309, 355),
(565, 1, 1, 102, 54),
(565, 1, 2, 31, 107),
(565, 3, 1, 338, 376),
(565, 3, 2, 306, 396),
(566, 1, 1, 1, NULL),
(566, 1, 2, 96, NULL),
(566, 3, 1, 318, NULL),
(567, 1, 1, 1, NULL),
(567, 3, 1, 318, NULL),
(568, 1, 1, 48, NULL),
(568, 3, 1, 299, NULL),
(569, 1, 1, 121, 86),
(569, 3, 1, 308, 356),
(570, 1, 1, 1, NULL),
(570, 3, 1, 318, NULL),
(571, 1, 1, 86, NULL),
(571, 3, 1, 337, NULL),
(572, 1, 1, 23, NULL),
(572, 3, 1, 375, NULL),
(573, 1, 1, 23, NULL),
(573, 3, 1, 312, NULL),
(574, 1, 1, 96, NULL),
(574, 3, 1, 318, NULL),
(575, 1, 1, 135, NULL),
(575, 3, 1, 326, NULL),
(576, 1, 1, 57, NULL),
(576, 1, 2, 38, NULL),
(576, 3, 1, 343, NULL),
(576, 3, 2, 305, NULL),
(577, 1, 1, 32, 39),
(577, 1, 2, 81, 60),
(577, 3, 1, 303, 320),
(577, 3, 2, 348, 363),
(578, 1, 1, 390, 93),
(578, 1, 2, 107, 42),
(578, 3, 1, 314, 319),
(578, 3, 2, 357, 365),
(579, 1, 1, 56, 43),
(579, 1, 2, 12, 392),
(579, 3, 1, 380, 294),
(579, 3, 2, 337, 353),
(580, 1, 1, 23, NULL),
(580, 3, 1, 312, NULL),
(581, 1, 1, 120, NULL),
(581, 3, 1, 340, NULL),
(582, 1, 1, 48, 91),
(582, 3, 1, 299, 349),
(583, 1, 1, 23, NULL),
(583, 3, 1, 312, NULL),
(584, 1, 1, 83, NULL),
(584, 3, 1, 308, NULL),
(585, 1, 1, 73, NULL),
(586, 1, 1, 73, NULL),
(587, 1, 1, 2, NULL),
(588, 1, 1, 48, NULL),
(589, 1, 1, 393, NULL),
(589, 1, 2, 67, NULL),
(589, 3, 2, 324, NULL),
(590, 1, 1, 13, 50),
(590, 1, 2, 39, 68),
(591, 1, 1, 60, 70),
(591, 1, 2, 16, 99),
(591, 3, 1, 338, 376),
(591, 3, 2, 307, 396),
(592, 1, 1, 42, 22),
(592, 1, 2, 43, 118),
(592, 3, 1, 309, 355),
(592, 3, 2, 310, 352),
(593, 1, 1, 73, NULL),
(594, 1, 1, 1, NULL),
(595, 1, 1, 120, 30),
(596, 1, 1, 73, NULL),
(597, 1, 1, 74, NULL),
(598, 1, 1, 97, NULL),
(598, 3, 1, 308, NULL),
(599, 1, 1, 23, NULL),
(599, 3, 1, 305, NULL),
(600, 1, 1, 116, NULL),
(600, 3, 1, 331, NULL),
(601, 1, 1, 1, NULL),
(601, 3, 1, 312, NULL),
(602, 1, 1, 84, NULL),
(602, 3, 1, 355, NULL),
(603, 1, 1, 86, NULL),
(603, 1, 2, 7, NULL),
(604, 1, 1, 1, NULL),
(605, 1, 1, 49, NULL),
(606, 1, 1, 2, NULL),
(607, 1, 1, 73, NULL),
(608, 1, 1, 1, NULL),
(609, 1, 1, 16, NULL),
(610, 1, 1, 48, NULL),
(610, 3, 1, 318, NULL),
(611, 1, 1, 48, NULL),
(611, 3, 1, 308, NULL),
(612, 1, 1, 142, NULL),
(612, 3, 1, 312, NULL),
(613, 1, 1, 144, NULL),
(613, 3, 1, 294, NULL),
(614, 3, 1, 324, NULL),
(614, 3, 2, 364, NULL),
(615, 3, 1, 327, 328),
(615, 3, 2, 320, 335),
(617, 3, 1, 353, NULL),
(617, 3, 2, 321, NULL),
(618, 1, 1, 48, NULL),
(620, 1, 1, 74, NULL),
(621, 1, 1, 1, 13),
(622, 1, 1, 48, NULL),
(623, 1, 1, 2, NULL),
(624, 1, 1, 73, NULL),
(624, 3, 1, 329, NULL),
(625, 1, 1, 73, NULL),
(625, 3, 1, 299, NULL),
(626, 1, 1, 148, NULL),
(626, 3, 1, 318, NULL),
(627, 1, 1, 126, NULL),
(627, 3, 1, 346, NULL),
(628, 3, 1, 386, NULL),
(628, 3, 2, 375, NULL),
(629, 3, 1, 331, 395),
(629, 3, 2, 301, 302),
(630, 3, 1, 334, 329),
(630, 3, 2, 311, 313),
(632, 1, 1, 73, NULL),
(633, 1, 1, 120, NULL),
(634, 1, 1, 121, NULL),
(634, 3, 1, 349, NULL),
(635, 1, 1, 121, NULL),
(635, 3, 1, 308, NULL),
(636, 1, 1, 1, NULL),
(636, 3, 1, 312, NULL),
(637, 1, 1, 24, NULL),
(637, 3, 1, 294, NULL),
(638, 3, 1, 356, NULL),
(638, 3, 2, 352, NULL),
(639, 3, 1, 304, 348),
(639, 3, 2, 350, 365),
(640, 3, 1, 319, 377),
(640, 3, 2, 362, 333),
(641, 3, 1, 306, 373),
(641, 3, 2, 374, 338),
(642, 1, 1, 96, 23),
(643, 1, 1, 73, NULL),
(644, 1, 1, 7, NULL),
(645, 1, 1, 121, NULL),
(646, 1, 1, 121, NULL),
(647, 1, 1, 48, NULL),
(648, 1, 1, 23, 96),
(649, 1, 1, 121, NULL),
(650, 1, 1, 24, NULL),
(651, 1, 1, 120, NULL),
(651, 3, 1, 305, NULL),
(652, 1, 1, 120, NULL),
(652, 3, 1, 318, NULL),
(653, 1, 1, 74, NULL),
(653, 3, 1, 299, NULL),
(654, 1, 1, 135, NULL),
(654, 3, 1, 326, NULL),
(655, 1, 1, 78, NULL),
(655, 1, 2, 117, NULL),
(655, 3, 1, 372, NULL),
(655, 3, 2, 395, NULL),
(656, 1, 1, 120, NULL),
(657, 1, 1, 54, 70),
(657, 1, 2, 390, 5),
(657, 3, 1, 316, 297),
(657, 3, 2, 363, 342),
(658, 1, 1, 87, 98),
(658, 1, 2, 88, NULL),
(658, 3, 1, 341, 314),
(658, 3, 2, 347, 306),
(659, 1, 1, 120, NULL),
(660, 1, 1, 96, NULL),
(661, 1, 1, 120, NULL),
(662, 1, 1, 48, 144),
(663, 1, 1, 120, NULL),
(664, 1, 1, 50, NULL),
(665, 1, 1, 73, NULL),
(665, 3, 1, 326, NULL),
(666, 1, 1, 24, NULL),
(666, 3, 1, 312, NULL),
(667, 1, 1, 142, NULL),
(667, 3, 1, 308, NULL),
(668, 1, 1, 2, NULL),
(668, 3, 1, 349, NULL),
(669, 1, 1, 62, NULL),
(669, 1, 2, 64, NULL),
(669, 3, 1, 382, NULL),
(669, 3, 2, 379, NULL),
(670, 1, 1, 93, 19),
(670, 1, 2, 108, 111),
(670, 3, 1, 365, 311),
(670, 3, 2, 387, 309),
(671, 1, 1, 73, NULL),
(671, 1, 2, 48, NULL),
(672, 1, 1, 385, 82),
(672, 1, 2, 74, 2),
(672, 3, 1, 330, 314),
(672, 3, 2, 359, 327),
(673, 1, 1, 73, NULL),
(675, 1, 1, 23, 97),
(676, 1, 1, 23, NULL),
(677, 1, 1, 16, NULL),
(678, 1, 1, 96, NULL),
(678, 3, 1, 340, NULL),
(679, 1, 1, 96, NULL),
(679, 3, 1, 308, NULL),
(680, 1, 1, 121, NULL),
(680, 3, 1, 318, NULL),
(681, 1, 1, 97, NULL),
(681, 3, 1, 340, NULL),
(682, 1, 2, 83, NULL),
(682, 3, 1, 397, NULL),
(682, 3, 2, 352, NULL),
(683, 1, 1, 102, 27),
(683, 1, 2, 105, 6),
(683, 3, 1, 355, 313),
(683, 3, 2, 381, 307),
(684, 1, 2, 111, 61),
(684, 3, 1, 376, 303),
(684, 3, 2, 364, 353),
(685, 1, 1, 96, NULL),
(685, 1, 2, 23, NULL),
(686, 1, 1, 96, NULL),
(687, 1, 1, 48, NULL),
(688, 1, 1, 73, 126),
(689, 1, 1, 96, NULL),
(690, 1, 1, 75, NULL),
(691, 1, 1, 121, NULL),
(691, 3, 1, 312, NULL),
(692, 1, 1, 121, NULL),
(692, 3, 1, 299, NULL),
(693, 1, 1, 2, NULL),
(693, 3, 1, 312, NULL),
(694, 1, 1, 23, NULL),
(694, 3, 1, 305, NULL),
(695, 3, 1, 397, NULL),
(695, 3, 2, 358, NULL),
(696, 3, 1, 334, 364),
(696, 3, 2, 396, 370),
(697, 3, 1, 319, 339),
(697, 3, 2, 295, 333),
(698, 3, 1, 356, NULL),
(698, 3, 2, 329, NULL),
(699, 1, 1, 121, NULL),
(700, 1, 1, 24, NULL),
(701, 1, 1, 49, NULL),
(702, 1, 1, 96, 75),
(703, 1, 1, 121, NULL),
(704, 1, 1, 84, NULL),
(705, 1, 1, 96, NULL),
(706, 1, 1, 96, NULL),
(707, 1, 1, 49, NULL),
(708, 1, 1, 24, NULL),
(709, 1, 1, 25, NULL),
(709, 1, 2, 30, NULL),
(710, 1, 1, 96, NULL),
(710, 1, 2, 73, NULL),
(711, 1, 1, 23, 58),
(711, 1, 2, 114, 66),
(712, 1, 1, 23, 58),
(712, 1, 2, 75, 13),
(713, 1, 1, 96, NULL),
(714, 1, 1, 1, NULL),
(715, 1, 1, 48, NULL),
(716, 1, 1, 121, 84),
(717, 1, 1, 96, NULL),
(718, 1, 1, 96, NULL),
(719, 1, 1, 1, NULL),
(720, 1, 1, 1, NULL),
(721, 1, 1, 120, NULL),
(722, 1, 1, 97, NULL),
(723, 1, 2, 26, NULL),
(724, 1, 1, 19, 76),
(724, 1, 2, 5, 36),
(725, 1, 1, 1, NULL),
(725, 1, 2, 96, NULL),
(726, 1, 1, 49, NULL),
(726, 1, 2, 48, NULL),
(727, 1, 1, 1, NULL),
(728, 1, 1, 73, NULL),
(729, 1, 1, 96, 2),
(730, 1, 1, 1, NULL),
(731, 1, 1, 91, NULL),
(732, 1, 1, 73, NULL),
(733, 1, 1, 73, NULL),
(734, 1, 1, 23, NULL),
(735, 1, 1, 2, NULL),
(736, 1, 1, 100, NULL),
(736, 1, 2, 115, NULL),
(737, 1, 1, 6, 102),
(739, 1, 1, 73, NULL),
(739, 1, 2, 23, NULL),
(740, 1, 1, 73, NULL),
(741, 1, 1, 24, NULL),
(742, 1, 1, 144, NULL),
(743, 1, 1, 48, 75),
(744, 1, 1, 73, NULL),
(745, 1, 1, 135, NULL),
(746, 1, 1, 48, NULL),
(747, 1, 1, 144, NULL),
(748, 1, 1, 48, NULL),
(749, 1, 1, 49, NULL),
(750, 1, 1, 58, NULL),
(752, 1, 1, 90, 390),
(753, 1, 1, 7, 38),
(754, 1, 1, 48, NULL),
(755, 1, 1, 96, NULL),
(758, 1, 1, 97, NULL),
(759, 1, 1, 23, NULL),
(760, 1, 1, 23, NULL),
(761, 1, 1, 126, NULL),
(762, 1, 1, 74, NULL),
(763, 1, 1, 394, NULL),
(763, 1, 2, 80, NULL),
(764, 1, 2, 46, 56),
(765, 1, 1, 51, 12),
(765, 1, 2, 39, 119),
(766, 1, 1, 76, 60),
(766, 1, 2, 65, 42),
(767, 1, 1, 23, NULL),
(768, 1, 1, 148, NULL),
(769, 1, 1, 49, NULL),
(770, 1, 1, 120, 86),
(771, 1, 1, 23, NULL),
(772, 1, 1, 142, NULL),
(773, 1, 1, 96, NULL),
(774, 1, 1, 96, NULL),
(775, 1, 1, 73, NULL),
(776, 1, 1, 2, NULL),
(777, 1, 1, 99, NULL),
(777, 1, 2, 67, NULL),
(778, 1, 1, 96, NULL),
(778, 1, 2, 23, NULL),
(779, 1, 1, 401, 43),
(779, 1, 2, 36, 22),
(780, 1, 1, 26, 16),
(780, 1, 2, 45, 70),
(781, 1, 1, 96, NULL),
(782, 1, 1, 49, NULL),
(783, 1, 1, 48, NULL),
(784, 1, 1, 23, 112),
(785, 1, 1, 96, NULL),
(786, 1, 1, 7, NULL),
(787, 1, 1, 73, NULL),
(787, 3, 1, 334, NULL),
(788, 1, 1, 73, NULL),
(788, 3, 1, 299, NULL),
(789, 1, 1, 74, NULL),
(789, 3, 1, 349, NULL),
(790, 1, 1, 126, NULL),
(790, 3, 1, 346, NULL),
(791, 1, 1, 106, NULL),
(791, 1, 2, 34, NULL),
(791, 3, 1, 331, NULL),
(791, 3, 2, 405, NULL),
(792, 1, 1, 78, 117),
(792, 1, 2, 61, 68),
(792, 3, 1, 303, 341),
(792, 3, 2, 395, 296),
(793, 1, 1, 73, NULL),
(793, 1, 2, 96, NULL),
(794, 1, 1, 24, NULL),
(794, 1, 2, 2, NULL),
(794, 3, 1, 297, 362),
(794, 3, 2, 337, 375),
(795, 1, 1, 73, NULL),
(796, 1, 1, 120, NULL),
(796, 3, 1, 318, NULL),
(798, 1, 1, 96, 75),
(798, 3, 1, 308, 337),
(799, 1, 1, 73, NULL),
(799, 3, 1, 299, NULL),
(800, 1, 1, 2, NULL),
(800, 3, 1, 340, NULL),
(801, 1, 1, 48, NULL),
(801, 3, 1, 356, NULL),
(802, 1, 1, 48, NULL),
(802, 3, 1, 308, NULL),
(803, 1, 1, 148, NULL),
(803, 3, 1, 326, NULL),
(804, 1, 1, 49, NULL),
(804, 3, 1, 305, NULL),
(805, 1, 1, 55, NULL),
(805, 1, 2, 57, NULL),
(805, 3, 1, 382, NULL),
(805, 3, 2, 375, NULL),
(806, 1, 1, 50, 100),
(806, 1, 2, 402, 401),
(806, 3, 1, 386, 353),
(806, 3, 2, 406, 298),
(807, 1, 1, 27, 118),
(807, 1, 2, 31, 81),
(807, 3, 1, 377, NULL),
(807, 3, 2, 355, 365),
(808, 1, 1, 48, NULL),
(808, 1, 2, 73, NULL),
(809, 1, 1, 48, NULL),
(810, 1, 1, 48, NULL),
(810, 3, 1, 340, NULL),
(811, 1, 1, 23, NULL),
(811, 3, 1, 329, NULL),
(812, 1, 1, 23, NULL),
(812, 3, 1, 318, NULL),
(813, 1, 1, 120, 83),
(813, 3, 1, 299, 356),
(814, 1, 1, 48, NULL),
(814, 3, 1, 308, NULL),
(815, 1, 1, 74, NULL),
(815, 3, 1, 312, NULL),
(816, 1, 1, 24, NULL),
(816, 3, 1, 308, NULL),
(817, 1, 1, 142, NULL),
(817, 3, 1, 349, NULL),
(818, 1, 1, 38, NULL),
(818, 1, 2, 393, NULL),
(818, 3, 1, 379, NULL),
(818, 3, 2, 397, NULL),
(819, 1, 1, 56, 54),
(819, 1, 2, 12, 88),
(819, 3, 1, 310, 364),
(819, 3, 2, 321, 375),
(820, 1, 1, 81, 93),
(820, 1, 2, 32, 108),
(820, 3, 1, 313, 333),
(820, 3, 2, 314, 311),
(821, 1, 1, 43, 105),
(821, 1, 2, 13, 67),
(821, 3, 1, 407, 367),
(821, 3, 2, 298, 320),
(822, 1, 1, 23, NULL),
(823, 1, 1, 96, NULL),
(823, 3, 1, 294, NULL),
(824, 1, 1, 73, 144),
(824, 3, 1, 312, 332),
(825, 1, 1, 23, NULL),
(825, 3, 1, 318, NULL),
(826, 1, 1, 135, NULL),
(826, 3, 1, 305, NULL),
(827, 1, 1, 73, 98),
(827, 1, 2, 98, 98),
(828, 1, 1, 48, 98),
(828, 1, 2, 98, 98),
(829, 1, 1, 74, 98),
(829, 1, 2, 98, 98),
(830, 1, 1, 409, 98),
(830, 1, 2, 91, 98),
(830, 3, 1, 386, NULL),
(830, 3, 2, 372, NULL),
(831, 1, 1, 73, 98),
(831, 1, 2, 98, 98),
(832, 1, 1, 98, 98),
(832, 1, 2, 98, 98),
(833, 1, 1, 42, 82),
(833, 1, 2, 141, 87),
(833, 3, 1, 325, 328),
(833, 3, 2, 355, 306),
(834, 1, 1, 60, 37),
(834, 1, 2, 16, 26),
(834, 3, 1, 297, 362),
(834, 3, 2, 336, 377),
(835, 1, 1, 73, 98),
(835, 1, 2, 98, 98),
(836, 1, 1, 23, 98),
(836, 1, 2, 98, 98),
(837, 1, 1, 48, 98),
(837, 1, 2, 98, 98),
(838, 1, 1, 2, 98),
(838, 1, 2, 98, 98),
(839, 1, 1, 23, 98),
(839, 1, 2, 98, 98),
(840, 1, 1, 116, 98),
(840, 1, 2, 77, 98),
(840, 3, 1, 352, NULL),
(840, 3, 2, 321, NULL),
(841, 1, 1, 84, 115),
(841, 1, 2, 66, 6),
(841, 3, 1, 314, 348),
(841, 3, 2, 345, 303),
(842, 1, 1, 98, 98),
(842, 1, 2, 98, 98),
(843, 1, 1, 85, 114),
(843, 1, 2, 112, 34),
(843, 3, 1, 413, 343),
(843, 3, 2, 370, 387),
(844, 1, 1, 48, 98),
(844, 1, 2, 98, 98),
(845, 1, 1, 49, 2),
(845, 1, 2, 98, 98),
(846, 1, 1, 73, 98),
(846, 1, 2, 98, 98),
(847, 1, 1, 13, 98),
(847, 1, 2, 98, 98),
(848, 1, 1, 48, 98),
(848, 1, 2, 98, 98),
(849, 1, 1, 73, 98),
(849, 1, 2, 98, 98),
(851, 1, 1, 48, 98),
(851, 1, 2, 98, 98),
(852, 1, 1, 96, 97),
(852, 1, 2, 98, 98),
(853, 1, 1, 48, 98),
(853, 1, 2, 98, 98),
(854, 1, 1, 50, 98),
(854, 1, 2, 98, 98),
(855, 1, 1, 1, 98),
(855, 1, 2, 98, 98),
(856, 1, 1, 1, 98),
(856, 1, 2, 98, 98),
(857, 1, 1, 120, 98),
(857, 1, 2, 98, 98),
(858, 1, 1, 135, 98),
(858, 1, 2, 98, 98),
(859, 1, 1, 394, 98),
(859, 1, 2, 410, 98),
(859, 3, 1, 380, NULL),
(859, 3, 2, 414, NULL),
(860, 1, 1, 110, 24),
(860, 1, 2, 68, 10),
(860, 3, 1, 296, 294),
(860, 3, 2, 375, 352),
(861, 1, 1, 98, 98),
(861, 1, 2, 98, 98),
(862, 1, 1, 96, 98),
(862, 1, 2, 97, 98),
(862, 3, 1, 346, NULL),
(862, 3, 2, 332, NULL),
(863, 1, 1, 1, 98),
(863, 1, 2, 98, 98),
(864, 1, 1, 24, 98),
(864, 1, 2, 98, 98),
(865, 1, 1, 73, 98),
(865, 1, 2, 98, 98),
(866, 1, 1, 73, 98),
(866, 1, 2, 98, 98),
(867, 1, 1, 73, 126),
(867, 1, 2, 98, 98),
(868, 1, 1, 1, 98),
(868, 1, 2, 98, 98),
(869, 1, 1, 97, 98),
(869, 1, 2, 98, 98),
(870, 1, 1, 148, 98),
(870, 1, 2, 98, 98),
(871, 1, 1, 121, 98),
(871, 1, 2, 98, 98),
(872, 1, 1, 103, 98),
(872, 1, 2, 11, 98),
(872, 3, 1, 301, NULL),
(873, 1, 1, 82, 19),
(873, 1, 2, 17, 76),
(873, 3, 1, 313, 295),
(874, 1, 1, 54, 102),
(874, 1, 2, 65, 411),
(874, 3, 1, 319, 342),
(875, 1, 1, 70, 392),
(875, 1, 2, 22, 412),
(875, 3, 1, 356, 310),
(876, 1, 1, 73, 98),
(876, 1, 2, 98, 98),
(877, 1, 1, 96, 98),
(877, 1, 2, 98, 98),
(878, 1, 1, 121, 98),
(878, 1, 2, 98, 98),
(878, 3, 1, 98, 98),
(878, 3, 2, 98, 98),
(879, 1, 1, 121, 98),
(879, 1, 2, 98, 98),
(879, 3, 1, 98, 98),
(879, 3, 2, 98, 98),
(881, 1, 1, 23, 74),
(881, 1, 2, 98, 98),
(882, 1, 1, 73, 98),
(882, 1, 2, 98, 98),
(883, 1, 1, 144, 98),
(883, 1, 2, 98, 98),
(884, 1, 1, 73, 98),
(884, 1, 2, 98, 98),
(884, 3, 1, 98, 98),
(884, 3, 2, 98, 98),
(885, 1, 1, 97, 98),
(885, 1, 2, 98, 98),
(885, 3, 1, 98, 98),
(885, 3, 2, 98, 98),
(886, 1, 1, 75, 98),
(886, 1, 2, 117, 98),
(886, 3, 1, 375, 98),
(886, 3, 2, 413, 98),
(887, 1, 1, 98, 98),
(887, 1, 2, 98, 98),
(887, 3, 1, 98, 98),
(887, 3, 2, 98, 98),
(888, 1, 1, 10, 90),
(888, 1, 2, 16, 74),
(888, 3, 1, 418, 330),
(888, 3, 2, 339, 327),
(889, 1, 1, 19, 76),
(889, 1, 2, 85, 111),
(889, 3, 1, 343, 356),
(889, 3, 2, 348, 396),
(890, 1, 1, 48, 98),
(890, 1, 2, 98, 98),
(890, 3, 1, 98, 98),
(890, 3, 2, 98, 98),
(891, 1, 1, 48, 98),
(891, 1, 2, 98, 98),
(891, 3, 1, 98, 98),
(891, 3, 2, 98, 98),
(892, 1, 1, 74, 98),
(892, 1, 2, 98, 98),
(892, 3, 1, 98, 98),
(892, 3, 2, 98, 98),
(893, 1, 1, 49, 98),
(893, 1, 2, 98, 98),
(893, 3, 1, 98, 98),
(893, 3, 2, 98, 98),
(894, 1, 1, 64, 98),
(894, 1, 2, 106, 98),
(894, 3, 1, 414, 98),
(894, 3, 2, 329, 98),
(895, 1, 1, 121, 98),
(895, 1, 2, 98, 98),
(895, 3, 1, 98, 98),
(895, 3, 2, 98, 98),
(896, 1, 1, 126, 98),
(896, 1, 2, 98, 98),
(896, 3, 1, 98, 98),
(896, 3, 2, 98, 98),
(897, 1, 1, 86, 77),
(897, 1, 2, 92, 39),
(897, 3, 1, 320, 335),
(897, 3, 2, 316, 306),
(898, 1, 1, 98, 98),
(898, 1, 2, 98, 98),
(898, 3, 1, 98, 98),
(898, 3, 2, 98, 98),
(899, 1, 1, 2, 98),
(899, 1, 2, 7, 98),
(899, 3, 1, 364, 98),
(899, 3, 2, 310, 98),
(900, 1, 1, 120, 13),
(900, 1, 2, 98, 98),
(900, 3, 1, 98, 98),
(900, 3, 2, 98, 98),
(901, 1, 1, 121, 98),
(901, 1, 2, 98, 98),
(901, 3, 1, 98, 98),
(901, 3, 2, 98, 98),
(902, 1, 1, 148, 98),
(902, 1, 2, 98, 98),
(902, 3, 1, 98, 98),
(902, 3, 2, 98, 98),
(903, 1, 1, 48, 98),
(903, 1, 2, 98, 98),
(903, 3, 1, 98, 98),
(903, 3, 2, 98, 98),
(904, 1, 1, 96, 98),
(904, 1, 2, 98, 98),
(904, 3, 1, 98, 98),
(904, 3, 2, 98, 98),
(905, 1, 1, 121, 98),
(905, 1, 2, 98, 98),
(905, 3, 1, 98, 98),
(905, 3, 2, 98, 98),
(906, 1, 1, 144, 98),
(906, 1, 2, 98, 98),
(906, 3, 1, 98, 98),
(906, 3, 2, 98, 98),
(907, 1, 1, 415, 98),
(907, 1, 2, 9, 98),
(907, 3, 1, 322, 98),
(907, 3, 2, 420, 98),
(908, 1, 1, 392, 51),
(908, 1, 2, 118, 385),
(908, 3, 1, 345, 311),
(908, 3, 2, 298, 357),
(909, 1, 1, 36, 390),
(909, 1, 2, 88, 5),
(909, 3, 1, 374, 297),
(909, 3, 2, 357, 320),
(910, 1, 1, 98, 98),
(910, 1, 2, 98, 98),
(910, 3, 1, 98, 98),
(910, 3, 2, 98, 98),
(911, 1, 1, 96, 98),
(911, 1, 2, 98, 98),
(911, 3, 1, 98, 98),
(911, 3, 2, 98, 98),
(912, 1, 1, 1, 98),
(912, 1, 2, 98, 98),
(912, 3, 1, 98, 98),
(912, 3, 2, 98, 98),
(913, 1, 1, 96, 23),
(913, 1, 2, 98, 98),
(913, 3, 1, 98, 98),
(913, 3, 2, 98, 98),
(914, 1, 1, 48, 98),
(914, 1, 2, 98, 98),
(914, 3, 1, 98, 98),
(914, 3, 2, 98, 98),
(915, 1, 1, 30, 98),
(915, 1, 2, 98, 98),
(915, 3, 1, 98, 98),
(915, 3, 2, 98, 98),
(916, 1, 1, 96, 98),
(916, 1, 2, 98, 98),
(916, 3, 1, 98, 98),
(916, 3, 2, 98, 98),
(918, 1, 1, 23, 98),
(918, 1, 2, 98, 98),
(918, 3, 1, 98, 98),
(918, 3, 2, 98, 98),
(919, 1, 1, 1, 83),
(919, 1, 2, 98, 98),
(919, 3, 1, 98, 98),
(919, 3, 2, 98, 98),
(920, 1, 1, 96, 98),
(920, 1, 2, 98, 98),
(920, 3, 1, 98, 98),
(920, 3, 2, 98, 98),
(921, 1, 1, 75, 98),
(921, 1, 2, 98, 98),
(921, 3, 1, 98, 98),
(921, 3, 2, 98, 98),
(922, 1, 1, 98, 98),
(922, 1, 2, 98, 98),
(922, 3, 1, 98, 98),
(922, 3, 2, 98, 98),
(923, 1, 1, 98, 98),
(923, 1, 2, 98, 98),
(923, 3, 1, 98, 98),
(923, 3, 2, 98, 98),
(924, 1, 1, 98, 98),
(924, 1, 2, 98, 98),
(924, 3, 1, 98, 98),
(924, 3, 2, 98, 98),
(925, 1, 1, 98, 98),
(925, 1, 2, 98, 98),
(925, 3, 1, 98, 98),
(925, 3, 2, 98, 98),
(926, 1, 1, 98, 98),
(926, 1, 2, 98, 98),
(926, 3, 1, 340, 98),
(926, 3, 2, 302, 98),
(927, 1, 1, 98, 98),
(927, 1, 2, 98, 98),
(927, 3, 1, 370, 396),
(927, 3, 2, 367, 362),
(928, 1, 1, 98, 98),
(928, 1, 2, 98, 98),
(928, 3, 1, 362, 359),
(928, 3, 2, 297, 338),
(929, 1, 1, 98, 98),
(929, 1, 2, 98, 98),
(929, 3, 1, 346, 331),
(929, 3, 2, 365, 300),
(930, 1, 1, 98, 98),
(930, 1, 2, 98, 98),
(930, 3, 1, 98, 98),
(930, 3, 2, 98, 98),
(931, 1, 1, 98, 98),
(931, 1, 2, 98, 98),
(931, 3, 1, 98, 98),
(931, 3, 2, 98, 98),
(932, 1, 1, 1, 98),
(932, 1, 2, 98, 98),
(932, 3, 1, 98, 98),
(932, 3, 2, 98, 98),
(933, 1, 1, 1, 98),
(933, 1, 2, 98, 98),
(933, 3, 1, 98, 98),
(933, 3, 2, 98, 98),
(934, 1, 1, 98, 98),
(934, 1, 2, 98, 98),
(934, 3, 1, 98, 98),
(934, 3, 2, 98, 98),
(935, 1, 1, 98, 98),
(935, 1, 2, 98, 98),
(935, 3, 1, 98, 98),
(935, 3, 2, 98, 98),
(936, 1, 1, 98, 98),
(936, 1, 2, 98, 98),
(936, 3, 1, 98, 98),
(936, 3, 2, 98, 98),
(937, 1, 1, 135, 98),
(937, 1, 2, 98, 98),
(937, 3, 1, 98, 98),
(937, 3, 2, 98, 98),
(938, 1, 1, 2, 98),
(938, 1, 2, 98, 98),
(938, 3, 1, 98, 98),
(938, 3, 2, 98, 98),
(939, 1, 1, 30, 98),
(939, 1, 2, 383, 98),
(939, 3, 1, 321, 98),
(939, 3, 2, 395, 98),
(940, 1, 1, 390, 46),
(940, 1, 2, 108, 56),
(940, 3, 1, 387, 378),
(940, 3, 2, 363, 407),
(941, 1, 1, 93, 140),
(941, 1, 2, 102, 45),
(941, 3, 1, 303, 365),
(941, 3, 2, 324, 305),
(942, 1, 1, 112, 9),
(942, 1, 2, 105, 32),
(942, 3, 1, 332, 353),
(942, 3, 2, 330, 350),
(943, 1, 1, 1, 98),
(943, 1, 2, 98, 98),
(943, 3, 1, 98, 98),
(943, 3, 2, 98, 98),
(944, 1, 1, 24, 98),
(944, 1, 2, 98, 98),
(944, 3, 1, 98, 98),
(944, 3, 2, 98, 98),
(946, 1, 1, 48, 96),
(946, 1, 2, 98, 98),
(946, 3, 1, 98, 98),
(946, 3, 2, 98, 98),
(947, 1, 1, 1, 98),
(947, 1, 2, 98, 98),
(947, 3, 1, 98, 98),
(947, 3, 2, 98, 98),
(948, 1, 1, 142, 98),
(948, 1, 2, 98, 98),
(948, 3, 1, 98, 98),
(948, 3, 2, 98, 98),
(1087, 4, 2, 98, 98),
(1088, 4, 2, 98, 98),
(1090, 4, 2, 98, 98),
(1091, 4, 2, 98, 98),
(1092, 4, 2, 98, 98),
(1094, 4, 2, 98, 98),
(1095, 4, 2, 98, 98),
(1096, 4, 2, 98, 98),
(1098, 4, 2, 98, 98),
(1099, 4, 2, 98, 98),
(1100, 4, 2, 98, 98),
(1101, 4, 2, 98, 98),
(1102, 4, 2, 98, 98),
(1243, 4, 1, 98, 98),
(1243, 4, 2, 98, 98),
(1244, 4, 1, 98, 98),
(1244, 4, 2, 98, 98),
(1245, 4, 1, 98, 98),
(1245, 4, 2, 98, 98),
(1246, 4, 1, 98, 98),
(1246, 4, 2, 98, 98),
(1247, 4, 1, 98, 98),
(1247, 4, 2, 98, 98),
(1958, 8, 1, 614, 98),
(1958, 8, 2, 98, 98),
(1959, 8, 1, 98, 98),
(1959, 8, 2, 98, 98),
(1961, 8, 1, 98, 98),
(1961, 8, 2, 98, 98),
(1962, 8, 1, 98, 98),
(1962, 8, 2, 98, 98),
(1963, 8, 1, 98, 98),
(1963, 8, 2, 98, 98),
(1965, 8, 1, 98, 98),
(1965, 8, 2, 98, 98),
(1966, 8, 1, 98, 98),
(1966, 8, 2, 98, 98),
(1967, 8, 1, 98, 98),
(1967, 8, 2, 98, 98),
(1969, 8, 1, 98, 98),
(1969, 8, 2, 98, 98),
(1970, 8, 1, 98, 98),
(1970, 8, 2, 98, 98),
(1971, 8, 1, 98, 98),
(1971, 8, 2, 98, 98),
(1972, 8, 1, 98, 98),
(1972, 8, 2, 98, 98),
(1973, 8, 1, 98, 98),
(1973, 8, 2, 98, 98),
(2106, 3, 1, 380, 98),
(2106, 3, 2, 98, 98),
(2107, 3, 1, 299, 98),
(2107, 3, 2, 98, 98),
(2108, 3, 1, 318, 98),
(2108, 3, 2, 98, 98),
(2109, 3, 1, 294, 98),
(2109, 3, 2, 98, 98),
(2110, 3, 1, 322, 98),
(2110, 3, 2, 331, 98),
(2111, 3, 1, 299, 98),
(2111, 3, 2, 98, 98),
(2112, 3, 1, 329, 98),
(2112, 3, 2, 98, 98),
(2113, 3, 1, 299, 98),
(2113, 3, 2, 98, 98),
(2114, 3, 1, 619, 98),
(2114, 3, 2, 98, 98),
(2115, 3, 1, 308, 622),
(2115, 3, 2, 98, 98),
(2116, 3, 1, 299, 98),
(2116, 3, 2, 98, 98),
(2117, 3, 1, 329, 98),
(2117, 3, 2, 98, 98),
(2118, 3, 1, 624, 98),
(2118, 3, 2, 98, 98),
(2119, 3, 1, 318, 98),
(2119, 3, 2, 98, 98),
(2120, 3, 1, 346, 98),
(2120, 3, 2, 98, 98),
(2121, 3, 1, 622, 98),
(2121, 3, 2, 98, 98),
(2122, 3, 1, 382, 98),
(2122, 3, 2, 343, 98),
(2123, 3, 1, 318, 98),
(2123, 3, 2, 98, 98),
(2124, 3, 1, 395, 372),
(2124, 3, 2, 330, 355),
(2125, 3, 1, 359, 319),
(2125, 3, 2, 357, 330),
(2126, 3, 1, 300, 362),
(2126, 3, 2, 345, 378),
(2127, 3, 1, 98, 98),
(2127, 3, 2, 98, 98),
(2128, 3, 1, 308, 98),
(2128, 3, 2, 98, 98),
(2129, 3, 1, 305, 98),
(2129, 3, 2, 98, 98),
(2130, 3, 1, 299, 340),
(2130, 3, 2, 98, 98),
(2131, 3, 1, 318, 98),
(2131, 3, 2, 98, 98),
(2132, 3, 1, 349, 98),
(2132, 3, 2, 98, 98),
(2133, 3, 1, 334, 98),
(2133, 3, 2, 98, 98),
(2134, 3, 1, 619, 98),
(2134, 3, 2, 98, 98),
(2135, 3, 1, 308, 98),
(2135, 3, 2, 98, 98),
(2136, 3, 1, 340, 98),
(2136, 3, 2, 98, 98),
(2137, 3, 1, 305, 98),
(2137, 3, 2, 382, 98),
(2138, 3, 1, 619, 98),
(2138, 3, 2, 98, 98),
(2139, 3, 1, 396, 378),
(2139, 3, 2, 327, 339),
(2140, 3, 1, 370, 387),
(2140, 3, 2, 335, 303),
(2141, 3, 1, 98, 98),
(2141, 3, 2, 98, 98),
(2142, 3, 1, 299, 98),
(2142, 3, 2, 98, 98),
(2143, 3, 1, 318, 326),
(2143, 3, 2, 98, 98),
(2144, 3, 1, 619, 98),
(2144, 3, 2, 98, 98),
(2145, 3, 1, 356, 98),
(2145, 3, 2, 98, 98),
(2146, 3, 1, 310, 98),
(2146, 3, 2, 98, 98),
(2147, 3, 1, 308, 98),
(2147, 3, 2, 98, 98),
(2148, 3, 1, 619, 98),
(2148, 3, 2, 98, 98),
(2149, 3, 1, 326, 98),
(2149, 3, 2, 98, 98),
(2150, 3, 1, 302, 98),
(2150, 3, 2, 337, 98),
(2151, 3, 1, 308, 98),
(2151, 3, 2, 98, 98),
(2152, 3, 1, 295, 98),
(2152, 3, 2, 98, 98),
(2153, 3, 1, 98, 98),
(2153, 3, 2, 98, 98),
(2154, 3, 1, 98, 98),
(2154, 3, 2, 98, 98),
(2155, 3, 1, 356, 98),
(2155, 3, 2, 98, 98),
(2157, 3, 1, 294, 98),
(2157, 3, 2, 98, 98),
(2158, 3, 1, 308, 332),
(2158, 3, 2, 98, 98),
(2159, 3, 1, 308, 98),
(2159, 3, 2, 98, 98),
(2160, 3, 1, 329, 98),
(2160, 3, 2, 98, 98),
(2161, 3, 1, 340, 98),
(2161, 3, 2, 98, 98),
(2162, 3, 1, 318, 98),
(2162, 3, 2, 98, 98),
(2163, 3, 1, 346, 98),
(2163, 3, 2, 98, 98),
(2164, 3, 1, 356, 98),
(2164, 3, 2, 98, 98),
(2165, 3, 1, 322, 98),
(2165, 3, 2, 331, 98),
(2166, 3, 1, 338, 320),
(2166, 3, 2, 350, 306),
(2167, 3, 1, 321, 331),
(2167, 3, 2, 355, 359),
(2168, 3, 1, 333, 342),
(2168, 3, 2, 330, 347),
(2169, 3, 1, 98, 98),
(2169, 3, 2, 98, 98),
(2170, 3, 1, 622, 98),
(2170, 3, 2, 98, 98),
(2171, 3, 1, 349, 98),
(2171, 3, 2, 98, 98),
(2172, 3, 1, 299, 334),
(2172, 3, 2, 98, 98),
(2173, 3, 1, 318, 98),
(2173, 3, 2, 98, 98),
(2174, 3, 1, 308, 98),
(2174, 3, 2, 98, 98);

-- --------------------------------------------------------

--
-- Table structure for table `jw_reunion_session`
--

CREATE TABLE `jw_reunion_session` (
  `id_reunion_session` int(11) NOT NULL,
  `year` year(4) NOT NULL,
  `week` int(11) NOT NULL,
  `week_weekend` enum('week','weekend') NOT NULL,
  `verset_biblique` varchar(255) NOT NULL
) ENGINE=InnoDB DEFAULT CHARSET=utf8;

--
-- Dumping data for table `jw_reunion_session`
--

INSERT INTO `jw_reunion_session` (`id_reunion_session`, `year`, `week`, `week_weekend`, `verset_biblique`) VALUES
(1, '2017', 36, 'week', 'EZEKIEL 42-45'),
(2, '2017', 36, 'weekend', ''),
(3, '2017', 37, 'week', 'EZEKIEL 46-48'),
(4, '2017', 37, 'weekend', ''),
(5, '2017', 38, 'week', 'DANIEL 1-3'),
(6, '2017', 38, 'weekend', ''),
(7, '2017', 39, 'week', 'DANIEL 4-6'),
(8, '2017', 39, 'weekend', ''),
(9, '2017', 40, 'week', 'DANIEL 7-9'),
(10, '2017', 40, 'weekend', ''),
(11, '2017', 41, 'week', 'DANIEL 10-12'),
(12, '2017', 41, 'weekend', ''),
(13, '2017', 42, 'week', 'HOSHEA 1-7'),
(14, '2017', 42, 'weekend', ''),
(15, '2017', 43, 'week', 'HOSHEA 8-14'),
(16, '2017', 43, 'weekend', ''),
(17, '2017', 44, 'week', 'YOEL 1-3'),
(18, '2017', 44, 'weekend', ''),
(19, '2017', 45, 'week', 'AMOS 1-9'),
(20, '2017', 45, 'weekend', ''),
(21, '2017', 46, 'week', 'OBADIA 1–YONA 4'),
(22, '2017', 46, 'weekend', ''),
(23, '2017', 47, 'week', 'MIKA 1-7'),
(24, '2017', 47, 'weekend', ''),
(25, '2017', 48, 'week', 'NAHOUM 1–HABAQOUQ 3'),
(26, '2017', 48, 'weekend', ''),
(27, '2017', 49, 'week', 'TSEPHANIA 1-HAGGAI 2'),
(28, '2017', 49, 'weekend', ''),
(29, '2017', 50, 'week', 'ZEKARIA 1-8'),
(30, '2017', 50, 'weekend', ''),
(31, '2017', 51, 'week', 'ZEKARIA 9-14'),
(32, '2017', 51, 'weekend', ''),
(33, '2017', 52, 'week', 'MALAKI 1-4'),
(34, '2017', 52, 'weekend', ''),
(35, '2018', 1, 'week', 'MATTHIEU 1-3'),
(36, '2018', 1, 'weekend', ''),
(37, '2018', 2, 'week', 'MATTHIEU 4-5'),
(38, '2018', 2, 'weekend', ''),
(39, '2018', 3, 'week', 'MATTHIEU 6-7'),
(40, '2018', 3, 'weekend', ''),
(41, '2018', 4, 'week', 'MATTHIEU 8-9'),
(42, '2018', 4, 'weekend', ''),
(43, '2018', 5, 'week', 'MATTHIEU 10-11'),
(44, '2018', 5, 'weekend', ''),
(45, '2018', 6, 'week', 'MATTHIEU 12-13'),
(46, '2018', 6, 'weekend', ''),
(47, '2018', 7, 'week', 'MATTHIEU 14-15'),
(48, '2018', 7, 'weekend', ''),
(49, '2018', 8, 'week', 'MATTHIEU 16-17'),
(50, '2018', 8, 'weekend', ''),
(51, '2018', 9, 'week', 'MATTHIEU 18-19'),
(52, '2018', 9, 'weekend', ''),
(53, '2018', 10, 'week', 'MATTHIEU 20-21'),
(54, '2018', 10, 'weekend', ''),
(55, '2018', 11, 'week', 'MATTHIEU 22-23'),
(56, '2018', 11, 'weekend', ''),
(57, '2018', 12, 'week', 'MATTHIEU 24'),
(58, '2018', 12, 'weekend', ''),
(59, '2018', 13, 'week', 'MATTHIEU 25'),
(60, '2018', 13, 'weekend', ''),
(61, '2018', 14, 'week', 'MATTHIEU 26'),
(62, '2018', 14, 'weekend', ''),
(63, '2018', 15, 'week', 'MATTHIEU 27-28'),
(64, '2018', 15, 'weekend', ''),
(65, '2018', 16, 'week', 'MARC 1-2'),
(66, '2018', 16, 'weekend', ''),
(67, '2018', 17, 'week', 'MARC 3-4'),
(68, '2018', 17, 'weekend', ''),
(69, '2018', 18, 'week', 'MARC 5-6'),
(70, '2018', 18, 'weekend', ''),
(71, '2018', 19, 'week', 'MARC 7-8'),
(72, '2018', 19, 'weekend', ''),
(73, '2018', 20, 'week', 'MARC 9-10'),
(74, '2018', 20, 'weekend', ''),
(75, '2018', 21, 'week', 'MARC 11-12'),
(76, '2018', 21, 'weekend', ''),
(77, '2018', 22, 'week', 'MARC 13-14'),
(78, '2018', 22, 'weekend', ''),
(79, '2018', 23, 'week', 'MARC 15-16'),
(80, '2018', 23, 'weekend', ''),
(81, '2018', 24, 'week', 'LUC 1'),
(82, '2018', 24, 'weekend', ''),
(83, '2018', 25, 'week', 'LUC 2-3'),
(84, '2018', 25, 'weekend', ''),
(85, '2018', 26, 'week', 'LUC 4-5'),
(86, '2018', 26, 'weekend', ''),
(87, '2018', 27, 'week', 'LUC 6-7'),
(88, '2018', 27, 'weekend', ''),
(89, '2018', 28, 'week', 'LUC 8-9'),
(90, '2018', 28, 'weekend', ''),
(91, '2018', 29, 'week', 'LUC 10-11'),
(92, '2018', 29, 'weekend', ''),
(93, '2018', 30, 'week', 'LUC 12-13'),
(94, '2018', 30, 'weekend', ''),
(95, '2018', 31, 'week', 'LUC 14-16'),
(96, '2018', 31, 'weekend', ''),
(97, '2018', 32, 'week', 'LUC 17-18'),
(98, '2018', 32, 'weekend', ''),
(99, '2018', 33, 'week', 'LUC 19-20'),
(100, '2018', 33, 'weekend', ''),
(101, '2018', 34, 'week', 'LUC 21-22'),
(102, '2018', 34, 'weekend', ''),
(103, '2018', 35, 'week', 'LUC 23-24'),
(104, '2018', 35, 'weekend', ''),
(105, '2018', 36, 'week', 'JEAN 1-2'),
(106, '2018', 36, 'weekend', ''),
(107, '2018', 37, 'week', 'JEAN 3-4'),
(108, '2018', 37, 'weekend', ''),
(109, '2018', 38, 'week', 'JEAN 5-6'),
(110, '2018', 38, 'weekend', ''),
(111, '2018', 39, 'week', 'JEAN 7-8'),
(112, '2018', 39, 'weekend', ''),
(113, '2018', 40, 'week', 'JEAN 9-10'),
(114, '2018', 40, 'weekend', ''),
(115, '2018', 41, 'week', 'JEAN 11-12'),
(116, '2018', 41, 'weekend', ''),
(117, '2018', 42, 'week', 'JEAN 13-14'),
(118, '2018', 42, 'weekend', ''),
(119, '2018', 43, 'week', 'JEAN 15-17'),
(120, '2018', 43, 'weekend', ''),
(121, '2018', 44, 'week', 'JEAN 18-19'),
(122, '2018', 44, 'weekend', ''),
(123, '2018', 45, 'week', 'JEAN 20-21'),
(124, '2018', 45, 'weekend', ''),
(125, '2018', 46, 'week', 'ACTES 1-3'),
(126, '2018', 46, 'weekend', ''),
(127, '2018', 47, 'week', 'ACTES 4-5'),
(128, '2018', 47, 'weekend', ''),
(129, '2018', 48, 'week', 'ACTES 6-8'),
(130, '2018', 48, 'weekend', ''),
(131, '2018', 49, 'week', 'ACTES 9-11'),
(132, '2018', 49, 'weekend', ''),
(133, '2018', 50, 'week', 'ACTES 12-14'),
(134, '2018', 50, 'weekend', ''),
(135, '2018', 51, 'week', 'ACTES 15-16'),
(136, '2018', 51, 'weekend', ''),
(137, '2018', 52, 'week', 'ACTES 17-18'),
(138, '2018', 52, 'weekend', ''),
(139, '2019', 1, 'week', 'ACTES 19-20'),
(140, '2019', 1, 'weekend', ''),
(141, '2019', 2, 'week', 'ACTES 21-22'),
(142, '2019', 2, 'weekend', ''),
(143, '2019', 3, 'week', 'ACTES 23-24'),
(144, '2019', 3, 'weekend', ''),
(145, '2019', 4, 'week', 'ACTES 25-26'),
(146, '2019', 4, 'weekend', ''),
(147, '2019', 5, 'week', 'ACTES 27-28'),
(148, '2019', 5, 'weekend', ''),
(149, '2019', 6, 'week', 'ROMAINS 1-3'),
(150, '2019', 6, 'weekend', ''),
(151, '2019', 7, 'week', 'ROMAINS 4-6'),
(152, '2019', 7, 'weekend', ''),
(153, '2019', 8, 'week', 'ROMAINS 7-8'),
(154, '2019', 8, 'weekend', ''),
(155, '2019', 9, 'week', 'ROMAINS 9-11'),
(156, '2019', 9, 'weekend', ''),
(157, '2019', 10, 'week', 'ROMAINS 12-14'),
(158, '2019', 10, 'weekend', ''),
(159, '2019', 11, 'week', 'ROMAINS 15-16'),
(160, '2019', 11, 'weekend', ''),
(161, '2019', 12, 'week', '1 CORINTHIENS 1-3'),
(162, '2019', 12, 'weekend', ''),
(163, '2019', 13, 'week', '1 CORINTHIENS 4-6'),
(164, '2019', 13, 'weekend', ''),
(165, '2019', 14, 'week', '1 CORINTHIENS 7-9'),
(166, '2019', 14, 'weekend', ''),
(167, '2019', 15, 'week', '1 CORINTHIENS 10-13'),
(168, '2019', 15, 'weekend', ''),
(169, '2019', 16, 'week', ''),
(170, '2019', 16, 'weekend', ''),
(171, '2019', 17, 'week', '1 CORINTHIENS 14-16'),
(172, '2019', 17, 'weekend', ''),
(173, '2019', 18, 'week', '2 CORINTHIENS 1-3'),
(174, '2019', 18, 'weekend', ''),
(175, '2019', 19, 'week', '2 CORINTHIENS 4-6'),
(176, '2019', 19, 'weekend', ''),
(177, '2019', 20, 'week', '2 CORINTHIENS 7-10'),
(178, '2019', 20, 'weekend', ''),
(179, '2019', 21, 'week', '2 CORINTHIENS 11-13'),
(180, '2019', 21, 'weekend', ''),
(181, '2019', 22, 'week', 'GALATES 1-3'),
(182, '2019', 22, 'weekend', ''),
(183, '2019', 23, 'week', 'GALATES 4-6'),
(184, '2019', 23, 'weekend', ''),
(185, '2019', 24, 'week', 'ÉPHÉSIENS 1-3'),
(186, '2019', 24, 'weekend', ''),
(187, '2019', 25, 'week', '17-23 juin'),
(188, '2019', 25, 'weekend', ''),
(189, '2019', 26, 'week', 'PHILIPPIENS 1-4'),
(190, '2019', 26, 'weekend', ''),
(191, '2019', 27, 'week', 'COLOSSIENS 1-4'),
(192, '2019', 27, 'weekend', ''),
(193, '2019', 28, 'week', '1 THESSALONICIENS 1-5'),
(194, '2019', 28, 'weekend', ''),
(195, '2019', 29, 'week', '2 THESSALONICIENS 1-3'),
(196, '2019', 29, 'weekend', ''),
(197, '2019', 30, 'week', '1 TIMOTHÉE 1-3'),
(198, '2019', 30, 'weekend', ''),
(199, '2019', 31, 'week', '1 TIMOTHÉE 4-6'),
(200, '2019', 31, 'weekend', ''),
(201, '2019', 32, 'week', '2 TIMOTHÉE 1-4'),
(202, '2019', 32, 'weekend', ''),
(203, '2019', 33, 'week', 'TITE 1–PHILÉMON'),
(204, '2019', 33, 'weekend', ''),
(205, '2019', 34, 'week', 'HÉBREUX 1-3'),
(206, '2019', 34, 'weekend', ''),
(207, '2019', 35, 'week', 'HÉBREUX 4-6'),
(208, '2019', 35, 'weekend', ''),
(209, '2019', 36, 'week', 'HÉBREUX 7-8'),
(210, '2019', 36, 'weekend', ''),
(211, '2019', 37, 'week', 'HÉBREUX 9-10'),
(212, '2019', 37, 'weekend', ''),
(213, '2019', 38, 'week', 'HÉBREUX 11'),
(214, '2019', 38, 'weekend', ''),
(215, '2019', 39, 'week', 'HÉBREUX 12-13'),
(216, '2019', 39, 'weekend', ''),
(217, '2019', 40, 'week', 'JACQUES 1-2'),
(218, '2019', 40, 'weekend', ''),
(219, '2019', 41, 'week', ''),
(220, '2019', 41, 'weekend', ''),
(221, '2019', 42, 'week', ''),
(222, '2019', 42, 'weekend', ''),
(223, '2019', 43, 'week', ''),
(224, '2019', 43, 'weekend', ''),
(225, '2019', 44, 'week', ''),
(226, '2019', 44, 'weekend', ''),
(227, '2019', 45, 'week', ''),
(228, '2019', 45, 'weekend', ''),
(229, '2019', 46, 'week', ''),
(230, '2019', 46, 'weekend', ''),
(231, '2019', 47, 'week', ''),
(232, '2019', 47, 'weekend', ''),
(233, '2019', 48, 'week', ''),
(234, '2019', 48, 'weekend', ''),
(235, '2019', 49, 'week', ''),
(236, '2019', 49, 'weekend', ''),
(237, '2019', 50, 'week', ''),
(238, '2019', 50, 'weekend', ''),
(239, '2019', 51, 'week', ''),
(240, '2019', 51, 'weekend', ''),
(241, '2019', 52, 'week', ''),
(242, '2019', 52, 'weekend', '');

-- --------------------------------------------------------

--
-- Table structure for table `jw_reunion_session_assemblee`
--

CREATE TABLE `jw_reunion_session_assemblee` (
  `id_reunion_session` int(11) NOT NULL,
  `id_assemblee` int(11) NOT NULL,
  `date` date NOT NULL,
  `id_frere_president` int(11) DEFAULT NULL,
  `id_frere_conseiller_salle_secondaire` int(11) DEFAULT NULL
) ENGINE=InnoDB DEFAULT CHARSET=utf8;

--
-- Dumping data for table `jw_reunion_session_assemblee`
--

INSERT INTO `jw_reunion_session_assemblee` (`id_reunion_session`, `id_assemblee`, `date`, `id_frere_president`, `id_frere_conseiller_salle_secondaire`) VALUES
(1, 1, '2017-09-06', 214, NULL),
(2, 1, '2017-09-09', 239, NULL),
(3, 1, '2017-09-13', 96, 23),
(4, 1, '2017-09-16', 213, NULL),
(5, 1, '2017-09-20', 171, 49),
(6, 1, '2017-09-23', 120, NULL),
(7, 1, '2017-09-27', 213, 171),
(8, 1, '2017-09-30', 96, NULL),
(9, 1, '2017-10-04', 120, NULL),
(10, 1, '2017-10-07', 170, NULL),
(11, 1, '2017-10-11', 170, 96),
(12, 1, '2017-10-14', NULL, NULL),
(13, 1, '2017-10-18', 213, 214),
(14, 1, '2017-10-21', NULL, NULL),
(15, 1, '2017-10-25', 171, 170),
(16, 1, '2017-10-28', NULL, NULL),
(17, 1, '2017-11-01', 23, 213),
(18, 1, '2017-11-04', NULL, NULL),
(19, 1, '2017-11-08', NULL, NULL),
(19, 3, '2017-11-08', 318, NULL),
(20, 1, '2017-11-11', NULL, NULL),
(21, 1, '2017-11-15', NULL, NULL),
(21, 3, '2017-11-15', 308, 312),
(22, 1, '2017-11-18', NULL, NULL),
(23, 1, '2017-11-22', NULL, NULL),
(23, 3, '2017-11-22', 299, 308),
(24, 1, '2017-11-25', NULL, NULL),
(25, 1, '2017-11-29', NULL, NULL),
(25, 3, '2017-11-29', 318, 312),
(26, 1, '2017-12-02', NULL, NULL),
(27, 1, '2017-12-06', NULL, NULL),
(28, 1, '2017-12-09', NULL, NULL),
(29, 1, '2017-12-13', 48, NULL),
(29, 3, '2017-12-11', 308, 318),
(30, 1, '2017-12-16', NULL, NULL),
(31, 1, '2017-12-20', 96, NULL),
(31, 3, '2017-12-18', NULL, NULL),
(32, 1, '2017-12-23', NULL, NULL),
(33, 1, '2017-12-27', 73, NULL),
(33, 3, '2017-12-25', NULL, NULL),
(34, 1, '2017-12-30', NULL, NULL),
(35, 1, '2018-01-03', 48, 73),
(35, 3, '2018-01-01', NULL, NULL),
(36, 1, '2018-01-06', 74, NULL),
(37, 1, '2018-01-10', 96, 1),
(37, 3, '2018-01-08', 299, 318),
(38, 1, '2018-01-13', 2, NULL),
(39, 1, '2018-01-17', 1, 96),
(39, 3, '2018-01-15', 318, 308),
(40, 1, '2018-01-20', 24, NULL),
(41, 1, '2018-01-24', 23, 48),
(41, 3, '2018-01-22', 312, 299),
(42, 1, '2018-01-27', 73, NULL),
(43, 1, '2018-01-31', 73, 23),
(43, 3, '2018-01-29', 308, 318),
(44, 1, '2018-02-03', 148, NULL),
(45, 1, '2018-02-07', 1, 96),
(45, 3, '2018-02-07', 312, 299),
(46, 1, '2018-02-10', NULL, NULL),
(47, 1, '2018-02-14', 48, 23),
(47, 3, '2018-02-12', NULL, NULL),
(48, 1, '2018-02-17', NULL, NULL),
(49, 1, '2018-02-21', 73, 1),
(49, 3, '2018-02-19', 299, 312),
(50, 1, '2018-02-24', NULL, NULL),
(51, 1, '2018-02-28', 121, 48),
(51, 3, '2018-02-26', 308, 299),
(52, 1, '2018-03-03', NULL, NULL),
(53, 1, '2018-03-07', 120, 1),
(53, 3, '2018-03-05', 318, 308),
(54, 1, '2018-03-10', NULL, NULL),
(55, 1, '2018-03-14', 73, 48),
(55, 3, '2018-03-12', 312, 318),
(56, 1, '2018-03-17', NULL, NULL),
(57, 1, '2018-03-21', 96, 23),
(57, 3, '2018-03-19', 308, 299),
(58, 1, '2018-03-24', NULL, NULL),
(59, 1, '2018-03-28', 121, 73),
(59, 3, '2018-03-26', 299, 318),
(60, 1, '2018-03-31', NULL, NULL),
(61, 1, '2018-04-04', 96, 73),
(61, 3, '2018-04-02', NULL, NULL),
(62, 1, '2018-04-07', NULL, NULL),
(63, 1, '2018-04-11', 1, 96),
(63, 3, '2018-04-09', NULL, NULL),
(64, 1, '2018-04-14', NULL, NULL),
(65, 1, '2018-04-18', 73, 23),
(65, 3, '2018-04-16', NULL, NULL),
(66, 1, '2018-04-21', NULL, NULL),
(67, 1, '2018-04-24', 48, NULL),
(67, 3, '2018-04-23', NULL, NULL),
(68, 1, '2018-04-28', NULL, NULL),
(69, 1, '2018-05-02', 23, 48),
(69, 3, '2018-04-30', NULL, NULL),
(70, 1, '2018-05-05', NULL, NULL),
(71, 1, '2018-05-09', 96, 23),
(71, 3, '2018-05-07', NULL, NULL),
(72, 1, '2018-05-12', NULL, NULL),
(73, 1, '2018-05-16', 73, 96),
(73, 3, '2018-05-16', 299, 312),
(74, 1, '2018-05-19', NULL, NULL),
(75, 1, '2018-05-23', 48, 73),
(75, 3, '2018-05-21', 308, 318),
(76, 1, '2018-05-26', NULL, NULL),
(77, 1, '2018-05-30', 23, 48),
(77, 3, '2018-05-30', 318, 299),
(78, 1, '2018-06-02', NULL, NULL),
(79, 1, '2018-06-06', 73, 96),
(79, 3, '2018-06-06', NULL, NULL),
(80, 1, '2018-06-09', NULL, NULL),
(81, 1, '2018-06-13', 48, 23),
(81, 3, '2018-06-13', NULL, NULL),
(82, 1, '2018-06-16', NULL, NULL),
(83, 1, '2018-06-20', 1, 48),
(83, 3, '2018-06-20', NULL, NULL),
(84, 1, '2018-06-23', NULL, NULL),
(85, 1, '2018-06-27', 73, 96),
(85, 3, '2018-06-27', NULL, NULL),
(86, 1, '2018-06-30', NULL, NULL),
(87, 1, '2018-07-04', 121, 1),
(87, 3, '2018-07-02', 98, 98),
(88, 1, '2018-07-07', NULL, NULL),
(89, 1, '2018-07-11', 48, 23),
(89, 3, '2018-07-09', 98, 98),
(91, 1, '2018-07-18', 96, 48),
(91, 3, '2018-07-16', 98, 98),
(93, 1, '2018-07-25', 98, 98),
(93, 3, '2018-07-23', 98, 98),
(95, 1, '2018-08-01', 1, 96),
(95, 3, '2018-07-30', 98, 98),
(97, 1, '2018-08-06', NULL, NULL),
(99, 1, '2018-08-13', NULL, NULL),
(101, 1, '2018-08-20', NULL, NULL),
(103, 1, '2018-08-27', NULL, NULL),
(114, 4, '2018-10-06', 98, 98),
(115, 4, '2018-10-09', NULL, NULL),
(116, 4, '2018-10-13', NULL, NULL),
(117, 4, '2018-10-16', NULL, NULL),
(118, 4, '2018-10-20', NULL, NULL),
(119, 4, '2018-10-23', NULL, NULL),
(120, 4, '2018-10-27', NULL, NULL),
(123, 4, '2018-11-06', NULL, NULL),
(125, 4, '2018-11-13', NULL, NULL),
(126, 4, '2018-11-17', NULL, NULL),
(127, 4, '2018-11-20', NULL, NULL),
(128, 4, '2018-11-24', NULL, NULL),
(129, 4, '2018-11-27', NULL, NULL),
(130, 4, '2018-12-01', NULL, NULL),
(131, 4, '2018-12-04', NULL, NULL),
(157, 1, '2019-03-06', NULL, NULL),
(173, 8, '2019-04-30', 543, 615),
(175, 8, '2019-05-07', NULL, NULL),
(177, 8, '2019-05-14', NULL, NULL),
(181, 3, '2019-05-28', NULL, NULL),
(183, 3, '2019-06-04', NULL, NULL),
(191, 3, '2019-07-03', 299, 346),
(191, 8, '2019-07-03', NULL, NULL),
(193, 3, '2019-07-10', 318, 619),
(195, 3, '2019-07-17', 619, 346),
(197, 3, '2019-07-24', 308, 299),
(199, 3, '2019-07-31', 318, 619),
(201, 1, '2019-08-07', NULL, NULL),
(201, 3, '2019-08-06', NULL, NULL),
(201, 8, '2019-08-06', NULL, NULL),
(203, 3, '2019-08-13', 299, 346),
(205, 3, '2019-08-20', NULL, NULL),
(207, 3, '2019-08-27', NULL, NULL),
(209, 1, '2019-09-04', 48, 98),
(211, 1, '2019-09-11', NULL, NULL),
(213, 1, '2019-09-18', NULL, NULL),
(217, 1, '2019-10-02', NULL, NULL);

-- --------------------------------------------------------

--
-- Table structure for table `jw_salles`
--

CREATE TABLE `jw_salles` (
  `id_salle` int(11) NOT NULL,
  `id_assemblee` int(11) NOT NULL,
  `numero_salle` int(11) NOT NULL
) ENGINE=InnoDB DEFAULT CHARSET=utf8;

--
-- Dumping data for table `jw_salles`
--

INSERT INTO `jw_salles` (`id_salle`, `id_assemblee`, `numero_salle`) VALUES
(1, 1, 1),
(2, 1, 2);

-- --------------------------------------------------------

--
-- Table structure for table `jw_territoires`
--

CREATE TABLE `jw_territoires` (
  `id_territoire` int(11) NOT NULL,
  `id_assemblee` int(11) NOT NULL,
  `numero_territoire` int(11) NOT NULL,
  `min_lat` decimal(10,7) NOT NULL,
  `min_lon` decimal(10,7) NOT NULL,
  `max_lat` decimal(10,7) NOT NULL,
  `max_lon` decimal(10,7) NOT NULL,
  `rotate_angle` float NOT NULL
) ENGINE=InnoDB DEFAULT CHARSET=utf8;

--
-- Dumping data for table `jw_territoires`
--

INSERT INTO `jw_territoires` (`id_territoire`, `id_assemblee`, `numero_territoire`, `min_lat`, `min_lon`, `max_lat`, `max_lon`, `rotate_angle`) VALUES
(1, 5, 1, -20.8779000, 55.4443000, -20.8728000, 55.4505000, -13),
(2, 5, 2, -20.8805000, 55.4465000, -20.8762000, 55.4515000, -16),
(4, 5, 4, -20.8856000, 55.4448000, -20.8787000, 55.4468000, 0),
(5, 5, 5, -20.8822000, 55.4430000, -20.8762000, 55.4452000, -22),
(6, 5, 6, -20.8810000, 55.4417000, -20.8785000, 55.4440000, -12),
(7, 5, 7, -20.8813000, 55.4396000, -20.8792000, 55.4420000, -11),
(8, 5, 8, -20.8969000, 55.4411000, -20.8843000, 55.4447000, 25),
(9, 5, 9, -20.8859000, 55.4461000, -20.8793000, 55.4543000, 0),
(10, 5, 10, -20.8887000, 55.4454000, -20.8855000, 55.4514000, 0),
(11, 5, 11, -20.8897000, 55.4491000, -20.8847000, 55.4541000, 17),
(12, 5, 12, -20.8942000, 55.4522000, -20.8903000, 55.4580000, 12),
(13, 5, 13, -20.8926000, 55.4499000, -20.8894000, 55.4533000, 15),
(14, 5, 14, -20.8921000, 55.4480000, -20.8887000, 55.4506000, 23),
(15, 5, 15, -20.8915000, 55.4442000, -20.8883000, 55.4491000, 0),
(16, 5, 16, -20.8940000, 55.4438000, -20.8896000, 55.4490000, 18),
(17, 5, 17, -20.8944000, 55.4472000, -20.8915000, 55.4529000, 8),
(18, 5, 18, -20.8971000, 55.4459000, -20.8931000, 55.4518000, 0),
(19, 5, 19, -20.8953000, 55.4428000, -20.8927000, 55.4477000, 9),
(20, 5, 20, -20.8977000, 55.4407000, -20.8934000, 55.4472000, 0),
(21, 5, 21, -20.9012000, 55.4438000, -20.8977000, 55.4488000, 0),
(22, 5, 22, -20.8995000, 55.4418000, -20.8961000, 55.4461000, 0),
(24, 5, 24, -20.8995000, 55.4450000, -20.8957000, 55.4494000, 18),
(26, 5, 26, -20.9079000, 55.4422000, -20.9000000, 55.4484000, 0),
(28, 5, 28, -20.8908000, 55.4528000, -20.8854000, 55.4554000, 0),
(29, 7, 1, 48.8509000, 2.2858000, 48.8552000, 2.2947000, 16),
(30, 8, 1, 4.0742000, 9.6676000, 4.0805000, 9.6768000, 40),
(31, 8, 2, 4.0676000, 9.6833000, 4.0734000, 9.6937000, 0),
(33, 5, 3, -20.8870000, 55.4457000, -20.8758000, 55.4477000, 0),
(34, 6, 1, -20.0607000, 57.5438000, -20.0476000, 57.5571000, 18),
(35, 6, 2, -20.0557000, 57.5443000, -20.0501000, 57.5576000, 15),
(36, 4, 1, -0.0003000, -0.0003000, -0.0003000, -0.0003000, 0);

-- --------------------------------------------------------

--
-- Table structure for table `jw_territoires_limit_nodes`
--

CREATE TABLE `jw_territoires_limit_nodes` (
  `id_territoire` int(11) NOT NULL,
  `id_node` bigint(11) NOT NULL,
  `order` int(11) NOT NULL
) ENGINE=InnoDB DEFAULT CHARSET=utf8;

--
-- Dumping data for table `jw_territoires_limit_nodes`
--

INSERT INTO `jw_territoires_limit_nodes` (`id_territoire`, `id_node`, `order`) VALUES
(20, 200125, 97),
(20, 200152, 96),
(20, 200153, 95),
(20, 200154, 94),
(20, 200155, 93),
(20, 200156, 92),
(20, 200157, 91),
(20, 200158, 90),
(21, 210101, 4),
(21, 210102, 5),
(21, 210103, 6),
(21, 210104, 7),
(21, 210105, 8),
(21, 210106, 9),
(21, 210107, 10),
(21, 210108, 11),
(21, 210109, 12),
(21, 210110, 13),
(21, 210111, 14),
(21, 210112, 15),
(29, 661234, 1),
(29, 661235, 32),
(29, 21346796, 33),
(29, 21346799, 8),
(29, 21346801, 3),
(29, 21378264, 14),
(29, 34909161, 17),
(2, 91387005, 5),
(33, 91387005, 38),
(9, 91387016, 6),
(33, 91387016, 32),
(1, 91387022, 4),
(1, 91387358, 24),
(2, 91387358, 13),
(2, 91387809, 6),
(33, 91387809, 39),
(1, 91388001, 26),
(2, 91388001, 11),
(1, 91388250, 22),
(2, 91388332, 21),
(9, 91388332, 7),
(33, 91388332, 33),
(2, 91388663, 3),
(33, 91388663, 36),
(1, 91388867, 20),
(10, 92554781, 18),
(11, 93653564, 20),
(28, 93653564, 1),
(28, 93653564, 25),
(12, 93653610, 19),
(29, 94265887, 19),
(29, 94268321, 30),
(29, 94268426, 22),
(29, 94268492, 26),
(28, 129673914, 16),
(11, 129673930, 28),
(28, 129673930, 9),
(11, 129673964, 22),
(28, 129673964, 3),
(29, 141568877, 29),
(29, 141569260, 31),
(29, 158834411, 6),
(29, 159883856, 10),
(29, 185877802, 35),
(29, 243647236, 25),
(26, 249165922, 174),
(26, 249165923, 173),
(26, 249165924, 171),
(26, 249165925, 170),
(26, 249165926, 167),
(26, 249165927, 166),
(26, 249165929, 164),
(26, 249165930, 161),
(26, 249165931, 160),
(26, 249165932, 158),
(26, 249165933, 157),
(26, 249165934, 154),
(26, 249165935, 153),
(26, 249165936, 149),
(26, 249165937, 146),
(26, 249165939, 144),
(26, 249165940, 141),
(26, 249165941, 138),
(26, 249165943, 134),
(26, 249165945, 128),
(26, 249165946, 127),
(26, 249165947, 126),
(26, 249165949, 122),
(26, 249165950, 119),
(26, 249165951, 118),
(26, 249165952, 117),
(26, 249165953, 111),
(26, 249165954, 110),
(26, 249165955, 109),
(26, 249165956, 105),
(26, 249165957, 104),
(26, 249165958, 100),
(26, 249165959, 99),
(26, 249165961, 98),
(26, 249165962, 94),
(26, 249165963, 92),
(26, 249165965, 87),
(26, 249165967, 83),
(26, 249165968, 80),
(26, 249165969, 76),
(26, 249165970, 75),
(26, 249165971, 71),
(26, 249165972, 70),
(26, 249165975, 67),
(26, 249165977, 60),
(21, 249165978, 49),
(26, 249165978, 58),
(21, 249165980, 51),
(21, 249165981, 52),
(21, 249165982, 56),
(21, 249165983, 59),
(21, 249165984, 61),
(21, 249165985, 62),
(22, 249165986, 2),
(22, 249165987, 3),
(22, 249165988, 6),
(22, 249165990, 11),
(9, 249166047, 24),
(10, 249166047, 8),
(21, 249167517, 57),
(21, 249167518, 54),
(21, 249167519, 50),
(26, 249167520, 63),
(26, 249167522, 73),
(26, 249167523, 82),
(26, 249167524, 78),
(26, 249167526, 102),
(26, 249167527, 114),
(26, 249167528, 124),
(26, 249167530, 130),
(26, 249167532, 139),
(26, 249167533, 145),
(26, 249167534, 152),
(29, 249168335, 11),
(29, 249169042, 13),
(12, 249187128, 40),
(12, 249187129, 37),
(12, 249187617, 35),
(12, 249187618, 32),
(12, 249187619, 30),
(12, 249187620, 26),
(12, 249187621, 25),
(9, 249187958, 26),
(10, 249187958, 6),
(9, 249187959, 25),
(10, 249187959, 7),
(9, 249188127, 2),
(33, 249188127, 28),
(9, 249188131, 4),
(33, 249188131, 30),
(11, 249188523, 29),
(28, 249188523, 10),
(34, 309479979, 40),
(12, 329083707, 22),
(12, 329084119, 23),
(28, 340189875, 18),
(2, 340190106, 1),
(33, 340190106, 34),
(1, 340190161, 28),
(2, 340190161, 9),
(2, 340191681, 17),
(10, 340195611, 20),
(21, 340376584, 43),
(26, 340376584, 53),
(26, 340376593, 47),
(16, 346141008, 68),
(18, 346141008, 123),
(19, 346141008, 15),
(18, 346141052, 118),
(19, 346141052, 20),
(9, 346141056, 20),
(11, 346141056, 5),
(16, 346141059, 25),
(17, 346141059, 64),
(18, 346141089, 119),
(19, 346141089, 19),
(16, 346141133, 66),
(18, 346141133, 125),
(20, 346141157, 77),
(22, 346141157, 41),
(16, 346141181, 83),
(5, 346141236, 17),
(6, 346141236, 8),
(5, 346141250, 19),
(6, 346141250, 6),
(19, 346141251, 87),
(20, 346141251, 4),
(20, 346141267, 73),
(22, 346141267, 45),
(20, 346141306, 89),
(22, 346141306, 29),
(5, 346141318, 30),
(18, 346141323, 120),
(19, 346141323, 18),
(16, 346141404, 37),
(17, 346141404, 52),
(22, 346141418, 16),
(15, 346141428, 27),
(16, 346141428, 3),
(16, 346141444, 33),
(17, 346141444, 56),
(16, 346141452, 38),
(17, 346141452, 51),
(22, 346141495, 20),
(20, 346141650, 87),
(22, 346141650, 31),
(16, 346141657, 41),
(17, 346141657, 48),
(18, 346141663, 14),
(17, 346141669, 25),
(18, 346141669, 165),
(20, 346141671, 79),
(22, 346141671, 39),
(19, 346141674, 90),
(5, 346141687, 13),
(19, 346141791, 78),
(20, 346141791, 13),
(5, 346141796, 12),
(12, 346141810, 5),
(13, 346141810, 26),
(19, 346141817, 76),
(20, 346141817, 15),
(19, 346141861, 83),
(20, 346141861, 8),
(18, 346141892, 10),
(10, 346141945, 14),
(11, 346141945, 13),
(18, 346142092, 29),
(24, 346142092, 120),
(18, 346142114, 26),
(17, 346142141, 22),
(18, 346142141, 1),
(18, 346142170, 36),
(24, 346142170, 113),
(13, 346142254, 12),
(15, 346142483, 3),
(2, 346142498, 19),
(9, 346142498, 9),
(14, 346142528, 28),
(5, 346142577, 26),
(5, 346142696, 10),
(28, 346142729, 20),
(14, 346142750, 24),
(15, 346142829, 22),
(16, 346142829, 8),
(5, 346142868, 23),
(12, 346142908, 8),
(13, 346142908, 23),
(15, 346142930, 19),
(16, 346142930, 11),
(18, 346143002, 34),
(24, 346143002, 115),
(15, 346143017, 9),
(1, 346143168, 17),
(15, 346143207, 18),
(16, 346143207, 12),
(17, 346143207, 1),
(17, 346143207, 77),
(15, 346143208, 24),
(16, 346143208, 6),
(9, 346143233, 12),
(2, 346143239, 20),
(9, 346143239, 8),
(17, 346143278, 18),
(14, 346143287, 16),
(15, 346143287, 15),
(5, 346143295, 22),
(14, 346143299, 21),
(15, 346143299, 10),
(17, 346143300, 30),
(18, 346143300, 160),
(28, 346143319, 19),
(12, 346143321, 3),
(17, 346143321, 15),
(5, 346143337, 32),
(17, 346143339, 20),
(15, 346143344, 25),
(16, 346143344, 5),
(18, 346143375, 27),
(12, 346143395, 1),
(17, 346143395, 17),
(12, 346143399, 9),
(13, 346143399, 22),
(14, 346143414, 26),
(8, 346143439, 5),
(9, 346143439, 27),
(10, 346143439, 5),
(33, 346143439, 26),
(18, 346143466, 38),
(24, 346143466, 111),
(16, 346143486, 90),
(18, 346143487, 18),
(12, 346143490, 16),
(13, 346143490, 15),
(28, 346143495, 22),
(15, 346143505, 23),
(16, 346143505, 7),
(20, 346143539, 57),
(24, 346143539, 81),
(16, 346143780, 84),
(1, 346143793, 1),
(13, 346143841, 10),
(18, 346143875, 17),
(17, 346143905, 19),
(18, 346143906, 11),
(18, 346143913, 23),
(10, 346143948, 12),
(11, 346143948, 11),
(28, 346144006, 17),
(18, 346144057, 16),
(9, 346144081, 11),
(5, 346144095, 29),
(1, 346144128, 21),
(12, 346144212, 2),
(17, 346144212, 16),
(18, 346144243, 28),
(10, 346144246, 16),
(11, 346144255, 16),
(11, 346144274, 14),
(11, 346144289, 19),
(15, 346144294, 8),
(14, 346144312, 20),
(15, 346144312, 11),
(8, 346144315, 2),
(10, 346144315, 2),
(15, 346144351, 26),
(16, 346144351, 4),
(11, 346144352, 17),
(8, 346144446, 1),
(10, 346144446, 1),
(18, 346144470, 48),
(20, 346144470, 31),
(12, 346144471, 14),
(13, 346144471, 17),
(18, 346144488, 60),
(20, 346144488, 19),
(13, 346144507, 4),
(14, 346144507, 5),
(19, 346144521, 79),
(20, 346144521, 12),
(13, 346144567, 13),
(19, 346144660, 80),
(20, 346144660, 11),
(1, 346144667, 11),
(20, 346144716, 44),
(24, 346144716, 94),
(1, 346144758, 2),
(1, 346144768, 15),
(11, 346144777, 18),
(20, 346144810, 69),
(22, 346144810, 49),
(15, 346144880, 5),
(9, 346144961, 23),
(10, 346144961, 9),
(11, 346144961, 8),
(18, 346144984, 24),
(19, 346145001, 81),
(20, 346145001, 10),
(18, 346145003, 25),
(18, 346145005, 30),
(24, 346145005, 119),
(14, 346145061, 13),
(17, 346145061, 3),
(20, 346145084, 56),
(24, 346145084, 82),
(10, 346145085, 17),
(12, 346145099, 4),
(13, 346145099, 27),
(17, 346145099, 14),
(20, 346145105, 41),
(24, 346145105, 97),
(5, 346145258, 11),
(20, 346145275, 68),
(22, 346145275, 50),
(20, 346145293, 54),
(24, 346145293, 84),
(16, 346145316, 91),
(12, 346145317, 17),
(16, 346145321, 78),
(19, 346145321, 5),
(14, 346145325, 19),
(15, 346145325, 12),
(16, 346145328, 86),
(19, 346145391, 85),
(20, 346145391, 6),
(9, 346145706, 1),
(33, 346145706, 27),
(10, 346145719, 21),
(19, 346145728, 82),
(20, 346145728, 9),
(2, 346145756, 18),
(9, 346145756, 10),
(10, 346145794, 15),
(15, 346145798, 7),
(22, 346145815, 15),
(14, 346145824, 12),
(17, 346145824, 4),
(15, 346145828, 1),
(16, 346145842, 14),
(17, 346145842, 75),
(9, 346145856, 19),
(11, 346145856, 4),
(16, 346145876, 77),
(19, 346145876, 6),
(20, 346145883, 51),
(24, 346145883, 87),
(20, 346145896, 36),
(24, 346145896, 102),
(16, 346145909, 74),
(19, 346145909, 9),
(16, 346145931, 82),
(19, 346145931, 1),
(19, 346145931, 91),
(9, 346145932, 5),
(33, 346145932, 31),
(1, 346145938, 18),
(12, 346145942, 13),
(13, 346145942, 18),
(12, 346145948, 11),
(13, 346145948, 20),
(16, 346145972, 79),
(19, 346145972, 4),
(28, 346145976, 23),
(18, 346145977, 32),
(24, 346145977, 117),
(18, 346145984, 33),
(24, 346145984, 116),
(16, 346146044, 80),
(19, 346146044, 3),
(9, 346146067, 3),
(33, 346146067, 29),
(20, 346146107, 40),
(24, 346146107, 98),
(13, 346146111, 6),
(14, 346146111, 3),
(16, 346146112, 18),
(17, 346146112, 71),
(1, 346146136, 9),
(13, 346146140, 11),
(13, 346146190, 7),
(14, 346146190, 2),
(18, 346146328, 31),
(24, 346146328, 118),
(17, 346146422, 36),
(18, 346146422, 154),
(18, 346146441, 19),
(18, 346146482, 21),
(14, 346146490, 17),
(15, 346146490, 14),
(5, 346146787, 24),
(2, 346146809, 15),
(9, 346146816, 15),
(20, 346146890, 72),
(22, 346146890, 46),
(5, 346146893, 21),
(10, 346146919, 19),
(5, 346146967, 15),
(6, 346146967, 10),
(9, 346146982, 14),
(17, 346146993, 41),
(18, 346146993, 149),
(9, 346147040, 13),
(17, 346147076, 40),
(18, 346147076, 150),
(5, 346147119, 16),
(6, 346147119, 9),
(1, 346147120, 16),
(1, 346147384, 5),
(1, 346147496, 14),
(18, 346147531, 13),
(16, 346147536, 70),
(19, 346147536, 13),
(17, 346147560, 37),
(18, 346147560, 153),
(17, 346147572, 39),
(18, 346147572, 151),
(15, 346147575, 4),
(18, 346147579, 41),
(24, 346147579, 108),
(9, 346147640, 17),
(11, 346147640, 2),
(16, 346147959, 72),
(19, 346147959, 11),
(16, 346147969, 73),
(19, 346147969, 10),
(16, 346147981, 81),
(19, 346147981, 2),
(16, 346148026, 71),
(19, 346148026, 12),
(18, 346148090, 45),
(20, 346148090, 34),
(24, 346148090, 104),
(16, 346148110, 76),
(19, 346148110, 7),
(16, 346148118, 69),
(19, 346148118, 14),
(9, 346148142, 16),
(11, 346148142, 1),
(28, 346148142, 15),
(16, 346148145, 75),
(19, 346148145, 8),
(18, 346148150, 53),
(20, 346148150, 26),
(22, 346148318, 25),
(22, 346148359, 27),
(16, 346148509, 94),
(18, 346148556, 63),
(19, 346148556, 75),
(20, 346148556, 16),
(15, 346148559, 29),
(16, 346148559, 1),
(16, 346148559, 95),
(18, 346148566, 59),
(20, 346148566, 20),
(18, 346148648, 52),
(20, 346148648, 27),
(17, 346148692, 43),
(18, 346148692, 147),
(9, 346148700, 18),
(11, 346148700, 3),
(17, 346148704, 34),
(18, 346148704, 156),
(20, 346148725, 85),
(22, 346148725, 33),
(20, 346148749, 62),
(24, 346148749, 76),
(20, 346148775, 82),
(22, 346148775, 36),
(22, 346148796, 22),
(20, 346148914, 61),
(24, 346148914, 77),
(20, 346148948, 80),
(22, 346148948, 38),
(17, 346148965, 42),
(18, 346148965, 148),
(17, 346149130, 35),
(18, 346149130, 155),
(14, 346149185, 10),
(17, 346149185, 6),
(22, 346149381, 23),
(15, 346149390, 2),
(16, 346149422, 56),
(18, 346149422, 135),
(14, 346149434, 27),
(18, 346149630, 112),
(19, 346149630, 26),
(28, 346149635, 21),
(14, 346149637, 22),
(16, 346149640, 52),
(18, 346149640, 139),
(18, 346149643, 83),
(19, 346149643, 55),
(13, 346149968, 8),
(14, 346149968, 1),
(12, 346150051, 12),
(13, 346150051, 19),
(5, 346150134, 34),
(16, 346150145, 62),
(18, 346150145, 129),
(15, 346150161, 21),
(16, 346150161, 9),
(18, 346150164, 71),
(19, 346150164, 67),
(15, 346150166, 20),
(16, 346150166, 10),
(1, 346150196, 27),
(2, 346150196, 10),
(16, 346150204, 61),
(18, 346150204, 130),
(18, 346150283, 68),
(19, 346150283, 70),
(16, 346150293, 48),
(18, 346150293, 143),
(1, 346150366, 23),
(2, 346150366, 14),
(16, 346150376, 55),
(18, 346150376, 136),
(16, 346150379, 23),
(17, 346150379, 66),
(16, 346150381, 19),
(17, 346150381, 70),
(16, 346150408, 31),
(17, 346150408, 58),
(5, 346150716, 31),
(18, 346150745, 94),
(19, 346150745, 44),
(16, 346150762, 27),
(17, 346150762, 62),
(16, 346150764, 59),
(18, 346150764, 132),
(16, 346150785, 39),
(17, 346150785, 50),
(18, 346150791, 69),
(19, 346150791, 69),
(16, 346150800, 57),
(18, 346150800, 134),
(14, 346150802, 23),
(16, 346150810, 64),
(18, 346150810, 127),
(16, 346150814, 65),
(18, 346150814, 126),
(2, 346150863, 16),
(18, 346150869, 86),
(19, 346150869, 52),
(16, 346150871, 45),
(17, 346150871, 44),
(18, 346150871, 146),
(16, 346150883, 40),
(17, 346150883, 49),
(16, 346150885, 49),
(18, 346150885, 142),
(18, 346150887, 89),
(19, 346150887, 49),
(16, 346150909, 43),
(17, 346150909, 46),
(18, 346151040, 99),
(19, 346151040, 39),
(18, 346151111, 74),
(19, 346151111, 64),
(18, 346151112, 73),
(19, 346151112, 65),
(16, 346151116, 32),
(17, 346151116, 57),
(16, 346151121, 42),
(17, 346151121, 47),
(18, 346151147, 78),
(19, 346151147, 60),
(17, 346151181, 27),
(18, 346151181, 163),
(10, 346151203, 13),
(11, 346151203, 12),
(18, 346151205, 90),
(19, 346151205, 48),
(29, 352968987, 21),
(17, 358518561, 24),
(18, 358518561, 166),
(1, 365301598, 43),
(33, 365301598, 54),
(1, 365301600, 44),
(5, 365305235, 5),
(1, 365305370, 37),
(33, 365305370, 49),
(1, 365305429, 29),
(2, 365305429, 8),
(33, 365305429, 41),
(4, 365553724, 18),
(33, 365553724, 55),
(4, 365553761, 19),
(33, 365553761, 56),
(4, 365553772, 20),
(33, 365553772, 57),
(4, 365553847, 25),
(33, 365553847, 62),
(4, 365553858, 12),
(4, 365553884, 9),
(8, 365553884, 38),
(4, 365553888, 6),
(8, 365553888, 35),
(4, 365553893, 4),
(8, 365553893, 33),
(4, 365553903, 3),
(8, 365553903, 32),
(4, 365553906, 1),
(8, 365553906, 30),
(33, 365553906, 1),
(8, 365553909, 28),
(33, 365553909, 3),
(8, 365553927, 27),
(33, 365553927, 4),
(8, 365553946, 25),
(33, 365553946, 6),
(8, 365553950, 24),
(33, 365553950, 7),
(8, 365553953, 23),
(33, 365553953, 8),
(8, 365553957, 22),
(33, 365553957, 9),
(8, 365553981, 21),
(33, 365553981, 10),
(8, 365554001, 18),
(33, 365554001, 13),
(8, 365554012, 16),
(33, 365554012, 15),
(8, 365554023, 15),
(33, 365554023, 16),
(8, 365554032, 14),
(33, 365554032, 17),
(8, 365554035, 12),
(33, 365554035, 19),
(8, 365554037, 10),
(33, 365554037, 21),
(8, 365554040, 9),
(33, 365554040, 22),
(8, 365554044, 8),
(33, 365554044, 23),
(8, 365554456, 7),
(33, 365554456, 24),
(8, 365554461, 6),
(33, 365554461, 25),
(5, 365611048, 14),
(6, 365611048, 11),
(6, 365611054, 12),
(7, 365611102, 10),
(5, 376822397, 20),
(6, 376822397, 5),
(6, 376822405, 2),
(7, 376823996, 24),
(7, 376824047, 13),
(5, 376842669, 6),
(5, 376842677, 7),
(5, 376842684, 8),
(5, 376842689, 9),
(5, 376843129, 4),
(5, 376843139, 3),
(5, 376843149, 1),
(29, 431492074, 23),
(12, 477339039, 33),
(12, 477339039, 34),
(12, 479720335, 21),
(12, 480745162, 38),
(12, 494049249, 36),
(8, 496807689, 3),
(10, 496807689, 3),
(19, 512087510, 84),
(20, 512087510, 7),
(19, 512087516, 77),
(20, 512087516, 14),
(15, 512087520, 6),
(18, 512087536, 96),
(19, 512087536, 42),
(18, 512087537, 102),
(19, 512087537, 36),
(18, 512087538, 107),
(19, 512087538, 31),
(13, 512087547, 5),
(14, 512087547, 4),
(14, 512087568, 9),
(17, 512087568, 7),
(14, 512087570, 11),
(17, 512087570, 5),
(12, 512087613, 6),
(13, 512087613, 25),
(17, 512087614, 21),
(12, 512087617, 7),
(13, 512087617, 24),
(13, 512087630, 30),
(17, 512087630, 11),
(13, 512087633, 1),
(14, 512087633, 8),
(17, 512087633, 8),
(13, 512087634, 2),
(14, 512087634, 7),
(13, 512087636, 28),
(17, 512087636, 13),
(13, 512087644, 3),
(14, 512087644, 6),
(13, 512087645, 29),
(17, 512087645, 12),
(13, 512087646, 31),
(17, 512087646, 10),
(13, 512087647, 32),
(17, 512087647, 9),
(15, 512087648, 34),
(15, 512087656, 32),
(15, 512087657, 33),
(15, 512087658, 30),
(15, 512087659, 31),
(17, 512087661, 32),
(18, 512087661, 158),
(8, 528501911, 44),
(8, 528501912, 42),
(8, 528501913, 41),
(8, 528501916, 4),
(10, 528501916, 4),
(8, 528501918, 11),
(33, 528501918, 20),
(8, 528501919, 13),
(33, 528501919, 18),
(8, 528501920, 26),
(33, 528501920, 5),
(4, 528501922, 5),
(8, 528501922, 34),
(8, 528501923, 19),
(33, 528501923, 12),
(8, 528501925, 17),
(33, 528501925, 14),
(8, 528501926, 20),
(33, 528501926, 11),
(8, 528501928, 29),
(33, 528501928, 2),
(4, 528501929, 2),
(8, 528501929, 31),
(7, 528502052, 12),
(6, 528502054, 14),
(7, 528502057, 18),
(7, 528502058, 6),
(6, 528502067, 13),
(7, 528502076, 28),
(6, 528502078, 1),
(7, 528502078, 1),
(1, 528502108, 42),
(33, 528502108, 53),
(5, 528502111, 2),
(34, 528979627, 22),
(14, 617813813, 14),
(15, 617813813, 17),
(17, 617813813, 2),
(14, 617813816, 15),
(15, 617813816, 16),
(14, 617813817, 18),
(15, 617813817, 13),
(17, 621556246, 38),
(18, 621556246, 152),
(12, 621556250, 10),
(13, 621556250, 21),
(30, 732119453, 17),
(30, 732120405, 24),
(30, 732122389, 22),
(30, 732122751, 3),
(30, 732123171, 6),
(30, 732126751, 16),
(30, 732127357, 4),
(30, 732128081, 23),
(30, 732128275, 10),
(30, 732128440, 8),
(30, 732134020, 15),
(30, 732136528, 7),
(30, 732137975, 11),
(30, 732138376, 25),
(30, 732141870, 26),
(30, 732150501, 13),
(30, 732150678, 18),
(30, 732154204, 5),
(4, 975733264, 13),
(4, 975733266, 17),
(4, 975733267, 15),
(4, 975733268, 14),
(4, 975733275, 16),
(34, 1133673353, 12),
(34, 1133673356, 13),
(34, 1133673364, 4),
(35, 1133677534, 18),
(35, 1133677535, 11),
(34, 1133677536, 23),
(34, 1133677537, 18),
(35, 1133677537, 16),
(34, 1133677548, 9),
(35, 1133677550, 20),
(34, 1133677551, 16),
(35, 1133677552, 1),
(34, 1133677556, 17),
(34, 1133677562, 8),
(35, 1133677563, 17),
(34, 1133677564, 25),
(34, 1133677566, 20),
(35, 1133677566, 14),
(34, 1133677568, 26),
(34, 1133677574, 28),
(35, 1133677575, 2),
(34, 1133677577, 41),
(35, 1133677578, 19),
(34, 1133677580, 27),
(28, 1399781514, 24),
(13, 1399781520, 14),
(12, 1399781533, 15),
(13, 1399781533, 16),
(12, 1399782381, 18),
(12, 1399782398, 20),
(29, 1435746523, 27),
(1, 1446879193, 8),
(11, 1481322402, 23),
(28, 1481322402, 4),
(11, 1481322405, 24),
(28, 1481322405, 5),
(1, 1481322420, 6),
(1, 1481414499, 7),
(1, 1481414508, 3),
(11, 1481655906, 15),
(11, 1481655933, 25),
(28, 1481655933, 6),
(11, 1481655935, 26),
(28, 1481655935, 7),
(11, 1481655957, 21),
(28, 1481655957, 2),
(13, 1481655968, 9),
(1, 1542109156, 25),
(2, 1542109156, 12),
(20, 1618729369, 76),
(22, 1618729369, 42),
(20, 1618729370, 75),
(22, 1618729370, 43),
(20, 1618729371, 71),
(22, 1618729371, 47),
(20, 1618729372, 83),
(22, 1618729372, 35),
(20, 1618729373, 84),
(22, 1618729373, 34),
(20, 1618729374, 86),
(22, 1618729374, 32),
(22, 1618729375, 19),
(22, 1618729376, 18),
(20, 1618729377, 63),
(24, 1618729377, 75),
(22, 1618729378, 17),
(20, 1618729379, 64),
(24, 1618729379, 74),
(20, 1618729380, 60),
(24, 1618729380, 78),
(20, 1618729381, 59),
(24, 1618729381, 79),
(22, 1618729382, 21),
(20, 1618729383, 58),
(24, 1618729383, 80),
(20, 1618729384, 88),
(22, 1618729384, 30),
(22, 1618729385, 14),
(22, 1618729386, 28),
(20, 1618729387, 42),
(24, 1618729387, 96),
(22, 1618729388, 24),
(22, 1618729389, 26),
(20, 1618729390, 55),
(24, 1618729390, 83),
(20, 1618729391, 43),
(24, 1618729391, 95),
(20, 1618729392, 53),
(24, 1618729392, 85),
(20, 1618729393, 52),
(24, 1618729393, 86),
(20, 1618729394, 46),
(24, 1618729394, 92),
(20, 1618729395, 47),
(24, 1618729395, 91),
(20, 1618729396, 50),
(24, 1618729396, 88),
(20, 1618729397, 48),
(24, 1618729397, 90),
(20, 1618729398, 49),
(24, 1618729398, 89),
(22, 1618729399, 10),
(22, 1618729400, 9),
(22, 1618729401, 8),
(22, 1618729402, 7),
(22, 1618729403, 5),
(22, 1618729404, 4),
(22, 1618729405, 1),
(21, 1618729406, 64),
(21, 1618729407, 63),
(21, 1618729408, 60),
(21, 1618729409, 58),
(21, 1618729410, 55),
(21, 1618729411, 53),
(26, 1618729412, 86),
(26, 1618729413, 88),
(26, 1618729414, 85),
(26, 1618729415, 89),
(26, 1618729416, 84),
(26, 1618729417, 90),
(26, 1618729418, 91),
(26, 1618729419, 74),
(26, 1618729420, 72),
(26, 1618729421, 93),
(26, 1618729422, 95),
(21, 1618729423, 47),
(26, 1618729423, 56),
(26, 1618729424, 59),
(26, 1618729425, 96),
(26, 1618729426, 69),
(26, 1618729427, 97),
(26, 1618729428, 68),
(26, 1618729429, 101),
(26, 1618729430, 66),
(26, 1618729431, 61),
(26, 1618729432, 65),
(26, 1618729433, 62),
(26, 1618729434, 64),
(26, 1618729435, 103),
(26, 1618729436, 106),
(26, 1618729437, 107),
(26, 1618729438, 108),
(26, 1618729439, 147),
(26, 1618729440, 148),
(26, 1618729441, 123),
(26, 1618729442, 121),
(26, 1618729443, 125),
(26, 1618729444, 150),
(26, 1618729445, 120),
(26, 1618729446, 151),
(26, 1618729447, 143),
(26, 1618729448, 142),
(26, 1618729449, 129),
(26, 1618729450, 112),
(26, 1618729451, 113),
(26, 1618729452, 116),
(26, 1618729453, 115),
(26, 1618729454, 140),
(26, 1618729455, 155),
(26, 1618729456, 131),
(26, 1618729457, 137),
(26, 1618729458, 132),
(26, 1618729459, 156),
(26, 1618729460, 133),
(26, 1618729461, 136),
(26, 1618729462, 135),
(18, 1619031675, 110),
(19, 1619031675, 28),
(18, 1619031682, 109),
(19, 1619031682, 29),
(18, 1619031686, 111),
(19, 1619031686, 27),
(18, 1619031690, 108),
(19, 1619031690, 30),
(18, 1619031702, 117),
(19, 1619031702, 21),
(18, 1619031704, 116),
(19, 1619031704, 22),
(18, 1619031705, 115),
(19, 1619031705, 23),
(18, 1619031707, 114),
(19, 1619031707, 24),
(18, 1619031710, 113),
(19, 1619031710, 25),
(18, 1619031713, 106),
(19, 1619031713, 32),
(18, 1619031719, 105),
(19, 1619031719, 33),
(18, 1619031724, 104),
(19, 1619031724, 34),
(18, 1619031736, 103),
(19, 1619031736, 35),
(18, 1619031740, 101),
(19, 1619031740, 37),
(18, 1619031742, 100),
(19, 1619031742, 38),
(18, 1619031744, 98),
(19, 1619031744, 40),
(18, 1619031746, 97),
(19, 1619031746, 41),
(18, 1619031747, 95),
(19, 1619031747, 43),
(18, 1619031748, 93),
(19, 1619031748, 45),
(18, 1619031749, 92),
(19, 1619031749, 46),
(18, 1619031750, 91),
(19, 1619031750, 47),
(18, 1619031756, 66),
(19, 1619031756, 72),
(18, 1619031760, 65),
(19, 1619031760, 73),
(18, 1619031764, 67),
(19, 1619031764, 71),
(18, 1619031768, 64),
(19, 1619031768, 74),
(18, 1619031773, 88),
(19, 1619031773, 50),
(18, 1619031786, 87),
(19, 1619031786, 51),
(18, 1619031801, 85),
(19, 1619031801, 53),
(18, 1619031803, 84),
(19, 1619031803, 54),
(18, 1619031805, 76),
(19, 1619031805, 62),
(18, 1619031808, 75),
(19, 1619031808, 63),
(18, 1619031822, 77),
(19, 1619031822, 61),
(18, 1619031824, 82),
(19, 1619031824, 56),
(18, 1619031826, 81),
(19, 1619031826, 57),
(18, 1619031828, 79),
(19, 1619031828, 59),
(18, 1619031832, 80),
(19, 1619031832, 58),
(18, 1619031834, 62),
(20, 1619031834, 17),
(18, 1619031843, 70),
(19, 1619031843, 68),
(18, 1619031845, 72),
(19, 1619031845, 66),
(18, 1619031861, 61),
(20, 1619031861, 18),
(18, 1619031945, 58),
(20, 1619031945, 21),
(18, 1619031951, 57),
(20, 1619031951, 22),
(18, 1619031956, 51),
(20, 1619031956, 28),
(18, 1619031961, 56),
(20, 1619031961, 23),
(18, 1619031970, 55),
(20, 1619031970, 24),
(18, 1619031973, 50),
(20, 1619031973, 29),
(18, 1619031982, 54),
(20, 1619031982, 25),
(18, 1619031984, 49),
(20, 1619031984, 30),
(18, 1619032000, 47),
(20, 1619032000, 32),
(18, 1619032001, 46),
(20, 1619032001, 33),
(20, 1619032008, 35),
(24, 1619032008, 103),
(18, 1619032032, 44),
(24, 1619032032, 105),
(20, 1619032044, 37),
(24, 1619032044, 101),
(18, 1619032061, 43),
(24, 1619032061, 106),
(20, 1619032067, 38),
(24, 1619032067, 100),
(18, 1619032102, 42),
(24, 1619032102, 107),
(20, 1619032104, 39),
(24, 1619032104, 99),
(20, 1619032212, 74),
(22, 1619032212, 44),
(20, 1619032216, 78),
(22, 1619032216, 40),
(20, 1619032270, 81),
(22, 1619032270, 37),
(20, 1619032303, 70),
(22, 1619032303, 48),
(18, 1619032307, 40),
(24, 1619032307, 109),
(18, 1619032324, 39),
(24, 1619032324, 110),
(18, 1619032337, 37),
(24, 1619032337, 112),
(18, 1619032340, 35),
(24, 1619032340, 114),
(20, 1619032345, 67),
(22, 1619032345, 51),
(24, 1619032345, 71),
(20, 1619032350, 65),
(24, 1619032350, 73),
(20, 1619032355, 66),
(24, 1619032355, 72),
(22, 1619032364, 52),
(24, 1619032364, 70),
(22, 1619032378, 53),
(24, 1619032378, 69),
(22, 1619032387, 54),
(24, 1619032387, 68),
(22, 1619032401, 55),
(24, 1619032401, 67),
(22, 1619032406, 56),
(24, 1619032406, 66),
(22, 1619032413, 59),
(24, 1619032413, 63),
(22, 1619032415, 57),
(24, 1619032415, 65),
(22, 1619032432, 60),
(24, 1619032432, 62),
(22, 1619032435, 58),
(24, 1619032435, 64),
(22, 1619032442, 61),
(24, 1619032442, 61),
(22, 1619032447, 62),
(24, 1619032447, 60),
(22, 1619032454, 13),
(22, 1619032456, 63),
(24, 1619032456, 59),
(22, 1619032464, 64),
(24, 1619032464, 58),
(22, 1619032492, 65),
(24, 1619032492, 57),
(22, 1619032499, 66),
(24, 1619032499, 56),
(22, 1619032506, 67),
(24, 1619032506, 55),
(20, 1619032534, 45),
(24, 1619032534, 93),
(22, 1619032536, 12),
(22, 1619032538, 68),
(24, 1619032538, 54),
(22, 1619032549, 69),
(24, 1619032549, 53),
(22, 1619032552, 70),
(24, 1619032552, 52),
(22, 1619032560, 71),
(24, 1619032560, 51),
(22, 1619032566, 72),
(24, 1619032566, 50),
(22, 1619032569, 73),
(24, 1619032569, 49),
(22, 1619032585, 74),
(24, 1619032585, 48),
(22, 1619032598, 75),
(24, 1619032598, 47),
(21, 1619032604, 111),
(22, 1619032604, 87),
(21, 1619032611, 110),
(22, 1619032611, 88),
(21, 1619032618, 112),
(22, 1619032618, 86),
(21, 1619032631, 113),
(22, 1619032631, 85),
(21, 1619032650, 114),
(22, 1619032650, 84),
(22, 1619032663, 76),
(24, 1619032663, 46),
(22, 1619032690, 77),
(24, 1619032690, 45),
(22, 1619032723, 78),
(24, 1619032723, 44),
(22, 1619032730, 79),
(24, 1619032730, 43),
(21, 1619032739, 118),
(22, 1619032739, 80),
(24, 1619032739, 42),
(21, 1619032762, 115),
(22, 1619032762, 83),
(21, 1619032769, 117),
(22, 1619032769, 81),
(21, 1619032772, 116),
(22, 1619032772, 82),
(21, 1619032850, 119),
(24, 1619032850, 41),
(21, 1619032908, 109),
(22, 1619032908, 89),
(21, 1619032919, 108),
(22, 1619032919, 90),
(21, 1619032924, 120),
(24, 1619032924, 40),
(21, 1619032925, 100),
(22, 1619032925, 98),
(21, 1619032926, 99),
(22, 1619032926, 99),
(21, 1619032929, 107),
(22, 1619032929, 91),
(21, 1619032931, 101),
(22, 1619032931, 97),
(21, 1619032933, 98),
(22, 1619032933, 100),
(21, 1619032935, 97),
(22, 1619032935, 101),
(21, 1619032938, 106),
(22, 1619032938, 92),
(21, 1619032955, 105),
(22, 1619032955, 93),
(21, 1619032956, 102),
(22, 1619032956, 96),
(21, 1619032959, 104),
(22, 1619032959, 94),
(21, 1619032961, 103),
(22, 1619032961, 95),
(21, 1619032964, 96),
(22, 1619032964, 102),
(21, 1619032977, 95),
(22, 1619032977, 103),
(21, 1619032986, 121),
(24, 1619032986, 39),
(24, 1619032990, 1),
(24, 1619032994, 2),
(24, 1619033000, 3),
(21, 1619033014, 122),
(24, 1619033014, 38),
(24, 1619033015, 4),
(24, 1619033017, 5),
(24, 1619033019, 6),
(21, 1619033024, 94),
(22, 1619033024, 104),
(21, 1619033026, 123),
(24, 1619033026, 37),
(24, 1619033028, 7),
(21, 1619033044, 93),
(22, 1619033044, 105),
(21, 1619033047, 92),
(22, 1619033047, 106),
(21, 1619033049, 86),
(22, 1619033049, 112),
(21, 1619033051, 85),
(22, 1619033051, 113),
(21, 1619033053, 124),
(24, 1619033053, 36),
(21, 1619033055, 84),
(22, 1619033055, 114),
(21, 1619033057, 91),
(22, 1619033057, 107),
(21, 1619033058, 87),
(22, 1619033058, 111),
(21, 1619033060, 90),
(22, 1619033060, 108),
(21, 1619033074, 83),
(22, 1619033074, 115),
(21, 1619033076, 89),
(22, 1619033076, 109),
(21, 1619033080, 88),
(22, 1619033080, 110),
(21, 1619033083, 81),
(22, 1619033083, 117),
(21, 1619033085, 80),
(22, 1619033085, 118),
(21, 1619033089, 82),
(22, 1619033089, 116),
(21, 1619033092, 79),
(22, 1619033092, 119),
(24, 1619033094, 8),
(21, 1619033095, 78),
(22, 1619033095, 120),
(21, 1619033111, 77),
(22, 1619033111, 121),
(21, 1619033114, 76),
(22, 1619033114, 122),
(21, 1619033118, 125),
(24, 1619033118, 35),
(21, 1619033121, 75),
(22, 1619033121, 123),
(24, 1619033123, 9),
(21, 1619033125, 74),
(22, 1619033125, 124),
(21, 1619033127, 126),
(24, 1619033127, 34),
(21, 1619033129, 127),
(24, 1619033129, 33),
(24, 1619033145, 10),
(21, 1619033148, 128),
(24, 1619033148, 32),
(21, 1619033153, 73),
(22, 1619033153, 125),
(21, 1619033156, 129),
(24, 1619033156, 31),
(21, 1619033158, 72),
(22, 1619033158, 126),
(21, 1619033166, 71),
(22, 1619033166, 127),
(21, 1619033168, 137),
(24, 1619033168, 23),
(21, 1619033170, 138),
(24, 1619033170, 22),
(21, 1619033186, 130),
(24, 1619033186, 30),
(21, 1619033192, 136),
(24, 1619033192, 24),
(21, 1619033194, 70),
(22, 1619033194, 128),
(21, 1619033197, 139),
(24, 1619033197, 21),
(21, 1619033201, 69),
(22, 1619033201, 129),
(24, 1619033226, 11),
(21, 1619033229, 68),
(22, 1619033229, 130),
(21, 1619033234, 131),
(24, 1619033234, 29),
(21, 1619033239, 65),
(22, 1619033239, 133),
(21, 1619033247, 132),
(24, 1619033247, 28),
(21, 1619033263, 135),
(24, 1619033263, 25),
(21, 1619033265, 66),
(22, 1619033265, 132),
(21, 1619033274, 133),
(24, 1619033274, 27),
(21, 1619033277, 134),
(24, 1619033277, 26),
(21, 1619033280, 67),
(22, 1619033280, 131),
(21, 1619033282, 140),
(24, 1619033282, 20),
(21, 1619033314, 141),
(24, 1619033314, 19),
(24, 1619033324, 12),
(21, 1619033330, 142),
(24, 1619033330, 18),
(21, 1619033337, 143),
(24, 1619033337, 17),
(24, 1619033342, 13),
(21, 1619033352, 144),
(24, 1619033352, 16),
(24, 1619033358, 14),
(21, 1619033374, 1),
(24, 1619033374, 15),
(21, 1619033452, 39),
(21, 1619033453, 40),
(21, 1619033456, 38),
(21, 1619033462, 41),
(21, 1619033465, 37),
(21, 1619033467, 19),
(21, 1619033470, 42),
(21, 1619037369, 18),
(21, 1619037382, 36),
(21, 1619037390, 20),
(21, 1619037404, 35),
(21, 1619037412, 17),
(21, 1619037437, 21),
(21, 1619037449, 34),
(21, 1619037457, 33),
(21, 1619037470, 16),
(21, 1619037478, 2),
(21, 1619037565, 32),
(21, 1619037572, 3),
(26, 1619037598, 77),
(26, 1619037602, 81),
(26, 1619037612, 79),
(21, 1619037617, 31),
(21, 1619037628, 22),
(21, 1619037676, 30),
(21, 1619037683, 48),
(26, 1619037683, 57),
(21, 1619037693, 29),
(21, 1619037694, 46),
(26, 1619037694, 55),
(26, 1619037697, 51),
(26, 1619037703, 50),
(21, 1619037738, 44),
(26, 1619037738, 52),
(21, 1619037745, 28),
(21, 1619037754, 45),
(26, 1619037754, 54),
(21, 1619037771, 23),
(21, 1619037775, 27),
(21, 1619037777, 24),
(21, 1619037781, 26),
(21, 1619037814, 25),
(26, 1619037827, 49),
(26, 1619037896, 48),
(26, 1619038075, 46),
(26, 1619038109, 45),
(26, 1619038122, 44),
(26, 1619038125, 43),
(26, 1619038158, 42),
(26, 1619038174, 41),
(26, 1619038177, 40),
(26, 1619038204, 39),
(26, 1619038211, 38),
(26, 1619038231, 37),
(26, 1619038273, 36),
(26, 1619038351, 35),
(26, 1619038436, 34),
(26, 1619038485, 33),
(26, 1619038523, 159),
(26, 1619038528, 32),
(26, 1619038547, 31),
(26, 1619038588, 30),
(26, 1619038602, 29),
(26, 1619038641, 28),
(26, 1619038664, 27),
(26, 1619038693, 26),
(26, 1619038696, 25),
(26, 1619038700, 22),
(26, 1619038706, 24),
(26, 1619038709, 23),
(26, 1619038715, 21),
(26, 1619038721, 20),
(26, 1619038725, 19),
(26, 1619038731, 162),
(26, 1619038750, 18),
(26, 1619038756, 17),
(26, 1619038759, 163),
(26, 1619038764, 16),
(26, 1619038769, 165),
(26, 1619038773, 15),
(26, 1619038775, 168),
(26, 1619038787, 169),
(26, 1619038810, 14),
(26, 1619038813, 13),
(26, 1619038817, 12),
(26, 1619038821, 11),
(26, 1619038825, 10),
(26, 1619038869, 172),
(26, 1619038883, 9),
(26, 1619038902, 8),
(26, 1619038905, 7),
(26, 1619038922, 6),
(26, 1619038927, 175),
(26, 1619039038, 176),
(26, 1619039074, 5),
(26, 1619039099, 177),
(26, 1619039109, 4),
(26, 1619039158, 3),
(26, 1619039165, 178),
(26, 1619039218, 2),
(26, 1619039224, 179),
(26, 1619039299, 1),
(26, 1619039444, 180),
(26, 1619133787, 181),
(12, 1706390543, 24),
(12, 1706390614, 27),
(12, 1706390619, 28),
(12, 1706390638, 29),
(12, 1706390694, 31),
(12, 1706390751, 39),
(1, 1714753364, 19),
(1, 1774255339, 32),
(33, 1774255339, 44),
(1, 1774255340, 36),
(33, 1774255340, 48),
(11, 1822997274, 32),
(28, 1822997274, 13),
(11, 1822997505, 30),
(28, 1822997505, 11),
(11, 1822997917, 27),
(28, 1822997917, 8),
(14, 1868616107, 25),
(6, 1880624799, 4),
(6, 1880624800, 3),
(7, 1880624804, 29),
(7, 1880624809, 27),
(7, 1880624811, 26),
(7, 1880624816, 4),
(7, 1880624819, 22),
(7, 1880624825, 21),
(5, 1896589539, 18),
(6, 1896589539, 7),
(1, 1958073409, 13),
(1, 1958073416, 12),
(1, 1958073447, 10),
(8, 1958426623, 39),
(8, 1958426626, 40),
(8, 1958621690, 43),
(8, 1958621743, 45),
(8, 1958621780, 47),
(8, 1958621781, 48),
(8, 1958621782, 46),
(8, 1958621783, 49),
(8, 1958621785, 50),
(8, 1958621786, 51),
(8, 1958621787, 52),
(8, 1958621789, 53),
(8, 1958621803, 54),
(8, 1958621805, 55),
(8, 1958621807, 56),
(8, 1958621809, 57),
(8, 1958621811, 58),
(8, 1958621813, 59),
(8, 1958621815, 60),
(8, 1958621817, 61),
(8, 1958621819, 62),
(8, 1958621820, 63),
(8, 1958621821, 64),
(8, 1958621822, 65),
(8, 1958621823, 66),
(8, 1958621824, 67),
(8, 1958621825, 68),
(8, 1958621826, 69),
(8, 1958621827, 70),
(8, 1958621828, 71),
(8, 1958621829, 72),
(8, 1958621831, 73),
(8, 1958621832, 74),
(4, 1958700922, 8),
(8, 1958700922, 37),
(4, 1958700931, 7),
(8, 1958700931, 36),
(4, 1961839963, 21),
(33, 1961839963, 58),
(4, 1961839967, 22),
(33, 1961839967, 59),
(4, 1961840004, 23),
(33, 1961840004, 60),
(4, 1961840068, 24),
(33, 1961840068, 61),
(4, 1961840143, 26),
(33, 1961840143, 63),
(4, 1961840151, 27),
(4, 1961840151, 28),
(33, 1961840151, 64),
(4, 1961840155, 11),
(4, 1961840160, 10),
(4, 1961840290, 29),
(33, 1961840290, 65),
(1, 1962257333, 33),
(33, 1962257333, 45),
(1, 1962257334, 34),
(33, 1962257334, 46),
(1, 1962257337, 35),
(33, 1962257337, 47),
(1, 1962257338, 31),
(33, 1962257338, 43),
(1, 1962257339, 38),
(33, 1962257339, 50),
(1, 1962257340, 30),
(33, 1962257340, 42),
(1, 1962257341, 39),
(33, 1962257341, 51),
(1, 1962257342, 40),
(1, 1962257342, 41),
(33, 1962257342, 52),
(2, 1962257343, 7),
(33, 1962257343, 40),
(2, 1962257369, 4),
(33, 1962257369, 37),
(2, 1962257375, 2),
(33, 1962257375, 35),
(9, 2004133731, 21),
(11, 2004133731, 6),
(9, 2004133733, 22),
(11, 2004133733, 7),
(10, 2004133735, 10),
(11, 2004133735, 9),
(10, 2004133736, 11),
(11, 2004133736, 10),
(12, 2376717414, 41),
(29, 2386532740, 34),
(5, 2389553108, 33),
(5, 2389553113, 28),
(5, 2389553117, 27),
(5, 2389553118, 25),
(11, 2392969544, 33),
(28, 2392969544, 14),
(11, 2392969547, 31),
(28, 2392969547, 12),
(18, 2396316388, 12),
(18, 2396316392, 15),
(18, 2396316394, 20),
(18, 2396316396, 22),
(15, 2397536006, 28),
(16, 2397536006, 2),
(16, 2397536007, 93),
(16, 2397536008, 92),
(16, 2397536012, 89),
(16, 2397536014, 88),
(16, 2397536015, 87),
(16, 2397536018, 85),
(16, 2397536022, 13),
(17, 2397536022, 76),
(16, 2397536023, 15),
(17, 2397536023, 74),
(16, 2397536024, 16),
(17, 2397536024, 73),
(16, 2397536025, 17),
(17, 2397536025, 72),
(16, 2397536026, 20),
(17, 2397536026, 69),
(16, 2397536027, 21),
(17, 2397536027, 68),
(16, 2397536028, 22),
(17, 2397536028, 67),
(16, 2397536030, 24),
(17, 2397536030, 65),
(16, 2397536032, 26),
(17, 2397536032, 63),
(16, 2397536033, 34),
(17, 2397536033, 55),
(16, 2397536034, 35),
(17, 2397536034, 54),
(16, 2397536035, 28),
(17, 2397536035, 61),
(16, 2397536036, 36),
(17, 2397536036, 53),
(16, 2397536037, 29),
(17, 2397536037, 60),
(16, 2397536038, 30),
(17, 2397536038, 59),
(16, 2397536040, 51),
(18, 2397536040, 140),
(16, 2397536041, 50),
(18, 2397536041, 141),
(16, 2397536042, 53),
(18, 2397536042, 138),
(16, 2397536043, 54),
(18, 2397536043, 137),
(19, 2397536044, 89),
(19, 2397536045, 88),
(20, 2397536045, 3),
(16, 2397536047, 67),
(18, 2397536047, 124),
(18, 2397536048, 122),
(19, 2397536048, 16),
(18, 2397536049, 121),
(19, 2397536049, 17),
(19, 2397536050, 86),
(20, 2397536050, 5),
(16, 2397536051, 44),
(17, 2397536051, 45),
(16, 2397536052, 47),
(18, 2397536052, 144),
(16, 2397536053, 46),
(18, 2397536053, 145),
(20, 2397536061, 1),
(16, 2397536062, 63),
(18, 2397536062, 128),
(20, 2397536066, 2),
(16, 2397536077, 58),
(18, 2397536077, 133),
(16, 2397536079, 60),
(18, 2397536079, 131),
(29, 2543366548, 28),
(29, 2705349503, 24),
(29, 2705349516, 20),
(29, 2705349566, 18),
(29, 2705349571, 16),
(29, 2705349584, 15),
(29, 2705349608, 12),
(29, 2705349651, 9),
(29, 2705349659, 7),
(29, 2705349669, 5),
(29, 2705349699, 4),
(29, 2705349701, 2),
(17, 2811528791, 26),
(18, 2811528791, 164),
(18, 2811528795, 5),
(18, 2811528796, 6),
(18, 2811528797, 7),
(18, 2811528798, 8),
(18, 2811528799, 2),
(18, 2811528800, 4),
(18, 2811538001, 3),
(17, 2811538002, 31),
(18, 2811538002, 159),
(17, 2811538003, 33),
(18, 2811538003, 157),
(18, 2811538005, 9),
(17, 2811538007, 29),
(18, 2811538007, 161),
(17, 2811538008, 28),
(18, 2811538008, 162),
(17, 2811538009, 23),
(18, 2811538009, 167),
(7, 2866496876, 2),
(7, 2866496886, 25),
(7, 2866496887, 3),
(7, 2866496889, 5),
(7, 2866496890, 23),
(7, 2866496899, 20),
(7, 2866498701, 19),
(7, 2866498702, 7),
(7, 2866498704, 8),
(7, 2866498711, 9),
(7, 2866498712, 11),
(7, 2866498713, 17),
(7, 2866498714, 16),
(7, 2866498715, 15),
(7, 2866498716, 14),
(30, 3074986368, 12),
(30, 3074986372, 9),
(30, 3074990930, 14),
(34, 3873053052, 5),
(34, 3918783738, 39),
(34, 3918817707, 7),
(34, 3918817733, 6),
(34, 4913676749, 15),
(34, 4913676750, 14),
(34, 4913676780, 10),
(34, 4913676804, 38),
(34, 4913676806, 35),
(35, 4913676806, 4),
(35, 4913676807, 7),
(34, 4913676808, 33),
(35, 4913676808, 6),
(34, 4913676809, 30),
(34, 4913676810, 31),
(34, 4913676811, 32),
(34, 4913676812, 36),
(35, 4913676812, 3),
(34, 4913676813, 34),
(35, 4913676813, 5),
(34, 4913676814, 37),
(34, 4913722718, 11),
(34, 4913745873, 29),
(34, 4913745877, 24),
(34, 4913745878, 21),
(35, 4913745878, 12),
(35, 4913745878, 13),
(35, 4913745879, 10),
(35, 4913745880, 9),
(35, 4913745881, 8),
(34, 4913781744, 19),
(35, 4913781744, 15);

-- --------------------------------------------------------

--
