(41899,'2025-08-17 20:41:11','PHP Warning','',' PHP Warning:  Undefined array key 2 in C:\\wamp64\\www\\lib\\tcpdf\\6.10.0\\tcpdf.php on line 12066\r',0,NULL,'',''),(41900,'2025-08-17 20:41:11','PHP Warning','',' PHP Warning:  Undefined array key 3 in C:\\wamp64\\www\\lib\\tcpdf\\6.10.0\\tcpdf.php on line 12066\r',0,NULL,'',''),(41901,'2025-08-17 20:41:11','PHP Warning','',' PHP Warning:  Undefined array key 0 in C:\\wamp64\\www\\lib\\tcpdf\\6.10.0\\tcpdf.php on line 12066\r',0,NULL,'',''),(41902,'2025-08-17 20:41:11','PHP Warning','',' PHP Warning:  Undefined array key 1 in C:\\wamp64\\www\\lib\\tcpdf\\6.10.0\\tcpdf.php on line 12066\r',0,NULL,'',''),(41903,'2025-08-17 20:41:11','PHP Warning','',' PHP Warning:  Undefined array key 2 in C:\\wamp64\\www\\lib\\tcpdf\\6.10.0\\tcpdf.php on line 12066\r',0,NULL,'',''),(41904,'2025-08-17 20:41:11','PHP Warning','',' PHP Warning:  Undefined array key 3 in C:\\wamp64\\www\\lib\\tcpdf\\6.10.0\\tcpdf.php on line 12066\r',0,NULL,'',''),(41905,'2025-08-17 20:41:11','PHP Warning','',' PHP Warning:  Undefined array key 0 in C:\\wamp64\\www\\lib\\tcpdf\\6.10.0\\tcpdf.php on line 12066\r',0,NULL,'',''),(41906,'2025-08-17 20:41:11','PHP Warning','',' PHP Warning:  Undefined array key 1 in C:\\wamp64\\www\\lib\\tcpdf\\6.10.0\\tcpdf.php on line 12066\r',0,NULL,'',''),(41907,'2025-08-17 20:41:11','PHP Warning','',' PHP Warning:  Undefined array key 2 in C:\\wamp64\\www\\lib\\tcpdf\\6.10.0\\tcpdf.php on line 12066\r',0,NULL,'',''),(41908,'2025-08-17 20:41:11','PHP Warning','',' PHP Warning:  Undefined array key 3 in C:\\wamp64\\www\\lib\\tcpdf\\6.10.0\\tcpdf.php on line 12066\r',0,NULL,'',''),(41909,'2025-08-17 20:41:11','PHP Warning','',' PHP Warning:  Undefined array key 0 in C:\\wamp64\\www\\lib\\tcpdf\\6.10.0\\tcpdf.php on line 12066\r',0,NULL,'',''),(41910,'2025-08-17 20:41:11','PHP Warning','',' PHP Warning:  Undefined array key 1 in C:\\wamp64\\www\\lib\\tcpdf\\6.10.0\\tcpdf.php on line 12066\r',0,NULL,'',''),(41911,'2025-08-17 20:41:11','PHP Warning','',' PHP Warning:  Undefined array key 2 in C:\\wamp64\\www\\lib\\tcpdf\\6.10.0\\tcpdf.php on line 12066\r',0,NULL,'',''),(41912,'2025-08-17 20:41:11','PHP Warning','',' PHP Warning:  Undefined array key 3 in C:\\wamp64\\www\\lib\\tcpdf\\6.10.0\\tcpdf.php on line 12066\r',0,NULL,'',''),(41913,'2025-08-17 20:41:11','PHP Warning','',' PHP Warning:  Undefined array key 0 in C:\\wamp64\\www\\lib\\tcpdf\\6.10.0\\tcpdf.php on line 12066\r',0,NULL,'',''),(41914,'2025-08-17 20:41:11','PHP Warning','',' PHP Warning:  Undefined array key 1 in C:\\wamp64\\www\\lib\\tcpdf\\6.10.0\\tcpdf.php on line 12066\r',0,NULL,'',''),(41915,'2025-08-17 20:41:11','PHP Warning','',' PHP Warning:  Undefined array key 2 in C:\\wamp64\\www\\lib\\tcpdf\\6.10.0\\tcpdf.php on line 12066\r',0,NULL,'',''),(41916,'2025-08-17 20:41:11','PHP Warning','',' PHP Warning:  Undefined array key 3 in C:\\wamp64\\www\\lib\\tcpdf\\6.10.0\\tcpdf.php on line 12066\r',0,NULL,'',''),(41917,'2025-08-17 20:41:11','PHP Warning','',' PHP Warning:  Undefined array key 0 in C:\\wamp64\\www\\lib\\tcpdf\\6.10.0\\tcpdf.php on line 12066\r',0,NULL,'',''),(41918,'2025-08-17 20:41:11','PHP Warning','',' PHP Warning:  Undefined array key 1 in C:\\wamp64\\www\\lib\\tcpdf\\6.10.0\\tcpdf.php on line 12066\r',0,NULL,'',''),(41919,'2025-08-17 20:41:11','PHP Warning','',' PHP Warning:  Undefined array key 2 in C:\\wamp64\\www\\lib\\tcpdf\\6.10.0\\tcpdf.php on line 12066\r',0,NULL,'',''),(41920,'2025-08-17 20:41:11','PHP Warning','',' PHP Warning:  Undefined array key 3 in C:\\wamp64\\www\\lib\\tcpdf\\6.10.0\\tcpdf.php on line 12066\r',0,NULL,'',''),(41921,'2025-08-17 20:41:11','PHP Warning','',' PHP Warning:  Undefined array key 0 in C:\\wamp64\\www\\lib\\tcpdf\\6.10.0\\tcpdf.php on line 12066\r',0,NULL,'',''),(41922,'2025-08-17 20:41:11','PHP Warning','',' PHP Warning:  Undefined array key 1 in C:\\wamp64\\www\\lib\\tcpdf\\6.10.0\\tcpdf.php on line 12066\r',0,NULL,'',''),(41923,'2025-08-17 20:41:11','PHP Warning','',' PHP Warning:  Undefined array key 2 in C:\\wamp64\\www\\lib\\tcpdf\\6.10.0\\tcpdf.php on line 12066\r',0,NULL,'',''),(41924,'2025-08-17 20:41:11','PHP Warning','',' PHP Warning:  Undefined array key 3 in C:\\wamp64\\www\\lib\\tcpdf\\6.10.0\\tcpdf.php on line 12066\r',0,NULL,'',''),(41925,'2025-08-17 20:41:11','PHP Warning','',' PHP Warning:  Undefined array key 0 in C:\\wamp64\\www\\lib\\tcpdf\\6.10.0\\tcpdf.php on line 12066\r',0,NULL,'',''),(41926,'2025-08-17 20:41:11','PHP Warning','',' PHP Warning:  Undefined array key 1 in C:\\wamp64\\www\\lib\\tcpdf\\6.10.0\\tcpdf.php on line 12066\r',0,NULL,'',''),(41927,'2025-08-17 20:41:11','PHP Warning','',' PHP Warning:  Undefined array key 2 in C:\\wamp64\\www\\lib\\tcpdf\\6.10.0\\tcpdf.php on line 12066\r',0,NULL,'',''),(41928,'2025-08-17 20:41:11','PHP Warning','',' PHP Warning:  Undefined array key 3 in C:\\wamp64\\www\\lib\\tcpdf\\6.10.0\\tcpdf.php on line 12066\r',0,NULL,'',''),(41929,'2025-08-17 20:41:11','PHP Warning','',' PHP Warning:  Undefined array key 0 in C:\\wamp64\\www\\lib\\tcpdf\\6.10.0\\tcpdf.php on line 12066\r',0,NULL,'',''),(41930,'2025-08-17 20:41:11','PHP Warning','',' PHP Warning:  Undefined array key 1 in C:\\wamp64\\www\\lib\\tcpdf\\6.10.0\\tcpdf.php on line 12066\r',0,NULL,'',''),(41931,'2025-08-17 20:41:11','PHP Warning','',' PHP Warning:  Undefined array key 2 in C:\\wamp64\\www\\lib\\tcpdf\\6.10.0\\tcpdf.php on line 12066\r',0,NULL,'',''),(41932,'2025-08-17 20:41:11','PHP Warning','',' PHP Warning:  Undefined array key 3 in C:\\wamp64\\www\\lib\\tcpdf\\6.10.0\\tcpdf.php on line 12066\r',0,NULL,'',''),(41933,'2025-08-17 20:41:11','PHP Warning','',' PHP Warning:  Undefined array key 0 in C:\\wamp64\\www\\lib\\tcpdf\\6.10.0\\tcpdf.php on line 12066\r',0,NULL,'',''),(41934,'2025-08-17 20:41:11','PHP Warning','',' PHP Warning:  Undefined array key 1 in C:\\wamp64\\www\\lib\\tcpdf\\6.10.0\\tcpdf.php on line 12066\r',0,NULL,'',''),(41935,'2025-08-17 20:41:11','PHP Warning','',' PHP Warning:  Undefined array key 2 in C:\\wamp64\\www\\lib\\tcpdf\\6.10.0\\tcpdf.php on line 12066\r',0,NULL,'',''),(41936,'2025-08-17 20:41:11','PHP Warning','',' PHP Warning:  Undefined array key 3 in C:\\wamp64\\www\\lib\\tcpdf\\6.10.0\\tcpdf.php on line 12066\r',0,NULL,'',''),(41937,'2025-08-17 20:41:11','PHP Warning','',' PHP Warning:  Undefined array key 0 in C:\\wamp64\\www\\lib\\tcpdf\\6.10.0\\tcpdf.php on line 12066\r',0,NULL,'',''),(41938,'2025-08-17 20:41:11','PHP Warning','',' PHP Warning:  Undefined array key 1 in C:\\wamp64\\www\\lib\\tcpdf\\6.10.0\\tcpdf.php on line 12066\r',0,NULL,'',''),(41939,'2025-08-17 20:41:11','PHP Warning','',' PHP Warning:  Undefined array key 2 in C:\\wamp64\\www\\lib\\tcpdf\\6.10.0\\tcpdf.php on line 12066\r',0,NULL,'',''),(41940,'2025-08-17 20:41:11','PHP Warning','',' PHP Warning:  Undefined array key 3 in C:\\wamp64\\www\\lib\\tcpdf\\6.10.0\\tcpdf.php on line 12066\r',0,NULL,'',''),(41941,'2025-08-17 20:41:11','PHP Warning','',' PHP Warning:  Undefined array key 0 in C:\\wamp64\\www\\lib\\tcpdf\\6.10.0\\tcpdf.php on line 12066\r',0,NULL,'',''),(41942,'2025-08-17 20:41:11','PHP Warning','',' PHP Warning:  Undefined array key 1 in C:\\wamp64\\www\\lib\\tcpdf\\6.10.0\\tcpdf.php on line 12066\r',0,NULL,'',''),(41943,'2025-08-17 20:41:11','PHP Warning','',' PHP Warning:  Undefined array key 2 in C:\\wamp64\\www\\lib\\tcpdf\\6.10.0\\tcpdf.php on line 12066\r',0,NULL,'',''),(41944,'2025-08-17 20:41:11','PHP Warning','',' PHP Warning:  Undefined array key 3 in C:\\wamp64\\www\\lib\\tcpdf\\6.10.0\\tcpdf.php on line 12066\r',0,NULL,'',''),(41945,'2025-08-17 20:41:11','PHP Warning','',' PHP Warning:  Undefined array key 0 in C:\\wamp64\\www\\lib\\tcpdf\\6.10.0\\tcpdf.php on line 12066\r',0,NULL,'',''),(41946,'2025-08-17 20:41:11','PHP Warning','',' PHP Warning:  Undefined array key 1 in C:\\wamp64\\www\\lib\\tcpdf\\6.10.0\\tcpdf.php on line 12066\r',0,NULL,'',''),(41947,'2025-08-17 20:41:11','PHP Warning','',' PHP Warning:  Undefined array key 2 in C:\\wamp64\\www\\lib\\tcpdf\\6.10.0\\tcpdf.php on line 12066\r',0,NULL,'',''),(41948,'2025-08-17 20:41:11','PHP Warning','',' PHP Warning:  Undefined array key 3 in C:\\wamp64\\www\\lib\\tcpdf\\6.10.0\\tcpdf.php on line 12066\r',0,NULL,'',''),(41949,'2025-08-17 20:41:11','PHP Warning','',' PHP Warning:  Undefined array key 0 in C:\\wamp64\\www\\lib\\tcpdf\\6.10.0\\tcpdf.php on line 12066\r',0,NULL,'',''),(41950,'2025-08-17 20:41:11','PHP Warning','',' PHP Warning:  Undefined array key 1 in C:\\wamp64\\www\\lib\\tcpdf\\6.10.0\\tcpdf.php on line 12066\r',0,NULL,'',''),(41951,'2025-08-17 20:41:11','PHP Warning','',' PHP Warning:  Undefined array key 2 in C:\\wamp64\\www\\lib\\tcpdf\\6.10.0\\tcpdf.php on line 12066\r',0,NULL,'',''),(41952,'2025-08-17 20:41:11','PHP Warning','',' PHP Warning:  Undefined array key 3 in C:\\wamp64\\www\\lib\\tcpdf\\6.10.0\\tcpdf.php on line 12066\r',0,NULL,'',''),(41953,'2025-08-17 20:41:11','PHP Warning','',' PHP Warning:  Undefined array key 0 in C:\\wamp64\\www\\lib\\tcpdf\\6.10.0\\tcpdf.php on line 12066\r',0,NULL,'',''),(41954,'2025-08-17 20:41:11','PHP Warning','',' PHP Warning:  Undefined array key 1 in C:\\wamp64\\www\\lib\\tcpdf\\6.10.0\\tcpdf.php on line 12066\r',0,NULL,'',''),(41955,'2025-08-17 20:41:11','PHP Warning','',' PHP Warning:  Undefined array key 2 in C:\\wamp64\\www\\lib\\tcpdf\\6.10.0\\tcpdf.php on line 12066\r',0,NULL,'',''),(41956,'2025-08-17 20:41:11','PHP Warning','',' PHP Warning:  Undefined array key 3 in C:\\wamp64\\www\\lib\\tcpdf\\6.10.0\\tcpdf.php on line 12066\r',0,NULL,'',''),(41957,'2025-08-17 20:41:11','PHP Warning','',' PHP Warning:  Undefined array key 0 in C:\\wamp64\\www\\lib\\tcpdf\\6.10.0\\tcpdf.php on line 12066\r',0,NULL,'',''),(41958,'2025-08-17 20:41:11','PHP Warning','',' PHP Warning:  Undefined array key 1 in C:\\wamp64\\www\\lib\\tcpdf\\6.10.0\\tcpdf.php on line 12066\r',0,NULL,'',''),(41959,'2025-08-17 20:41:11','PHP Warning','',' PHP Warning:  Undefined array key 2 in C:\\wamp64\\www\\lib\\tcpdf\\6.10.0\\tcpdf.php on line 12066\r',0,NULL,'',''),(41960,'2025-08-17 20:41:11','PHP Warning','',' PHP Warning:  Undefined array key 3 in C:\\wamp64\\www\\lib\\tcpdf\\6.10.0\\tcpdf.php on line 12066\r',0,NULL,'',''),(41961,'2025-08-17 20:41:11','PHP Warning','',' PHP Warning:  Undefined array key 0 in C:\\wamp64\\www\\lib\\tcpdf\\6.10.0\\tcpdf.php on line 12066\r',0,NULL,'',''),(41962,'2025-08-17 20:41:11','PHP Warning','',' PHP Warning:  Undefined array key 1 in C:\\wamp64\\www\\lib\\tcpdf\\6.10.0\\tcpdf.php on line 12066\r',0,NULL,'',''),(41963,'2025-08-17 20:41:11','PHP Warning','',' PHP Warning:  Undefined array key 2 in C:\\wamp64\\www\\lib\\tcpdf\\6.10.0\\tcpdf.php on line 12066\r',0,NULL,'',''),(41964,'2025-08-17 20:41:11','PHP Warning','',' PHP Warning:  Undefined array key 3 in C:\\wamp64\\www\\lib\\tcpdf\\6.10.0\\tcpdf.php on line 12066\r',0,NULL,'',''),(41965,'2025-08-17 20:41:11','PHP Warning','',' PHP Warning:  Undefined array key 0 in C:\\wamp64\\www\\lib\\tcpdf\\6.10.0\\tcpdf.php on line 12066\r',0,NULL,'',''),(41966,'2025-08-17 20:41:11','PHP Warning','',' PHP Warning:  Undefined array key 1 in C:\\wamp64\\www\\lib\\tcpdf\\6.10.0\\tcpdf.php on line 12066\r',0,NULL,'',''),(41967,'2025-08-17 20:41:11','PHP Warning','',' PHP Warning:  Undefined array key 2 in C:\\wamp64\\www\\lib\\tcpdf\\6.10.0\\tcpdf.php on line 12066\r',0,NULL,'',''),(41968,'2025-08-17 20:41:11','PHP Warning','',' PHP Warning:  Undefined array key 3 in C:\\wamp64\\www\\lib\\tcpdf\\6.10.0\\tcpdf.php on line 12066\r',0,NULL,'',''),(41969,'2025-08-17 20:41:11','PHP Warning','',' PHP Warning:  Undefined array key 0 in C:\\wamp64\\www\\lib\\tcpdf\\6.10.0\\tcpdf.php on line 12066\r',0,NULL,'',''),(41970,'2025-08-17 20:41:11','PHP Warning','',' PHP Warning:  Undefined array key 1 in C:\\wamp64\\www\\lib\\tcpdf\\6.10.0\\tcpdf.php on line 12066\r',0,NULL,'',''),(41971,'2025-08-17 20:41:11','PHP Warning','',' PHP Warning:  Undefined array key 2 in C:\\wamp64\\www\\lib\\tcpdf\\6.10.0\\tcpdf.php on line 12066\r',0,NULL,'',''),(41972,'2025-08-17 20:41:11','PHP Warning','',' PHP Warning:  Undefined array key 3 in C:\\wamp64\\www\\lib\\tcpdf\\6.10.0\\tcpdf.php on line 12066\r',0,NULL,'',''),(41973,'2025-08-17 20:41:11','PHP Warning','',' PHP Warning:  Undefined array key 0 in C:\\wamp64\\www\\lib\\tcpdf\\6.10.0\\tcpdf.php on line 12066\r',0,NULL,'',''),(41974,'2025-08-17 20:41:11','PHP Warning','',' PHP Warning:  Undefined array key 1 in C:\\wamp64\\www\\lib\\tcpdf\\6.10.0\\tcpdf.php on line 12066\r',0,NULL,'',''),(41975,'2025-08-17 20:41:11','PHP Warning','',' PHP Warning:  Undefined array key 2 in C:\\wamp64\\www\\lib\\tcpdf\\6.10.0\\tcpdf.php on line 12066\r',0,NULL,'',''),(41976,'2025-08-17 20:41:11','PHP Warning','',' PHP Warning:  Undefined array key 3 in C:\\wamp64\\www\\lib\\tcpdf\\6.10.0\\tcpdf.php on line 12066\r',0,NULL,'',''),(41977,'2025-08-17 20:41:11','PHP Warning','',' PHP Warning:  Undefined array key 0 in C:\\wamp64\\www\\lib\\tcpdf\\6.10.0\\tcpdf.php on line 12066\r',0,NULL,'',''),(41978,'2025-08-17 20:41:11','PHP Warning','',' PHP Warning:  Undefined array key 1 in C:\\wamp64\\www\\lib\\tcpdf\\6.10.0\\tcpdf.php on line 12066\r',0,NULL,'',''),(41979,'2025-08-17 20:41:11','PHP Warning','',' PHP Warning:  Undefined array key 2 in C:\\wamp64\\www\\lib\\tcpdf\\6.10.0\\tcpdf.php on line 12066\r',0,NULL,'',''),(41980,'2025-08-17 20:41:11','PHP Warning','',' PHP Warning:  Undefined array key 3 in C:\\wamp64\\www\\lib\\tcpdf\\6.10.0\\tcpdf.php on line 12066\r',0,NULL,'',''),(41981,'2025-08-17 20:41:11','PHP Warning','',' PHP Warning:  Undefined array key 0 in C:\\wamp64\\www\\lib\\tcpdf\\6.10.0\\tcpdf.php on line 12066\r',0,NULL,'',''),(41982,'2025-08-17 20:41:11','PHP Warning','',' PHP Warning:  Undefined array key 1 in C:\\wamp64\\www\\lib\\tcpdf\\6.10.0\\tcpdf.php on line 12066\r',0,NULL,'',''),(41983,'2025-08-17 20:41:11','PHP Warning','',' PHP Warning:  Undefined array key 2 in C:\\wamp64\\www\\lib\\tcpdf\\6.10.0\\tcpdf.php on line 12066\r',0,NULL,'',''),(41984,'2025-08-17 20:41:11','PHP Warning','',' PHP Warning:  Undefined array key 3 in C:\\wamp64\\www\\lib\\tcpdf\\6.10.0\\tcpdf.php on line 12066\r',0,NULL,'',''),(41985,'2025-08-17 20:41:11','PHP Warning','',' PHP Warning:  Undefined array key 0 in C:\\wamp64\\www\\lib\\tcpdf\\6.10.0\\tcpdf.php on line 12066\r',0,NULL,'',''),(41986,'2025-08-17 20:41:11','PHP Warning','',' PHP Warning:  Undefined array key 1 in C:\\wamp64\\www\\lib\\tcpdf\\6.10.0\\tcpdf.php on line 12066\r',0,NULL,'',''),(41987,'2025-08-17 20:41:11','PHP Warning','',' PHP Warning:  Undefined array key 2 in C:\\wamp64\\www\\lib\\tcpdf\\6.10.0\\tcpdf.php on line 12066\r',0,NULL,'',''),(41988,'2025-08-17 20:41:11','PHP Warning','',' PHP Warning:  Undefined array key 3 in C:\\wamp64\\www\\lib\\tcpdf\\6.10.0\\tcpdf.php on line 12066\r',0,NULL,'',''),(41989,'2025-08-17 20:41:11','PHP Warning','',' PHP Warning:  Undefined array key 0 in C:\\wamp64\\www\\lib\\tcpdf\\6.10.0\\tcpdf.php on line 12066\r',0,NULL,'',''),(41990,'2025-08-17 20:41:11','PHP Warning','',' PHP Warning:  Undefined array key 1 in C:\\wamp64\\www\\lib\\tcpdf\\6.10.0\\tcpdf.php on line 12066\r',0,NULL,'',''),(41991,'2025-08-17 20:41:11','PHP Warning','',' PHP Warning:  Undefined array key 2 in C:\\wamp64\\www\\lib\\tcpdf\\6.10.0\\tcpdf.php on line 12066\r',0,NULL,'',''),(41992,'2025-08-17 20:41:11','PHP Warning','',' PHP Warning:  Undefined array key 3 in C:\\wamp64\\www\\lib\\tcpdf\\6.10.0\\tcpdf.php on line 12066\r',0,NULL,'',''),(41993,'2025-08-17 20:41:11','PHP Warning','',' PHP Warning:  Undefined array key 0 in C:\\wamp64\\www\\lib\\tcpdf\\6.10.0\\tcpdf.php on line 12066\r',0,NULL,'',''),(41994,'2025-08-17 20:41:11','PHP Warning','',' PHP Warning:  Undefined array key 1 in C:\\wamp64\\www\\lib\\tcpdf\\6.10.0\\tcpdf.php on line 12066\r',0,NULL,'',''),(41995,'2025-08-17 20:41:11','PHP Warning','',' PHP Warning:  Undefined array key 2 in C:\\wamp64\\www\\lib\\tcpdf\\6.10.0\\tcpdf.php on line 12066\r',0,NULL,'',''),(41996,'2025-08-17 20:41:11','PHP Warning','',' PHP Warning:  Undefined array key 3 in C:\\wamp64\\www\\lib\\tcpdf\\6.10.0\\tcpdf.php on line 12066\r',0,NULL,'',''),(41997,'2025-08-17 20:41:11','PHP Warning','',' PHP Warning:  Undefined array key 0 in C:\\wamp64\\www\\lib\\tcpdf\\6.10.0\\tcpdf.php on line 12066\r',0,NULL,'',''),(41998,'2025-08-17 20:41:11','PHP Warning','',' PHP Warning:  Undefined array key 1 in C:\\wamp64\\www\\lib\\tcpdf\\6.10.0\\tcpdf.php on line 12066\r',0,NULL,'',''),(41999,'2025-08-17 20:41:11','PHP Warning','',' PHP Warning:  Undefined array key 2 in C:\\wamp64\\www\\lib\\tcpdf\\6.10.0\\tcpdf.php on line 12066\r',0,NULL,'',''),(42000,'2025-08-17 20:41:11','PHP Warning','',' PHP Warning:  Undefined array key 3 in C:\\wamp64\\www\\lib\\tcpdf\\6.10.0\\tcpdf.php on line 12066\r',0,NULL,'',''),(42001,'2025-08-17 20:41:11','PHP Warning','',' PHP Warning:  Undefined array key 0 in C:\\wamp64\\www\\lib\\tcpdf\\6.10.0\\tcpdf.php on line 12066\r',0,NULL,'',''),(42002,'2025-08-17 20:41:11','PHP Warning','',' PHP Warning:  Undefined array key 1 in C:\\wamp64\\www\\lib\\tcpdf\\6.10.0\\tcpdf.php on line 12066\r',0,NULL,'',''),(42003,'2025-08-17 20:41:11','PHP Warning','',' PHP Warning:  Undefined array key 2 in C:\\wamp64\\www\\lib\\tcpdf\\6.10.0\\tcpdf.php on line 12066\r',0,NULL,'',''),(42004,'2025-08-17 20:41:11','PHP Warning','',' PHP Warning:  Undefined array key 3 in C:\\wamp64\\www\\lib\\tcpdf\\6.10.0\\tcpdf.php on line 12066\r',0,NULL,'',''),(42005,'2025-08-17 20:41:11','PHP Warning','',' PHP Warning:  Undefined array key 0 in C:\\wamp64\\www\\lib\\tcpdf\\6.10.0\\tcpdf.php on line 12066\r',0,NULL,'',''),(42006,'2025-08-17 20:41:11','PHP Warning','',' PHP Warning:  Undefined array key 1 in C:\\wamp64\\www\\lib\\tcpdf\\6.10.0\\tcpdf.php on line 12066\r',0,NULL,'',''),(42007,'2025-08-17 20:41:11','PHP Warning','',' PHP Warning:  Undefined array key 2 in C:\\wamp64\\www\\lib\\tcpdf\\6.10.0\\tcpdf.php on line 12066\r',0,NULL,'',''),(42008,'2025-08-17 20:41:11','PHP Warning','',' PHP Warning:  Undefined array key 3 in C:\\wamp64\\www\\lib\\tcpdf\\6.10.0\\tcpdf.php on line 12066\r',0,NULL,'',''),(42009,'2025-08-17 20:41:11','PHP Warning','',' PHP Warning:  Undefined array key 0 in C:\\wamp64\\www\\lib\\tcpdf\\6.10.0\\tcpdf.php on line 12066\r',0,NULL,'',''),(42010,'2025-08-17 20:41:11','PHP Warning','',' PHP Warning:  Undefined array key 1 in C:\\wamp64\\www\\lib\\tcpdf\\6.10.0\\tcpdf.php on line 12066\r',0,NULL,'',''),(42011,'2025-08-17 20:41:11','PHP Warning','',' PHP Warning:  Undefined array key 2 in C:\\wamp64\\www\\lib\\tcpdf\\6.10.0\\tcpdf.php on line 12066\r',0,NULL,'',''),(42012,'2025-08-17 20:41:11','PHP Warning','',' PHP Warning:  Undefined array key 3 in C:\\wamp64\\www\\lib\\tcpdf\\6.10.0\\tcpdf.php on line 12066\r',0,NULL,'',''),(42013,'2025-08-17 20:41:11','PHP Warning','',' PHP Warning:  Undefined array key 0 in C:\\wamp64\\www\\lib\\tcpdf\\6.10.0\\tcpdf.php on line 12066\r',0,NULL,'',''),(42014,'2025-08-17 20:41:11','PHP Warning','',' PHP Warning:  Undefined array key 1 in C:\\wamp64\\www\\lib\\tcpdf\\6.10.0\\tcpdf.php on line 12066\r',0,NULL,'',''),(42015,'2025-08-17 20:41:11','PHP Warning','',' PHP Warning:  Undefined array key 2 in C:\\wamp64\\www\\lib\\tcpdf\\6.10.0\\tcpdf.php on line 12066\r',0,NULL,'',''),(42016,'2025-08-17 20:41:11','PHP Warning','',' PHP Warning:  Undefined array key 3 in C:\\wamp64\\www\\lib\\tcpdf\\6.10.0\\tcpdf.php on line 12066\r',0,NULL,'',''),(42017,'2025-08-17 20:41:11','PHP Warning','',' PHP Warning:  Undefined array key 0 in C:\\wamp64\\www\\lib\\tcpdf\\6.10.0\\tcpdf.php on line 12066\r',0,NULL,'',''),(42018,'2025-08-17 20:41:11','PHP Warning','',' PHP Warning:  Undefined array key 1 in C:\\wamp64\\www\\lib\\tcpdf\\6.10.0\\tcpdf.php on line 12066\r',0,NULL,'',''),(42019,'2025-08-17 20:41:11','PHP Warning','',' PHP Warning:  Undefined array key 2 in C:\\wamp64\\www\\lib\\tcpdf\\6.10.0\\tcpdf.php on line 12066\r',0,NULL,'',''),(42020,'2025-08-17 20:41:11','PHP Warning','',' PHP Warning:  Undefined array key 3 in C:\\wamp64\\www\\lib\\tcpdf\\6.10.0\\tcpdf.php on line 12066\r',0,NULL,'',''),(42021,'2025-08-17 20:41:11','PHP Warning','',' PHP Warning:  Undefined array key 0 in C:\\wamp64\\www\\lib\\tcpdf\\6.10.0\\tcpdf.php on line 12066\r',0,NULL,'',''),(42022,'2025-08-17 20:41:11','PHP Warning','',' PHP Warning:  Undefined array key 1 in C:\\wamp64\\www\\lib\\tcpdf\\6.10.0\\tcpdf.php on line 12066\r',0,NULL,'',''),(42023,'2025-08-17 20:41:11','PHP Warning','',' PHP Warning:  Undefined array key 2 in C:\\wamp64\\www\\lib\\tcpdf\\6.10.0\\tcpdf.php on line 12066\r',0,NULL,'',''),(42024,'2025-08-17 20:41:11','PHP Warning','',' PHP Warning:  Undefined array key 3 in C:\\wamp64\\www\\lib\\tcpdf\\6.10.0\\tcpdf.php on line 12066\r',0,NULL,'',''),(42025,'2025-08-17 20:41:11','PHP Warning','',' PHP Warning:  Undefined array key 0 in C:\\wamp64\\www\\lib\\tcpdf\\6.10.0\\tcpdf.php on line 12066\r',0,NULL,'',''),(42026,'2025-08-17 20:41:11','PHP Warning','',' PHP Warning:  Undefined array key 1 in C:\\wamp64\\www\\lib\\tcpdf\\6.10.0\\tcpdf.php on line 12066\r',0,NULL,'',''),(42027,'2025-08-17 20:41:11','PHP Warning','',' PHP Warning:  Undefined array key 2 in C:\\wamp64\\www\\lib\\tcpdf\\6.10.0\\tcpdf.php on line 12066\r',0,NULL,'',''),(42028,'2025-08-17 20:41:11','PHP Warning','',' PHP Warning:  Undefined array key 3 in C:\\wamp64\\www\\lib\\tcpdf\\6.10.0\\tcpdf.php on line 12066\r',0,NULL,'',''),(42029,'2025-08-17 20:41:11','PHP Warning','',' PHP Warning:  Undefined array key 0 in C:\\wamp64\\www\\lib\\tcpdf\\6.10.0\\tcpdf.php on line 12066\r',0,NULL,'',''),(42030,'2025-08-17 20:41:11','PHP Warning','',' PHP Warning:  Undefined array key 1 in C:\\wamp64\\www\\lib\\tcpdf\\6.10.0\\tcpdf.php on line 12066\r',0,NULL,'',''),(42031,'2025-08-17 20:41:11','PHP Warning','',' PHP Warning:  Undefined array key 2 in C:\\wamp64\\www\\lib\\tcpdf\\6.10.0\\tcpdf.php on line 12066\r',0,NULL,'',''),(42032,'2025-08-17 20:41:11','PHP Warning','',' PHP Warning:  Undefined array key 3 in C:\\wamp64\\www\\lib\\tcpdf\\6.10.0\\tcpdf.php on line 12066\r',0,NULL,'',''),(42033,'2025-08-17 20:41:11','PHP Warning','',' PHP Warning:  Undefined array key 0 in C:\\wamp64\\www\\lib\\tcpdf\\6.10.0\\tcpdf.php on line 12066\r',0,NULL,'',''),(42034,'2025-08-17 20:41:11','PHP Warning','',' PHP Warning:  Undefined array key 1 in C:\\wamp64\\www\\lib\\tcpdf\\6.10.0\\tcpdf.php on line 12066\r',0,NULL,'',''),(42035,'2025-08-17 20:41:11','PHP Warning','',' PHP Warning:  Undefined array key 2 in C:\\wamp64\\www\\lib\\tcpdf\\6.10.0\\tcpdf.php on line 12066\r',0,NULL,'',''),(42036,'2025-08-17 20:41:11','PHP Warning','',' PHP Warning:  Undefined array key 3 in C:\\wamp64\\www\\lib\\tcpdf\\6.10.0\\tcpdf.php on line 12066\r',0,NULL,'',''),(42037,'2025-08-17 20:41:11','PHP Warning','',' PHP Warning:  Undefined array key 0 in C:\\wamp64\\www\\lib\\tcpdf\\6.10.0\\tcpdf.php on line 12066\r',0,NULL,'',''),(42038,'2025-08-17 20:41:11','PHP Warning','',' PHP Warning:  Undefined array key 1 in C:\\wamp64\\www\\lib\\tcpdf\\6.10.0\\tcpdf.php on line 12066\r',0,NULL,'',''),(42039,'2025-08-17 20:41:11','PHP Warning','',' PHP Warning:  Undefined array key 2 in C:\\wamp64\\www\\lib\\tcpdf\\6.10.0\\tcpdf.php on line 12066\r',0,NULL,'',''),(42040,'2025-08-17 20:41:11','PHP Warning','',' PHP Warning:  Undefined array key 3 in C:\\wamp64\\www\\lib\\tcpdf\\6.10.0\\tcpdf.php on line 12066\r',0,NULL,'',''),(42041,'2025-08-17 20:41:11','PHP Warning','',' PHP Warning:  Undefined array key 0 in C:\\wamp64\\www\\lib\\tcpdf\\6.10.0\\tcpdf.php on line 12066\r',0,NULL,'',''),(42042,'2025-08-17 20:41:11','PHP Warning','',' PHP Warning:  Undefined array key 1 in C:\\wamp64\\www\\lib\\tcpdf\\6.10.0\\tcpdf.php on line 12066\r',0,NULL,'',''),(42043,'2025-08-17 20:41:11','PHP Warning','',' PHP Warning:  Undefined array key 2 in C:\\wamp64\\www\\lib\\tcpdf\\6.10.0\\tcpdf.php on line 12066\r',0,NULL,'',''),(42044,'2025-08-17 20:41:11','PHP Warning','',' PHP Warning:  Undefined array key 3 in C:\\wamp64\\www\\lib\\tcpdf\\6.10.0\\tcpdf.php on line 12066\r',0,NULL,'',''),(42045,'2025-08-17 20:41:11','PHP Warning','',' PHP Warning:  Undefined array key 0 in C:\\wamp64\\www\\lib\\tcpdf\\6.10.0\\tcpdf.php on line 12066\r',0,NULL,'',''),(42046,'2025-08-17 20:41:11','PHP Warning','',' PHP Warning:  Undefined array key 1 in C:\\wamp64\\www\\lib\\tcpdf\\6.10.0\\tcpdf.php on line 12066\r',0,NULL,'',''),(42047,'2025-08-17 20:41:11','PHP Warning','',' PHP Warning:  Undefined array key 2 in C:\\wamp64\\www\\lib\\tcpdf\\6.10.0\\tcpdf.php on line 12066\r',0,NULL,'',''),(42048,'2025-08-17 20:41:11','PHP Warning','',' PHP Warning:  Undefined array key 3 in C:\\wamp64\\www\\lib\\tcpdf\\6.10.0\\tcpdf.php on line 12066\r',0,NULL,'',''),(42049,'2025-08-17 20:41:11','PHP Warning','',' PHP Warning:  Undefined array key 0 in C:\\wamp64\\www\\lib\\tcpdf\\6.10.0\\tcpdf.php on line 12066\r',0,NULL,'',''),(42050,'2025-08-17 20:41:11','PHP Warning','',' PHP Warning:  Undefined array key 1 in C:\\wamp64\\www\\lib\\tcpdf\\6.10.0\\tcpdf.php on line 12066\r',0,NULL,'',''),(42051,'2025-08-17 20:41:11','PHP Warning','',' PHP Warning:  Undefined array key 2 in C:\\wamp64\\www\\lib\\tcpdf\\6.10.0\\tcpdf.php on line 12066\r',0,NULL,'',''),(42052,'2025-08-17 20:41:11','PHP Warning','',' PHP Warning:  Undefined array key 3 in C:\\wamp64\\www\\lib\\tcpdf\\6.10.0\\tcpdf.php on line 12066\r',0,NULL,'',''),(42053,'2025-08-17 20:41:11','PHP Warning','',' PHP Warning:  Undefined array key 0 in C:\\wamp64\\www\\lib\\tcpdf\\6.10.0\\tcpdf.php on line 12066\r',0,NULL,'',''),(42054,'2025-08-17 20:41:11','PHP Warning','',' PHP Warning:  Undefined array key 1 in C:\\wamp64\\www\\lib\\tcpdf\\6.10.0\\tcpdf.php on line 12066\r',0,NULL,'',''),(42055,'2025-08-17 20:41:11','PHP Warning','',' PHP Warning:  Undefined array key 2 in C:\\wamp64\\www\\lib\\tcpdf\\6.10.0\\tcpdf.php on line 12066\r',0,NULL,'',''),(42056,'2025-08-17 20:41:11','PHP Warning','',' PHP Warning:  Undefined array key 3 in C:\\wamp64\\www\\lib\\tcpdf\\6.10.0\\tcpdf.php on line 12066\r',0,NULL,'',''),(42057,'2025-08-17 20:41:11','PHP Warning','',' PHP Warning:  Undefined array key 0 in C:\\wamp64\\www\\lib\\tcpdf\\6.10.0\\tcpdf.php on line 12066\r',0,NULL,'',''),(42058,'2025-08-17 20:41:11','PHP Warning','',' PHP Warning:  Undefined array key 1 in C:\\wamp64\\www\\lib\\tcpdf\\6.10.0\\tcpdf.php on line 12066\r',0,NULL,'',''),(42059,'2025-08-17 20:41:11','PHP Warning','',' PHP Warning:  Undefined array key 2 in C:\\wamp64\\www\\lib\\tcpdf\\6.10.0\\tcpdf.php on line 12066\r',0,NULL,'',''),(42060,'2025-08-17 20:41:11','PHP Warning','',' PHP Warning:  Undefined array key 3 in C:\\wamp64\\www\\lib\\tcpdf\\6.10.0\\tcpdf.php on line 12066\r',0,NULL,'',''),(42061,'2025-08-17 20:41:11','PHP Warning','',' PHP Warning:  Undefined array key 0 in C:\\wamp64\\www\\lib\\tcpdf\\6.10.0\\tcpdf.php on line 12066\r',0,NULL,'',''),(42062,'2025-08-17 20:41:11','PHP Warning','',' PHP Warning:  Undefined array key 1 in C:\\wamp64\\www\\lib\\tcpdf\\6.10.0\\tcpdf.php on line 12066\r',0,NULL,'',''),(42063,'2025-08-17 20:41:11','PHP Warning','',' PHP Warning:  Undefined array key 2 in C:\\wamp64\\www\\lib\\tcpdf\\6.10.0\\tcpdf.php on line 12066\r',0,NULL,'',''),(42064,'2025-08-17 20:41:11','PHP Warning','',' PHP Warning:  Undefined array key 3 in C:\\wamp64\\www\\lib\\tcpdf\\6.10.0\\tcpdf.php on line 12066\r',0,NULL,'',''),(42065,'2025-08-17 20:41:11','PHP Warning','',' PHP Warning:  Undefined array key 0 in C:\\wamp64\\www\\lib\\tcpdf\\6.10.0\\tcpdf.php on line 12066\r',0,NULL,'',''),(42066,'2025-08-17 20:41:11','PHP Warning','',' PHP Warning:  Undefined array key 1 in C:\\wamp64\\www\\lib\\tcpdf\\6.10.0\\tcpdf.php on line 12066\r',0,NULL,'',''),(42067,'2025-08-17 20:41:11','PHP Warning','',' PHP Warning:  Undefined array key 2 in C:\\wamp64\\www\\lib\\tcpdf\\6.10.0\\tcpdf.php on line 12066\r',0,NULL,'',''),(42068,'2025-08-17 20:41:11','PHP Warning','',' PHP Warning:  Undefined array key 3 in C:\\wamp64\\www\\lib\\tcpdf\\6.10.0\\tcpdf.php on line 12066\r',0,NULL,'',''),(42069,'2025-08-17 20:41:11','PHP Warning','',' PHP Warning:  Undefined array key 0 in C:\\wamp64\\www\\lib\\tcpdf\\6.10.0\\tcpdf.php on line 12066\r',0,NULL,'',''),(42070,'2025-08-17 20:41:11','PHP Warning','',' PHP Warning:  Undefined array key 1 in C:\\wamp64\\www\\lib\\tcpdf\\6.10.0\\tcpdf.php on line 12066\r',0,NULL,'',''),(42071,'2025-08-17 20:41:11','PHP Warning','',' PHP Warning:  Undefined array key 2 in C:\\wamp64\\www\\lib\\tcpdf\\6.10.0\\tcpdf.php on line 12066\r',0,NULL,'',''),(42072,'2025-08-17 20:41:11','PHP Warning','',' PHP Warning:  Undefined array key 3 in C:\\wamp64\\www\\lib\\tcpdf\\6.10.0\\tcpdf.php on line 12066\r',0,NULL,'',''),(42073,'2025-08-17 20:41:11','PHP Warning','',' PHP Warning:  Undefined array key 0 in C:\\wamp64\\www\\lib\\tcpdf\\6.10.0\\tcpdf.php on line 12066\r',0,NULL,'',''),(42074,'2025-08-17 20:41:11','PHP Warning','',' PHP Warning:  Undefined array key 1 in C:\\wamp64\\www\\lib\\tcpdf\\6.10.0\\tcpdf.php on line 12066\r',0,NULL,'',''),(42075,'2025-08-17 20:41:11','PHP Warning','',' PHP Warning:  Undefined array key 2 in C:\\wamp64\\www\\lib\\tcpdf\\6.10.0\\tcpdf.php on line 12066\r',0,NULL,'',''),(42076,'2025-08-17 20:41:11','PHP Warning','',' PHP Warning:  Undefined array key 3 in C:\\wamp64\\www\\lib\\tcpdf\\6.10.0\\tcpdf.php on line 12066\r',0,NULL,'',''),(42077,'2025-08-17 20:41:11','PHP Warning','',' PHP Warning:  Undefined array key 0 in C:\\wamp64\\www\\lib\\tcpdf\\6.10.0\\tcpdf.php on line 12066\r',0,NULL,'',''),(42078,'2025-08-17 20:41:11','PHP Warning','',' PHP Warning:  Undefined array key 1 in C:\\wamp64\\www\\lib\\tcpdf\\6.10.0\\tcpdf.php on line 12066\r',0,NULL,'',''),(42079,'2025-08-17 20:41:11','PHP Warning','',' PHP Warning:  Undefined array key 2 in C:\\wamp64\\www\\lib\\tcpdf\\6.10.0\\tcpdf.php on line 12066\r',0,NULL,'',''),(42080,'2025-08-17 20:41:11','PHP Warning','',' PHP Warning:  Undefined array key 3 in C:\\wamp64\\www\\lib\\tcpdf\\6.10.0\\tcpdf.php on line 12066\r',0,NULL,'',''),(42081,'2025-08-17 20:41:11','PHP Warning','',' PHP Warning:  Undefined array key 0 in C:\\wamp64\\www\\lib\\tcpdf\\6.10.0\\tcpdf.php on line 12066\r',0,NULL,'',''),(42082,'2025-08-17 20:41:11','PHP Warning','',' PHP Warning:  Undefined array key 1 in C:\\wamp64\\www\\lib\\tcpdf\\6.10.0\\tcpdf.php on line 12066\r',0,NULL,'',''),(42083,'2025-08-17 20:41:11','PHP Warning','',' PHP Warning:  Undefined array key 2 in C:\\wamp64\\www\\lib\\tcpdf\\6.10.0\\tcpdf.php on line 12066\r',0,NULL,'',''),(42084,'2025-08-17 20:41:11','PHP Warning','',' PHP Warning:  Undefined array key 3 in C:\\wamp64\\www\\lib\\tcpdf\\6.10.0\\tcpdf.php on line 12066\r',0,NULL,'',''),(42085,'2025-08-17 20:41:11','PHP Warning','',' PHP Warning:  Undefined array key 0 in C:\\wamp64\\www\\lib\\tcpdf\\6.10.0\\tcpdf.php on line 12066\r',0,NULL,'',''),(42086,'2025-08-17 20:41:11','PHP Warning','',' PHP Warning:  Undefined array key 1 in C:\\wamp64\\www\\lib\\tcpdf\\6.10.0\\tcpdf.php on line 12066\r',0,NULL,'',''),(42087,'2025-08-17 20:41:11','PHP Warning','',' PHP Warning:  Undefined array key 2 in C:\\wamp64\\www\\lib\\tcpdf\\6.10.0\\tcpdf.php on line 12066\r',0,NULL,'',''),(42088,'2025-08-17 20:41:11','PHP Warning','',' PHP Warning:  Undefined array key 3 in C:\\wamp64\\www\\lib\\tcpdf\\6.10.0\\tcpdf.php on line 12066\r',0,NULL,'',''),(42089,'2025-08-17 20:41:11','PHP Warning','',' PHP Warning:  Undefined array key 0 in C:\\wamp64\\www\\lib\\tcpdf\\6.10.0\\tcpdf.php on line 12066\r',0,NULL,'',''),(42090,'2025-08-17 20:41:11','PHP Warning','',' PHP Warning:  Undefined array key 1 in C:\\wamp64\\www\\lib\\tcpdf\\6.10.0\\tcpdf.php on line 12066\r',0,NULL,'',''),(42091,'2025-08-17 20:41:11','PHP Warning','',' PHP Warning:  Undefined array key 2 in C:\\wamp64\\www\\lib\\tcpdf\\6.10.0\\tcpdf.php on line 12066\r',0,NULL,'',''),(42092,'2025-08-17 20:41:11','PHP Warning','',' PHP Warning:  Undefined array key 3 in C:\\wamp64\\www\\lib\\tcpdf\\6.10.0\\tcpdf.php on line 12066\r',0,NULL,'',''),(42093,'2025-08-17 20:41:11','PHP Warning','',' PHP Warning:  Undefined array key 0 in C:\\wamp64\\www\\lib\\tcpdf\\6.10.0\\tcpdf.php on line 12066\r',0,NULL,'',''),(42094,'2025-08-17 20:41:11','PHP Warning','',' PHP Warning:  Undefined array key 1 in C:\\wamp64\\www\\lib\\tcpdf\\6.10.0\\tcpdf.php on line 12066\r',0,NULL,'',''),(42095,'2025-08-17 20:41:11','PHP Warning','',' PHP Warning:  Undefined array key 2 in C:\\wamp64\\www\\lib\\tcpdf\\6.10.0\\tcpdf.php on line 12066\r',0,NULL,'',''),(42096,'2025-08-17 20:41:11','PHP Warning','',' PHP Warning:  Undefined array key 3 in C:\\wamp64\\www\\lib\\tcpdf\\6.10.0\\tcpdf.php on line 12066\r',0,NULL,'',''),(42097,'2025-08-17 20:41:11','PHP Warning','',' PHP Warning:  Undefined array key 0 in C:\\wamp64\\www\\lib\\tcpdf\\6.10.0\\tcpdf.php on line 12066\r',0,NULL,'',''),(42098,'2025-08-17 20:41:11','PHP Warning','',' PHP Warning:  Undefined array key 1 in C:\\wamp64\\www\\lib\\tcpdf\\6.10.0\\tcpdf.php on line 12066\r',0,NULL,'',''),(42099,'2025-08-17 20:41:11','PHP Warning','',' PHP Warning:  Undefined array key 2 in C:\\wamp64\\www\\lib\\tcpdf\\6.10.0\\tcpdf.php on line 12066\r',0,NULL,'',''),(42100,'2025-08-17 20:41:11','PHP Warning','',' PHP Warning:  Undefined array key 3 in C:\\wamp64\\www\\lib\\tcpdf\\6.10.0\\tcpdf.php on line 12066\r',0,NULL,'',''),(42101,'2025-08-17 20:41:11','PHP Warning','',' PHP Warning:  Undefined array key 0 in C:\\wamp64\\www\\lib\\tcpdf\\6.10.0\\tcpdf.php on line 12066\r',0,NULL,'',''),(42102,'2025-08-17 20:41:11','PHP Warning','',' PHP Warning:  Undefined array key 1 in C:\\wamp64\\www\\lib\\tcpdf\\6.10.0\\tcpdf.php on line 12066\r',0,NULL,'',''),(42103,'2025-08-17 20:41:11','PHP Warning','',' PHP Warning:  Undefined array key 2 in C:\\wamp64\\www\\lib\\tcpdf\\6.10.0\\tcpdf.php on line 12066\r',0,NULL,'',''),(42104,'2025-08-17 20:41:11','PHP Warning','',' PHP Warning:  Undefined array key 3 in C:\\wamp64\\www\\lib\\tcpdf\\6.10.0\\tcpdf.php on line 12066\r',0,NULL,'',''),(42105,'2025-08-17 20:41:11','PHP Warning','',' PHP Warning:  Undefined array key 0 in C:\\wamp64\\www\\lib\\tcpdf\\6.10.0\\tcpdf.php on line 12066\r',0,NULL,'',''),(42106,'2025-08-17 20:41:11','PHP Warning','',' PHP Warning:  Undefined array key 1 in C:\\wamp64\\www\\lib\\tcpdf\\6.10.0\\tcpdf.php on line 12066\r',0,NULL,'',''),(42107,'2025-08-17 20:41:11','PHP Warning','',' PHP Warning:  Undefined array key 2 in C:\\wamp64\\www\\lib\\tcpdf\\6.10.0\\tcpdf.php on line 12066\r',0,NULL,'',''),(42108,'2025-08-17 20:41:11','PHP Warning','',' PHP Warning:  Undefined array key 3 in C:\\wamp64\\www\\lib\\tcpdf\\6.10.0\\tcpdf.php on line 12066\r',0,NULL,'',''),(42109,'2025-08-17 20:41:11','PHP Warning','',' PHP Warning:  Undefined array key 0 in C:\\wamp64\\www\\lib\\tcpdf\\6.10.0\\tcpdf.php on line 12066\r',0,NULL,'',''),(42110,'2025-08-17 20:41:11','PHP Warning','',' PHP Warning:  Undefined array key 1 in C:\\wamp64\\www\\lib\\tcpdf\\6.10.0\\tcpdf.php on line 12066\r',0,NULL,'',''),(42111,'2025-08-17 20:41:11','PHP Warning','',' PHP Warning:  Undefined array key 2 in C:\\wamp64\\www\\lib\\tcpdf\\6.10.0\\tcpdf.php on line 12066\r',0,NULL,'',''),(42112,'2025-08-17 20:41:11','PHP Warning','',' PHP Warning:  Undefined array key 3 in C:\\wamp64\\www\\lib\\tcpdf\\6.10.0\\tcpdf.php on line 12066\r',0,NULL,'',''),(42113,'2025-08-17 20:41:11','PHP Warning','',' PHP Warning:  Undefined array key 0 in C:\\wamp64\\www\\lib\\tcpdf\\6.10.0\\tcpdf.php on line 12066\r',0,NULL,'',''),(42114,'2025-08-17 20:41:11','PHP Warning','',' PHP Warning:  Undefined array key 1 in C:\\wamp64\\www\\lib\\tcpdf\\6.10.0\\tcpdf.php on line 12066\r',0,NULL,'',''),(42115,'2025-08-17 20:41:11','PHP Warning','',' PHP Warning:  Undefined array key 2 in C:\\wamp64\\www\\lib\\tcpdf\\6.10.0\\tcpdf.php on line 12066\r',0,NULL,'',''),(42116,'2025-08-17 20:41:11','PHP Warning','',' PHP Warning:  Undefined array key 3 in C:\\wamp64\\www\\lib\\tcpdf\\6.10.0\\tcpdf.php on line 12066\r',0,NULL,'',''),(42117,'2025-08-17 20:41:11','PHP Warning','',' PHP Warning:  Undefined array key 0 in C:\\wamp64\\www\\lib\\tcpdf\\6.10.0\\tcpdf.php on line 12066\r',0,NULL,'',''),(42118,'2025-08-17 20:41:11','PHP Warning','',' PHP Warning:  Undefined array key 1 in C:\\wamp64\\www\\lib\\tcpdf\\6.10.0\\tcpdf.php on line 12066\r',0,NULL,'',''),(42119,'2025-08-17 20:41:11','PHP Warning','',' PHP Warning:  Undefined array key 2 in C:\\wamp64\\www\\lib\\tcpdf\\6.10.0\\tcpdf.php on line 12066\r',0,NULL,'',''),(42120,'2025-08-17 20:41:11','PHP Warning','',' PHP Warning:  Undefined array key 3 in C:\\wamp64\\www\\lib\\tcpdf\\6.10.0\\tcpdf.php on line 12066\r',0,NULL,'',''),(42121,'2025-08-17 20:41:11','PHP Warning','',' PHP Warning:  Undefined array key 0 in C:\\wamp64\\www\\lib\\tcpdf\\6.10.0\\tcpdf.php on line 12066\r',0,NULL,'',''),(42122,'2025-08-17 20:41:11','PHP Warning','',' PHP Warning:  Undefined array key 1 in C:\\wamp64\\www\\lib\\tcpdf\\6.10.0\\tcpdf.php on line 12066\r',0,NULL,'',''),(42123,'2025-08-17 20:41:11','PHP Warning','',' PHP Warning:  Undefined array key 2 in C:\\wamp64\\www\\lib\\tcpdf\\6.10.0\\tcpdf.php on line 12066\r',0,NULL,'',''),(42124,'2025-08-17 20:41:11','PHP Warning','',' PHP Warning:  Undefined array key 3 in C:\\wamp64\\www\\lib\\tcpdf\\6.10.0\\tcpdf.php on line 12066\r',0,NULL,'',''),(42125,'2025-08-17 20:41:11','PHP Warning','',' PHP Warning:  Undefined array key 0 in C:\\wamp64\\www\\lib\\tcpdf\\6.10.0\\tcpdf.php on line 12066\r',0,NULL,'',''),(42126,'2025-08-17 20:41:11','PHP Warning','',' PHP Warning:  Undefined array key 1 in C:\\wamp64\\www\\lib\\tcpdf\\6.10.0\\tcpdf.php on line 12066\r',0,NULL,'',''),(42127,'2025-08-17 20:41:11','PHP Warning','',' PHP Warning:  Undefined array key 2 in C:\\wamp64\\www\\lib\\tcpdf\\6.10.0\\tcpdf.php on line 12066\r',0,NULL,'',''),(42128,'2025-08-17 20:41:11','PHP Warning','',' PHP Warning:  Undefined array key 3 in C:\\wamp64\\www\\lib\\tcpdf\\6.10.0\\tcpdf.php on line 12066\r',0,NULL,'',''),(42129,'2025-08-17 20:41:11','PHP Warning','',' PHP Warning:  Undefined array key 0 in C:\\wamp64\\www\\lib\\tcpdf\\6.10.0\\tcpdf.php on line 12066\r',0,NULL,'',''),(42130,'2025-08-17 20:41:11','PHP Warning','',' PHP Warning:  Undefined array key 1 in C:\\wamp64\\www\\lib\\tcpdf\\6.10.0\\tcpdf.php on line 12066\r',0,NULL,'',''),(42131,'2025-08-17 20:41:11','PHP Warning','',' PHP Warning:  Undefined array key 2 in C:\\wamp64\\www\\lib\\tcpdf\\6.10.0\\tcpdf.php on line 12066\r',0,NULL,'',''),(42132,'2025-08-17 20:41:11','PHP Warning','',' PHP Warning:  Undefined array key 3 in C:\\wamp64\\www\\lib\\tcpdf\\6.10.0\\tcpdf.php on line 12066\r',0,NULL,'',''),(42133,'2025-08-17 20:41:11','PHP Warning','',' PHP Warning:  Undefined array key 0 in C:\\wamp64\\www\\lib\\tcpdf\\6.10.0\\tcpdf.php on line 12066\r',0,NULL,'',''),(42134,'2025-08-17 20:41:11','PHP Warning','',' PHP Warning:  Undefined array key 1 in C:\\wamp64\\www\\lib\\tcpdf\\6.10.0\\tcpdf.php on line 12066\r',0,NULL,'',''),(42135,'2025-08-17 20:41:11','PHP Warning','',' PHP Warning:  Undefined array key 2 in C:\\wamp64\\www\\lib\\tcpdf\\6.10.0\\tcpdf.php on line 12066\r',0,NULL,'',''),(42136,'2025-08-17 20:41:11','PHP Warning','',' PHP Warning:  Undefined array key 3 in C:\\wamp64\\www\\lib\\tcpdf\\6.10.0\\tcpdf.php on line 12066\r',0,NULL,'',''),(42137,'2025-08-17 20:41:11','PHP Warning','',' PHP Warning:  Undefined array key 0 in C:\\wamp64\\www\\lib\\tcpdf\\6.10.0\\tcpdf.php on line 12066\r',0,NULL,'',''),(42138,'2025-08-17 20:41:11','PHP Warning','',' PHP Warning:  Undefined array key 1 in C:\\wamp64\\www\\lib\\tcpdf\\6.10.0\\tcpdf.php on line 12066\r',0,NULL,'',''),(42139,'2025-08-17 20:41:11','PHP Warning','',' PHP Warning:  Undefined array key 2 in C:\\wamp64\\www\\lib\\tcpdf\\6.10.0\\tcpdf.php on line 12066\r',0,NULL,'',''),(42140,'2025-08-17 20:41:11','PHP Warning','',' PHP Warning:  Undefined array key 3 in C:\\wamp64\\www\\lib\\tcpdf\\6.10.0\\tcpdf.php on line 12066\r',0,NULL,'',''),(42141,'2025-08-17 20:41:11','PHP Warning','',' PHP Warning:  Undefined array key 0 in C:\\wamp64\\www\\lib\\tcpdf\\6.10.0\\tcpdf.php on line 12066\r',0,NULL,'',''),(42142,'2025-08-17 20:41:11','PHP Warning','',' PHP Warning:  Undefined array key 1 in C:\\wamp64\\www\\lib\\tcpdf\\6.10.0\\tcpdf.php on line 12066\r',0,NULL,'',''),(42143,'2025-08-17 20:41:11','PHP Warning','',' PHP Warning:  Undefined array key 2 in C:\\wamp64\\www\\lib\\tcpdf\\6.10.0\\tcpdf.php on line 12066\r',0,NULL,'',''),(42144,'2025-08-17 20:41:11','PHP Warning','',' PHP Warning:  Undefined array key 3 in C:\\wamp64\\www\\lib\\tcpdf\\6.10.0\\tcpdf.php on line 12066\r',0,NULL,'',''),(42145,'2025-08-17 20:41:11','PHP Warning','',' PHP Warning:  Undefined array key 0 in C:\\wamp64\\www\\lib\\tcpdf\\6.10.0\\tcpdf.php on line 12066\r',0,NULL,'',''),(42146,'2025-08-17 20:41:11','PHP Warning','',' PHP Warning:  Undefined array key 1 in C:\\wamp64\\www\\lib\\tcpdf\\6.10.0\\tcpdf.php on line 12066\r',0,NULL,'',''),(42147,'2025-08-17 20:41:11','PHP Warning','',' PHP Warning:  Undefined array key 2 in C:\\wamp64\\www\\lib\\tcpdf\\6.10.0\\tcpdf.php on line 12066\r',0,NULL,'',''),(42148,'2025-08-17 20:41:11','PHP Warning','',' PHP Warning:  Undefined array key 3 in C:\\wamp64\\www\\lib\\tcpdf\\6.10.0\\tcpdf.php on line 12066\r',0,NULL,'',''),(42149,'2025-08-17 20:41:11','PHP Warning','',' PHP Warning:  Undefined array key 0 in C:\\wamp64\\www\\lib\\tcpdf\\6.10.0\\tcpdf.php on line 12066\r',0,NULL,'',''),(42150,'2025-08-17 20:41:11','PHP Warning','',' PHP Warning:  Undefined array key 1 in C:\\wamp64\\www\\lib\\tcpdf\\6.10.0\\tcpdf.php on line 12066\r',0,NULL,'',''),(42151,'2025-08-17 20:41:11','PHP Warning','',' PHP Warning:  Undefined array key 2 in C:\\wamp64\\www\\lib\\tcpdf\\6.10.0\\tcpdf.php on line 12066\r',0,NULL,'',''),(42152,'2025-08-17 20:41:11','PHP Warning','',' PHP Warning:  Undefined array key 3 in C:\\wamp64\\www\\lib\\tcpdf\\6.10.0\\tcpdf.php on line 12066\r',0,NULL,'',''),(42153,'2025-08-17 20:41:11','PHP Warning','',' PHP Warning:  Undefined array key 0 in C:\\wamp64\\www\\lib\\tcpdf\\6.10.0\\tcpdf.php on line 12066\r',0,NULL,'',''),(42154,'2025-08-17 20:41:11','PHP Warning','',' PHP Warning:  Undefined array key 1 in C:\\wamp64\\www\\lib\\tcpdf\\6.10.0\\tcpdf.php on line 12066\r',0,NULL,'',''),(42155,'2025-08-17 20:41:11','PHP Warning','',' PHP Warning:  Undefined array key 2 in C:\\wamp64\\www\\lib\\tcpdf\\6.10.0\\tcpdf.php on line 12066\r',0,NULL,'',''),(42156,'2025-08-17 20:41:11','PHP Warning','',' PHP Warning:  Undefined array key 3 in C:\\wamp64\\www\\lib\\tcpdf\\6.10.0\\tcpdf.php on line 12066\r',0,NULL,'',''),(42157,'2025-08-17 20:41:11','PHP Warning','',' PHP Warning:  Undefined array key 0 in C:\\wamp64\\www\\lib\\tcpdf\\6.10.0\\tcpdf.php on line 12066\r',0,NULL,'',''),(42158,'2025-08-17 20:41:11','PHP Warning','',' PHP Warning:  Undefined array key 1 in C:\\wamp64\\www\\lib\\tcpdf\\6.10.0\\tcpdf.php on line 12066\r',0,NULL,'',''),(42159,'2025-08-17 20:41:11','PHP Warning','',' PHP Warning:  Undefined array key 2 in C:\\wamp64\\www\\lib\\tcpdf\\6.10.0\\tcpdf.php on line 12066\r',0,NULL,'',''),(42160,'2025-08-17 20:41:11','PHP Warning','',' PHP Warning:  Undefined array key 3 in C:\\wamp64\\www\\lib\\tcpdf\\6.10.0\\tcpdf.php on line 12066\r',0,NULL,'',''),(42161,'2025-08-17 20:41:11','PHP Warning','',' PHP Warning:  Undefined array key 0 in C:\\wamp64\\www\\lib\\tcpdf\\6.10.0\\tcpdf.php on line 12066\r',0,NULL,'',''),(42162,'2025-08-17 20:41:11','PHP Warning','',' PHP Warning:  Undefined array key 1 in C:\\wamp64\\www\\lib\\tcpdf\\6.10.0\\tcpdf.php on line 12066\r',0,NULL,'',''),(42163,'2025-08-17 20:41:11','PHP Warning','',' PHP Warning:  Undefined array key 2 in C:\\wamp64\\www\\lib\\tcpdf\\6.10.0\\tcpdf.php on line 12066\r',0,NULL,'',''),(42164,'2025-08-17 20:41:11','PHP Warning','',' PHP Warning:  Undefined array key 3 in C:\\wamp64\\www\\lib\\tcpdf\\6.10.0\\tcpdf.php on line 12066\r',0,NULL,'',''),(42165,'2025-08-17 20:41:11','PHP Warning','',' PHP Warning:  Undefined array key 0 in C:\\wamp64\\www\\lib\\tcpdf\\6.10.0\\tcpdf.php on line 12066\r',0,NULL,'',''),(42166,'2025-08-17 20:41:11','PHP Warning','',' PHP Warning:  Undefined array key 1 in C:\\wamp64\\www\\lib\\tcpdf\\6.10.0\\tcpdf.php on line 12066\r',0,NULL,'',''),(42167,'2025-08-17 20:41:11','PHP Warning','',' PHP Warning:  Undefined array key 2 in C:\\wamp64\\www\\lib\\tcpdf\\6.10.0\\tcpdf.php on line 12066\r',0,NULL,'',''),(42168,'2025-08-17 20:41:11','PHP Warning','',' PHP Warning:  Undefined array key 3 in C:\\wamp64\\www\\lib\\tcpdf\\6.10.0\\tcpdf.php on line 12066\r',0,NULL,'',''),(42169,'2025-08-17 20:41:11','PHP Warning','',' PHP Warning:  Undefined array key 0 in C:\\wamp64\\www\\lib\\tcpdf\\6.10.0\\tcpdf.php on line 12066\r',0,NULL,'',''),(42170,'2025-08-17 20:41:11','PHP Warning','',' PHP Warning:  Undefined array key 1 in C:\\wamp64\\www\\lib\\tcpdf\\6.10.0\\tcpdf.php on line 12066\r',0,NULL,'',''),(42171,'2025-08-17 20:41:11','PHP Warning','',' PHP Warning:  Undefined array key 2 in C:\\wamp64\\www\\lib\\tcpdf\\6.10.0\\tcpdf.php on line 12066\r',0,NULL,'',''),(42172,'2025-08-17 20:41:11','PHP Warning','',' PHP Warning:  Undefined array key 3 in C:\\wamp64\\www\\lib\\tcpdf\\6.10.0\\tcpdf.php on line 12066\r',0,NULL,'',''),(42173,'2025-08-17 20:41:11','PHP Warning','',' PHP Warning:  Undefined array key 0 in C:\\wamp64\\www\\lib\\tcpdf\\6.10.0\\tcpdf.php on line 12066\r',0,NULL,'',''),(42174,'2025-08-17 20:41:11','PHP Warning','',' PHP Warning:  Undefined array key 1 in C:\\wamp64\\www\\lib\\tcpdf\\6.10.0\\tcpdf.php on line 12066\r',0,NULL,'',''),(42175,'2025-08-17 20:41:11','PHP Warning','',' PHP Warning:  Undefined array key 2 in C:\\wamp64\\www\\lib\\tcpdf\\6.10.0\\tcpdf.php on line 12066\r',0,NULL,'',''),(42176,'2025-08-17 20:41:11','PHP Warning','',' PHP Warning:  Undefined array key 3 in C:\\wamp64\\www\\lib\\tcpdf\\6.10.0\\tcpdf.php on line 12066\r',0,NULL,'',''),(42177,'2025-08-17 20:41:11','PHP Warning','',' PHP Warning:  Undefined array key 0 in C:\\wamp64\\www\\lib\\tcpdf\\6.10.0\\tcpdf.php on line 12066\r',0,NULL,'',''),(42178,'2025-08-17 20:41:11','PHP Warning','',' PHP Warning:  Undefined array key 1 in C:\\wamp64\\www\\lib\\tcpdf\\6.10.0\\tcpdf.php on line 12066\r',0,NULL,'',''),(42179,'2025-08-17 20:41:11','PHP Warning','',' PHP Warning:  Undefined array key 2 in C:\\wamp64\\www\\lib\\tcpdf\\6.10.0\\tcpdf.php on line 12066\r',0,NULL,'',''),(42180,'2025-08-17 20:41:11','PHP Warning','',' PHP Warning:  Undefined array key 3 in C:\\wamp64\\www\\lib\\tcpdf\\6.10.0\\tcpdf.php on line 12066\r',0,NULL,'',''),(42181,'2025-08-17 20:41:11','PHP Warning','',' PHP Warning:  Undefined array key 0 in C:\\wamp64\\www\\lib\\tcpdf\\6.10.0\\tcpdf.php on line 12066\r',0,NULL,'',''),(42182,'2025-08-17 20:41:11','PHP Warning','',' PHP Warning:  Undefined array key 1 in C:\\wamp64\\www\\lib\\tcpdf\\6.10.0\\tcpdf.php on line 12066\r',0,NULL,'',''),(42183,'2025-08-17 20:41:11','PHP Warning','',' PHP Warning:  Undefined array key 2 in C:\\wamp64\\www\\lib\\tcpdf\\6.10.0\\tcpdf.php on line 12066\r',0,NULL,'',''),(42184,'2025-08-17 20:41:11','PHP Warning','',' PHP Warning:  Undefined array key 3 in C:\\wamp64\\www\\lib\\tcpdf\\6.10.0\\tcpdf.php on line 12066\r',0,NULL,'',''),(42185,'2025-08-17 20:41:11','PHP Warning','',' PHP Warning:  Undefined array key 0 in C:\\wamp64\\www\\lib\\tcpdf\\6.10.0\\tcpdf.php on line 12066\r',0,NULL,'',''),(42186,'2025-08-17 20:41:11','PHP Warning','',' PHP Warning:  Undefined array key 1 in C:\\wamp64\\www\\lib\\tcpdf\\6.10.0\\tcpdf.php on line 12066\r',0,NULL,'',''),(42187,'2025-08-17 20:41:11','PHP Warning','',' PHP Warning:  Undefined array key 2 in C:\\wamp64\\www\\lib\\tcpdf\\6.10.0\\tcpdf.php on line 12066\r',0,NULL,'',''),(42188,'2025-08-17 20:41:11','PHP Warning','',' PHP Warning:  Undefined array key 3 in C:\\wamp64\\www\\lib\\tcpdf\\6.10.0\\tcpdf.php on line 12066\r',0,NULL,'',''),(42189,'2025-08-17 20:41:11','PHP Warning','',' PHP Warning:  Undefined array key 0 in C:\\wamp64\\www\\lib\\tcpdf\\6.10.0\\tcpdf.php on line 12066\r',0,NULL,'',''),(42190,'2025-08-17 20:41:11','PHP Warning','',' PHP Warning:  Undefined array key 1 in C:\\wamp64\\www\\lib\\tcpdf\\6.10.0\\tcpdf.php on line 12066\r',0,NULL,'',''),(42191,'2025-08-17 20:41:11','PHP Warning','',' PHP Warning:  Undefined array key 2 in C:\\wamp64\\www\\lib\\tcpdf\\6.10.0\\tcpdf.php on line 12066\r',0,NULL,'',''),(42192,'2025-08-17 20:41:11','PHP Warning','',' PHP Warning:  Undefined array key 3 in C:\\wamp64\\www\\lib\\tcpdf\\6.10.0\\tcpdf.php on line 12066\r',0,NULL,'',''),(42193,'2025-08-17 20:41:11','PHP Warning','',' PHP Warning:  Undefined array key 0 in C:\\wamp64\\www\\lib\\tcpdf\\6.10.0\\tcpdf.php on line 12066\r',0,NULL,'',''),(42194,'2025-08-17 20:41:11','PHP Warning','',' PHP Warning:  Undefined array key 1 in C:\\wamp64\\www\\lib\\tcpdf\\6.10.0\\tcpdf.php on line 12066\r',0,NULL,'',''),(42195,'2025-08-17 20:41:11','PHP Warning','',' PHP Warning:  Undefined array key 2 in C:\\wamp64\\www\\lib\\tcpdf\\6.10.0\\tcpdf.php on line 12066\r',0,NULL,'',''),(42196,'2025-08-17 20:41:11','PHP Warning','',' PHP Warning:  Undefined array key 3 in C:\\wamp64\\www\\lib\\tcpdf\\6.10.0\\tcpdf.php on line 12066\r',0,NULL,'',''),(42197,'2025-08-17 20:41:11','PHP Warning','',' PHP Warning:  Undefined array key 0 in C:\\wamp64\\www\\lib\\tcpdf\\6.10.0\\tcpdf.php on line 12066\r',0,NULL,'',''),(42198,'2025-08-17 20:41:11','PHP Warning','',' PHP Warning:  Undefined array key 1 in C:\\wamp64\\www\\lib\\tcpdf\\6.10.0\\tcpdf.php on line 12066\r',0,NULL,'',''),(42199,'2025-08-17 20:41:11','PHP Warning','',' PHP Warning:  Undefined array key 2 in C:\\wamp64\\www\\lib\\tcpdf\\6.10.0\\tcpdf.php on line 12066\r',0,NULL,'',''),(42200,'2025-08-17 20:41:11','PHP Warning','',' PHP Warning:  Undefined array key 3 in C:\\wamp64\\www\\lib\\tcpdf\\6.10.0\\tcpdf.php on line 12066\r',0,NULL,'',''),(42201,'2025-08-17 20:41:11','PHP Warning','',' PHP Warning:  Undefined array key 0 in C:\\wamp64\\www\\lib\\tcpdf\\6.10.0\\tcpdf.php on line 12066\r',0,NULL,'',''),(42202,'2025-08-17 20:41:11','PHP Warning','',' PHP Warning:  Undefined array key 1 in C:\\wamp64\\www\\lib\\tcpdf\\6.10.0\\tcpdf.php on line 12066\r',0,NULL,'',''),(42203,'2025-08-17 20:41:11','PHP Warning','',' PHP Warning:  Undefined array key 2 in C:\\wamp64\\www\\lib\\tcpdf\\6.10.0\\tcpdf.php on line 12066\r',0,NULL,'',''),(42204,'2025-08-17 20:41:11','PHP Warning','',' PHP Warning:  Undefined array key 3 in C:\\wamp64\\www\\lib\\tcpdf\\6.10.0\\tcpdf.php on line 12066\r',0,NULL,'',''),(42205,'2025-08-17 20:41:11','PHP Warning','',' PHP Warning:  Undefined array key 0 in C:\\wamp64\\www\\lib\\tcpdf\\6.10.0\\tcpdf.php on line 12066\r',0,NULL,'',''),(42206,'2025-08-17 20:41:11','PHP Warning','',' PHP Warning:  Undefined array key 1 in C:\\wamp64\\www\\lib\\tcpdf\\6.10.0\\tcpdf.php on line 12066\r',0,NULL,'',''),(42207,'2025-08-17 20:41:11','PHP Warning','',' PHP Warning:  Undefined array key 2 in C:\\wamp64\\www\\lib\\tcpdf\\6.10.0\\tcpdf.php on line 12066\r',0,NULL,'',''),(42208,'2025-08-17 20:41:11','PHP Warning','',' PHP Warning:  Undefined array key 3 in C:\\wamp64\\www\\lib\\tcpdf\\6.10.0\\tcpdf.php on line 12066\r',0,NULL,'',''),(42209,'2025-08-17 20:41:11','PHP Warning','',' PHP Warning:  Undefined array key 0 in C:\\wamp64\\www\\lib\\tcpdf\\6.10.0\\tcpdf.php on line 12066\r',0,NULL,'',''),(42210,'2025-08-17 20:41:11','PHP Warning','',' PHP Warning:  Undefined array key 1 in C:\\wamp64\\www\\lib\\tcpdf\\6.10.0\\tcpdf.php on line 12066\r',0,NULL,'',''),(42211,'2025-08-17 20:41:11','PHP Warning','',' PHP Warning:  Undefined array key 2 in C:\\wamp64\\www\\lib\\tcpdf\\6.10.0\\tcpdf.php on line 12066\r',0,NULL,'',''),(42212,'2025-08-17 20:41:11','PHP Warning','',' PHP Warning:  Undefined array key 3 in C:\\wamp64\\www\\lib\\tcpdf\\6.10.0\\tcpdf.php on line 12066\r',0,NULL,'',''),(42213,'2025-08-17 20:41:11','PHP Warning','',' PHP Warning:  Undefined array key 0 in C:\\wamp64\\www\\lib\\tcpdf\\6.10.0\\tcpdf.php on line 12121\r',0,NULL,'',''),(42214,'2025-08-17 20:41:11','PHP Warning','',' PHP Warning:  Undefined array key 1 in C:\\wamp64\\www\\lib\\tcpdf\\6.10.0\\tcpdf.php on line 12121\r',0,NULL,'',''),(42215,'2025-08-17 20:41:11','PHP Warning','',' PHP Warning:  Undefined array key 0 in C:\\wamp64\\www\\lib\\tcpdf\\6.10.0\\tcpdf.php on line 12121\r',0,NULL,'',''),(42216,'2025-08-17 20:41:11','PHP Warning','',' PHP Warning:  Undefined array key 1 in C:\\wamp64\\www\\lib\\tcpdf\\6.10.0\\tcpdf.php on line 12121\r',0,NULL,'',''),(42217,'2025-08-17 20:41:11','PHP Warning','',' PHP Warning:  Undefined array key 0 in C:\\wamp64\\www\\lib\\tcpdf\\6.10.0\\tcpdf.php on line 12066\r',0,NULL,'',''),(42218,'2025-08-17 20:41:11','PHP Warning','',' PHP Warning:  Undefined array key 1 in C:\\wamp64\\www\\lib\\tcpdf\\6.10.0\\tcpdf.php on line 12066\r',0,NULL,'',''),(42219,'2025-08-17 20:41:11','PHP Warning','',' PHP Warning:  Undefined array key 2 in C:\\wamp64\\www\\lib\\tcpdf\\6.10.0\\tcpdf.php on line 12066\r',0,NULL,'',''),(42220,'2025-08-17 20:41:11','PHP Warning','',' PHP Warning:  Undefined array key 3 in C:\\wamp64\\www\\lib\\tcpdf\\6.10.0\\tcpdf.php on line 12066\r',0,NULL,'',''),(42221,'2025-08-17 20:41:11','PHP Warning','',' PHP Warning:  Undefined array key 0 in C:\\wamp64\\www\\lib\\tcpdf\\6.10.0\\tcpdf.php on line 12066\r',0,NULL,'',''),(42222,'2025-08-17 20:41:11','PHP Warning','',' PHP Warning:  Undefined array key 1 in C:\\wamp64\\www\\lib\\tcpdf\\6.10.0\\tcpdf.php on line 12066\r',0,NULL,'',''),(42223,'2025-08-17 20:41:11','PHP Warning','',' PHP Warning:  Undefined array key 2 in C:\\wamp64\\www\\lib\\tcpdf\\6.10.0\\tcpdf.php on line 12066\r',0,NULL,'',''),(42224,'2025-08-17 20:41:11','PHP Warning','',' PHP Warning:  Undefined array key 3 in C:\\wamp64\\www\\lib\\tcpdf\\6.10.0\\tcpdf.php on line 12066\r',0,NULL,'',''),(42225,'2025-08-17 20:41:11','PHP Warning','',' PHP Warning:  Undefined array key 0 in C:\\wamp64\\www\\lib\\tcpdf\\6.10.0\\tcpdf.php on line 12121\r',0,NULL,'',''),(42226,'2025-08-17 20:41:11','PHP Warning','',' PHP Warning:  Undefined array key 1 in C:\\wamp64\\www\\lib\\tcpdf\\6.10.0\\tcpdf.php on line 12121\r',0,NULL,'',''),(42227,'2025-08-17 20:41:11','PHP Warning','',' PHP Warning:  Undefined array key 0 in C:\\wamp64\\www\\lib\\tcpdf\\6.10.0\\tcpdf.php on line 12066\r',0,NULL,'',''),(42228,'2025-08-17 20:41:11','PHP Warning','',' PHP Warning:  Undefined array key 1 in C:\\wamp64\\www\\lib\\tcpdf\\6.10.0\\tcpdf.php on line 12066\r',0,NULL,'',''),(42229,'2025-08-17 20:41:11','PHP Warning','',' PHP Warning:  Undefined array key 2 in C:\\wamp64\\www\\lib\\tcpdf\\6.10.0\\tcpdf.php on line 12066\r',0,NULL,'',''),(42230,'2025-08-17 20:41:11','PHP Warning','',' PHP Warning:  Undefined array key 3 in C:\\wamp64\\www\\lib\\tcpdf\\6.10.0\\tcpdf.php on line 12066\r',0,NULL,'',''),(42231,'2025-08-17 20:41:11','PHP Warning','',' PHP Warning:  Undefined array key 0 in C:\\wamp64\\www\\lib\\tcpdf\\6.10.0\\tcpdf.php on line 12066\r',0,NULL,'',''),(42232,'2025-08-17 20:41:11','PHP Warning','',' PHP Warning:  Undefined array key 1 in C:\\wamp64\\www\\lib\\tcpdf\\6.10.0\\tcpdf.php on line 12066\r',0,NULL,'',''),(42233,'2025-08-17 20:41:11','PHP Warning','',' PHP Warning:  Undefined array key 2 in C:\\wamp64\\www\\lib\\tcpdf\\6.10.0\\tcpdf.php on line 12066\r',0,NULL,'',''),(42234,'2025-08-17 20:41:11','PHP Warning','',' PHP Warning:  Undefined array key 3 in C:\\wamp64\\www\\lib\\tcpdf\\6.10.0\\tcpdf.php on line 12066\r',0,NULL,'',''),(42235,'2025-08-17 20:41:11','PHP Warning','',' PHP Warning:  Undefined array key 0 in C:\\wamp64\\www\\lib\\tcpdf\\6.10.0\\tcpdf.php on line 12066\r',0,NULL,'',''),(42236,'2025-08-17 20:41:11','PHP Warning','',' PHP Warning:  Undefined array key 1 in C:\\wamp64\\www\\lib\\tcpdf\\6.10.0\\tcpdf.php on line 12066\r',0,NULL,'',''),(42237,'2025-08-17 20:41:11','PHP Warning','',' PHP Warning:  Undefined array key 2 in C:\\wamp64\\www\\lib\\tcpdf\\6.10.0\\tcpdf.php on line 12066\r',0,NULL,'',''),(42238,'2025-08-17 20:41:11','PHP Warning','',' PHP Warning:  Undefined array key 3 in C:\\wamp64\\www\\lib\\tcpdf\\6.10.0\\tcpdf.php on line 12066\r',0,NULL,'',''),(42239,'2025-08-17 20:41:11','PHP Warning','',' PHP Warning:  Undefined array key 0 in C:\\wamp64\\www\\lib\\tcpdf\\6.10.0\\tcpdf.php on line 12066\r',0,NULL,'',''),(42240,'2025-08-17 20:41:11','PHP Warning','',' PHP Warning:  Undefined array key 1 in C:\\wamp64\\www\\lib\\tcpdf\\6.10.0\\tcpdf.php on line 12066\r',0,NULL,'',''),(42241,'2025-08-17 20:41:11','PHP Warning','',' PHP Warning:  Undefined array key 2 in C:\\wamp64\\www\\lib\\tcpdf\\6.10.0\\tcpdf.php on line 12066\r',0,NULL,'',''),(42242,'2025-08-17 20:41:11','PHP Warning','',' PHP Warning:  Undefined array key 3 in C:\\wamp64\\www\\lib\\tcpdf\\6.10.0\\tcpdf.php on line 12066\r',0,NULL,'',''),(42243,'2025-08-17 20:41:11','PHP Warning','',' PHP Warning:  Undefined array key 0 in C:\\wamp64\\www\\lib\\tcpdf\\6.10.0\\tcpdf.php on line 12066\r',0,NULL,'',''),(42244,'2025-08-17 20:41:11','PHP Warning','',' PHP Warning:  Undefined array key 1 in C:\\wamp64\\www\\lib\\tcpdf\\6.10.0\\tcpdf.php on line 12066\r',0,NULL,'',''),(42245,'2025-08-17 20:41:11','PHP Warning','',' PHP Warning:  Undefined array key 2 in C:\\wamp64\\www\\lib\\tcpdf\\6.10.0\\tcpdf.php on line 12066\r',0,NULL,'',''),(42246,'2025-08-17 20:41:11','PHP Warning','',' PHP Warning:  Undefined array key 3 in C:\\wamp64\\www\\lib\\tcpdf\\6.10.0\\tcpdf.php on line 12066\r',0,NULL,'',''),(42247,'2025-08-17 20:41:11','PHP Warning','',' PHP Warning:  Undefined array key 0 in C:\\wamp64\\www\\lib\\tcpdf\\6.10.0\\tcpdf.php on line 12066\r',0,NULL,'',''),(42248,'2025-08-17 20:41:11','PHP Warning','',' PHP Warning:  Undefined array key 1 in C:\\wamp64\\www\\lib\\tcpdf\\6.10.0\\tcpdf.php on line 12066\r',0,NULL,'',''),(42249,'2025-08-17 20:41:11','PHP Warning','',' PHP Warning:  Undefined array key 2 in C:\\wamp64\\www\\lib\\tcpdf\\6.10.0\\tcpdf.php on line 12066\r',0,NULL,'',''),(42250,'2025-08-17 20:41:11','PHP Warning','',' PHP Warning:  Undefined array key 3 in C:\\wamp64\\www\\lib\\tcpdf\\6.10.0\\tcpdf.php on line 12066\r',0,NULL,'',''),(42251,'2025-08-17 20:41:11','PHP Warning','',' PHP Warning:  Undefined array key 0 in C:\\wamp64\\www\\lib\\tcpdf\\6.10.0\\tcpdf.php on line 12066\r',0,NULL,'',''),(42252,'2025-08-17 20:41:11','PHP Warning','',' PHP Warning:  Undefined array key 1 in C:\\wamp64\\www\\lib\\tcpdf\\6.10.0\\tcpdf.php on line 12066\r',0,NULL,'',''),(42253,'2025-08-17 20:41:11','PHP Warning','',' PHP Warning:  Undefined array key 2 in C:\\wamp64\\www\\lib\\tcpdf\\6.10.0\\tcpdf.php on line 12066\r',0,NULL,'',''),(42254,'2025-08-17 20:41:11','PHP Warning','',' PHP Warning:  Undefined array key 3 in C:\\wamp64\\www\\lib\\tcpdf\\6.10.0\\tcpdf.php on line 12066\r',0,NULL,'',''),(42255,'2025-08-17 20:41:11','PHP Warning','',' PHP Warning:  Undefined array key 0 in C:\\wamp64\\www\\lib\\tcpdf\\6.10.0\\tcpdf.php on line 12066\r',0,NULL,'',''),(42256,'2025-08-17 20:41:11','PHP Warning','',' PHP Warning:  Undefined array key 1 in C:\\wamp64\\www\\lib\\tcpdf\\6.10.0\\tcpdf.php on line 12066\r',0,NULL,'',''),(42257,'2025-08-17 20:41:11','PHP Warning','',' PHP Warning:  Undefined array key 2 in C:\\wamp64\\www\\lib\\tcpdf\\6.10.0\\tcpdf.php on line 12066\r',0,NULL,'',''),(42258,'2025-08-17 20:41:11','PHP Warning','',' PHP Warning:  Undefined array key 3 in C:\\wamp64\\www\\lib\\tcpdf\\6.10.0\\tcpdf.php on line 12066\r',0,NULL,'',''),(42259,'2025-08-17 20:41:11','PHP Warning','',' PHP Warning:  Undefined array key 0 in C:\\wamp64\\www\\lib\\tcpdf\\6.10.0\\tcpdf.php on line 12066\r',0,NULL,'',''),(42260,'2025-08-17 20:41:11','PHP Warning','',' PHP Warning:  Undefined array key 1 in C:\\wamp64\\www\\lib\\tcpdf\\6.10.0\\tcpdf.php on line 12066\r',0,NULL,'',''),(42261,'2025-08-17 20:41:11','PHP Warning','',' PHP Warning:  Undefined array key 2 in C:\\wamp64\\www\\lib\\tcpdf\\6.10.0\\tcpdf.php on line 12066\r',0,NULL,'',''),(42262,'2025-08-17 20:41:11','PHP Warning','',' PHP Warning:  Undefined array key 3 in C:\\wamp64\\www\\lib\\tcpdf\\6.10.0\\tcpdf.php on line 12066\r',0,NULL,'',''),(42263,'2025-08-17 20:41:11','PHP Warning','',' PHP Warning:  Undefined array key 0 in C:\\wamp64\\www\\lib\\tcpdf\\6.10.0\\tcpdf.php on line 12121\r',0,NULL,'',''),(42264,'2025-08-17 20:41:11','PHP Warning','',' PHP Warning:  Undefined array key 1 in C:\\wamp64\\www\\lib\\tcpdf\\6.10.0\\tcpdf.php on line 12121\r',0,NULL,'',''),(42265,'2025-08-17 20:41:11','PHP Warning','',' PHP Warning:  Undefined array key 0 in C:\\wamp64\\www\\lib\\tcpdf\\6.10.0\\tcpdf.php on line 12121\r',0,NULL,'',''),(42266,'2025-08-17 20:41:11','PHP Warning','',' PHP Warning:  Undefined array key 1 in C:\\wamp64\\www\\lib\\tcpdf\\6.10.0\\tcpdf.php on line 12121\r',0,NULL,'',''),(42267,'2025-08-17 20:41:11','PHP Warning','',' PHP Warning:  Undefined array key 0 in C:\\wamp64\\www\\lib\\tcpdf\\6.10.0\\tcpdf.php on line 12121\r',0,NULL,'',''),(42268,'2025-08-17 20:41:11','PHP Warning','',' PHP Warning:  Undefined array key 1 in C:\\wamp64\\www\\lib\\tcpdf\\6.10.0\\tcpdf.php on line 12121\r',0,NULL,'',''),(42269,'2025-08-17 20:41:11','PHP Warning','',' PHP Warning:  Undefined array key 0 in C:\\wamp64\\www\\lib\\tcpdf\\6.10.0\\tcpdf.php on line 12121\r',0,NULL,'',''),(42270,'2025-08-17 20:41:11','PHP Warning','',' PHP Warning:  Undefined array key 1 in C:\\wamp64\\www\\lib\\tcpdf\\6.10.0\\tcpdf.php on line 12121\r',0,NULL,'',''),(42271,'2025-08-17 20:41:11','PHP Warning','',' PHP Warning:  Undefined array key 0 in C:\\wamp64\\www\\lib\\tcpdf\\6.10.0\\tcpdf.php on line 12121\r',0,NULL,'',''),(42272,'2025-08-17 20:41:11','PHP Warning','',' PHP Warning:  Undefined array key 1 in C:\\wamp64\\www\\lib\\tcpdf\\6.10.0\\tcpdf.php on line 12121\r',0,NULL,'',''),(42273,'2025-08-17 20:41:11','PHP Warning','',' PHP Warning:  Undefined array key 0 in C:\\wamp64\\www\\lib\\tcpdf\\6.10.0\\tcpdf.php on line 12121\r',0,NULL,'',''),(42274,'2025-08-17 20:41:11','PHP Warning','',' PHP Warning:  Undefined array key 1 in C:\\wamp64\\www\\lib\\tcpdf\\6.10.0\\tcpdf.php on line 12121\r',0,NULL,'',''),(42275,'2025-08-17 20:41:11','PHP Warning','',' PHP Warning:  Undefined array key 0 in C:\\wamp64\\www\\lib\\tcpdf\\6.10.0\\tcpdf.php on line 12121\r',0,NULL,'',''),(42276,'2025-08-17 20:41:11','PHP Warning','',' PHP Warning:  Undefined array key 1 in C:\\wamp64\\www\\lib\\tcpdf\\6.10.0\\tcpdf.php on line 12121\r',0,NULL,'',''),(42277,'2025-08-17 20:41:11','PHP Warning','',' PHP Warning:  Undefined array key 0 in C:\\wamp64\\www\\lib\\tcpdf\\6.10.0\\tcpdf.php on line 12121\r',0,NULL,'',''),(42278,'2025-08-17 20:41:11','PHP Warning','',' PHP Warning:  Undefined array key 1 in C:\\wamp64\\www\\lib\\tcpdf\\6.10.0\\tcpdf.php on line 12121\r',0,NULL,'',''),(42279,'2025-08-17 20:41:11','PHP Warning','',' PHP Warning:  Undefined array key 0 in C:\\wamp64\\www\\lib\\tcpdf\\6.10.0\\tcpdf.php on line 12121\r',0,NULL,'',''),(42280,'2025-08-17 20:41:11','PHP Warning','',' PHP Warning:  Undefined array key 1 in C:\\wamp64\\www\\lib\\tcpdf\\6.10.0\\tcpdf.php on line 12121\r',0,NULL,'',''),(42281,'2025-08-17 20:41:11','PHP Warning','',' PHP Warning:  Undefined array key 0 in C:\\wamp64\\www\\lib\\tcpdf\\6.10.0\\tcpdf.php on line 12121\r',0,NULL,'',''),(42282,'2025-08-17 20:41:11','PHP Warning','',' PHP Warning:  Undefined array key 1 in C:\\wamp64\\www\\lib\\tcpdf\\6.10.0\\tcpdf.php on line 12121\r',0,NULL,'',''),(42283,'2025-08-17 20:41:11','PHP Warning','',' PHP Warning:  Undefined array key 0 in C:\\wamp64\\www\\lib\\tcpdf\\6.10.0\\tcpdf.php on line 12121\r',0,NULL,'',''),(42284,'2025-08-17 20:41:11','PHP Warning','',' PHP Warning:  Undefined array key 1 in C:\\wamp64\\www\\lib\\tcpdf\\6.10.0\\tcpdf.php on line 12121\r',0,NULL,'',''),(42285,'2025-08-17 20:41:11','PHP Warning','',' PHP Warning:  Undefined array key 0 in C:\\wamp64\\www\\lib\\tcpdf\\6.10.0\\tcpdf.php on line 12121\r',0,NULL,'',''),(42286,'2025-08-17 20:41:11','PHP Warning','',' PHP Warning:  Undefined array key 1 in C:\\wamp64\\www\\lib\\tcpdf\\6.10.0\\tcpdf.php on line 12121\r',0,NULL,'',''),(42287,'2025-08-17 20:41:11','PHP Warning','',' PHP Warning:  Undefined array key 0 in C:\\wamp64\\www\\lib\\tcpdf\\6.10.0\\tcpdf.php on line 12121\r',0,NULL,'',''),(42288,'2025-08-17 20:41:11','PHP Warning','',' PHP Warning:  Undefined array key 1 in C:\\wamp64\\www\\lib\\tcpdf\\6.10.0\\tcpdf.php on line 12121\r',0,NULL,'',''),(42289,'2025-08-17 20:41:11','PHP Warning','',' PHP Warning:  Undefined array key 0 in C:\\wamp64\\www\\lib\\tcpdf\\6.10.0\\tcpdf.php on line 12121\r',0,NULL,'',''),(42290,'2025-08-17 20:41:11','PHP Warning','',' PHP Warning:  Undefined array key 1 in C:\\wamp64\\www\\lib\\tcpdf\\6.10.0\\tcpdf.php on line 12121\r',0,NULL,'',''),(42291,'2025-08-17 20:41:11','PHP Warning','',' PHP Warning:  Undefined array key 0 in C:\\wamp64\\www\\lib\\tcpdf\\6.10.0\\tcpdf.php on line 12121\r',0,NULL,'',''),(42292,'2025-08-17 20:41:11','PHP Warning','',' PHP Warning:  Undefined array key 1 in C:\\wamp64\\www\\lib\\tcpdf\\6.10.0\\tcpdf.php on line 12121\r',0,NULL,'',''),(42293,'2025-08-17 20:41:11','PHP Warning','',' PHP Warning:  Undefined array key 0 in C:\\wamp64\\www\\lib\\tcpdf\\6.10.0\\tcpdf.php on line 12121\r',0,NULL,'',''),(42294,'2025-08-17 20:41:11','PHP Warning','',' PHP Warning:  Undefined array key 1 in C:\\wamp64\\www\\lib\\tcpdf\\6.10.0\\tcpdf.php on line 12121\r',0,NULL,'',''),(42295,'2025-08-17 20:41:11','PHP Warning','',' PHP Warning:  Undefined array key 0 in C:\\wamp64\\www\\lib\\tcpdf\\6.10.0\\tcpdf.php on line 12121\r',0,NULL,'',''),(42296,'2025-08-17 20:41:11','PHP Warning','',' PHP Warning:  Undefined array key 1 in C:\\wamp64\\www\\lib\\tcpdf\\6.10.0\\tcpdf.php on line 12121\r',0,NULL,'',''),(42297,'2025-08-17 20:41:11','PHP Warning','',' PHP Warning:  Undefined array key 0 in C:\\wamp64\\www\\lib\\tcpdf\\6.10.0\\tcpdf.php on line 12121\r',0,NULL,'',''),(42298,'2025-08-17 20:41:11','PHP Warning','',' PHP Warning:  Undefined array key 1 in C:\\wamp64\\www\\lib\\tcpdf\\6.10.0\\tcpdf.php on line 12121\r',0,NULL,'',''),(42299,'2025-08-17 20:41:11','PHP Warning','',' PHP Warning:  Undefined array key 0 in C:\\wamp64\\www\\lib\\tcpdf\\6.10.0\\tcpdf.php on line 12121\r',0,NULL,'',''),(42300,'2025-08-17 20:41:11','PHP Warning','',' PHP Warning:  Undefined array key 1 in C:\\wamp64\\www\\lib\\tcpdf\\6.10.0\\tcpdf.php on line 12121\r',0,NULL,'',''),(42301,'2025-08-17 20:41:11','PHP Warning','',' PHP Warning:  Undefined array key 0 in C:\\wamp64\\www\\lib\\tcpdf\\6.10.0\\tcpdf.php on line 12121\r',0,NULL,'',''),(42302,'2025-08-17 20:41:11','PHP Warning','',' PHP Warning:  Undefined array key 1 in C:\\wamp64\\www\\lib\\tcpdf\\6.10.0\\tcpdf.php on line 12121\r',0,NULL,'',''),(42303,'2025-08-17 20:41:11','PHP Warning','',' PHP Warning:  Undefined array key 0 in C:\\wamp64\\www\\lib\\tcpdf\\6.10.0\\tcpdf.php on line 12121\r',0,NULL,'',''),(42304,'2025-08-17 20:41:11','PHP Warning','',' PHP Warning:  Undefined array key 1 in C:\\wamp64\\www\\lib\\tcpdf\\6.10.0\\tcpdf.php on line 12121\r',0,NULL,'',''),(42305,'2025-08-17 20:41:11','PHP Warning','',' PHP Warning:  Undefined array key 0 in C:\\wamp64\\www\\lib\\tcpdf\\6.10.0\\tcpdf.php on line 12121\r',0,NULL,'',''),(42306,'2025-08-17 20:41:11','PHP Warning','',' PHP Warning:  Undefined array key 1 in C:\\wamp64\\www\\lib\\tcpdf\\6.10.0\\tcpdf.php on line 12121\r',0,NULL,'',''),(42307,'2025-08-17 20:41:11','PHP Warning','',' PHP Warning:  Undefined array key 0 in C:\\wamp64\\www\\lib\\tcpdf\\6.10.0\\tcpdf.php on line 12121\r',0,NULL,'',''),(42308,'2025-08-17 20:41:11','PHP Warning','',' PHP Warning:  Undefined array key 1 in C:\\wamp64\\www\\lib\\tcpdf\\6.10.0\\tcpdf.php on line 12121\r',0,NULL,'',''),(42309,'2025-08-17 20:41:11','PHP Warning','',' PHP Warning:  Undefined array key 0 in C:\\wamp64\\www\\lib\\tcpdf\\6.10.0\\tcpdf.php on line 12121\r',0,NULL,'',''),(42310,'2025-08-17 20:41:11','PHP Warning','',' PHP Warning:  Undefined array key 1 in C:\\wamp64\\www\\lib\\tcpdf\\6.10.0\\tcpdf.php on line 12121\r',0,NULL,'',''),(42311,'2025-08-17 20:41:11','PHP Warning','',' PHP Warning:  Undefined array key 0 in C:\\wamp64\\www\\lib\\tcpdf\\6.10.0\\tcpdf.php on line 12121\r',0,NULL,'',''),(42312,'2025-08-17 20:41:11','PHP Warning','',' PHP Warning:  Undefined array key 1 in C:\\wamp64\\www\\lib\\tcpdf\\6.10.0\\tcpdf.php on line 12121\r',0,NULL,'',''),(42313,'2025-08-17 20:41:11','PHP Warning','',' PHP Warning:  Undefined array key 0 in C:\\wamp64\\www\\lib\\tcpdf\\6.10.0\\tcpdf.php on line 12121\r',0,NULL,'',''),(42314,'2025-08-17 20:41:11','PHP Warning','',' PHP Warning:  Undefined array key 1 in C:\\wamp64\\www\\lib\\tcpdf\\6.10.0\\tcpdf.php on line 12121\r',0,NULL,'',''),(42315,'2025-08-17 20:41:11','PHP Warning','',' PHP Warning:  Undefined array key 0 in C:\\wamp64\\www\\lib\\tcpdf\\6.10.0\\tcpdf.php on line 12121\r',0,NULL,'',''),(42316,'2025-08-17 20:41:11','PHP Warning','',' PHP Warning:  Undefined array key 1 in C:\\wamp64\\www\\lib\\tcpdf\\6.10.0\\tcpdf.php on line 12121\r',0,NULL,'',''),(42317,'2025-08-17 20:41:11','PHP Warning','',' PHP Warning:  Undefined array key 0 in C:\\wamp64\\www\\lib\\tcpdf\\6.10.0\\tcpdf.php on line 12121\r',0,NULL,'',''),(42318,'2025-08-17 20:41:11','PHP Warning','',' PHP Warning:  Undefined array key 1 in C:\\wamp64\\www\\lib\\tcpdf\\6.10.0\\tcpdf.php on line 12121\r',0,NULL,'',''),(42319,'2025-08-17 20:41:11','PHP Warning','',' PHP Warning:  Undefined array key 0 in C:\\wamp64\\www\\lib\\tcpdf\\6.10.0\\tcpdf.php on line 12121\r',0,NULL,'',''),(42320,'2025-08-17 20:41:11','PHP Warning','',' PHP Warning:  Undefined array key 1 in C:\\wamp64\\www\\lib\\tcpdf\\6.10.0\\tcpdf.php on line 12121\r',0,NULL,'',''),(42321,'2025-08-17 20:41:11','PHP Warning','',' PHP Warning:  Undefined array key 0 in C:\\wamp64\\www\\lib\\tcpdf\\6.10.0\\tcpdf.php on line 12121\r',0,NULL,'',''),(42322,'2025-08-17 20:41:11','PHP Warning','',' PHP Warning:  Undefined array key 1 in C:\\wamp64\\www\\lib\\tcpdf\\6.10.0\\tcpdf.php on line 12121\r',0,NULL,'',''),(42323,'2025-08-17 20:41:11','PHP Warning','',' PHP Warning:  Undefined array key 0 in C:\\wamp64\\www\\lib\\tcpdf\\6.10.0\\tcpdf.php on line 12121\r',0,NULL,'',''),(42324,'2025-08-17 20:41:11','PHP Warning','',' PHP Warning:  Undefined array key 1 in C:\\wamp64\\www\\lib\\tcpdf\\6.10.0\\tcpdf.php on line 12121\r',0,NULL,'',''),(42325,'2025-08-17 20:41:11','PHP Warning','',' PHP Warning:  Undefined array key 0 in C:\\wamp64\\www\\lib\\tcpdf\\6.10.0\\tcpdf.php on line 12121\r',0,NULL,'',''),(42326,'2025-08-17 20:41:11','PHP Warning','',' PHP Warning:  Undefined array key 1 in C:\\wamp64\\www\\lib\\tcpdf\\6.10.0\\tcpdf.php on line 12121\r',0,NULL,'',''),(42327,'2025-08-17 20:41:11','PHP Warning','',' PHP Warning:  Undefined array key 0 in C:\\wamp64\\www\\lib\\tcpdf\\6.10.0\\tcpdf.php on line 12121\r',0,NULL,'',''),(42328,'2025-08-17 20:41:11','PHP Warning','',' PHP Warning:  Undefined array key 1 in C:\\wamp64\\www\\lib\\tcpdf\\6.10.0\\tcpdf.php on line 12121\r',0,NULL,'',''),(42329,'2025-08-17 20:41:11','PHP Warning','',' PHP Warning:  Undefined array key 0 in C:\\wamp64\\www\\lib\\tcpdf\\6.10.0\\tcpdf.php on line 12121\r',0,NULL,'',''),(42330,'2025-08-17 20:41:11','PHP Warning','',' PHP Warning:  Undefined array key 1 in C:\\wamp64\\www\\lib\\tcpdf\\6.10.0\\tcpdf.php on line 12121\r',0,NULL,'',''),(42331,'2025-08-17 20:41:11','PHP Warning','',' PHP Warning:  Undefined array key 0 in C:\\wamp64\\www\\lib\\tcpdf\\6.10.0\\tcpdf.php on line 12121\r',0,NULL,'',''),(42332,'2025-08-17 20:41:11','PHP Warning','',' PHP Warning:  Undefined array key 1 in C:\\wamp64\\www\\lib\\tcpdf\\6.10.0\\tcpdf.php on line 12121\r',0,NULL,'',''),(42333,'2025-08-17 20:41:11','PHP Warning','',' PHP Warning:  Undefined array key 0 in C:\\wamp64\\www\\lib\\tcpdf\\6.10.0\\tcpdf.php on line 12121\r',0,NULL,'',''),(42334,'2025-08-17 20:41:11','PHP Warning','',' PHP Warning:  Undefined array key 1 in C:\\wamp64\\www\\lib\\tcpdf\\6.10.0\\tcpdf.php on line 12121\r',0,NULL,'',''),(42335,'2025-08-17 20:41:11','PHP Warning','',' PHP Warning:  Undefined array key 0 in C:\\wamp64\\www\\lib\\tcpdf\\6.10.0\\tcpdf.php on line 12121\r',0,NULL,'',''),(42336,'2025-08-17 20:41:11','PHP Warning','',' PHP Warning:  Undefined array key 1 in C:\\wamp64\\www\\lib\\tcpdf\\6.10.0\\tcpdf.php on line 12121\r',0,NULL,'',''),(42337,'2025-08-17 20:41:11','PHP Warning','',' PHP Warning:  Undefined array key 0 in C:\\wamp64\\www\\lib\\tcpdf\\6.10.0\\tcpdf.php on line 12121\r',0,NULL,'',''),(42338,'2025-08-17 20:41:11','PHP Warning','',' PHP Warning:  Undefined array key 1 in C:\\wamp64\\www\\lib\\tcpdf\\6.10.0\\tcpdf.php on line 12121\r',0,NULL,'',''),(42339,'2025-08-17 20:41:11','PHP Warning','',' PHP Warning:  Undefined array key 0 in C:\\wamp64\\www\\lib\\tcpdf\\6.10.0\\tcpdf.php on line 12121\r',0,NULL,'',''),(42340,'2025-08-17 20:41:11','PHP Warning','',' PHP Warning:  Undefined array key 1 in C:\\wamp64\\www\\lib\\tcpdf\\6.10.0\\tcpdf.php on line 12121\r',0,NULL,'',''),(42341,'2025-08-17 20:41:11','PHP Warning','',' PHP Warning:  Undefined array key 0 in C:\\wamp64\\www\\lib\\tcpdf\\6.10.0\\tcpdf.php on line 12121\r',0,NULL,'',''),(42342,'2025-08-17 20:41:11','PHP Warning','',' PHP Warning:  Undefined array key 1 in C:\\wamp64\\www\\lib\\tcpdf\\6.10.0\\tcpdf.php on line 12121\r',0,NULL,'',''),(42343,'2025-08-17 20:41:11','PHP Warning','',' PHP Warning:  Undefined array key 0 in C:\\wamp64\\www\\lib\\tcpdf\\6.10.0\\tcpdf.php on line 12121\r',0,NULL,'',''),(42344,'2025-08-17 20:41:11','PHP Warning','',' PHP Warning:  Undefined array key 1 in C:\\wamp64\\www\\lib\\tcpdf\\6.10.0\\tcpdf.php on line 12121\r',0,NULL,'',''),(42345,'2025-08-17 20:41:11','PHP Warning','',' PHP Warning:  Undefined array key 0 in C:\\wamp64\\www\\lib\\tcpdf\\6.10.0\\tcpdf.php on line 12121\r',0,NULL,'',''),(42346,'2025-08-17 20:41:11','PHP Warning','',' PHP Warning:  Undefined array key 1 in C:\\wamp64\\www\\lib\\tcpdf\\6.10.0\\tcpdf.php on line 12121\r',0,NULL,'',''),(42347,'2025-08-17 20:41:11','PHP Warning','',' PHP Warning:  Undefined array key 0 in C:\\wamp64\\www\\lib\\tcpdf\\6.10.0\\tcpdf.php on line 12121\r',0,NULL,'',''),(42348,'2025-08-17 20:41:11','PHP Warning','',' PHP Warning:  Undefined array key 1 in C:\\wamp64\\www\\lib\\tcpdf\\6.10.0\\tcpdf.php on line 12121\r',0,NULL,'',''),(42349,'2025-08-17 20:41:11','PHP Warning','',' PHP Warning:  Undefined array key 0 in C:\\wamp64\\www\\lib\\tcpdf\\6.10.0\\tcpdf.php on line 12121\r',0,NULL,'',''),(42350,'2025-08-17 20:41:11','PHP Warning','',' PHP Warning:  Undefined array key 1 in C:\\wamp64\\www\\lib\\tcpdf\\6.10.0\\tcpdf.php on line 12121\r',0,NULL,'',''),(42351,'2025-08-17 20:41:11','PHP Warning','',' PHP Warning:  Undefined array key 0 in C:\\wamp64\\www\\lib\\tcpdf\\6.10.0\\tcpdf.php on line 12121\r',0,NULL,'',''),(42352,'2025-08-17 20:41:11','PHP Warning','',' PHP Warning:  Undefined array key 1 in C:\\wamp64\\www\\lib\\tcpdf\\6.10.0\\tcpdf.php on line 12121\r',0,NULL,'',''),(42353,'2025-08-17 20:41:11','PHP Warning','',' PHP Warning:  Undefined array key 0 in C:\\wamp64\\www\\lib\\tcpdf\\6.10.0\\tcpdf.php on line 12121\r',0,NULL,'',''),(42354,'2025-08-17 20:41:11','PHP Warning','',' PHP Warning:  Undefined array key 1 in C:\\wamp64\\www\\lib\\tcpdf\\6.10.0\\tcpdf.php on line 12121\r',0,NULL,'',''),(42355,'2025-08-17 20:41:11','PHP Warning','',' PHP Warning:  Undefined array key 0 in C:\\wamp64\\www\\lib\\tcpdf\\6.10.0\\tcpdf.php on line 12121\r',0,NULL,'',''),(42356,'2025-08-17 20:41:11','PHP Warning','',' PHP Warning:  Undefined array key 1 in C:\\wamp64\\www\\lib\\tcpdf\\6.10.0\\tcpdf.php on line 12121\r',0,NULL,'',''),(42357,'2025-08-17 20:41:11','PHP Warning','',' PHP Warning:  Undefined array key 0 in C:\\wamp64\\www\\lib\\tcpdf\\6.10.0\\tcpdf.php on line 12121\r',0,NULL,'',''),(42358,'2025-08-17 20:41:11','PHP Warning','',' PHP Warning:  Undefined array key 1 in C:\\wamp64\\www\\lib\\tcpdf\\6.10.0\\tcpdf.php on line 12121\r',0,NULL,'',''),(42359,'2025-08-17 20:41:11','PHP Warning','',' PHP Warning:  Undefined array key 0 in C:\\wamp64\\www\\lib\\tcpdf\\6.10.0\\tcpdf.php on line 12121\r',0,NULL,'',''),(42360,'2025-08-17 20:41:11','PHP Warning','',' PHP Warning:  Undefined array key 1 in C:\\wamp64\\www\\lib\\tcpdf\\6.10.0\\tcpdf.php on line 12121\r',0,NULL,'',''),(42361,'2025-08-17 20:41:11','PHP Warning','',' PHP Warning:  Undefined array key 0 in C:\\wamp64\\www\\lib\\tcpdf\\6.10.0\\tcpdf.php on line 12066\r',0,NULL,'',''),(42362,'2025-08-17 20:41:11','PHP Warning','',' PHP Warning:  Undefined array key 1 in C:\\wamp64\\www\\lib\\tcpdf\\6.10.0\\tcpdf.php on line 12066\r',0,NULL,'',''),(42363,'2025-08-17 20:41:11','PHP Warning','',' PHP Warning:  Undefined array key 2 in C:\\wamp64\\www\\lib\\tcpdf\\6.10.0\\tcpdf.php on line 12066\r',0,NULL,'',''),(42364,'2025-08-17 20:41:11','PHP Warning','',' PHP Warning:  Undefined array key 3 in C:\\wamp64\\www\\lib\\tcpdf\\6.10.0\\tcpdf.php on line 12066\r',0,NULL,'',''),(42365,'2025-08-17 20:41:11','PHP Warning','',' PHP Warning:  Undefined array key 0 in C:\\wamp64\\www\\lib\\tcpdf\\6.10.0\\tcpdf.php on line 12066\r',0,NULL,'',''),(42366,'2025-08-17 20:41:11','PHP Warning','',' PHP Warning:  Undefined array key 1 in C:\\wamp64\\www\\lib\\tcpdf\\6.10.0\\tcpdf.php on line 12066\r',0,NULL,'',''),(42367,'2025-08-17 20:41:11','PHP Warning','',' PHP Warning:  Undefined array key 2 in C:\\wamp64\\www\\lib\\tcpdf\\6.10.0\\tcpdf.php on line 12066\r',0,NULL,'',''),(42368,'2025-08-17 20:41:11','PHP Warning','',' PHP Warning:  Undefined array key 3 in C:\\wamp64\\www\\lib\\tcpdf\\6.10.0\\tcpdf.php on line 12066\r',0,NULL,'',''),(42369,'2025-08-17 20:41:11','PHP Warning','',' PHP Warning:  Undefined array key 0 in C:\\wamp64\\www\\lib\\tcpdf\\6.10.0\\tcpdf.php on line 12066\r',0,NULL,'',''),(42370,'2025-08-17 20:41:11','PHP Warning','',' PHP Warning:  Undefined array key 1 in C:\\wamp64\\www\\lib\\tcpdf\\6.10.0\\tcpdf.php on line 12066\r',0,NULL,'',''),(42371,'2025-08-17 20:41:11','PHP Warning','',' PHP Warning:  Undefined array key 2 in C:\\wamp64\\www\\lib\\tcpdf\\6.10.0\\tcpdf.php on line 12066\r',0,NULL,'',''),(42372,'2025-08-17 20:41:11','PHP Warning','',' PHP Warning:  Undefined array key 3 in C:\\wamp64\\www\\lib\\tcpdf\\6.10.0\\tcpdf.php on line 12066\r',0,NULL,'',''),(42373,'2025-08-17 20:41:11','PHP Warning','',' PHP Warning:  Undefined array key 0 in C:\\wamp64\\www\\lib\\tcpdf\\6.10.0\\tcpdf.php on line 12066\r',0,NULL,'',''),(42374,'2025-08-17 20:41:11','PHP Warning','',' PHP Warning:  Undefined array key 1 in C:\\wamp64\\www\\lib\\tcpdf\\6.10.0\\tcpdf.php on line 12066\r',0,NULL,'',''),(42375,'2025-08-17 20:41:11','PHP Warning','',' PHP Warning:  Undefined array key 2 in C:\\wamp64\\www\\lib\\tcpdf\\6.10.0\\tcpdf.php on line 12066\r',0,NULL,'',''),(42376,'2025-08-17 20:41:11','PHP Warning','',' PHP Warning:  Undefined array key 3 in C:\\wamp64\\www\\lib\\tcpdf\\6.10.0\\tcpdf.php on line 12066\r',0,NULL,'',''),(42377,'2025-08-17 20:41:11','PHP Warning','',' PHP Warning:  Undefined array key 0 in C:\\wamp64\\www\\lib\\tcpdf\\6.10.0\\tcpdf.php on line 12066\r',0,NULL,'',''),(42378,'2025-08-17 20:41:11','PHP Warning','',' PHP Warning:  Undefined array key 1 in C:\\wamp64\\www\\lib\\tcpdf\\6.10.0\\tcpdf.php on line 12066\r',0,NULL,'',''),(42379,'2025-08-17 20:41:11','PHP Warning','',' PHP Warning:  Undefined array key 2 in C:\\wamp64\\www\\lib\\tcpdf\\6.10.0\\tcpdf.php on line 12066\r',0,NULL,'',''),(42380,'2025-08-17 20:41:11','PHP Warning','',' PHP Warning:  Undefined array key 3 in C:\\wamp64\\www\\lib\\tcpdf\\6.10.0\\tcpdf.php on line 12066\r',0,NULL,'',''),(42381,'2025-08-17 20:41:11','PHP Warning','',' PHP Warning:  Undefined array key 0 in C:\\wamp64\\www\\lib\\tcpdf\\6.10.0\\tcpdf.php on line 12066\r',0,NULL,'',''),(42382,'2025-08-17 20:41:11','PHP Warning','',' PHP Warning:  Undefined array key 1 in C:\\wamp64\\www\\lib\\tcpdf\\6.10.0\\tcpdf.php on line 12066\r',0,NULL,'',''),(42383,'2025-08-17 20:41:11','PHP Warning','',' PHP Warning:  Undefined array key 2 in C:\\wamp64\\www\\lib\\tcpdf\\6.10.0\\tcpdf.php on line 12066\r',0,NULL,'',''),(42384,'2025-08-17 20:41:11','PHP Warning','',' PHP Warning:  Undefined array key 3 in C:\\wamp64\\www\\lib\\tcpdf\\6.10.0\\tcpdf.php on line 12066\r',0,NULL,'',''),(42385,'2025-08-17 20:41:11','PHP Warning','',' PHP Warning:  Undefined array key 0 in C:\\wamp64\\www\\lib\\tcpdf\\6.10.0\\tcpdf.php on line 12066\r',0,NULL,'',''),(42386,'2025-08-17 20:41:11','PHP Warning','',' PHP Warning:  Undefined array key 1 in C:\\wamp64\\www\\lib\\tcpdf\\6.10.0\\tcpdf.php on line 12066\r',0,NULL,'',''),(42387,'2025-08-17 20:41:11','PHP Warning','',' PHP Warning:  Undefined array key 2 in C:\\wamp64\\www\\lib\\tcpdf\\6.10.0\\tcpdf.php on line 12066\r',0,NULL,'',''),(42388,'2025-08-17 20:41:11','PHP Warning','',' PHP Warning:  Undefined array key 3 in C:\\wamp64\\www\\lib\\tcpdf\\6.10.0\\tcpdf.php on line 12066\r',0,NULL,'',''),(42389,'2025-08-17 20:41:11','PHP Warning','',' PHP Warning:  Undefined array key 0 in C:\\wamp64\\www\\lib\\tcpdf\\6.10.0\\tcpdf.php on line 12066\r',0,NULL,'',''),(42390,'2025-08-17 20:41:11','PHP Warning','',' PHP Warning:  Undefined array key 1 in C:\\wamp64\\www\\lib\\tcpdf\\6.10.0\\tcpdf.php on line 12066\r',0,NULL,'',''),(42391,'2025-08-17 20:41:11','PHP Warning','',' PHP Warning:  Undefined array key 2 in C:\\wamp64\\www\\lib\\tcpdf\\6.10.0\\tcpdf.php on line 12066\r',0,NULL,'',''),(42392,'2025-08-17 20:41:11','PHP Warning','',' PHP Warning:  Undefined array key 3 in C:\\wamp64\\www\\lib\\tcpdf\\6.10.0\\tcpdf.php on line 12066\r',0,NULL,'',''),(42393,'2025-08-17 20:41:11','PHP Warning','',' PHP Warning:  Undefined array key 0 in C:\\wamp64\\www\\lib\\tcpdf\\6.10.0\\tcpdf.php on line 12066\r',0,NULL,'',''),(42394,'2025-08-17 20:41:11','PHP Warning','',' PHP Warning:  Undefined array key 1 in C:\\wamp64\\www\\lib\\tcpdf\\6.10.0\\tcpdf.php on line 12066\r',0,NULL,'',''),(42395,'2025-08-17 20:41:11','PHP Warning','',' PHP Warning:  Undefined array key 2 in C:\\wamp64\\www\\lib\\tcpdf\\6.10.0\\tcpdf.php on line 12066\r',0,NULL,'',''),(42396,'2025-08-17 20:41:11','PHP Warning','',' PHP Warning:  Undefined array key 3 in C:\\wamp64\\www\\lib\\tcpdf\\6.10.0\\tcpdf.php on line 12066\r',0,NULL,'',''),(42397,'2025-08-17 20:41:11','PHP Warning','',' PHP Warning:  Undefined array key 0 in C:\\wamp64\\www\\lib\\tcpdf\\6.10.0\\tcpdf.php on line 12066\r',0,NULL,'',''),(42398,'2025-08-17 20:41:11','PHP Warning','',' PHP Warning:  Undefined array key 1 in C:\\wamp64\\www\\lib\\tcpdf\\6.10.0\\tcpdf.php on line 12066\r',0,NULL,'',''),(42399,'2025-08-17 20:41:11','PHP Warning','',' PHP Warning:  Undefined array key 2 in C:\\wamp64\\www\\lib\\tcpdf\\6.10.0\\tcpdf.php on line 12066\r',0,NULL,'',''),(42400,'2025-08-17 20:41:11','PHP Warning','',' PHP Warning:  Undefined array key 3 in C:\\wamp64\\www\\lib\\tcpdf\\6.10.0\\tcpdf.php on line 12066\r',0,NULL,'',''),(42401,'2025-08-17 20:41:11','PHP Warning','',' PHP Warning:  Undefined array key 0 in C:\\wamp64\\www\\lib\\tcpdf\\6.10.0\\tcpdf.php on line 12121\r',0,NULL,'',''),(42402,'2025-08-17 20:41:11','PHP Warning','',' PHP Warning:  Undefined array key 1 in C:\\wamp64\\www\\lib\\tcpdf\\6.10.0\\tcpdf.php on line 12121\r',0,NULL,'',''),(42403,'2025-08-17 20:41:11','PHP Warning','',' PHP Warning:  Undefined array key 0 in C:\\wamp64\\www\\lib\\tcpdf\\6.10.0\\tcpdf.php on line 12121\r',0,NULL,'',''),(42404,'2025-08-17 20:41:11','PHP Warning','',' PHP Warning:  Undefined array key 1 in C:\\wamp64\\www\\lib\\tcpdf\\6.10.0\\tcpdf.php on line 12121\r',0,NULL,'',''),(42405,'2025-08-17 20:41:11','PHP Warning','',' PHP Warning:  Undefined array key 0 in C:\\wamp64\\www\\lib\\tcpdf\\6.10.0\\tcpdf.php on line 12121\r',0,NULL,'',''),(42406,'2025-08-17 20:41:11','PHP Warning','',' PHP Warning:  Undefined array key 1 in C:\\wamp64\\www\\lib\\tcpdf\\6.10.0\\tcpdf.php on line 12121\r',0,NULL,'',''),(42407,'2025-08-17 20:41:11','PHP Warning','',' PHP Warning:  Undefined array key 0 in C:\\wamp64\\www\\lib\\tcpdf\\6.10.0\\tcpdf.php on line 12121\r',0,NULL,'',''),(42408,'2025-08-17 20:41:11','PHP Warning','',' PHP Warning:  Undefined array key 1 in C:\\wamp64\\www\\lib\\tcpdf\\6.10.0\\tcpdf.php on line 12121\r',0,NULL,'',''),(42409,'2025-08-17 20:41:11','PHP Warning','',' PHP Warning:  Undefined array key 0 in C:\\wamp64\\www\\lib\\tcpdf\\6.10.0\\tcpdf.php on line 12121\r',0,NULL,'',''),(42410,'2025-08-17 20:41:11','PHP Warning','',' PHP Warning:  Undefined array key 1 in C:\\wamp64\\www\\lib\\tcpdf\\6.10.0\\tcpdf.php on line 12121\r',0,NULL,'',''),(42411,'2025-08-17 20:41:11','PHP Warning','',' PHP Warning:  Undefined array key 0 in C:\\wamp64\\www\\lib\\tcpdf\\6.10.0\\tcpdf.php on line 12121\r',0,NULL,'',''),(42412,'2025-08-17 20:41:11','PHP Warning','',' PHP Warning:  Undefined array key 1 in C:\\wamp64\\www\\lib\\tcpdf\\6.10.0\\tcpdf.php on line 12121\r',0,NULL,'',''),(42413,'2025-08-17 20:41:11','PHP Warning','',' PHP Warning:  Undefined array key 0 in C:\\wamp64\\www\\lib\\tcpdf\\6.10.0\\tcpdf.php on line 12121\r',0,NULL,'',''),(42414,'2025-08-17 20:41:11','PHP Warning','',' PHP Warning:  Undefined array key 1 in C:\\wamp64\\www\\lib\\tcpdf\\6.10.0\\tcpdf.php on line 12121\r',0,NULL,'',''),(42415,'2025-08-17 20:41:11','PHP Warning','',' PHP Warning:  Undefined array key 0 in C:\\wamp64\\www\\lib\\tcpdf\\6.10.0\\tcpdf.php on line 12121\r',0,NULL,'',''),(42416,'2025-08-17 20:41:11','PHP Warning','',' PHP Warning:  Undefined array key 1 in C:\\wamp64\\www\\lib\\tcpdf\\6.10.0\\tcpdf.php on line 12121\r',0,NULL,'',''),(42417,'2025-08-17 20:41:11','PHP Warning','',' PHP Warning:  Undefined array key 0 in C:\\wamp64\\www\\lib\\tcpdf\\6.10.0\\tcpdf.php on line 12121\r',0,NULL,'',''),(42418,'2025-08-17 20:41:11','PHP Warning','',' PHP Warning:  Undefined array key 1 in C:\\wamp64\\www\\lib\\tcpdf\\6.10.0\\tcpdf.php on line 12121\r',0,NULL,'',''),(42419,'2025-08-17 20:41:11','PHP Warning','',' PHP Warning:  Undefined array key 0 in C:\\wamp64\\www\\lib\\tcpdf\\6.10.0\\tcpdf.php on line 12121\r',0,NULL,'',''),(42420,'2025-08-17 20:41:11','PHP Warning','',' PHP Warning:  Undefined array key 1 in C:\\wamp64\\www\\lib\\tcpdf\\6.10.0\\tcpdf.php on line 12121\r',0,NULL,'',''),(42421,'2025-08-17 20:41:11','PHP Warning','',' PHP Warning:  Undefined array key 0 in C:\\wamp64\\www\\lib\\tcpdf\\6.10.0\\tcpdf.php on line 12121\r',0,NULL,'',''),(42422,'2025-08-17 20:41:11','PHP Warning','',' PHP Warning:  Undefined array key 1 in C:\\wamp64\\www\\lib\\tcpdf\\6.10.0\\tcpdf.php on line 12121\r',0,NULL,'',''),(42423,'2025-08-17 20:41:11','PHP Warning','',' PHP Warning:  Undefined array key 0 in C:\\wamp64\\www\\lib\\tcpdf\\6.10.0\\tcpdf.php on line 12121\r',0,NULL,'',''),(42424,'2025-08-17 20:41:11','PHP Warning','',' PHP Warning:  Undefined array key 1 in C:\\wamp64\\www\\lib\\tcpdf\\6.10.0\\tcpdf.php on line 12121\r',0,NULL,'',''),(42425,'2025-08-17 20:41:11','PHP Warning','',' PHP Warning:  Undefined array key 0 in C:\\wamp64\\www\\lib\\tcpdf\\6.10.0\\tcpdf.php on line 12121\r',0,NULL,'',''),(42426,'2025-08-17 20:41:11','PHP Warning','',' PHP Warning:  Undefined array key 1 in C:\\wamp64\\www\\lib\\tcpdf\\6.10.0\\tcpdf.php on line 12121\r',0,NULL,'',''),(42427,'2025-08-17 20:41:11','PHP Warning','',' PHP Warning:  Undefined array key 0 in C:\\wamp64\\www\\lib\\tcpdf\\6.10.0\\tcpdf.php on line 12121\r',0,NULL,'',''),(42428,'2025-08-17 20:41:11','PHP Warning','',' PHP Warning:  Undefined array key 1 in C:\\wamp64\\www\\lib\\tcpdf\\6.10.0\\tcpdf.php on line 12121\r',0,NULL,'',''),(42429,'2025-08-17 20:41:11','PHP Warning','',' PHP Warning:  Undefined array key 0 in C:\\wamp64\\www\\lib\\tcpdf\\6.10.0\\tcpdf.php on line 12121\r',0,NULL,'',''),(42430,'2025-08-17 20:41:11','PHP Warning','',' PHP Warning:  Undefined array key 1 in C:\\wamp64\\www\\lib\\tcpdf\\6.10.0\\tcpdf.php on line 12121\r',0,NULL,'',''),(42431,'2025-08-17 20:41:11','PHP Warning','',' PHP Warning:  Undefined array key 0 in C:\\wamp64\\www\\lib\\tcpdf\\6.10.0\\tcpdf.php on line 12121\r',0,NULL,'',''),(42432,'2025-08-17 20:41:11','PHP Warning','',' PHP Warning:  Undefined array key 1 in C:\\wamp64\\www\\lib\\tcpdf\\6.10.0\\tcpdf.php on line 12121\r',0,NULL,'',''),(42433,'2025-08-17 20:41:11','PHP Warning','',' PHP Warning:  Undefined array key 0 in C:\\wamp64\\www\\lib\\tcpdf\\6.10.0\\tcpdf.php on line 12121\r',0,NULL,'',''),(42434,'2025-08-17 20:41:11','PHP Warning','',' PHP Warning:  Undefined array key 1 in C:\\wamp64\\www\\lib\\tcpdf\\6.10.0\\tcpdf.php on line 12121\r',0,NULL,'',''),(42435,'2025-08-17 20:41:11','PHP Warning','',' PHP Warning:  Undefined array key 0 in C:\\wamp64\\www\\lib\\tcpdf\\6.10.0\\tcpdf.php on line 12121\r',0,NULL,'',''),(42436,'2025-08-17 20:41:11','PHP Warning','',' PHP Warning:  Undefined array key 1 in C:\\wamp64\\www\\lib\\tcpdf\\6.10.0\\tcpdf.php on line 12121\r',0,NULL,'',''),(42437,'2025-08-17 20:41:11','PHP Warning','',' PHP Warning:  Undefined array key 0 in C:\\wamp64\\www\\lib\\tcpdf\\6.10.0\\tcpdf.php on line 12121\r',0,NULL,'',''),(42438,'2025-08-17 20:41:11','PHP Warning','',' PHP Warning:  Undefined array key 1 in C:\\wamp64\\www\\lib\\tcpdf\\6.10.0\\tcpdf.php on line 12121\r',0,NULL,'',''),(42439,'2025-08-17 20:41:11','PHP Warning','',' PHP Warning:  Undefined array key 0 in C:\\wamp64\\www\\lib\\tcpdf\\6.10.0\\tcpdf.php on line 12121\r',0,NULL,'',''),(42440,'2025-08-17 20:41:11','PHP Warning','',' PHP Warning:  Undefined array key 1 in C:\\wamp64\\www\\lib\\tcpdf\\6.10.0\\tcpdf.php on line 12121\r',0,NULL,'',''),(42441,'2025-08-17 20:41:11','PHP Warning','',' PHP Warning:  Undefined array key 0 in C:\\wamp64\\www\\lib\\tcpdf\\6.10.0\\tcpdf.php on line 12121\r',0,NULL,'',''),(42442,'2025-08-17 20:41:11','PHP Warning','',' PHP Warning:  Undefined array key 1 in C:\\wamp64\\www\\lib\\tcpdf\\6.10.0\\tcpdf.php on line 12121\r',0,NULL,'',''),(42443,'2025-08-17 20:41:11','PHP Warning','',' PHP Warning:  Undefined array key 0 in C:\\wamp64\\www\\lib\\tcpdf\\6.10.0\\tcpdf.php on line 12121\r',0,NULL,'',''),(42444,'2025-08-17 20:41:11','PHP Warning','',' PHP Warning:  Undefined array key 1 in C:\\wamp64\\www\\lib\\tcpdf\\6.10.0\\tcpdf.php on line 12121\r',0,NULL,'',''),(42445,'2025-08-17 20:41:11','PHP Warning','',' PHP Warning:  Undefined array key 0 in C:\\wamp64\\www\\lib\\tcpdf\\6.10.0\\tcpdf.php on line 12121\r',0,NULL,'',''),(42446,'2025-08-17 20:41:11','PHP Warning','',' PHP Warning:  Undefined array key 1 in C:\\wamp64\\www\\lib\\tcpdf\\6.10.0\\tcpdf.php on line 12121\r',0,NULL,'',''),(42447,'2025-08-17 20:41:11','PHP Warning','',' PHP Warning:  Undefined array key 0 in C:\\wamp64\\www\\lib\\tcpdf\\6.10.0\\tcpdf.php on line 12121\r',0,NULL,'',''),(42448,'2025-08-17 20:41:11','PHP Warning','',' PHP Warning:  Undefined array key 1 in C:\\wamp64\\www\\lib\\tcpdf\\6.10.0\\tcpdf.php on line 12121\r',0,NULL,'',''),(42449,'2025-08-17 20:41:11','PHP Warning','',' PHP Warning:  Undefined array key 0 in C:\\wamp64\\www\\lib\\tcpdf\\6.10.0\\tcpdf.php on line 12121\r',0,NULL,'',''),(42450,'2025-08-17 20:41:11','PHP Warning','',' PHP Warning:  Undefined array key 1 in C:\\wamp64\\www\\lib\\tcpdf\\6.10.0\\tcpdf.php on line 12121\r',0,NULL,'',''),(42451,'2025-08-17 20:41:11','PHP Warning','',' PHP Warning:  Undefined array key 0 in C:\\wamp64\\www\\lib\\tcpdf\\6.10.0\\tcpdf.php on line 12121\r',0,NULL,'',''),(42452,'2025-08-17 20:41:11','PHP Warning','',' PHP Warning:  Undefined array key 1 in C:\\wamp64\\www\\lib\\tcpdf\\6.10.0\\tcpdf.php on line 12121\r',0,NULL,'',''),(42453,'2025-08-17 20:41:11','PHP Warning','',' PHP Warning:  Undefined array key 0 in C:\\wamp64\\www\\lib\\tcpdf\\6.10.0\\tcpdf.php on line 12121\r',0,NULL,'',''),(42454,'2025-08-17 20:41:11','PHP Warning','',' PHP Warning:  Undefined array key 1 in C:\\wamp64\\www\\lib\\tcpdf\\6.10.0\\tcpdf.php on line 12121\r',0,NULL,'',''),(42455,'2025-08-17 20:41:11','PHP Warning','',' PHP Warning:  Undefined array key 0 in C:\\wamp64\\www\\lib\\tcpdf\\6.10.0\\tcpdf.php on line 12121\r',0,NULL,'',''),(42456,'2025-08-17 20:41:11','PHP Warning','',' PHP Warning:  Undefined array key 1 in C:\\wamp64\\www\\lib\\tcpdf\\6.10.0\\tcpdf.php on line 12121\r',0,NULL,'',''),(42457,'2025-08-17 20:41:11','PHP Warning','',' PHP Warning:  Undefined array key 0 in C:\\wamp64\\www\\lib\\tcpdf\\6.10.0\\tcpdf.php on line 12121\r',0,NULL,'',''),(42458,'2025-08-17 20:41:11','PHP Warning','',' PHP Warning:  Undefined array key 1 in C:\\wamp64\\www\\lib\\tcpdf\\6.10.0\\tcpdf.php on line 12121\r',0,NULL,'',''),(42459,'2025-08-17 20:41:11','PHP Warning','',' PHP Warning:  Undefined array key 0 in C:\\wamp64\\www\\lib\\tcpdf\\6.10.0\\tcpdf.php on line 12121\r',0,NULL,'',''),(42460,'2025-08-17 20:41:11','PHP Warning','',' PHP Warning:  Undefined array key 1 in C:\\wamp64\\www\\lib\\tcpdf\\6.10.0\\tcpdf.php on line 12121\r',0,NULL,'',''),(42461,'2025-08-17 20:41:11','PHP Warning','',' PHP Warning:  Undefined array key 0 in C:\\wamp64\\www\\lib\\tcpdf\\6.10.0\\tcpdf.php on line 12121\r',0,NULL,'',''),(42462,'2025-08-17 20:41:11','PHP Warning','',' PHP Warning:  Undefined array key 1 in C:\\wamp64\\www\\lib\\tcpdf\\6.10.0\\tcpdf.php on line 12121\r',0,NULL,'',''),(42463,'2025-08-17 20:41:11','PHP Warning','',' PHP Warning:  Undefined array key 0 in C:\\wamp64\\www\\lib\\tcpdf\\6.10.0\\tcpdf.php on line 12121\r',0,NULL,'',''),(42464,'2025-08-17 20:41:11','PHP Warning','',' PHP Warning:  Undefined array key 1 in C:\\wamp64\\www\\lib\\tcpdf\\6.10.0\\tcpdf.php on line 12121\r',0,NULL,'',''),(42465,'2025-08-17 20:41:11','PHP Warning','',' PHP Warning:  Undefined array key 0 in C:\\wamp64\\www\\lib\\tcpdf\\6.10.0\\tcpdf.php on line 12121\r',0,NULL,'',''),(42466,'2025-08-17 20:41:11','PHP Warning','',' PHP Warning:  Undefined array key 1 in C:\\wamp64\\www\\lib\\tcpdf\\6.10.0\\tcpdf.php on line 12121\r',0,NULL,'',''),(42467,'2025-08-17 20:41:11','PHP Warning','',' PHP Warning:  Undefined array key 0 in C:\\wamp64\\www\\lib\\tcpdf\\6.10.0\\tcpdf.php on line 12121\r',0,NULL,'',''),(42468,'2025-08-17 20:41:11','PHP Warning','',' PHP Warning:  Undefined array key 1 in C:\\wamp64\\www\\lib\\tcpdf\\6.10.0\\tcpdf.php on line 12121\r',0,NULL,'',''),(42469,'2025-08-17 20:41:11','PHP Warning','',' PHP Warning:  Undefined array key 0 in C:\\wamp64\\www\\lib\\tcpdf\\6.10.0\\tcpdf.php on line 12121\r',0,NULL,'',''),(42470,'2025-08-17 20:41:11','PHP Warning','',' PHP Warning:  Undefined array key 1 in C:\\wamp64\\www\\lib\\tcpdf\\6.10.0\\tcpdf.php on line 12121\r',0,NULL,'',''),(42471,'2025-08-17 20:41:11','PHP Warning','',' PHP Warning:  Undefined array key 0 in C:\\wamp64\\www\\lib\\tcpdf\\6.10.0\\tcpdf.php on line 12121\r',0,NULL,'',''),(42472,'2025-08-17 20:41:11','PHP Warning','',' PHP Warning:  Undefined array key 1 in C:\\wamp64\\www\\lib\\tcpdf\\6.10.0\\tcpdf.php on line 12121\r',0,NULL,'',''),(42473,'2025-08-17 20:41:12','PHP Warning','',' PHP Warning:  Undefined variable $height_carte in C:\\wamp64\\www\\previlux\\base\\jw\\etats\\territoires\\rendu\\pdf_territoire.php on line 1611\r',0,NULL,'',''),(42474,'2025-08-17 20:41:12','PHP Warning','',' PHP Warning:  Cannot modify header information - headers already sent by (output started at C:\\wamp64\\www\\lib\\tcpdf\\6.10.0\\tcpdf.php:12066) in C:\\wamp64\\www\\lib\\tcpdf\\6.10.0\\tcpdf.php on line 7764\r',0,NULL,'',''),(42475,'2025-08-17 20:42:08','PHP Warning','',' PHP Warning:  Undefined variable $building_polygon in C:\\wamp64\\www\\previlux\\base\\jw\\etats\\territoires\\rendu\\pdf_territoire.php on line 655\r',0,NULL,'',''),(42476,'2025-08-17 20:42:08','PHP Fatal error','',' PHP Fatal error:  Uncaught Error: Call to a member function Center_First_Node() on null in C:\\wamp64\\www\\previlux\\base\\jw\\etats\\territoires\\rendu\\pdf_territoire.php:655',0,NULL,'',''),(42477,'2025-08-17 20:43:02','PHP Warning','',' PHP Warning:  Undefined array key 0 in C:\\wamp64\\www\\lib\\tcpdf\\6.10.0\\tcpdf.php on line 12121\r',0,NULL,'',''),(42478,'2025-08-17 20:43:02','PHP Warning','',' PHP Warning:  Undefined array key 1 in C:\\wamp64\\www\\lib\\tcpdf\\6.10.0\\tcpdf.php on line 12121\r',0,NULL,'',''),(42479,'2025-08-17 20:43:02','PHP Warning','',' PHP Warning:  Undefined array key 0 in C:\\wamp64\\www\\lib\\tcpdf\\6.10.0\\tcpdf.php on line 12121\r',0,NULL,'',''),(42480,'2025-08-17 20:43:02','PHP Warning','',' PHP Warning:  Undefined array key 1 in C:\\wamp64\\www\\lib\\tcpdf\\6.10.0\\tcpdf.php on line 12121\r',0,NULL,'',''),(42481,'2025-08-17 20:43:02','PHP Warning','',' PHP Warning:  Undefined array key 0 in C:\\wamp64\\www\\lib\\tcpdf\\6.10.0\\tcpdf.php on line 12121\r',0,NULL,'',''),(42482,'2025-08-17 20:43:02','PHP Warning','',' PHP Warning:  Undefined array key 1 in C:\\wamp64\\www\\lib\\tcpdf\\6.10.0\\tcpdf.php on line 12121\r',0,NULL,'',''),(42483,'2025-08-17 20:43:02','PHP Warning','',' PHP Warning:  Undefined array key 0 in C:\\wamp64\\www\\lib\\tcpdf\\6.10.0\\tcpdf.php on line 12121\r',0,NULL,'',''),(42484,'2025-08-17 20:43:02','PHP Warning','',' PHP Warning:  Undefined array key 1 in C:\\wamp64\\www\\lib\\tcpdf\\6.10.0\\tcpdf.php on line 12121\r',0,NULL,'',''),(42485,'2025-08-17 20:43:02','PHP Warning','',' PHP Warning:  Undefined array key 0 in C:\\wamp64\\www\\lib\\tcpdf\\6.10.0\\tcpdf.php on line 12121\r',0,NULL,'',''),(42486,'2025-08-17 20:43:02','PHP Warning','',' PHP Warning:  Undefined array key 1 in C:\\wamp64\\www\\lib\\tcpdf\\6.10.0\\tcpdf.php on line 12121\r',0,NULL,'',''),(42487,'2025-08-17 20:43:02','PHP Warning','',' PHP Warning:  Undefined array key 0 in C:\\wamp64\\www\\lib\\tcpdf\\6.10.0\\tcpdf.php on line 12121\r',0,NULL,'',''),(42488,'2025-08-17 20:43:02','PHP Warning','',' PHP Warning:  Undefined array key 1 in C:\\wamp64\\www\\lib\\tcpdf\\6.10.0\\tcpdf.php on line 12121\r',0,NULL,'',''),(42489,'2025-08-17 20:43:02','PHP Warning','',' PHP Warning:  Undefined array key 0 in C:\\wamp64\\www\\lib\\tcpdf\\6.10.0\\tcpdf.php on line 12121\r',0,NULL,'',''),(42490,'2025-08-17 20:43:02','PHP Warning','',' PHP Warning:  Undefined array key 1 in C:\\wamp64\\www\\lib\\tcpdf\\6.10.0\\tcpdf.php on line 12121\r',0,NULL,'',''),(42491,'2025-08-17 20:43:02','PHP Warning','',' PHP Warning:  Undefined array key 0 in C:\\wamp64\\www\\lib\\tcpdf\\6.10.0\\tcpdf.php on line 12121\r',0,NULL,'',''),(42492,'2025-08-17 20:43:02','PHP Warning','',' PHP Warning:  Undefined array key 1 in C:\\wamp64\\www\\lib\\tcpdf\\6.10.0\\tcpdf.php on line 12121\r',0,NULL,'',''),(42493,'2025-08-17 20:43:02','PHP Warning','',' PHP Warning:  Undefined array key 0 in C:\\wamp64\\www\\lib\\tcpdf\\6.10.0\\tcpdf.php on line 12121\r',0,NULL,'',''),(42494,'2025-08-17 20:43:02','PHP Warning','',' PHP Warning:  Undefined array key 1 in C:\\wamp64\\www\\lib\\tcpdf\\6.10.0\\tcpdf.php on line 12121\r',0,NULL,'',''),(42495,'2025-08-17 20:43:02','PHP Warning','',' PHP Warning:  Undefined array key 0 in C:\\wamp64\\www\\lib\\tcpdf\\6.10.0\\tcpdf.php on line 12121\r',0,NULL,'',''),(42496,'2025-08-17 20:43:02','PHP Warning','',' PHP Warning:  Undefined array key 1 in C:\\wamp64\\www\\lib\\tcpdf\\6.10.0\\tcpdf.php on line 12121\r',0,NULL,'',''),(42497,'2025-08-17 20:43:02','PHP Warning','',' PHP Warning:  Undefined array key 0 in C:\\wamp64\\www\\lib\\tcpdf\\6.10.0\\tcpdf.php on line 12121\r',0,NULL,'',''),(42498,'2025-08-17 20:43:02','PHP Warning','',' PHP Warning:  Undefined array key 1 in C:\\wamp64\\www\\lib\\tcpdf\\6.10.0\\tcpdf.php on line 12121\r',0,NULL,'',''),(42499,'2025-08-17 20:43:02','PHP Warning','',' PHP Warning:  Undefined array key 0 in C:\\wamp64\\www\\lib\\tcpdf\\6.10.0\\tcpdf.php on line 12121\r',0,NULL,'',''),(42500,'2025-08-17 20:43:02','PHP Warning','',' PHP Warning:  Undefined array key 1 in C:\\wamp64\\www\\lib\\tcpdf\\6.10.0\\tcpdf.php on line 12121\r',0,NULL,'',''),(42501,'2025-08-17 20:43:02','PHP Warning','',' PHP Warning:  Undefined array key 0 in C:\\wamp64\\www\\lib\\tcpdf\\6.10.0\\tcpdf.php on line 12121\r',0,NULL,'',''),(42502,'2025-08-17 20:43:02','PHP Warning','',' PHP Warning:  Undefined array key 1 in C:\\wamp64\\www\\lib\\tcpdf\\6.10.0\\tcpdf.php on line 12121\r',0,NULL,'',''),(42503,'2025-08-17 20:43:02','PHP Warning','',' PHP Warning:  Undefined array key 0 in C:\\wamp64\\www\\lib\\tcpdf\\6.10.0\\tcpdf.php on line 12121\r',0,NULL,'',''),(42504,'2025-08-17 20:43:02','PHP Warning','',' PHP Warning:  Undefined array key 1 in C:\\wamp64\\www\\lib\\tcpdf\\6.10.0\\tcpdf.php on line 12121\r',0,NULL,'',''),(42505,'2025-08-17 20:43:02','PHP Warning','',' PHP Warning:  Undefined array key 0 in C:\\wamp64\\www\\lib\\tcpdf\\6.10.0\\tcpdf.php on line 12121\r',0,NULL,'',''),(42506,'2025-08-17 20:43:02','PHP Warning','',' PHP Warning:  Undefined array key 1 in C:\\wamp64\\www\\lib\\tcpdf\\6.10.0\\tcpdf.php on line 12121\r',0,NULL,'',''),(42507,'2025-08-17 20:43:02','PHP Warning','',' PHP Warning:  Undefined array key 0 in C:\\wamp64\\www\\lib\\tcpdf\\6.10.0\\tcpdf.php on line 12121\r',0,NULL,'',''),(42508,'2025-08-17 20:43:02','PHP Warning','',' PHP Warning:  Undefined array key 1 in C:\\wamp64\\www\\lib\\tcpdf\\6.10.0\\tcpdf.php on line 12121\r',0,NULL,'',''),(42509,'2025-08-17 20:43:02','PHP Warning','',' PHP Warning:  Undefined array key 0 in C:\\wamp64\\www\\lib\\tcpdf\\6.10.0\\tcpdf.php on line 12121\r',0,NULL,'',''),(42510,'2025-08-17 20:43:02','PHP Warning','',' PHP Warning:  Undefined array key 1 in C:\\wamp64\\www\\lib\\tcpdf\\6.10.0\\tcpdf.php on line 12121\r',0,NULL,'',''),(42511,'2025-08-17 20:43:02','PHP Warning','',' PHP Warning:  Undefined array key 0 in C:\\wamp64\\www\\lib\\tcpdf\\6.10.0\\tcpdf.php on line 12121\r',0,NULL,'',''),(42512,'2025-08-17 20:43:02','PHP Warning','',' PHP Warning:  Undefined array key 1 in C:\\wamp64\\www\\lib\\tcpdf\\6.10.0\\tcpdf.php on line 12121\r',0,NULL,'',''),(42513,'2025-08-17 20:43:02','PHP Warning','',' PHP Warning:  Undefined array key 0 in C:\\wamp64\\www\\lib\\tcpdf\\6.10.0\\tcpdf.php on line 12121\r',0,NULL,'',''),(42514,'2025-08-17 20:43:02','PHP Warning','',' PHP Warning:  Undefined array key 1 in C:\\wamp64\\www\\lib\\tcpdf\\6.10.0\\tcpdf.php on line 12121\r',0,NULL,'',''),(42515,'2025-08-17 20:43:02','PHP Warning','',' PHP Warning:  Undefined array key 0 in C:\\wamp64\\www\\lib\\tcpdf\\6.10.0\\tcpdf.php on line 12121\r',0,NULL,'',''),(42516,'2025-08-17 20:43:02','PHP Warning','',' PHP Warning:  Undefined array key 1 in C:\\wamp64\\www\\lib\\tcpdf\\6.10.0\\tcpdf.php on line 12121\r',0,NULL,'',''),(42517,'2025-08-17 20:43:02','PHP Warning','',' PHP Warning:  Undefined array key 0 in C:\\wamp64\\www\\lib\\tcpdf\\6.10.0\\tcpdf.php on line 12121\r',0,NULL,'',''),(42518,'2025-08-17 20:43:02','PHP Warning','',' PHP Warning:  Undefined array key 1 in C:\\wamp64\\www\\lib\\tcpdf\\6.10.0\\tcpdf.php on line 12121\r',0,NULL,'',''),(42519,'2025-08-17 20:43:02','PHP Warning','',' PHP Warning:  Undefined array key 0 in C:\\wamp64\\www\\lib\\tcpdf\\6.10.0\\tcpdf.php on line 12121\r',0,NULL,'',''),(42520,'2025-08-17 20:43:02','PHP Warning','',' PHP Warning:  Undefined array key 1 in C:\\wamp64\\www\\lib\\tcpdf\\6.10.0\\tcpdf.php on line 12121\r',0,NULL,'',''),(42521,'2025-08-17 20:43:02','PHP Warning','',' PHP Warning:  Undefined array key 0 in C:\\wamp64\\www\\lib\\tcpdf\\6.10.0\\tcpdf.php on line 12121\r',0,NULL,'',''),(42522,'2025-08-17 20:43:02','PHP Warning','',' PHP Warning:  Undefined array key 1 in C:\\wamp64\\www\\lib\\tcpdf\\6.10.0\\tcpdf.php on line 12121\r',0,NULL,'',''),(42523,'2025-08-17 20:43:02','PHP Warning','',' PHP Warning:  Undefined array key 0 in C:\\wamp64\\www\\lib\\tcpdf\\6.10.0\\tcpdf.php on line 12121\r',0,NULL,'',''),(42524,'2025-08-17 20:43:02','PHP Warning','',' PHP Warning:  Undefined array key 1 in C:\\wamp64\\www\\lib\\tcpdf\\6.10.0\\tcpdf.php on line 12121\r',0,NULL,'',''),(42525,'2025-08-17 20:43:02','PHP Warning','',' PHP Warning:  Undefined array key 0 in C:\\wamp64\\www\\lib\\tcpdf\\6.10.0\\tcpdf.php on line 12121\r',0,NULL,'',''),(42526,'2025-08-17 20:43:02','PHP Warning','',' PHP Warning:  Undefined array key 1 in C:\\wamp64\\www\\lib\\tcpdf\\6.10.0\\tcpdf.php on line 12121\r',0,NULL,'',''),(42527,'2025-08-17 20:43:02','PHP Warning','',' PHP Warning:  Undefined array key 0 in C:\\wamp64\\www\\lib\\tcpdf\\6.10.0\\tcpdf.php on line 12121\r',0,NULL,'',''),(42528,'2025-08-17 20:43:02','PHP Warning','',' PHP Warning:  Undefined array key 1 in C:\\wamp64\\www\\lib\\tcpdf\\6.10.0\\tcpdf.php on line 12121\r',0,NULL,'',''),(42529,'2025-08-17 20:43:02','PHP Warning','',' PHP Warning:  Undefined array key 0 in C:\\wamp64\\www\\lib\\tcpdf\\6.10.0\\tcpdf.php on line 12121\r',0,NULL,'',''),(42530,'2025-08-17 20:43:02','PHP Warning','',' PHP Warning:  Undefined array key 1 in C:\\wamp64\\www\\lib\\tcpdf\\6.10.0\\tcpdf.php on line 12121\r',0,NULL,'',''),(42531,'2025-08-17 20:43:02','PHP Warning','',' PHP Warning:  Undefined array key 0 in C:\\wamp64\\www\\lib\\tcpdf\\6.10.0\\tcpdf.php on line 12121\r',0,NULL,'',''),(42532,'2025-08-17 20:43:02','PHP Warning','',' PHP Warning:  Undefined array key 1 in C:\\wamp64\\www\\lib\\tcpdf\\6.10.0\\tcpdf.php on line 12121\r',0,NULL,'',''),(42533,'2025-08-17 20:43:02','PHP Warning','',' PHP Warning:  Undefined array key 0 in C:\\wamp64\\www\\lib\\tcpdf\\6.10.0\\tcpdf.php on line 12121\r',0,NULL,'',''),(42534,'2025-08-17 20:43:02','PHP Warning','',' PHP Warning:  Undefined array key 1 in C:\\wamp64\\www\\lib\\tcpdf\\6.10.0\\tcpdf.php on line 12121\r',0,NULL,'',''),(42535,'2025-08-17 20:43:02','PHP Warning','',' PHP Warning:  Undefined array key 0 in C:\\wamp64\\www\\lib\\tcpdf\\6.10.0\\tcpdf.php on line 12121\r',0,NULL,'',''),(42536,'2025-08-17 20:43:02','PHP Warning','',' PHP Warning:  Undefined array key 1 in C:\\wamp64\\www\\lib\\tcpdf\\6.10.0\\tcpdf.php on line 12121\r',0,NULL,'',''),(42537,'2025-08-17 20:43:02','PHP Warning','',' PHP Warning:  Undefined array key 0 in C:\\wamp64\\www\\lib\\tcpdf\\6.10.0\\tcpdf.php on line 12121\r',0,NULL,'',''),(42538,'2025-08-17 20:43:02','PHP Warning','',' PHP Warning:  Undefined array key 1 in C:\\wamp64\\www\\lib\\tcpdf\\6.10.0\\tcpdf.php on line 12121\r',0,NULL,'',''),(42539,'2025-08-17 20:43:02','PHP Warning','',' PHP Warning:  Undefined array key 0 in C:\\wamp64\\www\\lib\\tcpdf\\6.10.0\\tcpdf.php on line 12121\r',0,NULL,'',''),(42540,'2025-08-17 20:43:02','PHP Warning','',' PHP Warning:  Undefined array key 1 in C:\\wamp64\\www\\lib\\tcpdf\\6.10.0\\tcpdf.php on line 12121\r',0,NULL,'',''),(42541,'2025-08-17 20:43:02','PHP Warning','',' PHP Warning:  Undefined array key 0 in C:\\wamp64\\www\\lib\\tcpdf\\6.10.0\\tcpdf.php on line 12121\r',0,NULL,'',''),(42542,'2025-08-17 20:43:02','PHP Warning','',' PHP Warning:  Undefined array key 1 in C:\\wamp64\\www\\lib\\tcpdf\\6.10.0\\tcpdf.php on line 12121\r',0,NULL,'',''),(42543,'2025-08-17 20:43:02','PHP Warning','',' PHP Warning:  Undefined array key 0 in C:\\wamp64\\www\\lib\\tcpdf\\6.10.0\\tcpdf.php on line 12121\r',0,NULL,'',''),(42544,'2025-08-17 20:43:02','PHP Warning','',' PHP Warning:  Undefined array key 1 in C:\\wamp64\\www\\lib\\tcpdf\\6.10.0\\tcpdf.php on line 12121\r',0,NULL,'',''),(42545,'2025-08-17 20:43:02','PHP Warning','',' PHP Warning:  Undefined array key 0 in C:\\wamp64\\www\\lib\\tcpdf\\6.10.0\\tcpdf.php on line 12121\r',0,NULL,'',''),(42546,'2025-08-17 20:43:02','PHP Warning','',' PHP Warning:  Undefined array key 1 in C:\\wamp64\\www\\lib\\tcpdf\\6.10.0\\tcpdf.php on line 12121\r',0,NULL,'',''),(42547,'2025-08-17 20:43:02','PHP Warning','',' PHP Warning:  Undefined array key 0 in C:\\wamp64\\www\\lib\\tcpdf\\6.10.0\\tcpdf.php on line 12121\r',0,NULL,'',''),(42548,'2025-08-17 20:43:02','PHP Warning','',' PHP Warning:  Undefined array key 1 in C:\\wamp64\\www\\lib\\tcpdf\\6.10.0\\tcpdf.php on line 12121\r',0,NULL,'',''),(42549,'2025-08-17 20:43:02','PHP Warning','',' PHP Warning:  Undefined array key 0 in C:\\wamp64\\www\\lib\\tcpdf\\6.10.0\\tcpdf.php on line 12121\r',0,NULL,'',''),(42550,'2025-08-17 20:43:02','PHP Warning','',' PHP Warning:  Undefined array key 1 in C:\\wamp64\\www\\lib\\tcpdf\\6.10.0\\tcpdf.php on line 12121\r',0,NULL,'',''),(42551,'2025-08-17 20:43:02','PHP Warning','',' PHP Warning:  Undefined array key 0 in C:\\wamp64\\www\\lib\\tcpdf\\6.10.0\\tcpdf.php on line 12121\r',0,NULL,'',''),(42552,'2025-08-17 20:43:02','PHP Warning','',' PHP Warning:  Undefined array key 1 in C:\\wamp64\\www\\lib\\tcpdf\\6.10.0\\tcpdf.php on line 12121\r',0,NULL,'',''),(42553,'2025-08-17 20:43:02','PHP Warning','',' PHP Warning:  Undefined array key 0 in C:\\wamp64\\www\\lib\\tcpdf\\6.10.0\\tcpdf.php on line 12121\r',0,NULL,'',''),(42554,'2025-08-17 20:43:02','PHP Warning','',' PHP Warning:  Undefined array key 1 in C:\\wamp64\\www\\lib\\tcpdf\\6.10.0\\tcpdf.php on line 12121\r',0,NULL,'',''),(42555,'2025-08-17 20:43:02','PHP Warning','',' PHP Warning:  Undefined array key 0 in C:\\wamp64\\www\\lib\\tcpdf\\6.10.0\\tcpdf.php on line 12121\r',0,NULL,'',''),(42556,'2025-08-17 20:43:02','PHP Warning','',' PHP Warning:  Undefined array key 1 in C:\\wamp64\\www\\lib\\tcpdf\\6.10.0\\tcpdf.php on line 12121\r',0,NULL,'',''),(42557,'2025-08-17 20:43:02','PHP Warning','',' PHP Warning:  Undefined array key 0 in C:\\wamp64\\www\\lib\\tcpdf\\6.10.0\\tcpdf.php on line 12121\r',0,NULL,'',''),(42558,'2025-08-17 20:43:02','PHP Warning','',' PHP Warning:  Undefined array key 1 in C:\\wamp64\\www\\lib\\tcpdf\\6.10.0\\tcpdf.php on line 12121\r',0,NULL,'',''),(42559,'2025-08-17 20:43:02','PHP Warning','',' PHP Warning:  Undefined array key 0 in C:\\wamp64\\www\\lib\\tcpdf\\6.10.0\\tcpdf.php on line 12121\r',0,NULL,'',''),(42560,'2025-08-17 20:43:02','PHP Warning','',' PHP Warning:  Undefined array key 1 in C:\\wamp64\\www\\lib\\tcpdf\\6.10.0\\tcpdf.php on line 12121\r',0,NULL,'',''),(42561,'2025-08-17 20:43:02','PHP Warning','',' PHP Warning:  Undefined array key 0 in C:\\wamp64\\www\\lib\\tcpdf\\6.10.0\\tcpdf.php on line 12121\r',0,NULL,'',''),(42562,'2025-08-17 20:43:02','PHP Warning','',' PHP Warning:  Undefined array key 1 in C:\\wamp64\\www\\lib\\tcpdf\\6.10.0\\tcpdf.php on line 12121\r',0,NULL,'',''),(42563,'2025-08-17 20:43:02','PHP Warning','',' PHP Warning:  Undefined array key 0 in C:\\wamp64\\www\\lib\\tcpdf\\6.10.0\\tcpdf.php on line 12121\r',0,NULL,'',''),(42564,'2025-08-17 20:43:02','PHP Warning','',' PHP Warning:  Undefined array key 1 in C:\\wamp64\\www\\lib\\tcpdf\\6.10.0\\tcpdf.php on line 12121\r',0,NULL,'',''),(42565,'2025-08-17 20:43:02','PHP Warning','',' PHP Warning:  Undefined array key 0 in C:\\wamp64\\www\\lib\\tcpdf\\6.10.0\\tcpdf.php on line 12121\r',0,NULL,'',''),(42566,'2025-08-17 20:43:02','PHP Warning','',' PHP Warning:  Undefined array key 1 in C:\\wamp64\\www\\lib\\tcpdf\\6.10.0\\tcpdf.php on line 12121\r',0,NULL,'',''),(42567,'2025-08-17 20:43:02','PHP Warning','',' PHP Warning:  Undefined array key 0 in C:\\wamp64\\www\\lib\\tcpdf\\6.10.0\\tcpdf.php on line 12121\r',0,NULL,'',''),(42568,'2025-08-17 20:43:02','PHP Warning','',' PHP Warning:  Undefined array key 1 in C:\\wamp64\\www\\lib\\tcpdf\\6.10.0\\tcpdf.php on line 12121\r',0,NULL,'',''),(42569,'2025-08-17 20:43:02','PHP Warning','',' PHP Warning:  Undefined array key 0 in C:\\wamp64\\www\\lib\\tcpdf\\6.10.0\\tcpdf.php on line 12121\r',0,NULL,'',''),(42570,'2025-08-17 20:43:02','PHP Warning','',' PHP Warning:  Undefined array key 1 in C:\\wamp64\\www\\lib\\tcpdf\\6.10.0\\tcpdf.php on line 12121\r',0,NULL,'',''),(42571,'2025-08-17 20:43:02','PHP Warning','',' PHP Warning:  Undefined array key 0 in C:\\wamp64\\www\\lib\\tcpdf\\6.10.0\\tcpdf.php on line 12121\r',0,NULL,'',''),(42572,'2025-08-17 20:43:02','PHP Warning','',' PHP Warning:  Undefined array key 1 in C:\\wamp64\\www\\lib\\tcpdf\\6.10.0\\tcpdf.php on line 12121\r',0,NULL,'',''),(42573,'2025-08-17 20:43:02','PHP Warning','',' PHP Warning:  Undefined array key 0 in C:\\wamp64\\www\\lib\\tcpdf\\6.10.0\\tcpdf.php on line 12121\r',0,NULL,'',''),(42574,'2025-08-17 20:43:02','PHP Warning','',' PHP Warning:  Undefined array key 1 in C:\\wamp64\\www\\lib\\tcpdf\\6.10.0\\tcpdf.php on line 12121\r',0,NULL,'',''),(42575,'2025-08-17 20:43:02','PHP Warning','',' PHP Warning:  Undefined array key 0 in C:\\wamp64\\www\\lib\\tcpdf\\6.10.0\\tcpdf.php on line 12121\r',0,NULL,'',''),(42576,'2025-08-17 20:43:02','PHP Warning','',' PHP Warning:  Undefined array key 1 in C:\\wamp64\\www\\lib\\tcpdf\\6.10.0\\tcpdf.php on line 12121\r',0,NULL,'',''),(42577,'2025-08-17 20:43:02','PHP Warning','',' PHP Warning:  Undefined array key 0 in C:\\wamp64\\www\\lib\\tcpdf\\6.10.0\\tcpdf.php on line 12121\r',0,NULL,'',''),(42578,'2025-08-17 20:43:02','PHP Warning','',' PHP Warning:  Undefined array key 1 in C:\\wamp64\\www\\lib\\tcpdf\\6.10.0\\tcpdf.php on line 12121\r',0,NULL,'',''),(42579,'2025-08-17 20:43:02','PHP Warning','',' PHP Warning:  Undefined array key 0 in C:\\wamp64\\www\\lib\\tcpdf\\6.10.0\\tcpdf.php on line 12121\r',0,NULL,'',''),(42580,'2025-08-17 20:43:02','PHP Warning','',' PHP Warning:  Undefined array key 1 in C:\\wamp64\\www\\lib\\tcpdf\\6.10.0\\tcpdf.php on line 12121\r',0,NULL,'',''),(42581,'2025-08-17 20:43:02','PHP Warning','',' PHP Warning:  Undefined array key 0 in C:\\wamp64\\www\\lib\\tcpdf\\6.10.0\\tcpdf.php on line 12121\r',0,NULL,'',''),(42582,'2025-08-17 20:43:02','PHP Warning','',' PHP Warning:  Undefined array key 1 in C:\\wamp64\\www\\lib\\tcpdf\\6.10.0\\tcpdf.php on line 12121\r',0,NULL,'',''),(42583,'2025-08-17 20:43:02','PHP Warning','',' PHP Warning:  Undefined array key 0 in C:\\wamp64\\www\\lib\\tcpdf\\6.10.0\\tcpdf.php on line 12121\r',0,NULL,'',''),(42584,'2025-08-17 20:43:02','PHP Warning','',' PHP Warning:  Undefined array key 1 in C:\\wamp64\\www\\lib\\tcpdf\\6.10.0\\tcpdf.php on line 12121\r',0,NULL,'',''),(42585,'2025-08-17 20:43:02','PHP Warning','',' PHP Warning:  Undefined array key 0 in C:\\wamp64\\www\\lib\\tcpdf\\6.10.0\\tcpdf.php on line 12121\r',0,NULL,'',''),(42586,'2025-08-17 20:43:02','PHP Warning','',' PHP Warning:  Undefined array key 1 in C:\\wamp64\\www\\lib\\tcpdf\\6.10.0\\tcpdf.php on line 12121\r',0,NULL,'',''),(42587,'2025-08-17 20:43:02','PHP Warning','',' PHP Warning:  Undefined array key 0 in C:\\wamp64\\www\\lib\\tcpdf\\6.10.0\\tcpdf.php on line 12121\r',0,NULL,'',''),(42588,'2025-08-17 20:43:02','PHP Warning','',' PHP Warning:  Undefined array key 1 in C:\\wamp64\\www\\lib\\tcpdf\\6.10.0\\tcpdf.php on line 12121\r',0,NULL,'',''),(42589,'2025-08-17 20:43:02','PHP Warning','',' PHP Warning:  Undefined array key 0 in C:\\wamp64\\www\\lib\\tcpdf\\6.10.0\\tcpdf.php on line 12121\r',0,NULL,'',''),(42590,'2025-08-17 20:43:02','PHP Warning','',' PHP Warning:  Undefined array key 1 in C:\\wamp64\\www\\lib\\tcpdf\\6.10.0\\tcpdf.php on line 12121\r',0,NULL,'',''),(42591,'2025-08-17 20:43:02','PHP Warning','',' PHP Warning:  Undefined array key 0 in C:\\wamp64\\www\\lib\\tcpdf\\6.10.0\\tcpdf.php on line 12121\r',0,NULL,'',''),(42592,'2025-08-17 20:43:02','PHP Warning','',' PHP Warning:  Undefined array key 1 in C:\\wamp64\\www\\lib\\tcpdf\\6.10.0\\tcpdf.php on line 12121\r',0,NULL,'',''),(42593,'2025-08-17 20:43:02','PHP Warning','',' PHP Warning:  Undefined array key 0 in C:\\wamp64\\www\\lib\\tcpdf\\6.10.0\\tcpdf.php on line 12121\r',0,NULL,'',''),(42594,'2025-08-17 20:43:02','PHP Warning','',' PHP Warning:  Undefined array key 1 in C:\\wamp64\\www\\lib\\tcpdf\\6.10.0\\tcpdf.php on line 12121\r',0,NULL,'',''),(42595,'2025-08-17 20:43:02','PHP Warning','',' PHP Warning:  Undefined array key 0 in C:\\wamp64\\www\\lib\\tcpdf\\6.10.0\\tcpdf.php on line 12121\r',0,NULL,'',''),(42596,'2025-08-17 20:43:02','PHP Warning','',' PHP Warning:  Undefined array key 1 in C:\\wamp64\\www\\lib\\tcpdf\\6.10.0\\tcpdf.php on line 12121\r',0,NULL,'',''),(42597,'2025-08-17 20:43:02','PHP Warning','',' PHP Warning:  Undefined array key 0 in C:\\wamp64\\www\\lib\\tcpdf\\6.10.0\\tcpdf.php on line 12121\r',0,NULL,'',''),(42598,'2025-08-17 20:43:02','PHP Warning','',' PHP Warning:  Undefined array key 1 in C:\\wamp64\\www\\lib\\tcpdf\\6.10.0\\tcpdf.php on line 12121\r',0,NULL,'',''),(42599,'2025-08-17 20:43:02','PHP Warning','',' PHP Warning:  Undefined array key 0 in C:\\wamp64\\www\\lib\\tcpdf\\6.10.0\\tcpdf.php on line 12121\r',0,NULL,'',''),(42600,'2025-08-17 20:43:02','PHP Warning','',' PHP Warning:  Undefined array key 1 in C:\\wamp64\\www\\lib\\tcpdf\\6.10.0\\tcpdf.php on line 12121\r',0,NULL,'',''),(42601,'2025-08-17 20:43:02','PHP Warning','',' PHP Warning:  Undefined array key 0 in C:\\wamp64\\www\\lib\\tcpdf\\6.10.0\\tcpdf.php on line 12121\r',0,NULL,'',''),(42602,'2025-08-17 20:43:02','PHP Warning','',' PHP Warning:  Undefined array key 1 in C:\\wamp64\\www\\lib\\tcpdf\\6.10.0\\tcpdf.php on line 12121\r',0,NULL,'',''),(42603,'2025-08-17 20:43:02','PHP Warning','',' PHP Warning:  Undefined array key 0 in C:\\wamp64\\www\\lib\\tcpdf\\6.10.0\\tcpdf.php on line 12121\r',0,NULL,'',''),(42604,'2025-08-17 20:43:02','PHP Warning','',' PHP Warning:  Undefined array key 1 in C:\\wamp64\\www\\lib\\tcpdf\\6.10.0\\tcpdf.php on line 12121\r',0,NULL,'',''),(42605,'2025-08-17 20:43:02','PHP Warning','',' PHP Warning:  Undefined array key 0 in C:\\wamp64\\www\\lib\\tcpdf\\6.10.0\\tcpdf.php on line 12121\r',0,NULL,'',''),(42606,'2025-08-17 20:43:02','PHP Warning','',' PHP Warning:  Undefined array key 1 in C:\\wamp64\\www\\lib\\tcpdf\\6.10.0\\tcpdf.php on line 12121\r',0,NULL,'',''),(42607,'2025-08-17 20:43:02','PHP Warning','',' PHP Warning:  Undefined array key 0 in C:\\wamp64\\www\\lib\\tcpdf\\6.10.0\\tcpdf.php on line 12121\r',0,NULL,'',''),(42608,'2025-08-17 20:43:02','PHP Warning','',' PHP Warning:  Undefined array key 1 in C:\\wamp64\\www\\lib\\tcpdf\\6.10.0\\tcpdf.php on line 12121\r',0,NULL,'',''),(42609,'2025-08-17 20:43:02','PHP Warning','',' PHP Warning:  Undefined array key 0 in C:\\wamp64\\www\\lib\\tcpdf\\6.10.0\\tcpdf.php on line 12121\r',0,NULL,'',''),(42610,'2025-08-17 20:43:02','PHP Warning','',' PHP Warning:  Undefined array key 1 in C:\\wamp64\\www\\lib\\tcpdf\\6.10.0\\tcpdf.php on line 12121\r',0,NULL,'',''),(42611,'2025-08-17 20:43:02','PHP Warning','',' PHP Warning:  Undefined array key 0 in C:\\wamp64\\www\\lib\\tcpdf\\6.10.0\\tcpdf.php on line 12121\r',0,NULL,'',''),(42612,'2025-08-17 20:43:02','PHP Warning','',' PHP Warning:  Undefined array key 1 in C:\\wamp64\\www\\lib\\tcpdf\\6.10.0\\tcpdf.php on line 12121\r',0,NULL,'',''),(42613,'2025-08-17 20:43:02','PHP Warning','',' PHP Warning:  Undefined array key 0 in C:\\wamp64\\www\\lib\\tcpdf\\6.10.0\\tcpdf.php on line 12121\r',0,NULL,'',''),(42614,'2025-08-17 20:43:02','PHP Warning','',' PHP Warning:  Undefined array key 1 in C:\\wamp64\\www\\lib\\tcpdf\\6.10.0\\tcpdf.php on line 12121\r',0,NULL,'',''),(42615,'2025-08-17 20:43:02','PHP Warning','',' PHP Warning:  Undefined array key 0 in C:\\wamp64\\www\\lib\\tcpdf\\6.10.0\\tcpdf.php on line 12121\r',0,NULL,'',''),(42616,'2025-08-17 20:43:02','PHP Warning','',' PHP Warning:  Undefined array key 1 in C:\\wamp64\\www\\lib\\tcpdf\\6.10.0\\tcpdf.php on line 12121\r',0,NULL,'',''),(42617,'2025-08-17 20:43:02','PHP Warning','',' PHP Warning:  Undefined array key 0 in C:\\wamp64\\www\\lib\\tcpdf\\6.10.0\\tcpdf.php on line 12121\r',0,NULL,'',''),(42618,'2025-08-17 20:43:02','PHP Warning','',' PHP Warning:  Undefined array key 1 in C:\\wamp64\\www\\lib\\tcpdf\\6.10.0\\tcpdf.php on line 12121\r',0,NULL,'',''),(42619,'2025-08-17 20:43:02','PHP Warning','',' PHP Warning:  Undefined array key 0 in C:\\wamp64\\www\\lib\\tcpdf\\6.10.0\\tcpdf.php on line 12121\r',0,NULL,'',''),(42620,'2025-08-17 20:43:02','PHP Warning','',' PHP Warning:  Undefined array key 1 in C:\\wamp64\\www\\lib\\tcpdf\\6.10.0\\tcpdf.php on line 12121\r',0,NULL,'',''),(42621,'2025-08-17 20:43:02','PHP Warning','',' PHP Warning:  Undefined array key 0 in C:\\wamp64\\www\\lib\\tcpdf\\6.10.0\\tcpdf.php on line 12121\r',0,NULL,'',''),(42622,'2025-08-17 20:43:02','PHP Warning','',' PHP Warning:  Undefined array key 1 in C:\\wamp64\\www\\lib\\tcpdf\\6.10.0\\tcpdf.php on line 12121\r',0,NULL,'',''),(42623,'2025-08-17 20:43:02','PHP Warning','',' PHP Warning:  Undefined array key 0 in C:\\wamp64\\www\\lib\\tcpdf\\6.10.0\\tcpdf.php on line 12121\r',0,NULL,'',''),(42624,'2025-08-17 20:43:02','PHP Warning','',' PHP Warning:  Undefined array key 1 in C:\\wamp64\\www\\lib\\tcpdf\\6.10.0\\tcpdf.php on line 12121\r',0,NULL,'',''),(42625,'2025-08-17 20:43:02','PHP Warning','',' PHP Warning:  Undefined array key 0 in C:\\wamp64\\www\\lib\\tcpdf\\6.10.0\\tcpdf.php on line 12121\r',0,NULL,'',''),(42626,'2025-08-17 20:43:02','PHP Warning','',' PHP Warning:  Undefined array key 1 in C:\\wamp64\\www\\lib\\tcpdf\\6.10.0\\tcpdf.php on line 12121\r',0,NULL,'',''),(42627,'2025-08-17 20:43:02','PHP Warning','',' PHP Warning:  Undefined array key 0 in C:\\wamp64\\www\\lib\\tcpdf\\6.10.0\\tcpdf.php on line 12121\r',0,NULL,'',''),(42628,'2025-08-17 20:43:02','PHP Warning','',' PHP Warning:  Undefined array key 1 in C:\\wamp64\\www\\lib\\tcpdf\\6.10.0\\tcpdf.php on line 12121\r',0,NULL,'',''),(42629,'2025-08-17 20:43:02','PHP Warning','',' PHP Warning:  Undefined array key 0 in C:\\wamp64\\www\\lib\\tcpdf\\6.10.0\\tcpdf.php on line 12121\r',0,NULL,'',''),(42630,'2025-08-17 20:43:02','PHP Warning','',' PHP Warning:  Undefined array key 1 in C:\\wamp64\\www\\lib\\tcpdf\\6.10.0\\tcpdf.php on line 12121\r',0,NULL,'',''),(42631,'2025-08-17 20:43:02','PHP Warning','',' PHP Warning:  Undefined array key 0 in C:\\wamp64\\www\\lib\\tcpdf\\6.10.0\\tcpdf.php on line 12121\r',0,NULL,'',''),(42632,'2025-08-17 20:43:02','PHP Warning','',' PHP Warning:  Undefined array key 1 in C:\\wamp64\\www\\lib\\tcpdf\\6.10.0\\tcpdf.php on line 12121\r',0,NULL,'',''),(42633,'2025-08-17 20:43:02','PHP Warning','',' PHP Warning:  Undefined array key 0 in C:\\wamp64\\www\\lib\\tcpdf\\6.10.0\\tcpdf.php on line 12121\r',0,NULL,'',''),(42634,'2025-08-17 20:43:02','PHP Warning','',' PHP Warning:  Undefined array key 1 in C:\\wamp64\\www\\lib\\tcpdf\\6.10.0\\tcpdf.php on line 12121\r',0,NULL,'',''),(42635,'2025-08-17 20:43:02','PHP Warning','',' PHP Warning:  Undefined array key 0 in C:\\wamp64\\www\\lib\\tcpdf\\6.10.0\\tcpdf.php on line 12121\r',0,NULL,'',''),(42636,'2025-08-17 20:43:02','PHP Warning','',' PHP Warning:  Undefined array key 1 in C:\\wamp64\\www\\lib\\tcpdf\\6.10.0\\tcpdf.php on line 12121\r',0,NULL,'',''),(42637,'2025-08-17 20:43:02','PHP Warning','',' PHP Warning:  Undefined array key 0 in C:\\wamp64\\www\\lib\\tcpdf\\6.10.0\\tcpdf.php on line 12121\r',0,NULL,'',''),(42638,'2025-08-17 20:43:02','PHP Warning','',' PHP Warning:  Undefined array key 1 in C:\\wamp64\\www\\lib\\tcpdf\\6.10.0\\tcpdf.php on line 12121\r',0,NULL,'',''),(42639,'2025-08-17 20:43:02','PHP Warning','',' PHP Warning:  Undefined array key 0 in C:\\wamp64\\www\\lib\\tcpdf\\6.10.0\\tcpdf.php on line 12121\r',0,NULL,'',''),(42640,'2025-08-17 20:43:02','PHP Warning','',' PHP Warning:  Undefined array key 1 in C:\\wamp64\\www\\lib\\tcpdf\\6.10.0\\tcpdf.php on line 12121\r',0,NULL,'',''),(42641,'2025-08-17 20:43:02','PHP Warning','',' PHP Warning:  Undefined array key 0 in C:\\wamp64\\www\\lib\\tcpdf\\6.10.0\\tcpdf.php on line 12121\r',0,NULL,'',''),(42642,'2025-08-17 20:43:02','PHP Warning','',' PHP Warning:  Undefined array key 1 in C:\\wamp64\\www\\lib\\tcpdf\\6.10.0\\tcpdf.php on line 12121\r',0,NULL,'',''),(42643,'2025-08-17 20:43:02','PHP Warning','',' PHP Warning:  Undefined array key 0 in C:\\wamp64\\www\\lib\\tcpdf\\6.10.0\\tcpdf.php on line 12121\r',0,NULL,'',''),(42644,'2025-08-17 20:43:02','PHP Warning','',' PHP Warning:  Undefined array key 1 in C:\\wamp64\\www\\lib\\tcpdf\\6.10.0\\tcpdf.php on line 12121\r',0,NULL,'',''),(42645,'2025-08-17 20:43:02','PHP Warning','',' PHP Warning:  Undefined array key 0 in C:\\wamp64\\www\\lib\\tcpdf\\6.10.0\\tcpdf.php on line 12121\r',0,NULL,'',''),(42646,'2025-08-17 20:43:02','PHP Warning','',' PHP Warning:  Undefined array key 1 in C:\\wamp64\\www\\lib\\tcpdf\\6.10.0\\tcpdf.php on line 12121\r',0,NULL,'',''),(42647,'2025-08-17 20:43:02','PHP Warning','',' PHP Warning:  Undefined array key 0 in C:\\wamp64\\www\\lib\\tcpdf\\6.10.0\\tcpdf.php on line 12121\r',0,NULL,'',''),(42648,'2025-08-17 20:43:02','PHP Warning','',' PHP Warning:  Undefined array key 1 in C:\\wamp64\\www\\lib\\tcpdf\\6.10.0\\tcpdf.php on line 12121\r',0,NULL,'',''),(42649,'2025-08-17 20:43:02','PHP Warning','',' PHP Warning:  Undefined array key 0 in C:\\wamp64\\www\\lib\\tcpdf\\6.10.0\\tcpdf.php on line 12121\r',0,NULL,'',''),(42650,'2025-08-17 20:43:02','PHP Warning','',' PHP Warning:  Undefined array key 1 in C:\\wamp64\\www\\lib\\tcpdf\\6.10.0\\tcpdf.php on line 12121\r',0,NULL,'',''),(42651,'2025-08-17 20:43:02','PHP Warning','',' PHP Warning:  Undefined array key 0 in C:\\wamp64\\www\\lib\\tcpdf\\6.10.0\\tcpdf.php on line 12121\r',0,NULL,'',''),(42652,'2025-08-17 20:43:02','PHP Warning','',' PHP Warning:  Undefined array key 1 in C:\\wamp64\\www\\lib\\tcpdf\\6.10.0\\tcpdf.php on line 12121\r',0,NULL,'',''),(42653,'2025-08-17 20:43:03','PHP Warning','',' PHP Warning:  Undefined variable $height_carte in C:\\wamp64\\www\\previlux\\base\\jw\\etats\\territoires\\rendu\\pdf_territoire.php on line 1614\r',0,NULL,'',''),(42654,'2025-08-17 20:43:03','PHP Warning','',' PHP Warning:  Cannot modify header information - headers already sent by (output started at C:\\wamp64\\www\\lib\\tcpdf\\6.10.0\\tcpdf.php:12121) in C:\\wamp64\\www\\lib\\tcpdf\\6.10.0\\tcpdf.php on line 7764\r',0,NULL,'',''),(42655,'2025-08-17 20:44:06','PHP Warning','',' PHP Warning:  Undefined array key 0 in C:\\wamp64\\www\\lib\\tcpdf\\6.10.0\\tcpdf.php on line 12121\r',0,NULL,'',''),(42656,'2025-08-17 20:44:06','PHP Warning','',' PHP Warning:  Undefined array key 1 in C:\\wamp64\\www\\lib\\tcpdf\\6.10.0\\tcpdf.php on line 12121\r',0,NULL,'',''),(42657,'2025-08-17 20:44:06','PHP Warning','',' PHP Warning:  Undefined array key 0 in C:\\wamp64\\www\\lib\\tcpdf\\6.10.0\\tcpdf.php on line 12121\r',0,NULL,'',''),(42658,'2025-08-17 20:44:06','PHP Warning','',' PHP Warning:  Undefined array key 1 in C:\\wamp64\\www\\lib\\tcpdf\\6.10.0\\tcpdf.php on line 12121\r',0,NULL,'',''),(42659,'2025-08-17 20:44:06','PHP Warning','',' PHP Warning:  Undefined array key 0 in C:\\wamp64\\www\\lib\\tcpdf\\6.10.0\\tcpdf.php on line 12121\r',0,NULL,'',''),(42660,'2025-08-17 20:44:06','PHP Warning','',' PHP Warning:  Undefined array key 1 in C:\\wamp64\\www\\lib\\tcpdf\\6.10.0\\tcpdf.php on line 12121\r',0,NULL,'',''),(42661,'2025-08-17 20:44:06','PHP Warning','',' PHP Warning:  Undefined array key 0 in C:\\wamp64\\www\\lib\\tcpdf\\6.10.0\\tcpdf.php on line 12121\r',0,NULL,'',''),(42662,'2025-08-17 20:44:06','PHP Warning','',' PHP Warning:  Undefined array key 1 in C:\\wamp64\\www\\lib\\tcpdf\\6.10.0\\tcpdf.php on line 12121\r',0,NULL,'',''),(42663,'2025-08-17 20:44:06','PHP Warning','',' PHP Warning:  Undefined array key 0 in C:\\wamp64\\www\\lib\\tcpdf\\6.10.0\\tcpdf.php on line 12121\r',0,NULL,'',''),(42664,'2025-08-17 20:44:06','PHP Warning','',' PHP Warning:  Undefined array key 1 in C:\\wamp64\\www\\lib\\tcpdf\\6.10.0\\tcpdf.php on line 12121\r',0,NULL,'',''),(42665,'2025-08-17 20:44:06','PHP Warning','',' PHP Warning:  Undefined array key 0 in C:\\wamp64\\www\\lib\\tcpdf\\6.10.0\\tcpdf.php on line 12121\r',0,NULL,'',''),(42666,'2025-08-17 20:44:06','PHP Warning','',' PHP Warning:  Undefined array key 1 in C:\\wamp64\\www\\lib\\tcpdf\\6.10.0\\tcpdf.php on line 12121\r',0,NULL,'',''),(42667,'2025-08-17 20:44:06','PHP Warning','',' PHP Warning:  Undefined array key 0 in C:\\wamp64\\www\\lib\\tcpdf\\6.10.0\\tcpdf.php on line 12121\r',0,NULL,'',''),(42668,'2025-08-17 20:44:06','PHP Warning','',' PHP Warning:  Undefined array key 1 in C:\\wamp64\\www\\lib\\tcpdf\\6.10.0\\tcpdf.php on line 12121\r',0,NULL,'',''),(42669,'2025-08-17 20:44:06','PHP Warning','',' PHP Warning:  Undefined array key 0 in C:\\wamp64\\www\\lib\\tcpdf\\6.10.0\\tcpdf.php on line 12121\r',0,NULL,'',''),(42670,'2025-08-17 20:44:06','PHP Warning','',' PHP Warning:  Undefined array key 1 in C:\\wamp64\\www\\lib\\tcpdf\\6.10.0\\tcpdf.php on line 12121\r',0,NULL,'',''),(42671,'2025-08-17 20:44:06','PHP Warning','',' PHP Warning:  Undefined array key 0 in C:\\wamp64\\www\\lib\\tcpdf\\6.10.0\\tcpdf.php on line 12121\r',0,NULL,'',''),(42672,'2025-08-17 20:44:06','PHP Warning','',' PHP Warning:  Undefined array key 1 in C:\\wamp64\\www\\lib\\tcpdf\\6.10.0\\tcpdf.php on line 12121\r',0,NULL,'',''),(42673,'2025-08-17 20:44:06','PHP Warning','',' PHP Warning:  Undefined array key 0 in C:\\wamp64\\www\\lib\\tcpdf\\6.10.0\\tcpdf.php on line 12121\r',0,NULL,'',''),(42674,'2025-08-17 20:44:06','PHP Warning','',' PHP Warning:  Undefined array key 1 in C:\\wamp64\\www\\lib\\tcpdf\\6.10.0\\tcpdf.php on line 12121\r',0,NULL,'',''),(42675,'2025-08-17 20:44:06','PHP Warning','',' PHP Warning:  Undefined array key 0 in C:\\wamp64\\www\\lib\\tcpdf\\6.10.0\\tcpdf.php on line 12121\r',0,NULL,'',''),(42676,'2025-08-17 20:44:06','PHP Warning','',' PHP Warning:  Undefined array key 1 in C:\\wamp64\\www\\lib\\tcpdf\\6.10.0\\tcpdf.php on line 12121\r',0,NULL,'',''),(42677,'2025-08-17 20:44:06','PHP Warning','',' PHP Warning:  Undefined array key 0 in C:\\wamp64\\www\\lib\\tcpdf\\6.10.0\\tcpdf.php on line 12121\r',0,NULL,'',''),(42678,'2025-08-17 20:44:06','PHP Warning','',' PHP Warning:  Undefined array key 1 in C:\\wamp64\\www\\lib\\tcpdf\\6.10.0\\tcpdf.php on line 12121\r',0,NULL,'',''),(42679,'2025-08-17 20:44:06','PHP Warning','',' PHP Warning:  Undefined array key 0 in C:\\wamp64\\www\\lib\\tcpdf\\6.10.0\\tcpdf.php on line 12121\r',0,NULL,'',''),(42680,'2025-08-17 20:44:06','PHP Warning','',' PHP Warning:  Undefined array key 1 in C:\\wamp64\\www\\lib\\tcpdf\\6.10.0\\tcpdf.php on line 12121\r',0,NULL,'',''),(42681,'2025-08-17 20:44:06','PHP Warning','',' PHP Warning:  Undefined array key 0 in C:\\wamp64\\www\\lib\\tcpdf\\6.10.0\\tcpdf.php on line 12121\r',0,NULL,'',''),(42682,'2025-08-17 20:44:06','PHP Warning','',' PHP Warning:  Undefined array key 1 in C:\\wamp64\\www\\lib\\tcpdf\\6.10.0\\tcpdf.php on line 12121\r',0,NULL,'',''),(42683,'2025-08-17 20:44:06','PHP Warning','',' PHP Warning:  Undefined array key 0 in C:\\wamp64\\www\\lib\\tcpdf\\6.10.0\\tcpdf.php on line 12121\r',0,NULL,'',''),(42684,'2025-08-17 20:44:06','PHP Warning','',' PHP Warning:  Undefined array key 1 in C:\\wamp64\\www\\lib\\tcpdf\\6.10.0\\tcpdf.php on line 12121\r',0,NULL,'',''),(42685,'2025-08-17 20:44:06','PHP Warning','',' PHP Warning:  Undefined array key 0 in C:\\wamp64\\www\\lib\\tcpdf\\6.10.0\\tcpdf.php on line 12121\r',0,NULL,'',''),(42686,'2025-08-17 20:44:06','PHP Warning','',' PHP Warning:  Undefined array key 1 in C:\\wamp64\\www\\lib\\tcpdf\\6.10.0\\tcpdf.php on line 12121\r',0,NULL,'',''),(42687,'2025-08-17 20:44:06','PHP Warning','',' PHP Warning:  Undefined array key 0 in C:\\wamp64\\www\\lib\\tcpdf\\6.10.0\\tcpdf.php on line 12121\r',0,NULL,'',''),(42688,'2025-08-17 20:44:06','PHP Warning','',' PHP Warning:  Undefined array key 1 in C:\\wamp64\\www\\lib\\tcpdf\\6.10.0\\tcpdf.php on line 12121\r',0,NULL,'',''),(42689,'2025-08-17 20:44:06','PHP Warning','',' PHP Warning:  Undefined array key 0 in C:\\wamp64\\www\\lib\\tcpdf\\6.10.0\\tcpdf.php on line 12121\r',0,NULL,'',''),(42690,'2025-08-17 20:44:06','PHP Warning','',' PHP Warning:  Undefined array key 1 in C:\\wamp64\\www\\lib\\tcpdf\\6.10.0\\tcpdf.php on line 12121\r',0,NULL,'',''),(42691,'2025-08-17 20:44:06','PHP Warning','',' PHP Warning:  Undefined array key 0 in C:\\wamp64\\www\\lib\\tcpdf\\6.10.0\\tcpdf.php on line 12121\r',0,NULL,'',''),(42692,'2025-08-17 20:44:06','PHP Warning','',' PHP Warning:  Undefined array key 1 in C:\\wamp64\\www\\lib\\tcpdf\\6.10.0\\tcpdf.php on line 12121\r',0,NULL,'',''),(42693,'2025-08-17 20:44:06','PHP Warning','',' PHP Warning:  Undefined array key 0 in C:\\wamp64\\www\\lib\\tcpdf\\6.10.0\\tcpdf.php on line 12121\r',0,NULL,'',''),(42694,'2025-08-17 20:44:06','PHP Warning','',' PHP Warning:  Undefined array key 1 in C:\\wamp64\\www\\lib\\tcpdf\\6.10.0\\tcpdf.php on line 12121\r',0,NULL,'',''),(42695,'2025-08-17 20:44:06','PHP Warning','',' PHP Warning:  Undefined array key 0 in C:\\wamp64\\www\\lib\\tcpdf\\6.10.0\\tcpdf.php on line 12121\r',0,NULL,'',''),(42696,'2025-08-17 20:44:06','PHP Warning','',' PHP Warning:  Undefined array key 1 in C:\\wamp64\\www\\lib\\tcpdf\\6.10.0\\tcpdf.php on line 12121\r',0,NULL,'',''),(42697,'2025-08-17 20:44:06','PHP Warning','',' PHP Warning:  Undefined array key 0 in C:\\wamp64\\www\\lib\\tcpdf\\6.10.0\\tcpdf.php on line 12121\r',0,NULL,'',''),(42698,'2025-08-17 20:44:06','PHP Warning','',' PHP Warning:  Undefined array key 1 in C:\\wamp64\\www\\lib\\tcpdf\\6.10.0\\tcpdf.php on line 12121\r',0,NULL,'',''),(42699,'2025-08-17 20:44:06','PHP Warning','',' PHP Warning:  Undefined array key 0 in C:\\wamp64\\www\\lib\\tcpdf\\6.10.0\\tcpdf.php on line 12121\r',0,NULL,'',''),(42700,'2025-08-17 20:44:06','PHP Warning','',' PHP Warning:  Undefined array key 1 in C:\\wamp64\\www\\lib\\tcpdf\\6.10.0\\tcpdf.php on line 12121\r',0,NULL,'',''),(42701,'2025-08-17 20:44:06','PHP Warning','',' PHP Warning:  Undefined array key 0 in C:\\wamp64\\www\\lib\\tcpdf\\6.10.0\\tcpdf.php on line 12121\r',0,NULL,'',''),(42702,'2025-08-17 20:44:06','PHP Warning','',' PHP Warning:  Undefined array key 1 in C:\\wamp64\\www\\lib\\tcpdf\\6.10.0\\tcpdf.php on line 12121\r',0,NULL,'',''),(42703,'2025-08-17 20:44:06','PHP Warning','',' PHP Warning:  Undefined array key 0 in C:\\wamp64\\www\\lib\\tcpdf\\6.10.0\\tcpdf.php on line 12121\r',0,NULL,'',''),(42704,'2025-08-17 20:44:06','PHP Warning','',' PHP Warning:  Undefined array key 1 in C:\\wamp64\\www\\lib\\tcpdf\\6.10.0\\tcpdf.php on line 12121\r',0,NULL,'',''),(42705,'2025-08-17 20:44:06','PHP Warning','',' PHP Warning:  Undefined array key 0 in C:\\wamp64\\www\\lib\\tcpdf\\6.10.0\\tcpdf.php on line 12121\r',0,NULL,'',''),(42706,'2025-08-17 20:44:06','PHP Warning','',' PHP Warning:  Undefined array key 1 in C:\\wamp64\\www\\lib\\tcpdf\\6.10.0\\tcpdf.php on line 12121\r',0,NULL,'',''),(42707,'2025-08-17 20:44:06','PHP Warning','',' PHP Warning:  Undefined array key 0 in C:\\wamp64\\www\\lib\\tcpdf\\6.10.0\\tcpdf.php on line 12121\r',0,NULL,'',''),(42708,'2025-08-17 20:44:06','PHP Warning','',' PHP Warning:  Undefined array key 1 in C:\\wamp64\\www\\lib\\tcpdf\\6.10.0\\tcpdf.php on line 12121\r',0,NULL,'',''),(42709,'2025-08-17 20:44:06','PHP Warning','',' PHP Warning:  Undefined array key 0 in C:\\wamp64\\www\\lib\\tcpdf\\6.10.0\\tcpdf.php on line 12121\r',0,NULL,'',''),(42710,'2025-08-17 20:44:06','PHP Warning','',' PHP Warning:  Undefined array key 1 in C:\\wamp64\\www\\lib\\tcpdf\\6.10.0\\tcpdf.php on line 12121\r',0,NULL,'',''),(42711,'2025-08-17 20:44:06','PHP Warning','',' PHP Warning:  Undefined array key 0 in C:\\wamp64\\www\\lib\\tcpdf\\6.10.0\\tcpdf.php on line 12121\r',0,NULL,'',''),(42712,'2025-08-17 20:44:06','PHP Warning','',' PHP Warning:  Undefined array key 1 in C:\\wamp64\\www\\lib\\tcpdf\\6.10.0\\tcpdf.php on line 12121\r',0,NULL,'',''),(42713,'2025-08-17 20:44:06','PHP Warning','',' PHP Warning:  Undefined array key 0 in C:\\wamp64\\www\\lib\\tcpdf\\6.10.0\\tcpdf.php on line 12121\r',0,NULL,'',''),(42714,'2025-08-17 20:44:06','PHP Warning','',' PHP Warning:  Undefined array key 1 in C:\\wamp64\\www\\lib\\tcpdf\\6.10.0\\tcpdf.php on line 12121\r',0,NULL,'',''),(42715,'2025-08-17 20:44:06','PHP Warning','',' PHP Warning:  Undefined array key 0 in C:\\wamp64\\www\\lib\\tcpdf\\6.10.0\\tcpdf.php on line 12121\r',0,NULL,'',''),(42716,'2025-08-17 20:44:06','PHP Warning','',' PHP Warning:  Undefined array key 1 in C:\\wamp64\\www\\lib\\tcpdf\\6.10.0\\tcpdf.php on line 12121\r',0,NULL,'',''),(42717,'2025-08-17 20:44:06','PHP Warning','',' PHP Warning:  Undefined array key 0 in C:\\wamp64\\www\\lib\\tcpdf\\6.10.0\\tcpdf.php on line 12121\r',0,NULL,'',''),(42718,'2025-08-17 20:44:06','PHP Warning','',' PHP Warning:  Undefined array key 1 in C:\\wamp64\\www\\lib\\tcpdf\\6.10.0\\tcpdf.php on line 12121\r',0,NULL,'',''),(42719,'2025-08-17 20:44:06','PHP Warning','',' PHP Warning:  Undefined array key 0 in C:\\wamp64\\www\\lib\\tcpdf\\6.10.0\\tcpdf.php on line 12121\r',0,NULL,'',''),(42720,'2025-08-17 20:44:06','PHP Warning','',' PHP Warning:  Undefined array key 1 in C:\\wamp64\\www\\lib\\tcpdf\\6.10.0\\tcpdf.php on line 12121\r',0,NULL,'',''),(42721,'2025-08-17 20:44:06','PHP Warning','',' PHP Warning:  Undefined array key 0 in C:\\wamp64\\www\\lib\\tcpdf\\6.10.0\\tcpdf.php on line 12121\r',0,NULL,'',''),(42722,'2025-08-17 20:44:06','PHP Warning','',' PHP Warning:  Undefined array key 1 in C:\\wamp64\\www\\lib\\tcpdf\\6.10.0\\tcpdf.php on line 12121\r',0,NULL,'',''),(42723,'2025-08-17 20:44:06','PHP Warning','',' PHP Warning:  Undefined array key 0 in C:\\wamp64\\www\\lib\\tcpdf\\6.10.0\\tcpdf.php on line 12121\r',0,NULL,'',''),(42724,'2025-08-17 20:44:06','PHP Warning','',' PHP Warning:  Undefined array key 1 in C:\\wamp64\\www\\lib\\tcpdf\\6.10.0\\tcpdf.php on line 12121\r',0,NULL,'',''),(42725,'2025-08-17 20:44:06','PHP Warning','',' PHP Warning:  Undefined array key 0 in C:\\wamp64\\www\\lib\\tcpdf\\6.10.0\\tcpdf.php on line 12121\r',0,NULL,'',''),(42726,'2025-08-17 20:44:06','PHP Warning','',' PHP Warning:  Undefined array key 1 in C:\\wamp64\\www\\lib\\tcpdf\\6.10.0\\tcpdf.php on line 12121\r',0,NULL,'',''),(42727,'2025-08-17 20:44:06','PHP Warning','',' PHP Warning:  Undefined array key 0 in C:\\wamp64\\www\\lib\\tcpdf\\6.10.0\\tcpdf.php on line 12121\r',0,NULL,'',''),(42728,'2025-08-17 20:44:06','PHP Warning','',' PHP Warning:  Undefined array key 1 in C:\\wamp64\\www\\lib\\tcpdf\\6.10.0\\tcpdf.php on line 12121\r',0,NULL,'',''),(42729,'2025-08-17 20:44:06','PHP Warning','',' PHP Warning:  Undefined array key 0 in C:\\wamp64\\www\\lib\\tcpdf\\6.10.0\\tcpdf.php on line 12121\r',0,NULL,'',''),(42730,'2025-08-17 20:44:06','PHP Warning','',' PHP Warning:  Undefined array key 1 in C:\\wamp64\\www\\lib\\tcpdf\\6.10.0\\tcpdf.php on line 12121\r',0,NULL,'',''),(42731,'2025-08-17 20:44:06','PHP Warning','',' PHP Warning:  Undefined array key 0 in C:\\wamp64\\www\\lib\\tcpdf\\6.10.0\\tcpdf.php on line 12121\r',0,NULL,'',''),(42732,'2025-08-17 20:44:06','PHP Warning','',' PHP Warning:  Undefined array key 1 in C:\\wamp64\\www\\lib\\tcpdf\\6.10.0\\tcpdf.php on line 12121\r',0,NULL,'',''),(42733,'2025-08-17 20:44:06','PHP Warning','',' PHP Warning:  Undefined array key 0 in C:\\wamp64\\www\\lib\\tcpdf\\6.10.0\\tcpdf.php on line 12121\r',0,NULL,'',''),(42734,'2025-08-17 20:44:06','PHP Warning','',' PHP Warning:  Undefined array key 1 in C:\\wamp64\\www\\lib\\tcpdf\\6.10.0\\tcpdf.php on line 12121\r',0,NULL,'',''),(42735,'2025-08-17 20:44:06','PHP Warning','',' PHP Warning:  Undefined array key 0 in C:\\wamp64\\www\\lib\\tcpdf\\6.10.0\\tcpdf.php on line 12121\r',0,NULL,'',''),(42736,'2025-08-17 20:44:06','PHP Warning','',' PHP Warning:  Undefined array key 1 in C:\\wamp64\\www\\lib\\tcpdf\\6.10.0\\tcpdf.php on line 12121\r',0,NULL,'',''),(42737,'2025-08-17 20:44:06','PHP Warning','',' PHP Warning:  Undefined array key 0 in C:\\wamp64\\www\\lib\\tcpdf\\6.10.0\\tcpdf.php on line 12121\r',0,NULL,'',''),(42738,'2025-08-17 20:44:06','PHP Warning','',' PHP Warning:  Undefined array key 1 in C:\\wamp64\\www\\lib\\tcpdf\\6.10.0\\tcpdf.php on line 12121\r',0,NULL,'',''),(42739,'2025-08-17 20:44:06','PHP Warning','',' PHP Warning:  Undefined array key 0 in C:\\wamp64\\www\\lib\\tcpdf\\6.10.0\\tcpdf.php on line 12121\r',0,NULL,'',''),(42740,'2025-08-17 20:44:06','PHP Warning','',' PHP Warning:  Undefined array key 1 in C:\\wamp64\\www\\lib\\tcpdf\\6.10.0\\tcpdf.php on line 12121\r',0,NULL,'',''),(42741,'2025-08-17 20:44:06','PHP Warning','',' PHP Warning:  Undefined array key 0 in C:\\wamp64\\www\\lib\\tcpdf\\6.10.0\\tcpdf.php on line 12121\r',0,NULL,'',''),(42742,'2025-08-17 20:44:06','PHP Warning','',' PHP Warning:  Undefined array key 1 in C:\\wamp64\\www\\lib\\tcpdf\\6.10.0\\tcpdf.php on line 12121\r',0,NULL,'',''),(42743,'2025-08-17 20:44:06','PHP Warning','',' PHP Warning:  Undefined array key 0 in C:\\wamp64\\www\\lib\\tcpdf\\6.10.0\\tcpdf.php on line 12121\r',0,NULL,'',''),(42744,'2025-08-17 20:44:06','PHP Warning','',' PHP Warning:  Undefined array key 1 in C:\\wamp64\\www\\lib\\tcpdf\\6.10.0\\tcpdf.php on line 12121\r',0,NULL,'',''),(42745,'2025-08-17 20:44:06','PHP Warning','',' PHP Warning:  Undefined array key 0 in C:\\wamp64\\www\\lib\\tcpdf\\6.10.0\\tcpdf.php on line 12121\r',0,NULL,'',''),(42746,'2025-08-17 20:44:06','PHP Warning','',' PHP Warning:  Undefined array key 1 in C:\\wamp64\\www\\lib\\tcpdf\\6.10.0\\tcpdf.php on line 12121\r',0,NULL,'',''),(42747,'2025-08-17 20:44:06','PHP Warning','',' PHP Warning:  Undefined array key 0 in C:\\wamp64\\www\\lib\\tcpdf\\6.10.0\\tcpdf.php on line 12121\r',0,NULL,'',''),(42748,'2025-08-17 20:44:06','PHP Warning','',' PHP Warning:  Undefined array key 1 in C:\\wamp64\\www\\lib\\tcpdf\\6.10.0\\tcpdf.php on line 12121\r',0,NULL,'',''),(42749,'2025-08-17 20:44:06','PHP Warning','',' PHP Warning:  Undefined array key 0 in C:\\wamp64\\www\\lib\\tcpdf\\6.10.0\\tcpdf.php on line 12121\r',0,NULL,'',''),(42750,'2025-08-17 20:44:06','PHP Warning','',' PHP Warning:  Undefined array key 1 in C:\\wamp64\\www\\lib\\tcpdf\\6.10.0\\tcpdf.php on line 12121\r',0,NULL,'',''),(42751,'2025-08-17 20:44:06','PHP Warning','',' PHP Warning:  Undefined array key 0 in C:\\wamp64\\www\\lib\\tcpdf\\6.10.0\\tcpdf.php on line 12121\r',0,NULL,'',''),(42752,'2025-08-17 20:44:06','PHP Warning','',' PHP Warning:  Undefined array key 1 in C:\\wamp64\\www\\lib\\tcpdf\\6.10.0\\tcpdf.php on line 12121\r',0,NULL,'',''),(42753,'2025-08-17 20:44:06','PHP Warning','',' PHP Warning:  Undefined array key 0 in C:\\wamp64\\www\\lib\\tcpdf\\6.10.0\\tcpdf.php on line 12121\r',0,NULL,'',''),(42754,'2025-08-17 20:44:06','PHP Warning','',' PHP Warning:  Undefined array key 1 in C:\\wamp64\\www\\lib\\tcpdf\\6.10.0\\tcpdf.php on line 12121\r',0,NULL,'',''),(42755,'2025-08-17 20:44:06','PHP Warning','',' PHP Warning:  Undefined array key 0 in C:\\wamp64\\www\\lib\\tcpdf\\6.10.0\\tcpdf.php on line 12121\r',0,NULL,'',''),(42756,'2025-08-17 20:44:06','PHP Warning','',' PHP Warning:  Undefined array key 1 in C:\\wamp64\\www\\lib\\tcpdf\\6.10.0\\tcpdf.php on line 12121\r',0,NULL,'',''),(42757,'2025-08-17 20:44:06','PHP Warning','',' PHP Warning:  Undefined array key 0 in C:\\wamp64\\www\\lib\\tcpdf\\6.10.0\\tcpdf.php on line 12121\r',0,NULL,'',''),(42758,'2025-08-17 20:44:06','PHP Warning','',' PHP Warning:  Undefined array key 1 in C:\\wamp64\\www\\lib\\tcpdf\\6.10.0\\tcpdf.php on line 12121\r',0,NULL,'',''),(42759,'2025-08-17 20:44:06','PHP Warning','',' PHP Warning:  Undefined array key 0 in C:\\wamp64\\www\\lib\\tcpdf\\6.10.0\\tcpdf.php on line 12121\r',0,NULL,'',''),(42760,'2025-08-17 20:44:06','PHP Warning','',' PHP Warning:  Undefined array key 1 in C:\\wamp64\\www\\lib\\tcpdf\\6.10.0\\tcpdf.php on line 12121\r',0,NULL,'',''),(42761,'2025-08-17 20:44:06','PHP Warning','',' PHP Warning:  Undefined array key 0 in C:\\wamp64\\www\\lib\\tcpdf\\6.10.0\\tcpdf.php on line 12121\r',0,NULL,'',''),(42762,'2025-08-17 20:44:06','PHP Warning','',' PHP Warning:  Undefined array key 1 in C:\\wamp64\\www\\lib\\tcpdf\\6.10.0\\tcpdf.php on line 12121\r',0,NULL,'',''),(42763,'2025-08-17 20:44:06','PHP Warning','',' PHP Warning:  Undefined array key 0 in C:\\wamp64\\www\\lib\\tcpdf\\6.10.0\\tcpdf.php on line 12121\r',0,NULL,'',''),(42764,'2025-08-17 20:44:06','PHP Warning','',' PHP Warning:  Undefined array key 1 in C:\\wamp64\\www\\lib\\tcpdf\\6.10.0\\tcpdf.php on line 12121\r',0,NULL,'',''),(42765,'2025-08-17 20:44:06','PHP Warning','',' PHP Warning:  Undefined array key 0 in C:\\wamp64\\www\\lib\\tcpdf\\6.10.0\\tcpdf.php on line 12121\r',0,NULL,'',''),(42766,'2025-08-17 20:44:06','PHP Warning','',' PHP Warning:  Undefined array key 1 in C:\\wamp64\\www\\lib\\tcpdf\\6.10.0\\tcpdf.php on line 12121\r',0,NULL,'',''),(42767,'2025-08-17 20:44:06','PHP Warning','',' PHP Warning:  Undefined array key 0 in C:\\wamp64\\www\\lib\\tcpdf\\6.10.0\\tcpdf.php on line 12121\r',0,NULL,'',''),(42768,'2025-08-17 20:44:06','PHP Warning','',' PHP Warning:  Undefined array key 1 in C:\\wamp64\\www\\lib\\tcpdf\\6.10.0\\tcpdf.php on line 12121\r',0,NULL,'',''),(42769,'2025-08-17 20:44:06','PHP Warning','',' PHP Warning:  Undefined array key 0 in C:\\wamp64\\www\\lib\\tcpdf\\6.10.0\\tcpdf.php on line 12121\r',0,NULL,'',''),(42770,'2025-08-17 20:44:06','PHP Warning','',' PHP Warning:  Undefined array key 1 in C:\\wamp64\\www\\lib\\tcpdf\\6.10.0\\tcpdf.php on line 12121\r',0,NULL,'',''),(42771,'2025-08-17 20:44:06','PHP Warning','',' PHP Warning:  Undefined array key 0 in C:\\wamp64\\www\\lib\\tcpdf\\6.10.0\\tcpdf.php on line 12121\r',0,NULL,'',''),(42772,'2025-08-17 20:44:06','PHP Warning','',' PHP Warning:  Undefined array key 1 in C:\\wamp64\\www\\lib\\tcpdf\\6.10.0\\tcpdf.php on line 12121\r',0,NULL,'',''),(42773,'2025-08-17 20:44:06','PHP Warning','',' PHP Warning:  Undefined array key 0 in C:\\wamp64\\www\\lib\\tcpdf\\6.10.0\\tcpdf.php on line 12121\r',0,NULL,'',''),(42774,'2025-08-17 20:44:06','PHP Warning','',' PHP Warning:  Undefined array key 1 in C:\\wamp64\\www\\lib\\tcpdf\\6.10.0\\tcpdf.php on line 12121\r',0,NULL,'',''),(42775,'2025-08-17 20:44:06','PHP Warning','',' PHP Warning:  Undefined array key 0 in C:\\wamp64\\www\\lib\\tcpdf\\6.10.0\\tcpdf.php on line 12121\r',0,NULL,'',''),(42776,'2025-08-17 20:44:06','PHP Warning','',' PHP Warning:  Undefined array key 1 in C:\\wamp64\\www\\lib\\tcpdf\\6.10.0\\tcpdf.php on line 12121\r',0,NULL,'',''),(42777,'2025-08-17 20:44:06','PHP Warning','',' PHP Warning:  Undefined array key 0 in C:\\wamp64\\www\\lib\\tcpdf\\6.10.0\\tcpdf.php on line 12121\r',0,NULL,'',''),(42778,'2025-08-17 20:44:06','PHP Warning','',' PHP Warning:  Undefined array key 1 in C:\\wamp64\\www\\lib\\tcpdf\\6.10.0\\tcpdf.php on line 12121\r',0,NULL,'',''),(42779,'2025-08-17 20:44:06','PHP Warning','',' PHP Warning:  Undefined array key 0 in C:\\wamp64\\www\\lib\\tcpdf\\6.10.0\\tcpdf.php on line 12121\r',0,NULL,'',''),(42780,'2025-08-17 20:44:06','PHP Warning','',' PHP Warning:  Undefined array key 1 in C:\\wamp64\\www\\lib\\tcpdf\\6.10.0\\tcpdf.php on line 12121\r',0,NULL,'',''),(42781,'2025-08-17 20:44:06','PHP Warning','',' PHP Warning:  Undefined array key 0 in C:\\wamp64\\www\\lib\\tcpdf\\6.10.0\\tcpdf.php on line 12121\r',0,NULL,'',''),(42782,'2025-08-17 20:44:06','PHP Warning','',' PHP Warning:  Undefined array key 1 in C:\\wamp64\\www\\lib\\tcpdf\\6.10.0\\tcpdf.php on line 12121\r',0,NULL,'',''),(42783,'2025-08-17 20:44:06','PHP Warning','',' PHP Warning:  Undefined array key 0 in C:\\wamp64\\www\\lib\\tcpdf\\6.10.0\\tcpdf.php on line 12121\r',0,NULL,'',''),(42784,'2025-08-17 20:44:06','PHP Warning','',' PHP Warning:  Undefined array key 1 in C:\\wamp64\\www\\lib\\tcpdf\\6.10.0\\tcpdf.php on line 12121\r',0,NULL,'',''),(42785,'2025-08-17 20:44:06','PHP Warning','',' PHP Warning:  Undefined array key 0 in C:\\wamp64\\www\\lib\\tcpdf\\6.10.0\\tcpdf.php on line 12121\r',0,NULL,'',''),(42786,'2025-08-17 20:44:06','PHP Warning','',' PHP Warning:  Undefined array key 1 in C:\\wamp64\\www\\lib\\tcpdf\\6.10.0\\tcpdf.php on line 12121\r',0,NULL,'',''),(42787,'2025-08-17 20:44:06','PHP Warning','',' PHP Warning:  Undefined array key 0 in C:\\wamp64\\www\\lib\\tcpdf\\6.10.0\\tcpdf.php on line 12121\r',0,NULL,'',''),(42788,'2025-08-17 20:44:06','PHP Warning','',' PHP Warning:  Undefined array key 1 in C:\\wamp64\\www\\lib\\tcpdf\\6.10.0\\tcpdf.php on line 12121\r',0,NULL,'',''),(42789,'2025-08-17 20:44:06','PHP Warning','',' PHP Warning:  Undefined array key 0 in C:\\wamp64\\www\\lib\\tcpdf\\6.10.0\\tcpdf.php on line 12121\r',0,NULL,'',''),(42790,'2025-08-17 20:44:06','PHP Warning','',' PHP Warning:  Undefined array key 1 in C:\\wamp64\\www\\lib\\tcpdf\\6.10.0\\tcpdf.php on line 12121\r',0,NULL,'',''),(42791,'2025-08-17 20:44:06','PHP Warning','',' PHP Warning:  Undefined array key 0 in C:\\wamp64\\www\\lib\\tcpdf\\6.10.0\\tcpdf.php on line 12121\r',0,NULL,'',''),(42792,'2025-08-17 20:44:06','PHP Warning','',' PHP Warning:  Undefined array key 1 in C:\\wamp64\\www\\lib\\tcpdf\\6.10.0\\tcpdf.php on line 12121\r',0,NULL,'',''),(42793,'2025-08-17 20:44:06','PHP Warning','',' PHP Warning:  Undefined array key 0 in C:\\wamp64\\www\\lib\\tcpdf\\6.10.0\\tcpdf.php on line 12121\r',0,NULL,'',''),(42794,'2025-08-17 20:44:06','PHP Warning','',' PHP Warning:  Undefined array key 1 in C:\\wamp64\\www\\lib\\tcpdf\\6.10.0\\tcpdf.php on line 12121\r',0,NULL,'',''),(42795,'2025-08-17 20:44:06','PHP Warning','',' PHP Warning:  Undefined array key 0 in C:\\wamp64\\www\\lib\\tcpdf\\6.10.0\\tcpdf.php on line 12121\r',0,NULL,'',''),(42796,'2025-08-17 20:44:06','PHP Warning','',' PHP Warning:  Undefined array key 1 in C:\\wamp64\\www\\lib\\tcpdf\\6.10.0\\tcpdf.php on line 12121\r',0,NULL,'',''),(42797,'2025-08-17 20:44:06','PHP Warning','',' PHP Warning:  Undefined array key 0 in C:\\wamp64\\www\\lib\\tcpdf\\6.10.0\\tcpdf.php on line 12121\r',0,NULL,'',''),(42798,'2025-08-17 20:44:06','PHP Warning','',' PHP Warning:  Undefined array key 1 in C:\\wamp64\\www\\lib\\tcpdf\\6.10.0\\tcpdf.php on line 12121\r',0,NULL,'',''),(42799,'2025-08-17 20:44:06','PHP Warning','',' PHP Warning:  Undefined array key 0 in C:\\wamp64\\www\\lib\\tcpdf\\6.10.0\\tcpdf.php on line 12121\r',0,NULL,'',''),(42800,'2025-08-17 20:44:06','PHP Warning','',' PHP Warning:  Undefined array key 1 in C:\\wamp64\\www\\lib\\tcpdf\\6.10.0\\tcpdf.php on line 12121\r',0,NULL,'',''),(42801,'2025-08-17 20:44:06','PHP Warning','',' PHP Warning:  Undefined array key 0 in C:\\wamp64\\www\\lib\\tcpdf\\6.10.0\\tcpdf.php on line 12121\r',0,NULL,'',''),(42802,'2025-08-17 20:44:06','PHP Warning','',' PHP Warning:  Undefined array key 1 in C:\\wamp64\\www\\lib\\tcpdf\\6.10.0\\tcpdf.php on line 12121\r',0,NULL,'',''),(42803,'2025-08-17 20:44:06','PHP Warning','',' PHP Warning:  Undefined array key 0 in C:\\wamp64\\www\\lib\\tcpdf\\6.10.0\\tcpdf.php on line 12121\r',0,NULL,'',''),(42804,'2025-08-17 20:44:06','PHP Warning','',' PHP Warning:  Undefined array key 1 in C:\\wamp64\\www\\lib\\tcpdf\\6.10.0\\tcpdf.php on line 12121\r',0,NULL,'',''),(42805,'2025-08-17 20:44:06','PHP Warning','',' PHP Warning:  Undefined array key 0 in C:\\wamp64\\www\\lib\\tcpdf\\6.10.0\\tcpdf.php on line 12121\r',0,NULL,'',''),(42806,'2025-08-17 20:44:06','PHP Warning','',' PHP Warning:  Undefined array key 1 in C:\\wamp64\\www\\lib\\tcpdf\\6.10.0\\tcpdf.php on line 12121\r',0,NULL,'',''),(42807,'2025-08-17 20:44:06','PHP Warning','',' PHP Warning:  Undefined array key 0 in C:\\wamp64\\www\\lib\\tcpdf\\6.10.0\\tcpdf.php on line 12121\r',0,NULL,'',''),(42808,'2025-08-17 20:44:06','PHP Warning','',' PHP Warning:  Undefined array key 1 in C:\\wamp64\\www\\lib\\tcpdf\\6.10.0\\tcpdf.php on line 12121\r',0,NULL,'',''),(42809,'2025-08-17 20:44:06','PHP Warning','',' PHP Warning:  Undefined array key 0 in C:\\wamp64\\www\\lib\\tcpdf\\6.10.0\\tcpdf.php on line 12121\r',0,NULL,'',''),(42810,'2025-08-17 20:44:06','PHP Warning','',' PHP Warning:  Undefined array key 1 in C:\\wamp64\\www\\lib\\tcpdf\\6.10.0\\tcpdf.php on line 12121\r',0,NULL,'',''),(42811,'2025-08-17 20:44:06','PHP Warning','',' PHP Warning:  Undefined array key 0 in C:\\wamp64\\www\\lib\\tcpdf\\6.10.0\\tcpdf.php on line 12121\r',0,NULL,'',''),(42812,'2025-08-17 20:44:06','PHP Warning','',' PHP Warning:  Undefined array key 1 in C:\\wamp64\\www\\lib\\tcpdf\\6.10.0\\tcpdf.php on line 12121\r',0,NULL,'',''),(42813,'2025-08-17 20:44:06','PHP Warning','',' PHP Warning:  Undefined array key 0 in C:\\wamp64\\www\\lib\\tcpdf\\6.10.0\\tcpdf.php on line 12121\r',0,NULL,'',''),(42814,'2025-08-17 20:44:06','PHP Warning','',' PHP Warning:  Undefined array key 1 in C:\\wamp64\\www\\lib\\tcpdf\\6.10.0\\tcpdf.php on line 12121\r',0,NULL,'',''),(42815,'2025-08-17 20:44:06','PHP Warning','',' PHP Warning:  Undefined array key 0 in C:\\wamp64\\www\\lib\\tcpdf\\6.10.0\\tcpdf.php on line 12121\r',0,NULL,'',''),(42816,'2025-08-17 20:44:06','PHP Warning','',' PHP Warning:  Undefined array key 1 in C:\\wamp64\\www\\lib\\tcpdf\\6.10.0\\tcpdf.php on line 12121\r',0,NULL,'',''),(42817,'2025-08-17 20:44:06','PHP Warning','',' PHP Warning:  Undefined array key 0 in C:\\wamp64\\www\\lib\\tcpdf\\6.10.0\\tcpdf.php on line 12121\r',0,NULL,'',''),(42818,'2025-08-17 20:44:06','PHP Warning','',' PHP Warning:  Undefined array key 1 in C:\\wamp64\\www\\lib\\tcpdf\\6.10.0\\tcpdf.php on line 12121\r',0,NULL,'',''),(42819,'2025-08-17 20:44:06','PHP Warning','',' PHP Warning:  Undefined array key 0 in C:\\wamp64\\www\\lib\\tcpdf\\6.10.0\\tcpdf.php on line 12121\r',0,NULL,'',''),(42820,'2025-08-17 20:44:06','PHP Warning','',' PHP Warning:  Undefined array key 1 in C:\\wamp64\\www\\lib\\tcpdf\\6.10.0\\tcpdf.php on line 12121\r',0,NULL,'',''),(42821,'2025-08-17 20:44:06','PHP Warning','',' PHP Warning:  Undefined array key 0 in C:\\wamp64\\www\\lib\\tcpdf\\6.10.0\\tcpdf.php on line 12121\r',0,NULL,'',''),(42822,'2025-08-17 20:44:06','PHP Warning','',' PHP Warning:  Undefined array key 1 in C:\\wamp64\\www\\lib\\tcpdf\\6.10.0\\tcpdf.php on line 12121\r',0,NULL,'',''),(42823,'2025-08-17 20:44:06','PHP Warning','',' PHP Warning:  Undefined array key 0 in C:\\wamp64\\www\\lib\\tcpdf\\6.10.0\\tcpdf.php on line 12121\r',0,NULL,'',''),(42824,'2025-08-17 20:44:06','PHP Warning','',' PHP Warning:  Undefined array key 1 in C:\\wamp64\\www\\lib\\tcpdf\\6.10.0\\tcpdf.php on line 12121\r',0,NULL,'',''),(42825,'2025-08-17 20:44:06','PHP Warning','',' PHP Warning:  Undefined array key 0 in C:\\wamp64\\www\\lib\\tcpdf\\6.10.0\\tcpdf.php on line 12121\r',0,NULL,'',''),(42826,'2025-08-17 20:44:06','PHP Warning','',' PHP Warning:  Undefined array key 1 in C:\\wamp64\\www\\lib\\tcpdf\\6.10.0\\tcpdf.php on line 12121\r',0,NULL,'',''),(42827,'2025-08-17 20:44:06','PHP Warning','',' PHP Warning:  Undefined array key 0 in C:\\wamp64\\www\\lib\\tcpdf\\6.10.0\\tcpdf.php on line 12121\r',0,NULL,'',''),(42828,'2025-08-17 20:44:06','PHP Warning','',' PHP Warning:  Undefined array key 1 in C:\\wamp64\\www\\lib\\tcpdf\\6.10.0\\tcpdf.php on line 12121\r',0,NULL,'',''),(42829,'2025-08-17 20:44:06','PHP Warning','',' PHP Warning:  Undefined array key 0 in C:\\wamp64\\www\\lib\\tcpdf\\6.10.0\\tcpdf.php on line 12121\r',0,NULL,'',''),(42830,'2025-08-17 20:44:06','PHP Warning','',' PHP Warning:  Undefined array key 1 in C:\\wamp64\\www\\lib\\tcpdf\\6.10.0\\tcpdf.php on line 12121\r',0,NULL,'',''),(42831,'2025-08-17 20:44:06','PHP Warning','',' PHP Warning:  Undefined variable $height_carte in C:\\wamp64\\www\\previlux\\base\\jw\\etats\\territoires\\rendu\\pdf_territoire.php on line 1614\r',0,NULL,'',''),(42832,'2025-08-17 20:44:06','PHP Warning','',' PHP Warning:  Cannot modify header information - headers already sent by (output started at C:\\wamp64\\www\\lib\\tcpdf\\6.10.0\\tcpdf.php:12121) in C:\\wamp64\\www\\lib\\tcpdf\\6.10.0\\tcpdf.php on line 7764\r',0,NULL,'',''),(42833,'2025-08-17 20:47:15','PHP Warning','',' PHP Warning:  Undefined array key 0 in C:\\wamp64\\www\\lib\\tcpdf\\6.10.0\\tcpdf.php on line 12121\r',0,NULL,'',''),(42834,'2025-08-17 20:47:15','PHP Warning','',' PHP Warning:  Undefined array key 1 in C:\\wamp64\\www\\lib\\tcpdf\\6.10.0\\tcpdf.php on line 12121\r',0,NULL,'',''),(42835,'2025-08-17 20:47:15','PHP Warning','',' PHP Warning:  Undefined array key 0 in C:\\wamp64\\www\\lib\\tcpdf\\6.10.0\\tcpdf.php on line 12121\r',0,NULL,'',''),(42836,'2025-08-17 20:47:15','PHP Warning','',' PHP Warning:  Undefined array key 1 in C:\\wamp64\\www\\lib\\tcpdf\\6.10.0\\tcpdf.php on line 12121\r',0,NULL,'',''),(42837,'2025-08-17 20:47:15','PHP Warning','',' PHP Warning:  Undefined array key 0 in C:\\wamp64\\www\\lib\\tcpdf\\6.10.0\\tcpdf.php on line 12121\r',0,NULL,'',''),(42838,'2025-08-17 20:47:15','PHP Warning','',' PHP Warning:  Undefined array key 1 in C:\\wamp64\\www\\lib\\tcpdf\\6.10.0\\tcpdf.php on line 12121\r',0,NULL,'',''),(42839,'2025-08-17 20:47:15','PHP Warning','',' PHP Warning:  Undefined array key 0 in C:\\wamp64\\www\\lib\\tcpdf\\6.10.0\\tcpdf.php on line 12121\r',0,NULL,'',''),(42840,'2025-08-17 20:47:15','PHP Warning','',' PHP Warning:  Undefined array key 1 in C:\\wamp64\\www\\lib\\tcpdf\\6.10.0\\tcpdf.php on line 12121\r',0,NULL,'',''),(42841,'2025-08-17 20:47:15','PHP Warning','',' PHP Warning:  Undefined array key 0 in C:\\wamp64\\www\\lib\\tcpdf\\6.10.0\\tcpdf.php on line 12121\r',0,NULL,'',''),(42842,'2025-08-17 20:47:15','PHP Warning','',' PHP Warning:  Undefined array key 1 in C:\\wamp64\\www\\lib\\tcpdf\\6.10.0\\tcpdf.php on line 12121\r',0,NULL,'',''),(42843,'2025-08-17 20:47:15','PHP Warning','',' PHP Warning:  Undefined array key 0 in C:\\wamp64\\www\\lib\\tcpdf\\6.10.0\\tcpdf.php on line 12121\r',0,NULL,'',''),(42844,'2025-08-17 20:47:15','PHP Warning','',' PHP Warning:  Undefined array key 1 in C:\\wamp64\\www\\lib\\tcpdf\\6.10.0\\tcpdf.php on line 12121\r',0,NULL,'',''),(42845,'2025-08-17 20:47:15','PHP Warning','',' PHP Warning:  Undefined array key 0 in C:\\wamp64\\www\\lib\\tcpdf\\6.10.0\\tcpdf.php on line 12121\r',0,NULL,'',''),(42846,'2025-08-17 20:47:15','PHP Warning','',' PHP Warning:  Undefined array key 1 in C:\\wamp64\\www\\lib\\tcpdf\\6.10.0\\tcpdf.php on line 12121\r',0,NULL,'',''),(42847,'2025-08-17 20:47:15','PHP Warning','',' PHP Warning:  Undefined array key 0 in C:\\wamp64\\www\\lib\\tcpdf\\6.10.0\\tcpdf.php on line 12121\r',0,NULL,'',''),(42848,'2025-08-17 20:47:15','PHP Warning','',' PHP Warning:  Undefined array key 1 in C:\\wamp64\\www\\lib\\tcpdf\\6.10.0\\tcpdf.php on line 12121\r',0,NULL,'',''),(42849,'2025-08-17 20:47:15','PHP Warning','',' PHP Warning:  Undefined array key 0 in C:\\wamp64\\www\\lib\\tcpdf\\6.10.0\\tcpdf.php on line 12121\r',0,NULL,'',''),(42850,'2025-08-17 20:47:15','PHP Warning','',' PHP Warning:  Undefined array key 1 in C:\\wamp64\\www\\lib\\tcpdf\\6.10.0\\tcpdf.php on line 12121\r',0,NULL,'',''),(42851,'2025-08-17 20:47:15','PHP Warning','',' PHP Warning:  Undefined array key 0 in C:\\wamp64\\www\\lib\\tcpdf\\6.10.0\\tcpdf.php on line 12121\r',0,NULL,'',''),(42852,'2025-08-17 20:47:15','PHP Warning','',' PHP Warning:  Undefined array key 1 in C:\\wamp64\\www\\lib\\tcpdf\\6.10.0\\tcpdf.php on line 12121\r',0,NULL,'',''),(42853,'2025-08-17 20:47:15','PHP Warning','',' PHP Warning:  Undefined array key 0 in C:\\wamp64\\www\\lib\\tcpdf\\6.10.0\\tcpdf.php on line 12121\r',0,NULL,'',''),(42854,'2025-08-17 20:47:15','PHP Warning','',' PHP Warning:  Undefined array key 1 in C:\\wamp64\\www\\lib\\tcpdf\\6.10.0\\tcpdf.php on line 12121\r',0,NULL,'',''),(42855,'2025-08-17 20:47:15','PHP Warning','',' PHP Warning:  Undefined array key 0 in C:\\wamp64\\www\\lib\\tcpdf\\6.10.0\\tcpdf.php on line 12121\r',0,NULL,'',''),(42856,'2025-08-17 20:47:15','PHP Warning','',' PHP Warning:  Undefined array key 1 in C:\\wamp64\\www\\lib\\tcpdf\\6.10.0\\tcpdf.php on line 12121\r',0,NULL,'',''),(42857,'2025-08-17 20:47:15','PHP Warning','',' PHP Warning:  Undefined array key 0 in C:\\wamp64\\www\\lib\\tcpdf\\6.10.0\\tcpdf.php on line 12121\r',0,NULL,'',''),(42858,'2025-08-17 20:47:15','PHP Warning','',' PHP Warning:  Undefined array key 1 in C:\\wamp64\\www\\lib\\tcpdf\\6.10.0\\tcpdf.php on line 12121\r',0,NULL,'',''),(42859,'2025-08-17 20:47:15','PHP Warning','',' PHP Warning:  Undefined array key 0 in C:\\wamp64\\www\\lib\\tcpdf\\6.10.0\\tcpdf.php on line 12121\r',0,NULL,'',''),(42860,'2025-08-17 20:47:15','PHP Warning','',' PHP Warning:  Undefined array key 1 in C:\\wamp64\\www\\lib\\tcpdf\\6.10.0\\tcpdf.php on line 12121\r',0,NULL,'',''),(42861,'2025-08-17 20:47:15','PHP Warning','',' PHP Warning:  Undefined array key 0 in C:\\wamp64\\www\\lib\\tcpdf\\6.10.0\\tcpdf.php on line 12121\r',0,NULL,'',''),(42862,'2025-08-17 20:47:15','PHP Warning','',' PHP Warning:  Undefined array key 1 in C:\\wamp64\\www\\lib\\tcpdf\\6.10.0\\tcpdf.php on line 12121\r',0,NULL,'',''),(42863,'2025-08-17 20:47:15','PHP Warning','',' PHP Warning:  Undefined array key 0 in C:\\wamp64\\www\\lib\\tcpdf\\6.10.0\\tcpdf.php on line 12121\r',0,NULL,'',''),(42864,'2025-08-17 20:47:15','PHP Warning','',' PHP Warning:  Undefined array key 1 in C:\\wamp64\\www\\lib\\tcpdf\\6.10.0\\tcpdf.php on line 12121\r',0,NULL,'',''),(42865,'2025-08-17 20:47:15','PHP Warning','',' PHP Warning:  Undefined array key 0 in C:\\wamp64\\www\\lib\\tcpdf\\6.10.0\\tcpdf.php on line 12121\r',0,NULL,'',''),(42866,'2025-08-17 20:47:15','PHP Warning','',' PHP Warning:  Undefined array key 1 in C:\\wamp64\\www\\lib\\tcpdf\\6.10.0\\tcpdf.php on line 12121\r',0,NULL,'',''),(42867,'2025-08-17 20:47:15','PHP Warning','',' PHP Warning:  Undefined array key 0 in C:\\wamp64\\www\\lib\\tcpdf\\6.10.0\\tcpdf.php on line 12121\r',0,NULL,'',''),(42868,'2025-08-17 20:47:15','PHP Warning','',' PHP Warning:  Undefined array key 1 in C:\\wamp64\\www\\lib\\tcpdf\\6.10.0\\tcpdf.php on line 12121\r',0,NULL,'',''),(42869,'2025-08-17 20:47:15','PHP Warning','',' PHP Warning:  Undefined array key 0 in C:\\wamp64\\www\\lib\\tcpdf\\6.10.0\\tcpdf.php on line 12121\r',0,NULL,'',''),(42870,'2025-08-17 20:47:15','PHP Warning','',' PHP Warning:  Undefined array key 1 in C:\\wamp64\\www\\lib\\tcpdf\\6.10.0\\tcpdf.php on line 12121\r',0,NULL,'',''),(42871,'2025-08-17 20:47:15','PHP Warning','',' PHP Warning:  Undefined array key 0 in C:\\wamp64\\www\\lib\\tcpdf\\6.10.0\\tcpdf.php on line 12121\r',0,NULL,'',''),(42872,'2025-08-17 20:47:15','PHP Warning','',' PHP Warning:  Undefined array key 1 in C:\\wamp64\\www\\lib\\tcpdf\\6.10.0\\tcpdf.php on line 12121\r',0,NULL,'',''),(42873,'2025-08-17 20:47:15','PHP Warning','',' PHP Warning:  Undefined array key 0 in C:\\wamp64\\www\\lib\\tcpdf\\6.10.0\\tcpdf.php on line 12121\r',0,NULL,'',''),(42874,'2025-08-17 20:47:15','PHP Warning','',' PHP Warning:  Undefined array key 1 in C:\\wamp64\\www\\lib\\tcpdf\\6.10.0\\tcpdf.php on line 12121\r',0,NULL,'',''),(42875,'2025-08-17 20:47:15','PHP Warning','',' PHP Warning:  Undefined array key 0 in C:\\wamp64\\www\\lib\\tcpdf\\6.10.0\\tcpdf.php on line 12121\r',0,NULL,'',''),(42876,'2025-08-17 20:47:15','PHP Warning','',' PHP Warning:  Undefined array key 1 in C:\\wamp64\\www\\lib\\tcpdf\\6.10.0\\tcpdf.php on line 12121\r',0,NULL,'',''),(42877,'2025-08-17 20:47:15','PHP Warning','',' PHP Warning:  Undefined array key 0 in C:\\wamp64\\www\\lib\\tcpdf\\6.10.0\\tcpdf.php on line 12121\r',0,NULL,'',''),(42878,'2025-08-17 20:47:15','PHP Warning','',' PHP Warning:  Undefined array key 1 in C:\\wamp64\\www\\lib\\tcpdf\\6.10.0\\tcpdf.php on line 12121\r',0,NULL,'',''),(42879,'2025-08-17 20:47:15','PHP Warning','',' PHP Warning:  Undefined array key 0 in C:\\wamp64\\www\\lib\\tcpdf\\6.10.0\\tcpdf.php on line 12121\r',0,NULL,'',''),(42880,'2025-08-17 20:47:15','PHP Warning','',' PHP Warning:  Undefined array key 1 in C:\\wamp64\\www\\lib\\tcpdf\\6.10.0\\tcpdf.php on line 12121\r',0,NULL,'',''),(42881,'2025-08-17 20:47:15','PHP Warning','',' PHP Warning:  Undefined array key 0 in C:\\wamp64\\www\\lib\\tcpdf\\6.10.0\\tcpdf.php on line 12121\r',0,NULL,'',''),(42882,'2025-08-17 20:47:15','PHP Warning','',' PHP Warning:  Undefined array key 1 in C:\\wamp64\\www\\lib\\tcpdf\\6.10.0\\tcpdf.php on line 12121\r',0,NULL,'',''),(42883,'2025-08-17 20:47:15','PHP Warning','',' PHP Warning:  Undefined array key 0 in C:\\wamp64\\www\\lib\\tcpdf\\6.10.0\\tcpdf.php on line 12121\r',0,NULL,'',''),(42884,'2025-08-17 20:47:15','PHP Warning','',' PHP Warning:  Undefined array key 1 in C:\\wamp64\\www\\lib\\tcpdf\\6.10.0\\tcpdf.php on line 12121\r',0,NULL,'',''),(42885,'2025-08-17 20:47:15','PHP Warning','',' PHP Warning:  Undefined array key 0 in C:\\wamp64\\www\\lib\\tcpdf\\6.10.0\\tcpdf.php on line 12121\r',0,NULL,'',''),(42886,'2025-08-17 20:47:15','PHP Warning','',' PHP Warning:  Undefined array key 1 in C:\\wamp64\\www\\lib\\tcpdf\\6.10.0\\tcpdf.php on line 12121\r',0,NULL,'',''),(42887,'2025-08-17 20:47:15','PHP Warning','',' PHP Warning:  Undefined array key 0 in C:\\wamp64\\www\\lib\\tcpdf\\6.10.0\\tcpdf.php on line 12121\r',0,NULL,'',''),(42888,'2025-08-17 20:47:15','PHP Warning','',' PHP Warning:  Undefined array key 1 in C:\\wamp64\\www\\lib\\tcpdf\\6.10.0\\tcpdf.php on line 12121\r',0,NULL,'',''),(42889,'2025-08-17 20:47:15','PHP Warning','',' PHP Warning:  Undefined array key 0 in C:\\wamp64\\www\\lib\\tcpdf\\6.10.0\\tcpdf.php on line 12121\r',0,NULL,'',''),(42890,'2025-08-17 20:47:15','PHP Warning','',' PHP Warning:  Undefined array key 1 in C:\\wamp64\\www\\lib\\tcpdf\\6.10.0\\tcpdf.php on line 12121\r',0,NULL,'',''),(42891,'2025-08-17 20:47:15','PHP Warning','',' PHP Warning:  Undefined array key 0 in C:\\wamp64\\www\\lib\\tcpdf\\6.10.0\\tcpdf.php on line 12121\r',0,NULL,'',''),(42892,'2025-08-17 20:47:15','PHP Warning','',' PHP Warning:  Undefined array key 1 in C:\\wamp64\\www\\lib\\tcpdf\\6.10.0\\tcpdf.php on line 12121\r',0,NULL,'',''),(42893,'2025-08-17 20:47:15','PHP Warning','',' PHP Warning:  Undefined array key 0 in C:\\wamp64\\www\\lib\\tcpdf\\6.10.0\\tcpdf.php on line 12121\r',0,NULL,'',''),(42894,'2025-08-17 20:47:15','PHP Warning','',' PHP Warning:  Undefined array key 1 in C:\\wamp64\\www\\lib\\tcpdf\\6.10.0\\tcpdf.php on line 12121\r',0,NULL,'',''),(42895,'2025-08-17 20:47:15','PHP Warning','',' PHP Warning:  Undefined array key 0 in C:\\wamp64\\www\\lib\\tcpdf\\6.10.0\\tcpdf.php on line 12121\r',0,NULL,'',''),(42896,'2025-08-17 20:47:15','PHP Warning','',' PHP Warning:  Undefined array key 1 in C:\\wamp64\\www\\lib\\tcpdf\\6.10.0\\tcpdf.php on line 12121\r',0,NULL,'',''),(42897,'2025-08-17 20:47:15','PHP Warning','',' PHP Warning:  Undefined array key 0 in C:\\wamp64\\www\\lib\\tcpdf\\6.10.0\\tcpdf.php on line 12121\r',0,NULL,'',''),(42898,'2025-08-17 20:47:15','PHP Warning','',' PHP Warning:  Undefined array key 1 in C:\\wamp64\\www\\lib\\tcpdf\\6.10.0\\tcpdf.php on line 12121\r',0,NULL,'',''),(42899,'2025-08-17 20:47:15','PHP Warning','',' PHP Warning:  Undefined array key 0 in C:\\wamp64\\www\\lib\\tcpdf\\6.10.0\\tcpdf.php on line 12121\r',0,NULL,'',''),(42900,'2025-08-17 20:47:15','PHP Warning','',' PHP Warning:  Undefined array key 1 in C:\\wamp64\\www\\lib\\tcpdf\\6.10.0\\tcpdf.php on line 12121\r',0,NULL,'',''),(42901,'2025-08-17 20:47:15','PHP Warning','',' PHP Warning:  Undefined array key 0 in C:\\wamp64\\www\\lib\\tcpdf\\6.10.0\\tcpdf.php on line 12121\r',0,NULL,'',''),(42902,'2025-08-17 20:47:15','PHP Warning','',' PHP Warning:  Undefined array key 1 in C:\\wamp64\\www\\lib\\tcpdf\\6.10.0\\tcpdf.php on line 12121\r',0,NULL,'',''),(42903,'2025-08-17 20:47:15','PHP Warning','',' PHP Warning:  Undefined array key 0 in C:\\wamp64\\www\\lib\\tcpdf\\6.10.0\\tcpdf.php on line 12121\r',0,NULL,'',''),(42904,'2025-08-17 20:47:15','PHP Warning','',' PHP Warning:  Undefined array key 1 in C:\\wamp64\\www\\lib\\tcpdf\\6.10.0\\tcpdf.php on line 12121\r',0,NULL,'',''),(42905,'2025-08-17 20:47:15','PHP Warning','',' PHP Warning:  Undefined array key 0 in C:\\wamp64\\www\\lib\\tcpdf\\6.10.0\\tcpdf.php on line 12121\r',0,NULL,'',''),(42906,'2025-08-17 20:47:15','PHP Warning','',' PHP Warning:  Undefined array key 1 in C:\\wamp64\\www\\lib\\tcpdf\\6.10.0\\tcpdf.php on line 12121\r',0,NULL,'',''),(42907,'2025-08-17 20:47:15','PHP Warning','',' PHP Warning:  Undefined array key 0 in C:\\wamp64\\www\\lib\\tcpdf\\6.10.0\\tcpdf.php on line 12121\r',0,NULL,'',''),(42908,'2025-08-17 20:47:15','PHP Warning','',' PHP Warning:  Undefined array key 1 in C:\\wamp64\\www\\lib\\tcpdf\\6.10.0\\tcpdf.php on line 12121\r',0,NULL,'',''),(42909,'2025-08-17 20:47:15','PHP Warning','',' PHP Warning:  Undefined array key 0 in C:\\wamp64\\www\\lib\\tcpdf\\6.10.0\\tcpdf.php on line 12121\r',0,NULL,'',''),(42910,'2025-08-17 20:47:15','PHP Warning','',' PHP Warning:  Undefined array key 1 in C:\\wamp64\\www\\lib\\tcpdf\\6.10.0\\tcpdf.php on line 12121\r',0,NULL,'',''),(42911,'2025-08-17 20:47:15','PHP Warning','',' PHP Warning:  Undefined array key 0 in C:\\wamp64\\www\\lib\\tcpdf\\6.10.0\\tcpdf.php on line 12121\r',0,NULL,'',''),(42912,'2025-08-17 20:47:15','PHP Warning','',' PHP Warning:  Undefined array key 1 in C:\\wamp64\\www\\lib\\tcpdf\\6.10.0\\tcpdf.php on line 12121\r',0,NULL,'',''),(42913,'2025-08-17 20:47:15','PHP Warning','',' PHP Warning:  Undefined array key 0 in C:\\wamp64\\www\\lib\\tcpdf\\6.10.0\\tcpdf.php on line 12121\r',0,NULL,'',''),(42914,'2025-08-17 20:47:15','PHP Warning','',' PHP Warning:  Undefined array key 1 in C:\\wamp64\\www\\lib\\tcpdf\\6.10.0\\tcpdf.php on line 12121\r',0,NULL,'',''),(42915,'2025-08-17 20:47:15','PHP Warning','',' PHP Warning:  Undefined array key 0 in C:\\wamp64\\www\\lib\\tcpdf\\6.10.0\\tcpdf.php on line 12121\r',0,NULL,'',''),(42916,'2025-08-17 20:47:15','PHP Warning','',' PHP Warning:  Undefined array key 1 in C:\\wamp64\\www\\lib\\tcpdf\\6.10.0\\tcpdf.php on line 12121\r',0,NULL,'',''),(42917,'2025-08-17 20:47:15','PHP Warning','',' PHP Warning:  Undefined array key 0 in C:\\wamp64\\www\\lib\\tcpdf\\6.10.0\\tcpdf.php on line 12121\r',0,NULL,'',''),(42918,'2025-08-17 20:47:15','PHP Warning','',' PHP Warning:  Undefined array key 1 in C:\\wamp64\\www\\lib\\tcpdf\\6.10.0\\tcpdf.php on line 12121\r',0,NULL,'',''),(42919,'2025-08-17 20:47:15','PHP Warning','',' PHP Warning:  Undefined array key 0 in C:\\wamp64\\www\\lib\\tcpdf\\6.10.0\\tcpdf.php on line 12121\r',0,NULL,'',''),(42920,'2025-08-17 20:47:15','PHP Warning','',' PHP Warning:  Undefined array key 1 in C:\\wamp64\\www\\lib\\tcpdf\\6.10.0\\tcpdf.php on line 12121\r',0,NULL,'',''),(42921,'2025-08-17 20:47:15','PHP Warning','',' PHP Warning:  Undefined array key 0 in C:\\wamp64\\www\\lib\\tcpdf\\6.10.0\\tcpdf.php on line 12121\r',0,NULL,'',''),(42922,'2025-08-17 20:47:15','PHP Warning','',' PHP Warning:  Undefined array key 1 in C:\\wamp64\\www\\lib\\tcpdf\\6.10.0\\tcpdf.php on line 12121\r',0,NULL,'',''),(42923,'2025-08-17 20:47:15','PHP Warning','',' PHP Warning:  Undefined array key 0 in C:\\wamp64\\www\\lib\\tcpdf\\6.10.0\\tcpdf.php on line 12121\r',0,NULL,'',''),(42924,'2025-08-17 20:47:15','PHP Warning','',' PHP Warning:  Undefined array key 1 in C:\\wamp64\\www\\lib\\tcpdf\\6.10.0\\tcpdf.php on line 12121\r',0,NULL,'',''),(42925,'2025-08-17 20:47:15','PHP Warning','',' PHP Warning:  Undefined array key 0 in C:\\wamp64\\www\\lib\\tcpdf\\6.10.0\\tcpdf.php on line 12121\r',0,NULL,'',''),(42926,'2025-08-17 20:47:15','PHP Warning','',' PHP Warning:  Undefined array key 1 in C:\\wamp64\\www\\lib\\tcpdf\\6.10.0\\tcpdf.php on line 12121\r',0,NULL,'',''),(42927,'2025-08-17 20:47:15','PHP Warning','',' PHP Warning:  Undefined array key 0 in C:\\wamp64\\www\\lib\\tcpdf\\6.10.0\\tcpdf.php on line 12121\r',0,NULL,'',''),(42928,'2025-08-17 20:47:15','PHP Warning','',' PHP Warning:  Undefined array key 1 in C:\\wamp64\\www\\lib\\tcpdf\\6.10.0\\tcpdf.php on line 12121\r',0,NULL,'',''),(42929,'2025-08-17 20:47:15','PHP Warning','',' PHP Warning:  Undefined array key 0 in C:\\wamp64\\www\\lib\\tcpdf\\6.10.0\\tcpdf.php on line 12121\r',0,NULL,'',''),(42930,'2025-08-17 20:47:15','PHP Warning','',' PHP Warning:  Undefined array key 1 in C:\\wamp64\\www\\lib\\tcpdf\\6.10.0\\tcpdf.php on line 12121\r',0,NULL,'',''),(42931,'2025-08-17 20:47:15','PHP Warning','',' PHP Warning:  Undefined array key 0 in C:\\wamp64\\www\\lib\\tcpdf\\6.10.0\\tcpdf.php on line 12121\r',0,NULL,'',''),(42932,'2025-08-17 20:47:15','PHP Warning','',' PHP Warning:  Undefined array key 1 in C:\\wamp64\\www\\lib\\tcpdf\\6.10.0\\tcpdf.php on line 12121\r',0,NULL,'',''),(42933,'2025-08-17 20:47:15','PHP Warning','',' PHP Warning:  Undefined array key 0 in C:\\wamp64\\www\\lib\\tcpdf\\6.10.0\\tcpdf.php on line 12121\r',0,NULL,'',''),(42934,'2025-08-17 20:47:15','PHP Warning','',' PHP Warning:  Undefined array key 1 in C:\\wamp64\\www\\lib\\tcpdf\\6.10.0\\tcpdf.php on line 12121\r',0,NULL,'',''),(42935,'2025-08-17 20:47:15','PHP Warning','',' PHP Warning:  Undefined array key 0 in C:\\wamp64\\www\\lib\\tcpdf\\6.10.0\\tcpdf.php on line 12121\r',0,NULL,'',''),(42936,'2025-08-17 20:47:15','PHP Warning','',' PHP Warning:  Undefined array key 1 in C:\\wamp64\\www\\lib\\tcpdf\\6.10.0\\tcpdf.php on line 12121\r',0,NULL,'',''),(42937,'2025-08-17 20:47:15','PHP Warning','',' PHP Warning:  Undefined array key 0 in C:\\wamp64\\www\\lib\\tcpdf\\6.10.0\\tcpdf.php on line 12121\r',0,NULL,'',''),(42938,'2025-08-17 20:47:15','PHP Warning','',' PHP Warning:  Undefined array key 1 in C:\\wamp64\\www\\lib\\tcpdf\\6.10.0\\tcpdf.php on line 12121\r',0,NULL,'',''),(42939,'2025-08-17 20:47:15','PHP Warning','',' PHP Warning:  Undefined array key 0 in C:\\wamp64\\www\\lib\\tcpdf\\6.10.0\\tcpdf.php on line 12121\r',0,NULL,'',''),(42940,'2025-08-17 20:47:15','PHP Warning','',' PHP Warning:  Undefined array key 1 in C:\\wamp64\\www\\lib\\tcpdf\\6.10.0\\tcpdf.php on line 12121\r',0,NULL,'',''),(42941,'2025-08-17 20:47:15','PHP Warning','',' PHP Warning:  Undefined array key 0 in C:\\wamp64\\www\\lib\\tcpdf\\6.10.0\\tcpdf.php on line 12121\r',0,NULL,'',''),(42942,'2025-08-17 20:47:15','PHP Warning','',' PHP Warning:  Undefined array key 1 in C:\\wamp64\\www\\lib\\tcpdf\\6.10.0\\tcpdf.php on line 12121\r',0,NULL,'',''),(42943,'2025-08-17 20:47:15','PHP Warning','',' PHP Warning:  Undefined array key 0 in C:\\wamp64\\www\\lib\\tcpdf\\6.10.0\\tcpdf.php on line 12121\r',0,NULL,'',''),(42944,'2025-08-17 20:47:15','PHP Warning','',' PHP Warning:  Undefined array key 1 in C:\\wamp64\\www\\lib\\tcpdf\\6.10.0\\tcpdf.php on line 12121\r',0,NULL,'',''),(42945,'2025-08-17 20:47:15','PHP Warning','',' PHP Warning:  Undefined array key 0 in C:\\wamp64\\www\\lib\\tcpdf\\6.10.0\\tcpdf.php on line 12121\r',0,NULL,'',''),(42946,'2025-08-17 20:47:15','PHP Warning','',' PHP Warning:  Undefined array key 1 in C:\\wamp64\\www\\lib\\tcpdf\\6.10.0\\tcpdf.php on line 12121\r',0,NULL,'',''),(42947,'2025-08-17 20:47:15','PHP Warning','',' PHP Warning:  Undefined array key 0 in C:\\wamp64\\www\\lib\\tcpdf\\6.10.0\\tcpdf.php on line 12121\r',0,NULL,'',''),(42948,'2025-08-17 20:47:15','PHP Warning','',' PHP Warning:  Undefined array key 1 in C:\\wamp64\\www\\lib\\tcpdf\\6.10.0\\tcpdf.php on line 12121\r',0,NULL,'',''),(42949,'2025-08-17 20:47:15','PHP Warning','',' PHP Warning:  Undefined array key 0 in C:\\wamp64\\www\\lib\\tcpdf\\6.10.0\\tcpdf.php on line 12121\r',0,NULL,'',''),(42950,'2025-08-17 20:47:15','PHP Warning','',' PHP Warning:  Undefined array key 1 in C:\\wamp64\\www\\lib\\tcpdf\\6.10.0\\tcpdf.php on line 12121\r',0,NULL,'',''),(42951,'2025-08-17 20:47:15','PHP Warning','',' PHP Warning:  Undefined array key 0 in C:\\wamp64\\www\\lib\\tcpdf\\6.10.0\\tcpdf.php on line 12121\r',0,NULL,'',''),(42952,'2025-08-17 20:47:15','PHP Warning','',' PHP Warning:  Undefined array key 1 in C:\\wamp64\\www\\lib\\tcpdf\\6.10.0\\tcpdf.php on line 12121\r',0,NULL,'',''),(42953,'2025-08-17 20:47:15','PHP Warning','',' PHP Warning:  Undefined array key 0 in C:\\wamp64\\www\\lib\\tcpdf\\6.10.0\\tcpdf.php on line 12121\r',0,NULL,'',''),(42954,'2025-08-17 20:47:15','PHP Warning','',' PHP Warning:  Undefined array key 1 in C:\\wamp64\\www\\lib\\tcpdf\\6.10.0\\tcpdf.php on line 12121\r',0,NULL,'',''),(42955,'2025-08-17 20:47:15','PHP Warning','',' PHP Warning:  Undefined array key 0 in C:\\wamp64\\www\\lib\\tcpdf\\6.10.0\\tcpdf.php on line 12121\r',0,NULL,'',''),(42956,'2025-08-17 20:47:15','PHP Warning','',' PHP Warning:  Undefined array key 1 in C:\\wamp64\\www\\lib\\tcpdf\\6.10.0\\tcpdf.php on line 12121\r',0,NULL,'',''),(42957,'2025-08-17 20:47:15','PHP Warning','',' PHP Warning:  Undefined array key 0 in C:\\wamp64\\www\\lib\\tcpdf\\6.10.0\\tcpdf.php on line 12121\r',0,NULL,'',''),(42958,'2025-08-17 20:47:15','PHP Warning','',' PHP Warning:  Undefined array key 1 in C:\\wamp64\\www\\lib\\tcpdf\\6.10.0\\tcpdf.php on line 12121\r',0,NULL,'',''),(42959,'2025-08-17 20:47:15','PHP Warning','',' PHP Warning:  Undefined array key 0 in C:\\wamp64\\www\\lib\\tcpdf\\6.10.0\\tcpdf.php on line 12121\r',0,NULL,'',''),(42960,'2025-08-17 20:47:15','PHP Warning','',' PHP Warning:  Undefined array key 1 in C:\\wamp64\\www\\lib\\tcpdf\\6.10.0\\tcpdf.php on line 12121\r',0,NULL,'',''),(42961,'2025-08-17 20:47:15','PHP Warning','',' PHP Warning:  Undefined array key 0 in C:\\wamp64\\www\\lib\\tcpdf\\6.10.0\\tcpdf.php on line 12121\r',0,NULL,'',''),(42962,'2025-08-17 20:47:15','PHP Warning','',' PHP Warning:  Undefined array key 1 in C:\\wamp64\\www\\lib\\tcpdf\\6.10.0\\tcpdf.php on line 12121\r',0,NULL,'',''),(42963,'2025-08-17 20:47:15','PHP Warning','',' PHP Warning:  Undefined array key 0 in C:\\wamp64\\www\\lib\\tcpdf\\6.10.0\\tcpdf.php on line 12121\r',0,NULL,'',''),(42964,'2025-08-17 20:47:15','PHP Warning','',' PHP Warning:  Undefined array key 1 in C:\\wamp64\\www\\lib\\tcpdf\\6.10.0\\tcpdf.php on line 12121\r',0,NULL,'',''),(42965,'2025-08-17 20:47:15','PHP Warning','',' PHP Warning:  Undefined array key 0 in C:\\wamp64\\www\\lib\\tcpdf\\6.10.0\\tcpdf.php on line 12121\r',0,NULL,'',''),(42966,'2025-08-17 20:47:15','PHP Warning','',' PHP Warning:  Undefined array key 1 in C:\\wamp64\\www\\lib\\tcpdf\\6.10.0\\tcpdf.php on line 12121\r',0,NULL,'',''),(42967,'2025-08-17 20:47:15','PHP Warning','',' PHP Warning:  Undefined array key 0 in C:\\wamp64\\www\\lib\\tcpdf\\6.10.0\\tcpdf.php on line 12121\r',0,NULL,'',''),(42968,'2025-08-17 20:47:15','PHP Warning','',' PHP Warning:  Undefined array key 1 in C:\\wamp64\\www\\lib\\tcpdf\\6.10.0\\tcpdf.php on line 12121\r',0,NULL,'',''),(42969,'2025-08-17 20:47:15','PHP Warning','',' PHP Warning:  Undefined array key 0 in C:\\wamp64\\www\\lib\\tcpdf\\6.10.0\\tcpdf.php on line 12121\r',0,NULL,'',''),(42970,'2025-08-17 20:47:15','PHP Warning','',' PHP Warning:  Undefined array key 1 in C:\\wamp64\\www\\lib\\tcpdf\\6.10.0\\tcpdf.php on line 12121\r',0,NULL,'',''),(42971,'2025-08-17 20:47:15','PHP Warning','',' PHP Warning:  Undefined array key 0 in C:\\wamp64\\www\\lib\\tcpdf\\6.10.0\\tcpdf.php on line 12121\r',0,NULL,'',''),(42972,'2025-08-17 20:47:15','PHP Warning','',' PHP Warning:  Undefined array key 1 in C:\\wamp64\\www\\lib\\tcpdf\\6.10.0\\tcpdf.php on line 12121\r',0,NULL,'',''),(42973,'2025-08-17 20:47:15','PHP Warning','',' PHP Warning:  Undefined array key 0 in C:\\wamp64\\www\\lib\\tcpdf\\6.10.0\\tcpdf.php on line 12121\r',0,NULL,'',''),(42974,'2025-08-17 20:47:15','PHP Warning','',' PHP Warning:  Undefined array key 1 in C:\\wamp64\\www\\lib\\tcpdf\\6.10.0\\tcpdf.php on line 12121\r',0,NULL,'',''),(42975,'2025-08-17 20:47:15','PHP Warning','',' PHP Warning:  Undefined array key 0 in C:\\wamp64\\www\\lib\\tcpdf\\6.10.0\\tcpdf.php on line 12121\r',0,NULL,'',''),(42976,'2025-08-17 20:47:15','PHP Warning','',' PHP Warning:  Undefined array key 1 in C:\\wamp64\\www\\lib\\tcpdf\\6.10.0\\tcpdf.php on line 12121\r',0,NULL,'',''),(42977,'2025-08-17 20:47:15','PHP Warning','',' PHP Warning:  Undefined array key 0 in C:\\wamp64\\www\\lib\\tcpdf\\6.10.0\\tcpdf.php on line 12121\r',0,NULL,'',''),(42978,'2025-08-17 20:47:15','PHP Warning','',' PHP Warning:  Undefined array key 1 in C:\\wamp64\\www\\lib\\tcpdf\\6.10.0\\tcpdf.php on line 12121\r',0,NULL,'',''),(42979,'2025-08-17 20:47:15','PHP Warning','',' PHP Warning:  Undefined array key 0 in C:\\wamp64\\www\\lib\\tcpdf\\6.10.0\\tcpdf.php on line 12121\r',0,NULL,'',''),(42980,'2025-08-17 20:47:15','PHP Warning','',' PHP Warning:  Undefined array key 1 in C:\\wamp64\\www\\lib\\tcpdf\\6.10.0\\tcpdf.php on line 12121\r',0,NULL,'',''),(42981,'2025-08-17 20:47:15','PHP Warning','',' PHP Warning:  Undefined array key 0 in C:\\wamp64\\www\\lib\\tcpdf\\6.10.0\\tcpdf.php on line 12121\r',0,NULL,'',''),(42982,'2025-08-17 20:47:15','PHP Warning','',' PHP Warning:  Undefined array key 1 in C:\\wamp64\\www\\lib\\tcpdf\\6.10.0\\tcpdf.php on line 12121\r',0,NULL,'',''),(42983,'2025-08-17 20:47:15','PHP Warning','',' PHP Warning:  Undefined array key 0 in C:\\wamp64\\www\\lib\\tcpdf\\6.10.0\\tcpdf.php on line 12121\r',0,NULL,'',''),(42984,'2025-08-17 20:47:15','PHP Warning','',' PHP Warning:  Undefined array key 1 in C:\\wamp64\\www\\lib\\tcpdf\\6.10.0\\tcpdf.php on line 12121\r',0,NULL,'',''),(42985,'2025-08-17 20:47:15','PHP Warning','',' PHP Warning:  Undefined array key 0 in C:\\wamp64\\www\\lib\\tcpdf\\6.10.0\\tcpdf.php on line 12121\r',0,NULL,'',''),(42986,'2025-08-17 20:47:15','PHP Warning','',' PHP Warning:  Undefined array key 1 in C:\\wamp64\\www\\lib\\tcpdf\\6.10.0\\tcpdf.php on line 12121\r',0,NULL,'',''),(42987,'2025-08-17 20:47:15','PHP Warning','',' PHP Warning:  Undefined array key 0 in C:\\wamp64\\www\\lib\\tcpdf\\6.10.0\\tcpdf.php on line 12121\r',0,NULL,'',''),(42988,'2025-08-17 20:47:15','PHP Warning','',' PHP Warning:  Undefined array key 1 in C:\\wamp64\\www\\lib\\tcpdf\\6.10.0\\tcpdf.php on line 12121\r',0,NULL,'',''),(42989,'2025-08-17 20:47:15','PHP Warning','',' PHP Warning:  Undefined array key 0 in C:\\wamp64\\www\\lib\\tcpdf\\6.10.0\\tcpdf.php on line 12121\r',0,NULL,'',''),(42990,'2025-08-17 20:47:15','PHP Warning','',' PHP Warning:  Undefined array key 1 in C:\\wamp64\\www\\lib\\tcpdf\\6.10.0\\tcpdf.php on line 12121\r',0,NULL,'',''),(42991,'2025-08-17 20:47:15','PHP Warning','',' PHP Warning:  Undefined array key 0 in C:\\wamp64\\www\\lib\\tcpdf\\6.10.0\\tcpdf.php on line 12121\r',0,NULL,'',''),(42992,'2025-08-17 20:47:15','PHP Warning','',' PHP Warning:  Undefined array key 1 in C:\\wamp64\\www\\lib\\tcpdf\\6.10.0\\tcpdf.php on line 12121\r',0,NULL,'',''),(42993,'2025-08-17 20:47:15','PHP Warning','',' PHP Warning:  Undefined array key 0 in C:\\wamp64\\www\\lib\\tcpdf\\6.10.0\\tcpdf.php on line 12121\r',0,NULL,'',''),(42994,'2025-08-17 20:47:15','PHP Warning','',' PHP Warning:  Undefined array key 1 in C:\\wamp64\\www\\lib\\tcpdf\\6.10.0\\tcpdf.php on line 12121\r',0,NULL,'',''),(42995,'2025-08-17 20:47:15','PHP Warning','',' PHP Warning:  Undefined array key 0 in C:\\wamp64\\www\\lib\\tcpdf\\6.10.0\\tcpdf.php on line 12121\r',0,NULL,'',''),(42996,'2025-08-17 20:47:15','PHP Warning','',' PHP Warning:  Undefined array key 1 in C:\\wamp64\\www\\lib\\tcpdf\\6.10.0\\tcpdf.php on line 12121\r',0,NULL,'',''),(42997,'2025-08-17 20:47:15','PHP Warning','',' PHP Warning:  Undefined array key 0 in C:\\wamp64\\www\\lib\\tcpdf\\6.10.0\\tcpdf.php on line 12121\r',0,NULL,'',''),(42998,'2025-08-17 20:47:15','PHP Warning','',' PHP Warning:  Undefined array key 1 in C:\\wamp64\\www\\lib\\tcpdf\\6.10.0\\tcpdf.php on line 12121\r',0,NULL,'',''),(42999,'2025-08-17 20:47:15','PHP Warning','',' PHP Warning:  Undefined array key 0 in C:\\wamp64\\www\\lib\\tcpdf\\6.10.0\\tcpdf.php on line 12121\r',0,NULL,'',''),(43000,'2025-08-17 20:47:15','PHP Warning','',' PHP Warning:  Undefined array key 1 in C:\\wamp64\\www\\lib\\tcpdf\\6.10.0\\tcpdf.php on line 12121\r',0,NULL,'',''),(43001,'2025-08-17 20:47:15','PHP Warning','',' PHP Warning:  Undefined array key 0 in C:\\wamp64\\www\\lib\\tcpdf\\6.10.0\\tcpdf.php on line 12121\r',0,NULL,'',''),(43002,'2025-08-17 20:47:15','PHP Warning','',' PHP Warning:  Undefined array key 1 in C:\\wamp64\\www\\lib\\tcpdf\\6.10.0\\tcpdf.php on line 12121\r',0,NULL,'',''),(43003,'2025-08-17 20:47:15','PHP Warning','',' PHP Warning:  Undefined array key 0 in C:\\wamp64\\www\\lib\\tcpdf\\6.10.0\\tcpdf.php on line 12121\r',0,NULL,'',''),(43004,'2025-08-17 20:47:15','PHP Warning','',' PHP Warning:  Undefined array key 1 in C:\\wamp64\\www\\lib\\tcpdf\\6.10.0\\tcpdf.php on line 12121\r',0,NULL,'',''),(43005,'2025-08-17 20:47:15','PHP Warning','',' PHP Warning:  Undefined array key 0 in C:\\wamp64\\www\\lib\\tcpdf\\6.10.0\\tcpdf.php on line 12121\r',0,NULL,'',''),(43006,'2025-08-17 20:47:15','PHP Warning','',' PHP Warning:  Undefined array key 1 in C:\\wamp64\\www\\lib\\tcpdf\\6.10.0\\tcpdf.php on line 12121\r',0,NULL,'',''),(43007,'2025-08-17 20:47:15','PHP Warning','',' PHP Warning:  Undefined array key 0 in C:\\wamp64\\www\\lib\\tcpdf\\6.10.0\\tcpdf.php on line 12121\r',0,NULL,'',''),(43008,'2025-08-17 20:47:15','PHP Warning','',' PHP Warning:  Undefined array key 1 in C:\\wamp64\\www\\lib\\tcpdf\\6.10.0\\tcpdf.php on line 12121\r',0,NULL,'',''),(43009,'2025-08-17 20:47:15','PHP Warning','',' PHP Warning:  Undefined variable $height_carte in C:\\wamp64\\www\\previlux\\base\\jw\\etats\\territoires\\rendu\\pdf_territoire.php on line 1614\r',0,NULL,'',''),(43010,'2025-08-17 20:47:15','PHP Warning','',' PHP Warning:  Cannot modify header information - headers already sent by (output started at C:\\wamp64\\www\\lib\\tcpdf\\6.10.0\\tcpdf.php:12121) in C:\\wamp64\\www\\lib\\tcpdf\\6.10.0\\tcpdf.php on line 7764\r',0,NULL,'',''),(43011,'2025-08-17 20:47:30','PHP Warning','',' PHP Warning:  Undefined array key 0 in C:\\wamp64\\www\\lib\\tcpdf\\6.10.0\\tcpdf.php on line 12121\r',0,NULL,'',''),(43012,'2025-08-17 20:47:30','PHP Warning','',' PHP Warning:  Undefined array key 1 in C:\\wamp64\\www\\lib\\tcpdf\\6.10.0\\tcpdf.php on line 12121\r',0,NULL,'',''),(43013,'2025-08-17 20:47:30','PHP Warning','',' PHP Warning:  Undefined array key 0 in C:\\wamp64\\www\\lib\\tcpdf\\6.10.0\\tcpdf.php on line 12121\r',0,NULL,'',''),(43014,'2025-08-17 20:47:30','PHP Warning','',' PHP Warning:  Undefined array key 1 in C:\\wamp64\\www\\lib\\tcpdf\\6.10.0\\tcpdf.php on line 12121\r',0,NULL,'',''),(43015,'2025-08-17 20:47:30','PHP Warning','',' PHP Warning:  Undefined array key 0 in C:\\wamp64\\www\\lib\\tcpdf\\6.10.0\\tcpdf.php on line 12121\r',0,NULL,'',''),(43016,'2025-08-17 20:47:30','PHP Warning','',' PHP Warning:  Undefined array key 1 in C:\\wamp64\\www\\lib\\tcpdf\\6.10.0\\tcpdf.php on line 12121\r',0,NULL,'',''),(43017,'2025-08-17 20:47:30','PHP Warning','',' PHP Warning:  Undefined array key 0 in C:\\wamp64\\www\\lib\\tcpdf\\6.10.0\\tcpdf.php on line 12121\r',0,NULL,'',''),(43018,'2025-08-17 20:47:30','PHP Warning','',' PHP Warning:  Undefined array key 1 in C:\\wamp64\\www\\lib\\tcpdf\\6.10.0\\tcpdf.php on line 12121\r',0,NULL,'',''),(43019,'2025-08-17 20:47:30','PHP Warning','',' PHP Warning:  Undefined array key 0 in C:\\wamp64\\www\\lib\\tcpdf\\6.10.0\\tcpdf.php on line 12121\r',0,NULL,'',''),(43020,'2025-08-17 20:47:30','PHP Warning','',' PHP Warning:  Undefined array key 1 in C:\\wamp64\\www\\lib\\tcpdf\\6.10.0\\tcpdf.php on line 12121\r',0,NULL,'',''),(43021,'2025-08-17 20:47:30','PHP Warning','',' PHP Warning:  Undefined array key 0 in C:\\wamp64\\www\\lib\\tcpdf\\6.10.0\\tcpdf.php on line 12121\r',0,NULL,'',''),(43022,'2025-08-17 20:47:30','PHP Warning','',' PHP Warning:  Undefined array key 1 in C:\\wamp64\\www\\lib\\tcpdf\\6.10.0\\tcpdf.php on line 12121\r',0,NULL,'',''),(43023,'2025-08-17 20:47:30','PHP Warning','',' PHP Warning:  Undefined array key 0 in C:\\wamp64\\www\\lib\\tcpdf\\6.10.0\\tcpdf.php on line 12121\r',0,NULL,'',''),(43024,'2025-08-17 20:47:30','PHP Warning','',' PHP Warning:  Undefined array key 1 in C:\\wamp64\\www\\lib\\tcpdf\\6.10.0\\tcpdf.php on line 12121\r',0,NULL,'',''),(43025,'2025-08-17 20:47:30','PHP Warning','',' PHP Warning:  Undefined array key 0 in C:\\wamp64\\www\\lib\\tcpdf\\6.10.0\\tcpdf.php on line 12121\r',0,NULL,'',''),(43026,'2025-08-17 20:47:30','PHP Warning','',' PHP Warning:  Undefined array key 1 in C:\\wamp64\\www\\lib\\tcpdf\\6.10.0\\tcpdf.php on line 12121\r',0,NULL,'',''),(43027,'2025-08-17 20:47:30','PHP Warning','',' PHP Warning:  Undefined array key 0 in C:\\wamp64\\www\\lib\\tcpdf\\6.10.0\\tcpdf.php on line 12121\r',0,NULL,'',''),(43028,'2025-08-17 20:47:30','PHP Warning','',' PHP Warning:  Undefined array key 1 in C:\\wamp64\\www\\lib\\tcpdf\\6.10.0\\tcpdf.php on line 12121\r',0,NULL,'',''),(43029,'2025-08-17 20:47:30','PHP Warning','',' PHP Warning:  Undefined array key 0 in C:\\wamp64\\www\\lib\\tcpdf\\6.10.0\\tcpdf.php on line 12121\r',0,NULL,'',''),(43030,'2025-08-17 20:47:30','PHP Warning','',' PHP Warning:  Undefined array key 1 in C:\\wamp64\\www\\lib\\tcpdf\\6.10.0\\tcpdf.php on line 12121\r',0,NULL,'',''),(43031,'2025-08-17 20:47:30','PHP Warning','',' PHP Warning:  Undefined array key 0 in C:\\wamp64\\www\\lib\\tcpdf\\6.10.0\\tcpdf.php on line 12121\r',0,NULL,'',''),(43032,'2025-08-17 20:47:30','PHP Warning','',' PHP Warning:  Undefined array key 1 in C:\\wamp64\\www\\lib\\tcpdf\\6.10.0\\tcpdf.php on line 12121\r',0,NULL,'',''),(43033,'2025-08-17 20:47:30','PHP Warning','',' PHP Warning:  Undefined array key 0 in C:\\wamp64\\www\\lib\\tcpdf\\6.10.0\\tcpdf.php on line 12121\r',0,NULL,'',''),(43034,'2025-08-17 20:47:30','PHP Warning','',' PHP Warning:  Undefined array key 1 in C:\\wamp64\\www\\lib\\tcpdf\\6.10.0\\tcpdf.php on line 12121\r',0,NULL,'',''),(43035,'2025-08-17 20:47:30','PHP Warning','',' PHP Warning:  Undefined array key 0 in C:\\wamp64\\www\\lib\\tcpdf\\6.10.0\\tcpdf.php on line 12121\r',0,NULL,'',''),(43036,'2025-08-17 20:47:30','PHP Warning','',' PHP Warning:  Undefined array key 1 in C:\\wamp64\\www\\lib\\tcpdf\\6.10.0\\tcpdf.php on line 12121\r',0,NULL,'',''),(43037,'2025-08-17 20:47:30','PHP Warning','',' PHP Warning:  Undefined array key 0 in C:\\wamp64\\www\\lib\\tcpdf\\6.10.0\\tcpdf.php on line 12121\r',0,NULL,'',''),(43038,'2025-08-17 20:47:30','PHP Warning','',' PHP Warning:  Undefined array key 1 in C:\\wamp64\\www\\lib\\tcpdf\\6.10.0\\tcpdf.php on line 12121\r',0,NULL,'',''),(43039,'2025-08-17 20:47:30','PHP Warning','',' PHP Warning:  Undefined array key 0 in C:\\wamp64\\www\\lib\\tcpdf\\6.10.0\\tcpdf.php on line 12121\r',0,NULL,'',''),(43040,'2025-08-17 20:47:30','PHP Warning','',' PHP Warning:  Undefined array key 1 in C:\\wamp64\\www\\lib\\tcpdf\\6.10.0\\tcpdf.php on line 12121\r',0,NULL,'',''),(43041,'2025-08-17 20:47:30','PHP Warning','',' PHP Warning:  Undefined array key 0 in C:\\wamp64\\www\\lib\\tcpdf\\6.10.0\\tcpdf.php on line 12121\r',0,NULL,'',''),(43042,'2025-08-17 20:47:30','PHP Warning','',' PHP Warning:  Undefined array key 1 in C:\\wamp64\\www\\lib\\tcpdf\\6.10.0\\tcpdf.php on line 12121\r',0,NULL,'',''),(43043,'2025-08-17 20:47:30','PHP Warning','',' PHP Warning:  Undefined array key 0 in C:\\wamp64\\www\\lib\\tcpdf\\6.10.0\\tcpdf.php on line 12121\r',0,NULL,'',''),(43044,'2025-08-17 20:47:30','PHP Warning','',' PHP Warning:  Undefined array key 1 in C:\\wamp64\\www\\lib\\tcpdf\\6.10.0\\tcpdf.php on line 12121\r',0,NULL,'',''),(43045,'2025-08-17 20:47:30','PHP Warning','',' PHP Warning:  Undefined array key 0 in C:\\wamp64\\www\\lib\\tcpdf\\6.10.0\\tcpdf.php on line 12121\r',0,NULL,'',''),(43046,'2025-08-17 20:47:30','PHP Warning','',' PHP Warning:  Undefined array key 1 in C:\\wamp64\\www\\lib\\tcpdf\\6.10.0\\tcpdf.php on line 12121\r',0,NULL,'',''),(43047,'2025-08-17 20:47:30','PHP Warning','',' PHP Warning:  Undefined array key 0 in C:\\wamp64\\www\\lib\\tcpdf\\6.10.0\\tcpdf.php on line 12121\r',0,NULL,'',''),(43048,'2025-08-17 20:47:30','PHP Warning','',' PHP Warning:  Undefined array key 1 in C:\\wamp64\\www\\lib\\tcpdf\\6.10.0\\tcpdf.php on line 12121\r',0,NULL,'',''),(43049,'2025-08-17 20:47:30','PHP Warning','',' PHP Warning:  Undefined array key 0 in C:\\wamp64\\www\\lib\\tcpdf\\6.10.0\\tcpdf.php on line 12121\r',0,NULL,'',''),(43050,'2025-08-17 20:47:30','PHP Warning','',' PHP Warning:  Undefined array key 1 in C:\\wamp64\\www\\lib\\tcpdf\\6.10.0\\tcpdf.php on line 12121\r',0,NULL,'',''),(43051,'2025-08-17 20:47:30','PHP Warning','',' PHP Warning:  Undefined array key 0 in C:\\wamp64\\www\\lib\\tcpdf\\6.10.0\\tcpdf.php on line 12121\r',0,NULL,'',''),(43052,'2025-08-17 20:47:30','PHP Warning','',' PHP Warning:  Undefined array key 1 in C:\\wamp64\\www\\lib\\tcpdf\\6.10.0\\tcpdf.php on line 12121\r',0,NULL,'',''),(43053,'2025-08-17 20:47:30','PHP Warning','',' PHP Warning:  Undefined array key 0 in C:\\wamp64\\www\\lib\\tcpdf\\6.10.0\\tcpdf.php on line 12121\r',0,NULL,'',''),(43054,'2025-08-17 20:47:30','PHP Warning','',' PHP Warning:  Undefined array key 1 in C:\\wamp64\\www\\lib\\tcpdf\\6.10.0\\tcpdf.php on line 12121\r',0,NULL,'',''),(43055,'2025-08-17 20:47:30','PHP Warning','',' PHP Warning:  Undefined array key 0 in C:\\wamp64\\www\\lib\\tcpdf\\6.10.0\\tcpdf.php on line 12121\r',0,NULL,'',''),(43056,'2025-08-17 20:47:30','PHP Warning','',' PHP Warning:  Undefined array key 1 in C:\\wamp64\\www\\lib\\tcpdf\\6.10.0\\tcpdf.php on line 12121\r',0,NULL,'',''),(43057,'2025-08-17 20:47:30','PHP Warning','',' PHP Warning:  Undefined array key 0 in C:\\wamp64\\www\\lib\\tcpdf\\6.10.0\\tcpdf.php on line 12121\r',0,NULL,'',''),(43058,'2025-08-17 20:47:30','PHP Warning','',' PHP Warning:  Undefined array key 1 in C:\\wamp64\\www\\lib\\tcpdf\\6.10.0\\tcpdf.php on line 12121\r',0,NULL,'',''),(43059,'2025-08-17 20:47:30','PHP Warning','',' PHP Warning:  Undefined array key 0 in C:\\wamp64\\www\\lib\\tcpdf\\6.10.0\\tcpdf.php on line 12121\r',0,NULL,'',''),(43060,'2025-08-17 20:47:30','PHP Warning','',' PHP Warning:  Undefined array key 1 in C:\\wamp64\\www\\lib\\tcpdf\\6.10.0\\tcpdf.php on line 12121\r',0,NULL,'',''),(43061,'2025-08-17 20:47:30','PHP Warning','',' PHP Warning:  Undefined array key 0 in C:\\wamp64\\www\\lib\\tcpdf\\6.10.0\\tcpdf.php on line 12121\r',0,NULL,'',''),(43062,'2025-08-17 20:47:30','PHP Warning','',' PHP Warning:  Undefined array key 1 in C:\\wamp64\\www\\lib\\tcpdf\\6.10.0\\tcpdf.php on line 12121\r',0,NULL,'',''),(43063,'2025-08-17 20:47:30','PHP Warning','',' PHP Warning:  Undefined array key 0 in C:\\wamp64\\www\\lib\\tcpdf\\6.10.0\\tcpdf.php on line 12121\r',0,NULL,'',''),(43064,'2025-08-17 20:47:30','PHP Warning','',' PHP Warning:  Undefined array key 1 in C:\\wamp64\\www\\lib\\tcpdf\\6.10.0\\tcpdf.php on line 12121\r',0,NULL,'',''),(43065,'2025-08-17 20:47:30','PHP Warning','',' PHP Warning:  Undefined array key 0 in C:\\wamp64\\www\\lib\\tcpdf\\6.10.0\\tcpdf.php on line 12121\r',0,NULL,'',''),(43066,'2025-08-17 20:47:30','PHP Warning','',' PHP Warning:  Undefined array key 1 in C:\\wamp64\\www\\lib\\tcpdf\\6.10.0\\tcpdf.php on line 12121\r',0,NULL,'',''),(43067,'2025-08-17 20:47:30','PHP Warning','',' PHP Warning:  Undefined array key 0 in C:\\wamp64\\www\\lib\\tcpdf\\6.10.0\\tcpdf.php on line 12121\r',0,NULL,'',''),(43068,'2025-08-17 20:47:30','PHP Warning','',' PHP Warning:  Undefined array key 1 in C:\\wamp64\\www\\lib\\tcpdf\\6.10.0\\tcpdf.php on line 12121\r',0,NULL,'',''),(43069,'2025-08-17 20:47:30','PHP Warning','',' PHP Warning:  Undefined array key 0 in C:\\wamp64\\www\\lib\\tcpdf\\6.10.0\\tcpdf.php on line 12121\r',0,NULL,'',''),(43070,'2025-08-17 20:47:30','PHP Warning','',' PHP Warning:  Undefined array key 1 in C:\\wamp64\\www\\lib\\tcpdf\\6.10.0\\tcpdf.php on line 12121\r',0,NULL,'',''),(43071,'2025-08-17 20:47:30','PHP Warning','',' PHP Warning:  Undefined array key 0 in C:\\wamp64\\www\\lib\\tcpdf\\6.10.0\\tcpdf.php on line 12121\r',0,NULL,'',''),(43072,'2025-08-17 20:47:30','PHP Warning','',' PHP Warning:  Undefined array key 1 in C:\\wamp64\\www\\lib\\tcpdf\\6.10.0\\tcpdf.php on line 12121\r',0,NULL,'',''),(43073,'2025-08-17 20:47:30','PHP Warning','',' PHP Warning:  Undefined array key 0 in C:\\wamp64\\www\\lib\\tcpdf\\6.10.0\\tcpdf.php on line 12121\r',0,NULL,'',''),(43074,'2025-08-17 20:47:30','PHP Warning','',' PHP Warning:  Undefined array key 1 in C:\\wamp64\\www\\lib\\tcpdf\\6.10.0\\tcpdf.php on line 12121\r',0,NULL,'',''),(43075,'2025-08-17 20:47:30','PHP Warning','',' PHP Warning:  Undefined array key 0 in C:\\wamp64\\www\\lib\\tcpdf\\6.10.0\\tcpdf.php on line 12121\r',0,NULL,'',''),(43076,'2025-08-17 20:47:30','PHP Warning','',' PHP Warning:  Undefined array key 1 in C:\\wamp64\\www\\lib\\tcpdf\\6.10.0\\tcpdf.php on line 12121\r',0,NULL,'',''),(43077,'2025-08-17 20:47:30','PHP Warning','',' PHP Warning:  Undefined array key 0 in C:\\wamp64\\www\\lib\\tcpdf\\6.10.0\\tcpdf.php on line 12121\r',0,NULL,'',''),(43078,'2025-08-17 20:47:30','PHP Warning','',' PHP Warning:  Undefined array key 1 in C:\\wamp64\\www\\lib\\tcpdf\\6.10.0\\tcpdf.php on line 12121\r',0,NULL,'',''),(43079,'2025-08-17 20:47:30','PHP Warning','',' PHP Warning:  Undefined array key 0 in C:\\wamp64\\www\\lib\\tcpdf\\6.10.0\\tcpdf.php on line 12121\r',0,NULL,'',''),(43080,'2025-08-17 20:47:30','PHP Warning','',' PHP Warning:  Undefined array key 1 in C:\\wamp64\\www\\lib\\tcpdf\\6.10.0\\tcpdf.php on line 12121\r',0,NULL,'',''),(43081,'2025-08-17 20:47:30','PHP Warning','',' PHP Warning:  Undefined array key 0 in C:\\wamp64\\www\\lib\\tcpdf\\6.10.0\\tcpdf.php on line 12121\r',0,NULL,'',''),(43082,'2025-08-17 20:47:30','PHP Warning','',' PHP Warning:  Undefined array key 1 in C:\\wamp64\\www\\lib\\tcpdf\\6.10.0\\tcpdf.php on line 12121\r',0,NULL,'',''),(43083,'2025-08-17 20:47:30','PHP Warning','',' PHP Warning:  Undefined array key 0 in C:\\wamp64\\www\\lib\\tcpdf\\6.10.0\\tcpdf.php on line 12121\r',0,NULL,'',''),(43084,'2025-08-17 20:47:30','PHP Warning','',' PHP Warning:  Undefined array key 1 in C:\\wamp64\\www\\lib\\tcpdf\\6.10.0\\tcpdf.php on line 12121\r',0,NULL,'',''),(43085,'2025-08-17 20:47:30','PHP Warning','',' PHP Warning:  Undefined array key 0 in C:\\wamp64\\www\\lib\\tcpdf\\6.10.0\\tcpdf.php on line 12121\r',0,NULL,'',''),(43086,'2025-08-17 20:47:30','PHP Warning','',' PHP Warning:  Undefined array key 1 in C:\\wamp64\\www\\lib\\tcpdf\\6.10.0\\tcpdf.php on line 12121\r',0,NULL,'',''),(43087,'2025-08-17 20:47:30','PHP Warning','',' PHP Warning:  Undefined array key 0 in C:\\wamp64\\www\\lib\\tcpdf\\6.10.0\\tcpdf.php on line 12121\r',0,NULL,'',''),(43088,'2025-08-17 20:47:30','PHP Warning','',' PHP Warning:  Undefined array key 1 in C:\\wamp64\\www\\lib\\tcpdf\\6.10.0\\tcpdf.php on line 12121\r',0,NULL,'',''),(43089,'2025-08-17 20:47:30','PHP Warning','',' PHP Warning:  Undefined array key 0 in C:\\wamp64\\www\\lib\\tcpdf\\6.10.0\\tcpdf.php on line 12121\r',0,NULL,'',''),(43090,'2025-08-17 20:47:30','PHP Warning','',' PHP Warning:  Undefined array key 1 in C:\\wamp64\\www\\lib\\tcpdf\\6.10.0\\tcpdf.php on line 12121\r',0,NULL,'',''),(43091,'2025-08-17 20:47:30','PHP Warning','',' PHP Warning:  Undefined array key 0 in C:\\wamp64\\www\\lib\\tcpdf\\6.10.0\\tcpdf.php on line 12121\r',0,NULL,'',''),(43092,'2025-08-17 20:47:30','PHP Warning','',' PHP Warning:  Undefined array key 1 in C:\\wamp64\\www\\lib\\tcpdf\\6.10.0\\tcpdf.php on line 12121\r',0,NULL,'',''),(43093,'2025-08-17 20:47:30','PHP Warning','',' PHP Warning:  Undefined array key 0 in C:\\wamp64\\www\\lib\\tcpdf\\6.10.0\\tcpdf.php on line 12121\r',0,NULL,'',''),(43094,'2025-08-17 20:47:30','PHP Warning','',' PHP Warning:  Undefined array key 1 in C:\\wamp64\\www\\lib\\tcpdf\\6.10.0\\tcpdf.php on line 12121\r',0,NULL,'',''),(43095,'2025-08-17 20:47:30','PHP Warning','',' PHP Warning:  Undefined array key 0 in C:\\wamp64\\www\\lib\\tcpdf\\6.10.0\\tcpdf.php on line 12121\r',0,NULL,'',''),(43096,'2025-08-17 20:47:30','PHP Warning','',' PHP Warning:  Undefined array key 1 in C:\\wamp64\\www\\lib\\tcpdf\\6.10.0\\tcpdf.php on line 12121\r',0,NULL,'',''),(43097,'2025-08-17 20:47:30','PHP Warning','',' PHP Warning:  Undefined array key 0 in C:\\wamp64\\www\\lib\\tcpdf\\6.10.0\\tcpdf.php on line 12121\r',0,NULL,'',''),(43098,'2025-08-17 20:47:30','PHP Warning','',' PHP Warning:  Undefined array key 1 in C:\\wamp64\\www\\lib\\tcpdf\\6.10.0\\tcpdf.php on line 12121\r',0,NULL,'',''),(43099,'2025-08-17 20:47:30','PHP Warning','',' PHP Warning:  Undefined array key 0 in C:\\wamp64\\www\\lib\\tcpdf\\6.10.0\\tcpdf.php on line 12121\r',0,NULL,'',''),(43100,'2025-08-17 20:47:30','PHP Warning','',' PHP Warning:  Undefined array key 1 in C:\\wamp64\\www\\lib\\tcpdf\\6.10.0\\tcpdf.php on line 12121\r',0,NULL,'',''),(43101,'2025-08-17 20:47:30','PHP Warning','',' PHP Warning:  Undefined array key 0 in C:\\wamp64\\www\\lib\\tcpdf\\6.10.0\\tcpdf.php on line 12121\r',0,NULL,'',''),(43102,'2025-08-17 20:47:30','PHP Warning','',' PHP Warning:  Undefined array key 1 in C:\\wamp64\\www\\lib\\tcpdf\\6.10.0\\tcpdf.php on line 12121\r',0,NULL,'',''),(43103,'2025-08-17 20:47:30','PHP Warning','',' PHP Warning:  Undefined array key 0 in C:\\wamp64\\www\\lib\\tcpdf\\6.10.0\\tcpdf.php on line 12121\r',0,NULL,'',''),(43104,'2025-08-17 20:47:30','PHP Warning','',' PHP Warning:  Undefined array key 1 in C:\\wamp64\\www\\lib\\tcpdf\\6.10.0\\tcpdf.php on line 12121\r',0,NULL,'',''),(43105,'2025-08-17 20:47:30','PHP Warning','',' PHP Warning:  Undefined array key 0 in C:\\wamp64\\www\\lib\\tcpdf\\6.10.0\\tcpdf.php on line 12121\r',0,NULL,'',''),(43106,'2025-08-17 20:47:30','PHP Warning','',' PHP Warning:  Undefined array key 1 in C:\\wamp64\\www\\lib\\tcpdf\\6.10.0\\tcpdf.php on line 12121\r',0,NULL,'',''),(43107,'2025-08-17 20:47:30','PHP Warning','',' PHP Warning:  Undefined array key 0 in C:\\wamp64\\www\\lib\\tcpdf\\6.10.0\\tcpdf.php on line 12121\r',0,NULL,'',''),(43108,'2025-08-17 20:47:30','PHP Warning','',' PHP Warning:  Undefined array key 1 in C:\\wamp64\\www\\lib\\tcpdf\\6.10.0\\tcpdf.php on line 12121\r',0,NULL,'',''),(43109,'2025-08-17 20:47:30','PHP Warning','',' PHP Warning:  Undefined array key 0 in C:\\wamp64\\www\\lib\\tcpdf\\6.10.0\\tcpdf.php on line 12121\r',0,NULL,'',''),(43110,'2025-08-17 20:47:30','PHP Warning','',' PHP Warning:  Undefined array key 1 in C:\\wamp64\\www\\lib\\tcpdf\\6.10.0\\tcpdf.php on line 12121\r',0,NULL,'',''),(43111,'2025-08-17 20:47:30','PHP Warning','',' PHP Warning:  Undefined array key 0 in C:\\wamp64\\www\\lib\\tcpdf\\6.10.0\\tcpdf.php on line 12121\r',0,NULL,'',''),(43112,'2025-08-17 20:47:30','PHP Warning','',' PHP Warning:  Undefined array key 1 in C:\\wamp64\\www\\lib\\tcpdf\\6.10.0\\tcpdf.php on line 12121\r',0,NULL,'',''),(43113,'2025-08-17 20:47:30','PHP Warning','',' PHP Warning:  Undefined array key 0 in C:\\wamp64\\www\\lib\\tcpdf\\6.10.0\\tcpdf.php on line 12121\r',0,NULL,'',''),(43114,'2025-08-17 20:47:30','PHP Warning','',' PHP Warning:  Undefined array key 1 in C:\\wamp64\\www\\lib\\tcpdf\\6.10.0\\tcpdf.php on line 12121\r',0,NULL,'',''),(43115,'2025-08-17 20:47:30','PHP Warning','',' PHP Warning:  Undefined array key 0 in C:\\wamp64\\www\\lib\\tcpdf\\6.10.0\\tcpdf.php on line 12121\r',0,NULL,'',''),(43116,'2025-08-17 20:47:30','PHP Warning','',' PHP Warning:  Undefined array key 1 in C:\\wamp64\\www\\lib\\tcpdf\\6.10.0\\tcpdf.php on line 12121\r',0,NULL,'',''),(43117,'2025-08-17 20:47:30','PHP Warning','',' PHP Warning:  Undefined array key 0 in C:\\wamp64\\www\\lib\\tcpdf\\6.10.0\\tcpdf.php on line 12121\r',0,NULL,'',''),(43118,'2025-08-17 20:47:30','PHP Warning','',' PHP Warning:  Undefined array key 1 in C:\\wamp64\\www\\lib\\tcpdf\\6.10.0\\tcpdf.php on line 12121\r',0,NULL,'',''),(43119,'2025-08-17 20:47:30','PHP Warning','',' PHP Warning:  Undefined array key 0 in C:\\wamp64\\www\\lib\\tcpdf\\6.10.0\\tcpdf.php on line 12121\r',0,NULL,'',''),(43120,'2025-08-17 20:47:30','PHP Warning','',' PHP Warning:  Undefined array key 1 in C:\\wamp64\\www\\lib\\tcpdf\\6.10.0\\tcpdf.php on line 12121\r',0,NULL,'',''),(43121,'2025-08-17 20:47:30','PHP Warning','',' PHP Warning:  Undefined array key 0 in C:\\wamp64\\www\\lib\\tcpdf\\6.10.0\\tcpdf.php on line 12121\r',0,NULL,'',''),(43122,'2025-08-17 20:47:30','PHP Warning','',' PHP Warning:  Undefined array key 1 in C:\\wamp64\\www\\lib\\tcpdf\\6.10.0\\tcpdf.php on line 12121\r',0,NULL,'',''),(43123,'2025-08-17 20:47:30','PHP Warning','',' PHP Warning:  Undefined array key 0 in C:\\wamp64\\www\\lib\\tcpdf\\6.10.0\\tcpdf.php on line 12121\r',0,NULL,'',''),(43124,'2025-08-17 20:47:30','PHP Warning','',' PHP Warning:  Undefined array key 1 in C:\\wamp64\\www\\lib\\tcpdf\\6.10.0\\tcpdf.php on line 12121\r',0,NULL,'',''),(43125,'2025-08-17 20:47:30','PHP Warning','',' PHP Warning:  Undefined array key 0 in C:\\wamp64\\www\\lib\\tcpdf\\6.10.0\\tcpdf.php on line 12121\r',0,NULL,'',''),(43126,'2025-08-17 20:47:30','PHP Warning','',' PHP Warning:  Undefined array key 1 in C:\\wamp64\\www\\lib\\tcpdf\\6.10.0\\tcpdf.php on line 12121\r',0,NULL,'',''),(43127,'2025-08-17 20:47:30','PHP Warning','',' PHP Warning:  Undefined array key 0 in C:\\wamp64\\www\\lib\\tcpdf\\6.10.0\\tcpdf.php on line 12121\r',0,NULL,'',''),(43128,'2025-08-17 20:47:30','PHP Warning','',' PHP Warning:  Undefined array key 1 in C:\\wamp64\\www\\lib\\tcpdf\\6.10.0\\tcpdf.php on line 12121\r',0,NULL,'',''),(43129,'2025-08-17 20:47:30','PHP Warning','',' PHP Warning:  Undefined array key 0 in C:\\wamp64\\www\\lib\\tcpdf\\6.10.0\\tcpdf.php on line 12121\r',0,NULL,'',''),(43130,'2025-08-17 20:47:30','PHP Warning','',' PHP Warning:  Undefined array key 1 in C:\\wamp64\\www\\lib\\tcpdf\\6.10.0\\tcpdf.php on line 12121\r',0,NULL,'',''),(43131,'2025-08-17 20:47:30','PHP Warning','',' PHP Warning:  Undefined array key 0 in C:\\wamp64\\www\\lib\\tcpdf\\6.10.0\\tcpdf.php on line 12121\r',0,NULL,'',''),(43132,'2025-08-17 20:47:30','PHP Warning','',' PHP Warning:  Undefined array key 1 in C:\\wamp64\\www\\lib\\tcpdf\\6.10.0\\tcpdf.php on line 12121\r',0,NULL,'',''),(43133,'2025-08-17 20:47:30','PHP Warning','',' PHP Warning:  Undefined array key 0 in C:\\wamp64\\www\\lib\\tcpdf\\6.10.0\\tcpdf.php on line 12121\r',0,NULL,'',''),(43134,'2025-08-17 20:47:30','PHP Warning','',' PHP Warning:  Undefined array key 1 in C:\\wamp64\\www\\lib\\tcpdf\\6.10.0\\tcpdf.php on line 12121\r',0,NULL,'',''),(43135,'2025-08-17 20:47:30','PHP Warning','',' PHP Warning:  Undefined array key 0 in C:\\wamp64\\www\\lib\\tcpdf\\6.10.0\\tcpdf.php on line 12121\r',0,NULL,'',''),(43136,'2025-08-17 20:47:30','PHP Warning','',' PHP Warning:  Undefined array key 1 in C:\\wamp64\\www\\lib\\tcpdf\\6.10.0\\tcpdf.php on line 12121\r',0,NULL,'',''),(43137,'2025-08-17 20:47:30','PHP Warning','',' PHP Warning:  Undefined array key 0 in C:\\wamp64\\www\\lib\\tcpdf\\6.10.0\\tcpdf.php on line 12121\r',0,NULL,'',''),(43138,'2025-08-17 20:47:30','PHP Warning','',' PHP Warning:  Undefined array key 1 in C:\\wamp64\\www\\lib\\tcpdf\\6.10.0\\tcpdf.php on line 12121\r',0,NULL,'',''),(43139,'2025-08-17 20:47:30','PHP Warning','',' PHP Warning:  Undefined array key 0 in C:\\wamp64\\www\\lib\\tcpdf\\6.10.0\\tcpdf.php on line 12121\r',0,NULL,'',''),(43140,'2025-08-17 20:47:30','PHP Warning','',' PHP Warning:  Undefined array key 1 in C:\\wamp64\\www\\lib\\tcpdf\\6.10.0\\tcpdf.php on line 12121\r',0,NULL,'',''),(43141,'2025-08-17 20:47:30','PHP Warning','',' PHP Warning:  Undefined array key 0 in C:\\wamp64\\www\\lib\\tcpdf\\6.10.0\\tcpdf.php on line 12121\r',0,NULL,'',''),(43142,'2025-08-17 20:47:30','PHP Warning','',' PHP Warning:  Undefined array key 1 in C:\\wamp64\\www\\lib\\tcpdf\\6.10.0\\tcpdf.php on line 12121\r',0,NULL,'',''),(43143,'2025-08-17 20:47:30','PHP Warning','',' PHP Warning:  Undefined array key 0 in C:\\wamp64\\www\\lib\\tcpdf\\6.10.0\\tcpdf.php on line 12121\r',0,NULL,'',''),(43144,'2025-08-17 20:47:30','PHP Warning','',' PHP Warning:  Undefined array key 1 in C:\\wamp64\\www\\lib\\tcpdf\\6.10.0\\tcpdf.php on line 12121\r',0,NULL,'',''),(43145,'2025-08-17 20:47:30','PHP Warning','',' PHP Warning:  Undefined array key 0 in C:\\wamp64\\www\\lib\\tcpdf\\6.10.0\\tcpdf.php on line 12121\r',0,NULL,'',''),(43146,'2025-08-17 20:47:30','PHP Warning','',' PHP Warning:  Undefined array key 1 in C:\\wamp64\\www\\lib\\tcpdf\\6.10.0\\tcpdf.php on line 12121\r',0,NULL,'',''),(43147,'2025-08-17 20:47:30','PHP Warning','',' PHP Warning:  Undefined array key 0 in C:\\wamp64\\www\\lib\\tcpdf\\6.10.0\\tcpdf.php on line 12121\r',0,NULL,'',''),(43148,'2025-08-17 20:47:30','PHP Warning','',' PHP Warning:  Undefined array key 1 in C:\\wamp64\\www\\lib\\tcpdf\\6.10.0\\tcpdf.php on line 12121\r',0,NULL,'',''),(43149,'2025-08-17 20:47:30','PHP Warning','',' PHP Warning:  Undefined array key 0 in C:\\wamp64\\www\\lib\\tcpdf\\6.10.0\\tcpdf.php on line 12121\r',0,NULL,'',''),(43150,'2025-08-17 20:47:30','PHP Warning','',' PHP Warning:  Undefined array key 1 in C:\\wamp64\\www\\lib\\tcpdf\\6.10.0\\tcpdf.php on line 12121\r',0,NULL,'',''),(43151,'2025-08-17 20:47:30','PHP Warning','',' PHP Warning:  Undefined array key 0 in C:\\wamp64\\www\\lib\\tcpdf\\6.10.0\\tcpdf.php on line 12121\r',0,NULL,'',''),(43152,'2025-08-17 20:47:30','PHP Warning','',' PHP Warning:  Undefined array key 1 in C:\\wamp64\\www\\lib\\tcpdf\\6.10.0\\tcpdf.php on line 12121\r',0,NULL,'',''),(43153,'2025-08-17 20:47:30','PHP Warning','',' PHP Warning:  Undefined array key 0 in C:\\wamp64\\www\\lib\\tcpdf\\6.10.0\\tcpdf.php on line 12121\r',0,NULL,'',''),(43154,'2025-08-17 20:47:30','PHP Warning','',' PHP Warning:  Undefined array key 1 in C:\\wamp64\\www\\lib\\tcpdf\\6.10.0\\tcpdf.php on line 12121\r',0,NULL,'',''),(43155,'2025-08-17 20:47:30','PHP Warning','',' PHP Warning:  Undefined array key 0 in C:\\wamp64\\www\\lib\\tcpdf\\6.10.0\\tcpdf.php on line 12121\r',0,NULL,'',''),(43156,'2025-08-17 20:47:30','PHP Warning','',' PHP Warning:  Undefined array key 1 in C:\\wamp64\\www\\lib\\tcpdf\\6.10.0\\tcpdf.php on line 12121\r',0,NULL,'',''),(43157,'2025-08-17 20:47:30','PHP Warning','',' PHP Warning:  Undefined array key 0 in C:\\wamp64\\www\\lib\\tcpdf\\6.10.0\\tcpdf.php on line 12121\r',0,NULL,'',''),(43158,'2025-08-17 20:47:30','PHP Warning','',' PHP Warning:  Undefined array key 1 in C:\\wamp64\\www\\lib\\tcpdf\\6.10.0\\tcpdf.php on line 12121\r',0,NULL,'',''),(43159,'2025-08-17 20:47:30','PHP Warning','',' PHP Warning:  Undefined array key 0 in C:\\wamp64\\www\\lib\\tcpdf\\6.10.0\\tcpdf.php on line 12121\r',0,NULL,'',''),(43160,'2025-08-17 20:47:30','PHP Warning','',' PHP Warning:  Undefined array key 1 in C:\\wamp64\\www\\lib\\tcpdf\\6.10.0\\tcpdf.php on line 12121\r',0,NULL,'',''),(43161,'2025-08-17 20:47:30','PHP Warning','',' PHP Warning:  Undefined array key 0 in C:\\wamp64\\www\\lib\\tcpdf\\6.10.0\\tcpdf.php on line 12121\r',0,NULL,'',''),(43162,'2025-08-17 20:47:30','PHP Warning','',' PHP Warning:  Undefined array key 1 in C:\\wamp64\\www\\lib\\tcpdf\\6.10.0\\tcpdf.php on line 12121\r',0,NULL,'',''),(43163,'2025-08-17 20:47:30','PHP Warning','',' PHP Warning:  Undefined array key 0 in C:\\wamp64\\www\\lib\\tcpdf\\6.10.0\\tcpdf.php on line 12121\r',0,NULL,'',''),(43164,'2025-08-17 20:47:30','PHP Warning','',' PHP Warning:  Undefined array key 1 in C:\\wamp64\\www\\lib\\tcpdf\\6.10.0\\tcpdf.php on line 12121\r',0,NULL,'',''),(43165,'2025-08-17 20:47:30','PHP Warning','',' PHP Warning:  Undefined array key 0 in C:\\wamp64\\www\\lib\\tcpdf\\6.10.0\\tcpdf.php on line 12121\r',0,NULL,'',''),(43166,'2025-08-17 20:47:30','PHP Warning','',' PHP Warning:  Undefined array key 1 in C:\\wamp64\\www\\lib\\tcpdf\\6.10.0\\tcpdf.php on line 12121\r',0,NULL,'',''),(43167,'2025-08-17 20:47:30','PHP Warning','',' PHP Warning:  Undefined array key 0 in C:\\wamp64\\www\\lib\\tcpdf\\6.10.0\\tcpdf.php on line 12121\r',0,NULL,'',''),(43168,'2025-08-17 20:47:30','PHP Warning','',' PHP Warning:  Undefined array key 1 in C:\\wamp64\\www\\lib\\tcpdf\\6.10.0\\tcpdf.php on line 12121\r',0,NULL,'',''),(43169,'2025-08-17 20:47:30','PHP Warning','',' PHP Warning:  Undefined array key 0 in C:\\wamp64\\www\\lib\\tcpdf\\6.10.0\\tcpdf.php on line 12121\r',0,NULL,'',''),(43170,'2025-08-17 20:47:30','PHP Warning','',' PHP Warning:  Undefined array key 1 in C:\\wamp64\\www\\lib\\tcpdf\\6.10.0\\tcpdf.php on line 12121\r',0,NULL,'',''),(43171,'2025-08-17 20:47:30','PHP Warning','',' PHP Warning:  Undefined array key 0 in C:\\wamp64\\www\\lib\\tcpdf\\6.10.0\\tcpdf.php on line 12121\r',0,NULL,'',''),(43172,'2025-08-17 20:47:30','PHP Warning','',' PHP Warning:  Undefined array key 1 in C:\\wamp64\\www\\lib\\tcpdf\\6.10.0\\tcpdf.php on line 12121\r',0,NULL,'',''),(43173,'2025-08-17 20:47:30','PHP Warning','',' PHP Warning:  Undefined array key 0 in C:\\wamp64\\www\\lib\\tcpdf\\6.10.0\\tcpdf.php on line 12121\r',0,NULL,'',''),(43174,'2025-08-17 20:47:30','PHP Warning','',' PHP Warning:  Undefined array key 1 in C:\\wamp64\\www\\lib\\tcpdf\\6.10.0\\tcpdf.php on line 12121\r',0,NULL,'',''),(43175,'2025-08-17 20:47:30','PHP Warning','',' PHP Warning:  Undefined array key 0 in C:\\wamp64\\www\\lib\\tcpdf\\6.10.0\\tcpdf.php on line 12121\r',0,NULL,'',''),(43176,'2025-08-17 20:47:30','PHP Warning','',' PHP Warning:  Undefined array key 1 in C:\\wamp64\\www\\lib\\tcpdf\\6.10.0\\tcpdf.php on line 12121\r',0,NULL,'',''),(43177,'2025-08-17 20:47:30','PHP Warning','',' PHP Warning:  Undefined array key 0 in C:\\wamp64\\www\\lib\\tcpdf\\6.10.0\\tcpdf.php on line 12121\r',0,NULL,'',''),(43178,'2025-08-17 20:47:30','PHP Warning','',' PHP Warning:  Undefined array key 1 in C:\\wamp64\\www\\lib\\tcpdf\\6.10.0\\tcpdf.php on line 12121\r',0,NULL,'',''),(43179,'2025-08-17 20:47:30','PHP Warning','',' PHP Warning:  Undefined array key 0 in C:\\wamp64\\www\\lib\\tcpdf\\6.10.0\\tcpdf.php on line 12121\r',0,NULL,'',''),(43180,'2025-08-17 20:47:30','PHP Warning','',' PHP Warning:  Undefined array key 1 in C:\\wamp64\\www\\lib\\tcpdf\\6.10.0\\tcpdf.php on line 12121\r',0,NULL,'',''),(43181,'2025-08-17 20:47:30','PHP Warning','',' PHP Warning:  Undefined array key 0 in C:\\wamp64\\www\\lib\\tcpdf\\6.10.0\\tcpdf.php on line 12121\r',0,NULL,'',''),(43182,'2025-08-17 20:47:30','PHP Warning','',' PHP Warning:  Undefined array key 1 in C:\\wamp64\\www\\lib\\tcpdf\\6.10.0\\tcpdf.php on line 12121\r',0,NULL,'',''),(43183,'2025-08-17 20:47:30','PHP Warning','',' PHP Warning:  Undefined array key 0 in C:\\wamp64\\www\\lib\\tcpdf\\6.10.0\\tcpdf.php on line 12121\r',0,NULL,'',''),(43184,'2025-08-17 20:47:30','PHP Warning','',' PHP Warning:  Undefined array key 1 in C:\\wamp64\\www\\lib\\tcpdf\\6.10.0\\tcpdf.php on line 12121\r',0,NULL,'',''),(43185,'2025-08-17 20:47:30','PHP Warning','',' PHP Warning:  Undefined array key 0 in C:\\wamp64\\www\\lib\\tcpdf\\6.10.0\\tcpdf.php on line 12121\r',0,NULL,'',''),(43186,'2025-08-17 20:47:30','PHP Warning','',' PHP Warning:  Undefined array key 1 in C:\\wamp64\\www\\lib\\tcpdf\\6.10.0\\tcpdf.php on line 12121\r',0,NULL,'',''),(43187,'2025-08-17 20:47:31','PHP Warning','',' PHP Warning:  Undefined variable $height_carte in C:\\wamp64\\www\\previlux\\base\\jw\\etats\\territoires\\rendu\\pdf_territoire.php on line 1614\r',0,NULL,'',''),(43188,'2025-08-17 20:47:31','PHP Warning','',' PHP Warning:  Cannot modify header information - headers already sent by (output started at C:\\wamp64\\www\\lib\\tcpdf\\6.10.0\\tcpdf.php:12121) in C:\\wamp64\\www\\lib\\tcpdf\\6.10.0\\tcpdf.php on line 7764\r',0,NULL,'',''),(43189,'2025-08-17 20:49:14','PHP Warning','',' PHP Warning:  Undefined variable $height_carte in C:\\wamp64\\www\\previlux\\base\\jw\\etats\\territoires\\rendu\\pdf_territoire.php on line 1613\r',0,NULL,'',''),(43190,'2025-08-17 20:49:27','PHP Warning','',' PHP Warning:  Undefined array key 0 in C:\\wamp64\\www\\lib\\tcpdf\\6.10.0\\tcpdf.php on line 12121\r',0,NULL,'',''),(43191,'2025-08-17 20:49:27','PHP Warning','',' PHP Warning:  Undefined array key 1 in C:\\wamp64\\www\\lib\\tcpdf\\6.10.0\\tcpdf.php on line 12121\r',0,NULL,'',''),(43192,'2025-08-17 20:49:27','PHP Warning','',' PHP Warning:  Undefined array key 0 in C:\\wamp64\\www\\lib\\tcpdf\\6.10.0\\tcpdf.php on line 12121\r',0,NULL,'',''),(43193,'2025-08-17 20:49:27','PHP Warning','',' PHP Warning:  Undefined array key 1 in C:\\wamp64\\www\\lib\\tcpdf\\6.10.0\\tcpdf.php on line 12121\r',0,NULL,'',''),(43194,'2025-08-17 20:49:27','PHP Warning','',' PHP Warning:  Undefined array key 0 in C:\\wamp64\\www\\lib\\tcpdf\\6.10.0\\tcpdf.php on line 12121\r',0,NULL,'',''),(43195,'2025-08-17 20:49:27','PHP Warning','',' PHP Warning:  Undefined array key 1 in C:\\wamp64\\www\\lib\\tcpdf\\6.10.0\\tcpdf.php on line 12121\r',0,NULL,'',''),(43196,'2025-08-17 20:49:27','PHP Warning','',' PHP Warning:  Undefined array key 0 in C:\\wamp64\\www\\lib\\tcpdf\\6.10.0\\tcpdf.php on line 12121\r',0,NULL,'',''),(43197,'2025-08-17 20:49:27','PHP Warning','',' PHP Warning:  Undefined array key 1 in C:\\wamp64\\www\\lib\\tcpdf\\6.10.0\\tcpdf.php on line 12121\r',0,NULL,'',''),(43198,'2025-08-17 20:49:27','PHP Warning','',' PHP Warning:  Undefined array key 0 in C:\\wamp64\\www\\lib\\tcpdf\\6.10.0\\tcpdf.php on line 12121\r',0,NULL,'',''),(43199,'2025-08-17 20:49:27','PHP Warning','',' PHP Warning:  Undefined array key 1 in C:\\wamp64\\www\\lib\\tcpdf\\6.10.0\\tcpdf.php on line 12121\r',0,NULL,'',''),(43200,'2025-08-17 20:49:27','PHP Warning','',' PHP Warning:  Undefined array key 0 in C:\\wamp64\\www\\lib\\tcpdf\\6.10.0\\tcpdf.php on line 12121\r',0,NULL,'',''),(43201,'2025-08-17 20:49:27','PHP Warning','',' PHP Warning:  Undefined array key 1 in C:\\wamp64\\www\\lib\\tcpdf\\6.10.0\\tcpdf.php on line 12121\r',0,NULL,'',''),(43202,'2025-08-17 20:49:27','PHP Warning','',' PHP Warning:  Undefined array key 0 in C:\\wamp64\\www\\lib\\tcpdf\\6.10.0\\tcpdf.php on line 12121\r',0,NULL,'',''),(43203,'2025-08-17 20:49:27','PHP Warning','',' PHP Warning:  Undefined array key 1 in C:\\wamp64\\www\\lib\\tcpdf\\6.10.0\\tcpdf.php on line 12121\r',0,NULL,'',''),(43204,'2025-08-17 20:49:27','PHP Warning','',' PHP Warning:  Undefined array key 0 in C:\\wamp64\\www\\lib\\tcpdf\\6.10.0\\tcpdf.php on line 12121\r',0,NULL,'',''),(43205,'2025-08-17 20:49:27','PHP Warning','',' PHP Warning:  Undefined array key 1 in C:\\wamp64\\www\\lib\\tcpdf\\6.10.0\\tcpdf.php on line 12121\r',0,NULL,'',''),(43206,'2025-08-17 20:49:27','PHP Warning','',' PHP Warning:  Undefined array key 0 in C:\\wamp64\\www\\lib\\tcpdf\\6.10.0\\tcpdf.php on line 12121\r',0,NULL,'',''),(43207,'2025-08-17 20:49:27','PHP Warning','',' PHP Warning:  Undefined array key 1 in C:\\wamp64\\www\\lib\\tcpdf\\6.10.0\\tcpdf.php on line 12121\r',0,NULL,'',''),(43208,'2025-08-17 20:49:27','PHP Warning','',' PHP Warning:  Undefined array key 0 in C:\\wamp64\\www\\lib\\tcpdf\\6.10.0\\tcpdf.php on line 12121\r',0,NULL,'',''),(43209,'2025-08-17 20:49:27','PHP Warning','',' PHP Warning:  Undefined array key 1 in C:\\wamp64\\www\\lib\\tcpdf\\6.10.0\\tcpdf.php on line 12121\r',0,NULL,'',''),(43210,'2025-08-17 20:49:27','PHP Warning','',' PHP Warning:  Undefined array key 0 in C:\\wamp64\\www\\lib\\tcpdf\\6.10.0\\tcpdf.php on line 12121\r',0,NULL,'',''),(43211,'2025-08-17 20:49:27','PHP Warning','',' PHP Warning:  Undefined array key 1 in C:\\wamp64\\www\\lib\\tcpdf\\6.10.0\\tcpdf.php on line 12121\r',0,NULL,'',''),(43212,'2025-08-17 20:49:27','PHP Warning','',' PHP Warning:  Undefined array key 0 in C:\\wamp64\\www\\lib\\tcpdf\\6.10.0\\tcpdf.php on line 12121\r',0,NULL,'',''),(43213,'2025-08-17 20:49:27','PHP Warning','',' PHP Warning:  Undefined array key 1 in C:\\wamp64\\www\\lib\\tcpdf\\6.10.0\\tcpdf.php on line 12121\r',0,NULL,'',''),(43214,'2025-08-17 20:49:27','PHP Warning','',' PHP Warning:  Undefined array key 0 in C:\\wamp64\\www\\lib\\tcpdf\\6.10.0\\tcpdf.php on line 12121\r',0,NULL,'',''),(43215,'2025-08-17 20:49:27','PHP Warning','',' PHP Warning:  Undefined array key 1 in C:\\wamp64\\www\\lib\\tcpdf\\6.10.0\\tcpdf.php on line 12121\r',0,NULL,'',''),(43216,'2025-08-17 20:49:27','PHP Warning','',' PHP Warning:  Undefined array key 0 in C:\\wamp64\\www\\lib\\tcpdf\\6.10.0\\tcpdf.php on line 12121\r',0,NULL,'',''),(43217,'2025-08-17 20:49:27','PHP Warning','',' PHP Warning:  Undefined array key 1 in C:\\wamp64\\www\\lib\\tcpdf\\6.10.0\\tcpdf.php on line 12121\r',0,NULL,'',''),(43218,'2025-08-17 20:49:27','PHP Warning','',' PHP Warning:  Undefined array key 0 in C:\\wamp64\\www\\lib\\tcpdf\\6.10.0\\tcpdf.php on line 12121\r',0,NULL,'',''),(43219,'2025-08-17 20:49:27','PHP Warning','',' PHP Warning:  Undefined array key 1 in C:\\wamp64\\www\\lib\\tcpdf\\6.10.0\\tcpdf.php on line 12121\r',0,NULL,'',''),(43220,'2025-08-17 20:49:27','PHP Warning','',' PHP Warning:  Undefined array key 0 in C:\\wamp64\\www\\lib\\tcpdf\\6.10.0\\tcpdf.php on line 12121\r',0,NULL,'',''),(43221,'2025-08-17 20:49:27','PHP Warning','',' PHP Warning:  Undefined array key 1 in C:\\wamp64\\www\\lib\\tcpdf\\6.10.0\\tcpdf.php on line 12121\r',0,NULL,'',''),(43222,'2025-08-17 20:49:27','PHP Warning','',' PHP Warning:  Undefined array key 0 in C:\\wamp64\\www\\lib\\tcpdf\\6.10.0\\tcpdf.php on line 12121\r',0,NULL,'',''),(43223,'2025-08-17 20:49:27','PHP Warning','',' PHP Warning:  Undefined array key 1 in C:\\wamp64\\www\\lib\\tcpdf\\6.10.0\\tcpdf.php on line 12121\r',0,NULL,'',''),(43224,'2025-08-17 20:49:27','PHP Warning','',' PHP Warning:  Undefined array key 0 in C:\\wamp64\\www\\lib\\tcpdf\\6.10.0\\tcpdf.php on line 12121\r',0,NULL,'',''),(43225,'2025-08-17 20:49:27','PHP Warning','',' PHP Warning:  Undefined array key 1 in C:\\wamp64\\www\\lib\\tcpdf\\6.10.0\\tcpdf.php on line 12121\r',0,NULL,'',''),(43226,'2025-08-17 20:49:27','PHP Warning','',' PHP Warning:  Undefined array key 0 in C:\\wamp64\\www\\lib\\tcpdf\\6.10.0\\tcpdf.php on line 12121\r',0,NULL,'',''),(43227,'2025-08-17 20:49:27','PHP Warning','',' PHP Warning:  Undefined array key 1 in C:\\wamp64\\www\\lib\\tcpdf\\6.10.0\\tcpdf.php on line 12121\r',0,NULL,'',''),(43228,'2025-08-17 20:49:27','PHP Warning','',' PHP Warning:  Undefined array key 0 in C:\\wamp64\\www\\lib\\tcpdf\\6.10.0\\tcpdf.php on line 12121\r',0,NULL,'',''),(43229,'2025-08-17 20:49:27','PHP Warning','',' PHP Warning:  Undefined array key 1 in C:\\wamp64\\www\\lib\\tcpdf\\6.10.0\\tcpdf.php on line 12121\r',0,NULL,'',''),(43230,'2025-08-17 20:49:27','PHP Warning','',' PHP Warning:  Undefined array key 0 in C:\\wamp64\\www\\lib\\tcpdf\\6.10.0\\tcpdf.php on line 12121\r',0,NULL,'',''),(43231,'2025-08-17 20:49:27','PHP Warning','',' PHP Warning:  Undefined array key 1 in C:\\wamp64\\www\\lib\\tcpdf\\6.10.0\\tcpdf.php on line 12121\r',0,NULL,'',''),(43232,'2025-08-17 20:49:27','PHP Warning','',' PHP Warning:  Undefined array key 0 in C:\\wamp64\\www\\lib\\tcpdf\\6.10.0\\tcpdf.php on line 12121\r',0,NULL,'',''),(43233,'2025-08-17 20:49:27','PHP Warning','',' PHP Warning:  Undefined array key 1 in C:\\wamp64\\www\\lib\\tcpdf\\6.10.0\\tcpdf.php on line 12121\r',0,NULL,'',''),(43234,'2025-08-17 20:49:27','PHP Warning','',' PHP Warning:  Undefined array key 0 in C:\\wamp64\\www\\lib\\tcpdf\\6.10.0\\tcpdf.php on line 12121\r',0,NULL,'',''),(43235,'2025-08-17 20:49:27','PHP Warning','',' PHP Warning:  Undefined array key 1 in C:\\wamp64\\www\\lib\\tcpdf\\6.10.0\\tcpdf.php on line 12121\r',0,NULL,'',''),(43236,'2025-08-17 20:49:27','PHP Warning','',' PHP Warning:  Undefined array key 0 in C:\\wamp64\\www\\lib\\tcpdf\\6.10.0\\tcpdf.php on line 12121\r',0,NULL,'',''),(43237,'2025-08-17 20:49:27','PHP Warning','',' PHP Warning:  Undefined array key 1 in C:\\wamp64\\www\\lib\\tcpdf\\6.10.0\\tcpdf.php on line 12121\r',0,NULL,'',''),(43238,'2025-08-17 20:49:27','PHP Warning','',' PHP Warning:  Undefined array key 0 in C:\\wamp64\\www\\lib\\tcpdf\\6.10.0\\tcpdf.php on line 12121\r',0,NULL,'',''),(43239,'2025-08-17 20:49:27','PHP Warning','',' PHP Warning:  Undefined array key 1 in C:\\wamp64\\www\\lib\\tcpdf\\6.10.0\\tcpdf.php on line 12121\r',0,NULL,'',''),(43240,'2025-08-17 20:49:27','PHP Warning','',' PHP Warning:  Undefined array key 0 in C:\\wamp64\\www\\lib\\tcpdf\\6.10.0\\tcpdf.php on line 12121\r',0,NULL,'',''),(43241,'2025-08-17 20:49:27','PHP Warning','',' PHP Warning:  Undefined array key 1 in C:\\wamp64\\www\\lib\\tcpdf\\6.10.0\\tcpdf.php on line 12121\r',0,NULL,'',''),(43242,'2025-08-17 20:49:27','PHP Warning','',' PHP Warning:  Undefined array key 0 in C:\\wamp64\\www\\lib\\tcpdf\\6.10.0\\tcpdf.php on line 12121\r',0,NULL,'',''),(43243,'2025-08-17 20:49:27','PHP Warning','',' PHP Warning:  Undefined array key 1 in C:\\wamp64\\www\\lib\\tcpdf\\6.10.0\\tcpdf.php on line 12121\r',0,NULL,'',''),(43244,'2025-08-17 20:49:27','PHP Warning','',' PHP Warning:  Undefined array key 0 in C:\\wamp64\\www\\lib\\tcpdf\\6.10.0\\tcpdf.php on line 12121\r',0,NULL,'',''),(43245,'2025-08-17 20:49:27','PHP Warning','',' PHP Warning:  Undefined array key 1 in C:\\wamp64\\www\\lib\\tcpdf\\6.10.0\\tcpdf.php on line 12121\r',0,NULL,'',''),(43246,'2025-08-17 20:49:27','PHP Warning','',' PHP Warning:  Undefined array key 0 in C:\\wamp64\\www\\lib\\tcpdf\\6.10.0\\tcpdf.php on line 12121\r',0,NULL,'',''),(43247,'2025-08-17 20:49:27','PHP Warning','',' PHP Warning:  Undefined array key 1 in C:\\wamp64\\www\\lib\\tcpdf\\6.10.0\\tcpdf.php on line 12121\r',0,NULL,'',''),(43248,'2025-08-17 20:49:27','PHP Warning','',' PHP Warning:  Undefined array key 0 in C:\\wamp64\\www\\lib\\tcpdf\\6.10.0\\tcpdf.php on line 12121\r',0,NULL,'',''),(43249,'2025-08-17 20:49:27','PHP Warning','',' PHP Warning:  Undefined array key 1 in C:\\wamp64\\www\\lib\\tcpdf\\6.10.0\\tcpdf.php on line 12121\r',0,NULL,'',''),(43250,'2025-08-17 20:49:27','PHP Warning','',' PHP Warning:  Undefined array key 0 in C:\\wamp64\\www\\lib\\tcpdf\\6.10.0\\tcpdf.php on line 12121\r',0,NULL,'',''),(43251,'2025-08-17 20:49:27','PHP Warning','',' PHP Warning:  Undefined array key 1 in C:\\wamp64\\www\\lib\\tcpdf\\6.10.0\\tcpdf.php on line 12121\r',0,NULL,'',''),(43252,'2025-08-17 20:49:27','PHP Warning','',' PHP Warning:  Undefined array key 0 in C:\\wamp64\\www\\lib\\tcpdf\\6.10.0\\tcpdf.php on line 12121\r',0,NULL,'',''),(43253,'2025-08-17 20:49:27','PHP Warning','',' PHP Warning:  Undefined array key 1 in C:\\wamp64\\www\\lib\\tcpdf\\6.10.0\\tcpdf.php on line 12121\r',0,NULL,'',''),(43254,'2025-08-17 20:49:27','PHP Warning','',' PHP Warning:  Undefined array key 0 in C:\\wamp64\\www\\lib\\tcpdf\\6.10.0\\tcpdf.php on line 12121\r',0,NULL,'',''),(43255,'2025-08-17 20:49:27','PHP Warning','',' PHP Warning:  Undefined array key 1 in C:\\wamp64\\www\\lib\\tcpdf\\6.10.0\\tcpdf.php on line 12121\r',0,NULL,'',''),(43256,'2025-08-17 20:49:27','PHP Warning','',' PHP Warning:  Undefined array key 0 in C:\\wamp64\\www\\lib\\tcpdf\\6.10.0\\tcpdf.php on line 12121\r',0,NULL,'',''),(43257,'2025-08-17 20:49:27','PHP Warning','',' PHP Warning:  Undefined array key 1 in C:\\wamp64\\www\\lib\\tcpdf\\6.10.0\\tcpdf.php on line 12121\r',0,NULL,'',''),(43258,'2025-08-17 20:49:27','PHP Warning','',' PHP Warning:  Undefined array key 0 in C:\\wamp64\\www\\lib\\tcpdf\\6.10.0\\tcpdf.php on line 12121\r',0,NULL,'',''),(43259,'2025-08-17 20:49:27','PHP Warning','',' PHP Warning:  Undefined array key 1 in C:\\wamp64\\www\\lib\\tcpdf\\6.10.0\\tcpdf.php on line 12121\r',0,NULL,'',''),(43260,'2025-08-17 20:49:27','PHP Warning','',' PHP Warning:  Undefined array key 0 in C:\\wamp64\\www\\lib\\tcpdf\\6.10.0\\tcpdf.php on line 12121\r',0,NULL,'',''),(43261,'2025-08-17 20:49:27','PHP Warning','',' PHP Warning:  Undefined array key 1 in C:\\wamp64\\www\\lib\\tcpdf\\6.10.0\\tcpdf.php on line 12121\r',0,NULL,'',''),(43262,'2025-08-17 20:49:27','PHP Warning','',' PHP Warning:  Undefined array key 0 in C:\\wamp64\\www\\lib\\tcpdf\\6.10.0\\tcpdf.php on line 12121\r',0,NULL,'',''),(43263,'2025-08-17 20:49:27','PHP Warning','',' PHP Warning:  Undefined array key 1 in C:\\wamp64\\www\\lib\\tcpdf\\6.10.0\\tcpdf.php on line 12121\r',0,NULL,'',''),(43264,'2025-08-17 20:49:27','PHP Warning','',' PHP Warning:  Undefined array key 0 in C:\\wamp64\\www\\lib\\tcpdf\\6.10.0\\tcpdf.php on line 12121\r',0,NULL,'',''),(43265,'2025-08-17 20:49:27','PHP Warning','',' PHP Warning:  Undefined array key 1 in C:\\wamp64\\www\\lib\\tcpdf\\6.10.0\\tcpdf.php on line 12121\r',0,NULL,'',''),(43266,'2025-08-17 20:49:27','PHP Warning','',' PHP Warning:  Undefined array key 0 in C:\\wamp64\\www\\lib\\tcpdf\\6.10.0\\tcpdf.php on line 12121\r',0,NULL,'',''),(43267,'2025-08-17 20:49:27','PHP Warning','',' PHP Warning:  Undefined array key 1 in C:\\wamp64\\www\\lib\\tcpdf\\6.10.0\\tcpdf.php on line 12121\r',0,NULL,'',''),(43268,'2025-08-17 20:49:27','PHP Warning','',' PHP Warning:  Undefined array key 0 in C:\\wamp64\\www\\lib\\tcpdf\\6.10.0\\tcpdf.php on line 12121\r',0,NULL,'',''),(43269,'2025-08-17 20:49:27','PHP Warning','',' PHP Warning:  Undefined array key 1 in C:\\wamp64\\www\\lib\\tcpdf\\6.10.0\\tcpdf.php on line 12121\r',0,NULL,'',''),(43270,'2025-08-17 20:49:27','PHP Warning','',' PHP Warning:  Undefined array key 0 in C:\\wamp64\\www\\lib\\tcpdf\\6.10.0\\tcpdf.php on line 12121\r',0,NULL,'',''),(43271,'2025-08-17 20:49:27','PHP Warning','',' PHP Warning:  Undefined array key 1 in C:\\wamp64\\www\\lib\\tcpdf\\6.10.0\\tcpdf.php on line 12121\r',0,NULL,'',''),(43272,'2025-08-17 20:49:27','PHP Warning','',' PHP Warning:  Undefined array key 0 in C:\\wamp64\\www\\lib\\tcpdf\\6.10.0\\tcpdf.php on line 12121\r',0,NULL,'',''),(43273,'2025-08-17 20:49:27','PHP Warning','',' PHP Warning:  Undefined array key 1 in C:\\wamp64\\www\\lib\\tcpdf\\6.10.0\\tcpdf.php on line 12121\r',0,NULL,'',''),(43274,'2025-08-17 20:49:27','PHP Warning','',' PHP Warning:  Undefined array key 0 in C:\\wamp64\\www\\lib\\tcpdf\\6.10.0\\tcpdf.php on line 12121\r',0,NULL,'',''),(43275,'2025-08-17 20:49:27','PHP Warning','',' PHP Warning:  Undefined array key 1 in C:\\wamp64\\www\\lib\\tcpdf\\6.10.0\\tcpdf.php on line 12121\r',0,NULL,'',''),(43276,'2025-08-17 20:49:27','PHP Warning','',' PHP Warning:  Undefined array key 0 in C:\\wamp64\\www\\lib\\tcpdf\\6.10.0\\tcpdf.php on line 12121\r',0,NULL,'',''),(43277,'2025-08-17 20:49:27','PHP Warning','',' PHP Warning:  Undefined array key 1 in C:\\wamp64\\www\\lib\\tcpdf\\6.10.0\\tcpdf.php on line 12121\r',0,NULL,'',''),(43278,'2025-08-17 20:49:27','PHP Warning','',' PHP Warning:  Undefined array key 0 in C:\\wamp64\\www\\lib\\tcpdf\\6.10.0\\tcpdf.php on line 12121\r',0,NULL,'',''),(43279,'2025-08-17 20:49:27','PHP Warning','',' PHP Warning:  Undefined array key 1 in C:\\wamp64\\www\\lib\\tcpdf\\6.10.0\\tcpdf.php on line 12121\r',0,NULL,'',''),(43280,'2025-08-17 20:49:27','PHP Warning','',' PHP Warning:  Undefined array key 0 in C:\\wamp64\\www\\lib\\tcpdf\\6.10.0\\tcpdf.php on line 12121\r',0,NULL,'',''),(43281,'2025-08-17 20:49:27','PHP Warning','',' PHP Warning:  Undefined array key 1 in C:\\wamp64\\www\\lib\\tcpdf\\6.10.0\\tcpdf.php on line 12121\r',0,NULL,'',''),(43282,'2025-08-17 20:49:27','PHP Warning','',' PHP Warning:  Undefined array key 0 in C:\\wamp64\\www\\lib\\tcpdf\\6.10.0\\tcpdf.php on line 12121\r',0,NULL,'',''),(43283,'2025-08-17 20:49:27','PHP Warning','',' PHP Warning:  Undefined array key 1 in C:\\wamp64\\www\\lib\\tcpdf\\6.10.0\\tcpdf.php on line 12121\r',0,NULL,'',''),(43284,'2025-08-17 20:49:27','PHP Warning','',' PHP Warning:  Undefined array key 0 in C:\\wamp64\\www\\lib\\tcpdf\\6.10.0\\tcpdf.php on line 12121\r',0,NULL,'',''),(43285,'2025-08-17 20:49:27','PHP Warning','',' PHP Warning:  Undefined array key 1 in C:\\wamp64\\www\\lib\\tcpdf\\6.10.0\\tcpdf.php on line 12121\r',0,NULL,'',''),(43286,'2025-08-17 20:49:27','PHP Warning','',' PHP Warning:  Undefined array key 0 in C:\\wamp64\\www\\lib\\tcpdf\\6.10.0\\tcpdf.php on line 12121\r',0,NULL,'',''),(43287,'2025-08-17 20:49:27','PHP Warning','',' PHP Warning:  Undefined array key 1 in C:\\wamp64\\www\\lib\\tcpdf\\6.10.0\\tcpdf.php on line 12121\r',0,NULL,'',''),(43288,'2025-08-17 20:49:27','PHP Warning','',' PHP Warning:  Undefined array key 0 in C:\\wamp64\\www\\lib\\tcpdf\\6.10.0\\tcpdf.php on line 12121\r',0,NULL,'',''),(43289,'2025-08-17 20:49:27','PHP Warning','',' PHP Warning:  Undefined array key 1 in C:\\wamp64\\www\\lib\\tcpdf\\6.10.0\\tcpdf.php on line 12121\r',0,NULL,'',''),(43290,'2025-08-17 20:49:27','PHP Warning','',' PHP Warning:  Undefined array key 0 in C:\\wamp64\\www\\lib\\tcpdf\\6.10.0\\tcpdf.php on line 12121\r',0,NULL,'',''),(43291,'2025-08-17 20:49:27','PHP Warning','',' PHP Warning:  Undefined array key 1 in C:\\wamp64\\www\\lib\\tcpdf\\6.10.0\\tcpdf.php on line 12121\r',0,NULL,'',''),(43292,'2025-08-17 20:49:27','PHP Warning','',' PHP Warning:  Undefined array key 0 in C:\\wamp64\\www\\lib\\tcpdf\\6.10.0\\tcpdf.php on line 12121\r',0,NULL,'',''),(43293,'2025-08-17 20:49:27','PHP Warning','',' PHP Warning:  Undefined array key 1 in C:\\wamp64\\www\\lib\\tcpdf\\6.10.0\\tcpdf.php on line 12121\r',0,NULL,'',''),(43294,'2025-08-17 20:49:27','PHP Warning','',' PHP Warning:  Undefined array key 0 in C:\\wamp64\\www\\lib\\tcpdf\\6.10.0\\tcpdf.php on line 12121\r',0,NULL,'',''),(43295,'2025-08-17 20:49:27','PHP Warning','',' PHP Warning:  Undefined array key 1 in C:\\wamp64\\www\\lib\\tcpdf\\6.10.0\\tcpdf.php on line 12121\r',0,NULL,'',''),(43296,'2025-08-17 20:49:27','PHP Warning','',' PHP Warning:  Undefined array key 0 in C:\\wamp64\\www\\lib\\tcpdf\\6.10.0\\tcpdf.php on line 12121\r',0,NULL,'',''),(43297,'2025-08-17 20:49:27','PHP Warning','',' PHP Warning:  Undefined array key 1 in C:\\wamp64\\www\\lib\\tcpdf\\6.10.0\\tcpdf.php on line 12121\r',0,NULL,'',''),(43298,'2025-08-17 20:49:27','PHP Warning','',' PHP Warning:  Undefined array key 0 in C:\\wamp64\\www\\lib\\tcpdf\\6.10.0\\tcpdf.php on line 12121\r',0,NULL,'',''),(43299,'2025-08-17 20:49:27','PHP Warning','',' PHP Warning:  Undefined array key 1 in C:\\wamp64\\www\\lib\\tcpdf\\6.10.0\\tcpdf.php on line 12121\r',0,NULL,'',''),(43300,'2025-08-17 20:49:27','PHP Warning','',' PHP Warning:  Undefined array key 0 in C:\\wamp64\\www\\lib\\tcpdf\\6.10.0\\tcpdf.php on line 12121\r',0,NULL,'',''),(43301,'2025-08-17 20:49:27','PHP Warning','',' PHP Warning:  Undefined array key 1 in C:\\wamp64\\www\\lib\\tcpdf\\6.10.0\\tcpdf.php on line 12121\r',0,NULL,'',''),(43302,'2025-08-17 20:49:27','PHP Warning','',' PHP Warning:  Undefined array key 0 in C:\\wamp64\\www\\lib\\tcpdf\\6.10.0\\tcpdf.php on line 12121\r',0,NULL,'',''),(43303,'2025-08-17 20:49:27','PHP Warning','',' PHP Warning:  Undefined array key 1 in C:\\wamp64\\www\\lib\\tcpdf\\6.10.0\\tcpdf.php on line 12121\r',0,NULL,'',''),(43304,'2025-08-17 20:49:27','PHP Warning','',' PHP Warning:  Undefined array key 0 in C:\\wamp64\\www\\lib\\tcpdf\\6.10.0\\tcpdf.php on line 12121\r',0,NULL,'',''),(43305,'2025-08-17 20:49:27','PHP Warning','',' PHP Warning:  Undefined array key 1 in C:\\wamp64\\www\\lib\\tcpdf\\6.10.0\\tcpdf.php on line 12121\r',0,NULL,'',''),(43306,'2025-08-17 20:49:27','PHP Warning','',' PHP Warning:  Undefined array key 0 in C:\\wamp64\\www\\lib\\tcpdf\\6.10.0\\tcpdf.php on line 12121\r',0,NULL,'',''),(43307,'2025-08-17 20:49:27','PHP Warning','',' PHP Warning:  Undefined array key 1 in C:\\wamp64\\www\\lib\\tcpdf\\6.10.0\\tcpdf.php on line 12121\r',0,NULL,'',''),(43308,'2025-08-17 20:49:27','PHP Warning','',' PHP Warning:  Undefined array key 0 in C:\\wamp64\\www\\lib\\tcpdf\\6.10.0\\tcpdf.php on line 12121\r',0,NULL,'',''),(43309,'2025-08-17 20:49:27','PHP Warning','',' PHP Warning:  Undefined array key 1 in C:\\wamp64\\www\\lib\\tcpdf\\6.10.0\\tcpdf.php on line 12121\r',0,NULL,'',''),(43310,'2025-08-17 20:49:27','PHP Warning','',' PHP Warning:  Undefined array key 0 in C:\\wamp64\\www\\lib\\tcpdf\\6.10.0\\tcpdf.php on line 12121\r',0,NULL,'',''),(43311,'2025-08-17 20:49:27','PHP Warning','',' PHP Warning:  Undefined array key 1 in C:\\wamp64\\www\\lib\\tcpdf\\6.10.0\\tcpdf.php on line 12121\r',0,NULL,'',''),(43312,'2025-08-17 20:49:27','PHP Warning','',' PHP Warning:  Undefined array key 0 in C:\\wamp64\\www\\lib\\tcpdf\\6.10.0\\tcpdf.php on line 12121\r',0,NULL,'',''),(43313,'2025-08-17 20:49:27','PHP Warning','',' PHP Warning:  Undefined array key 1 in C:\\wamp64\\www\\lib\\tcpdf\\6.10.0\\tcpdf.php on line 12121\r',0,NULL,'',''),(43314,'2025-08-17 20:49:27','PHP Warning','',' PHP Warning:  Undefined array key 0 in C:\\wamp64\\www\\lib\\tcpdf\\6.10.0\\tcpdf.php on line 12121\r',0,NULL,'',''),(43315,'2025-08-17 20:49:27','PHP Warning','',' PHP Warning:  Undefined array key 1 in C:\\wamp64\\www\\lib\\tcpdf\\6.10.0\\tcpdf.php on line 12121\r',0,NULL,'',''),(43316,'2025-08-17 20:49:27','PHP Warning','',' PHP Warning:  Undefined array key 0 in C:\\wamp64\\www\\lib\\tcpdf\\6.10.0\\tcpdf.php on line 12121\r',0,NULL,'',''),(43317,'2025-08-17 20:49:27','PHP Warning','',' PHP Warning:  Undefined array key 1 in C:\\wamp64\\www\\lib\\tcpdf\\6.10.0\\tcpdf.php on line 12121\r',0,NULL,'',''),(43318,'2025-08-17 20:49:28','PHP Warning','',' PHP Warning:  Undefined variable $height_carte in C:\\wamp64\\www\\previlux\\base\\jw\\etats\\territoires\\rendu\\pdf_territoire.php on line 1613\r',0,NULL,'',''),(43319,'2025-08-17 20:49:28','PHP Warning','',' PHP Warning:  Cannot modify header information - headers already sent by (output started at C:\\wamp64\\www\\lib\\tcpdf\\6.10.0\\tcpdf.php:12121) in C:\\wamp64\\www\\lib\\tcpdf\\6.10.0\\tcpdf.php on line 7764\r',0,NULL,'',''),(43320,'2025-08-17 20:49:37','PHP Warning','',' PHP Warning:  Undefined array key 0 in C:\\wamp64\\www\\lib\\tcpdf\\6.10.0\\tcpdf.php on line 12121\r',0,NULL,'',''),(43321,'2025-08-17 20:49:37','PHP Warning','',' PHP Warning:  Undefined array key 1 in C:\\wamp64\\www\\lib\\tcpdf\\6.10.0\\tcpdf.php on line 12121\r',0,NULL,'',''),(43322,'2025-08-17 20:49:37','PHP Warning','',' PHP Warning:  Undefined array key 0 in C:\\wamp64\\www\\lib\\tcpdf\\6.10.0\\tcpdf.php on line 12121\r',0,NULL,'',''),(43323,'2025-08-17 20:49:37','PHP Warning','',' PHP Warning:  Undefined array key 1 in C:\\wamp64\\www\\lib\\tcpdf\\6.10.0\\tcpdf.php on line 12121\r',0,NULL,'',''),(43324,'2025-08-17 20:49:37','PHP Warning','',' PHP Warning:  Undefined array key 0 in C:\\wamp64\\www\\lib\\tcpdf\\6.10.0\\tcpdf.php on line 12121\r',0,NULL,'',''),(43325,'2025-08-17 20:49:37','PHP Warning','',' PHP Warning:  Undefined array key 1 in C:\\wamp64\\www\\lib\\tcpdf\\6.10.0\\tcpdf.php on line 12121\r',0,NULL,'',''),(43326,'2025-08-17 20:49:37','PHP Warning','',' PHP Warning:  Undefined array key 0 in C:\\wamp64\\www\\lib\\tcpdf\\6.10.0\\tcpdf.php on line 12121\r',0,NULL,'',''),(43327,'2025-08-17 20:49:37','PHP Warning','',' PHP Warning:  Undefined array key 1 in C:\\wamp64\\www\\lib\\tcpdf\\6.10.0\\tcpdf.php on line 12121\r',0,NULL,'',''),(43328,'2025-08-17 20:49:37','PHP Warning','',' PHP Warning:  Undefined array key 0 in C:\\wamp64\\www\\lib\\tcpdf\\6.10.0\\tcpdf.php on line 12121\r',0,NULL,'',''),(43329,'2025-08-17 20:49:37','PHP Warning','',' PHP Warning:  Undefined array key 1 in C:\\wamp64\\www\\lib\\tcpdf\\6.10.0\\tcpdf.php on line 12121\r',0,NULL,'',''),(43330,'2025-08-17 20:49:37','PHP Warning','',' PHP Warning:  Undefined array key 0 in C:\\wamp64\\www\\lib\\tcpdf\\6.10.0\\tcpdf.php on line 12121\r',0,NULL,'',''),(43331,'2025-08-17 20:49:37','PHP Warning','',' PHP Warning:  Undefined array key 1 in C:\\wamp64\\www\\lib\\tcpdf\\6.10.0\\tcpdf.php on line 12121\r',0,NULL,'',''),(43332,'2025-08-17 20:49:37','PHP Warning','',' PHP Warning:  Undefined array key 0 in C:\\wamp64\\www\\lib\\tcpdf\\6.10.0\\tcpdf.php on line 12121\r',0,NULL,'',''),(43333,'2025-08-17 20:49:37','PHP Warning','',' PHP Warning:  Undefined array key 1 in C:\\wamp64\\www\\lib\\tcpdf\\6.10.0\\tcpdf.php on line 12121\r',0,NULL,'',''),(43334,'2025-08-17 20:49:37','PHP Warning','',' PHP Warning:  Undefined array key 0 in C:\\wamp64\\www\\lib\\tcpdf\\6.10.0\\tcpdf.php on line 12121\r',0,NULL,'',''),(43335,'2025-08-17 20:49:37','PHP Warning','',' PHP Warning:  Undefined array key 1 in C:\\wamp64\\www\\lib\\tcpdf\\6.10.0\\tcpdf.php on line 12121\r',0,NULL,'',''),(43336,'2025-08-17 20:49:37','PHP Warning','',' PHP Warning:  Undefined array key 0 in C:\\wamp64\\www\\lib\\tcpdf\\6.10.0\\tcpdf.php on line 12121\r',0,NULL,'',''),(43337,'2025-08-17 20:49:37','PHP Warning','',' PHP Warning:  Undefined array key 1 in C:\\wamp64\\www\\lib\\tcpdf\\6.10.0\\tcpdf.php on line 12121\r',0,NULL,'',''),(43338,'2025-08-17 20:49:37','PHP Warning','',' PHP Warning:  Undefined array key 0 in C:\\wamp64\\www\\lib\\tcpdf\\6.10.0\\tcpdf.php on line 12121\r',0,NULL,'',''),(43339,'2025-08-17 20:49:37','PHP Warning','',' PHP Warning:  Undefined array key 1 in C:\\wamp64\\www\\lib\\tcpdf\\6.10.0\\tcpdf.php on line 12121\r',0,NULL,'',''),(43340,'2025-08-17 20:49:37','PHP Warning','',' PHP Warning:  Undefined array key 0 in C:\\wamp64\\www\\lib\\tcpdf\\6.10.0\\tcpdf.php on line 12121\r',0,NULL,'',''),(43341,'2025-08-17 20:49:37','PHP Warning','',' PHP Warning:  Undefined array key 1 in C:\\wamp64\\www\\lib\\tcpdf\\6.10.0\\tcpdf.php on line 12121\r',0,NULL,'',''),(43342,'2025-08-17 20:49:37','PHP Warning','',' PHP Warning:  Undefined array key 0 in C:\\wamp64\\www\\lib\\tcpdf\\6.10.0\\tcpdf.php on line 12121\r',0,NULL,'',''),(43343,'2025-08-17 20:49:37','PHP Warning','',' PHP Warning:  Undefined array key 1 in C:\\wamp64\\www\\lib\\tcpdf\\6.10.0\\tcpdf.php on line 12121\r',0,NULL,'',''),(43344,'2025-08-17 20:49:37','PHP Warning','',' PHP Warning:  Undefined array key 0 in C:\\wamp64\\www\\lib\\tcpdf\\6.10.0\\tcpdf.php on line 12121\r',0,NULL,'',''),(43345,'2025-08-17 20:49:37','PHP Warning','',' PHP Warning:  Undefined array key 1 in C:\\wamp64\\www\\lib\\tcpdf\\6.10.0\\tcpdf.php on line 12121\r',0,NULL,'',''),(43346,'2025-08-17 20:49:37','PHP Warning','',' PHP Warning:  Undefined array key 0 in C:\\wamp64\\www\\lib\\tcpdf\\6.10.0\\tcpdf.php on line 12121\r',0,NULL,'',''),(43347,'2025-08-17 20:49:37','PHP Warning','',' PHP Warning:  Undefined array key 1 in C:\\wamp64\\www\\lib\\tcpdf\\6.10.0\\tcpdf.php on line 12121\r',0,NULL,'',''),(43348,'2025-08-17 20:49:37','PHP Warning','',' PHP Warning:  Undefined array key 0 in C:\\wamp64\\www\\lib\\tcpdf\\6.10.0\\tcpdf.php on line 12121\r',0,NULL,'',''),(43349,'2025-08-17 20:49:37','PHP Warning','',' PHP Warning:  Undefined array key 1 in C:\\wamp64\\www\\lib\\tcpdf\\6.10.0\\tcpdf.php on line 12121\r',0,NULL,'',''),(43350,'2025-08-17 20:49:37','PHP Warning','',' PHP Warning:  Undefined array key 0 in C:\\wamp64\\www\\lib\\tcpdf\\6.10.0\\tcpdf.php on line 12121\r',0,NULL,'',''),(43351,'2025-08-17 20:49:37','PHP Warning','',' PHP Warning:  Undefined array key 1 in C:\\wamp64\\www\\lib\\tcpdf\\6.10.0\\tcpdf.php on line 12121\r',0,NULL,'',''),(43352,'2025-08-17 20:49:37','PHP Warning','',' PHP Warning:  Undefined array key 0 in C:\\wamp64\\www\\lib\\tcpdf\\6.10.0\\tcpdf.php on line 12121\r',0,NULL,'',''),(43353,'2025-08-17 20:49:37','PHP Warning','',' PHP Warning:  Undefined array key 1 in C:\\wamp64\\www\\lib\\tcpdf\\6.10.0\\tcpdf.php on line 12121\r',0,NULL,'',''),(43354,'2025-08-17 20:49:37','PHP Warning','',' PHP Warning:  Undefined array key 0 in C:\\wamp64\\www\\lib\\tcpdf\\6.10.0\\tcpdf.php on line 12121\r',0,NULL,'',''),(43355,'2025-08-17 20:49:37','PHP Warning','',' PHP Warning:  Undefined array key 1 in C:\\wamp64\\www\\lib\\tcpdf\\6.10.0\\tcpdf.php on line 12121\r',0,NULL,'',''),(43356,'2025-08-17 20:49:37','PHP Warning','',' PHP Warning:  Undefined array key 0 in C:\\wamp64\\www\\lib\\tcpdf\\6.10.0\\tcpdf.php on line 12121\r',0,NULL,'',''),(43357,'2025-08-17 20:49:37','PHP Warning','',' PHP Warning:  Undefined array key 1 in C:\\wamp64\\www\\lib\\tcpdf\\6.10.0\\tcpdf.php on line 12121\r',0,NULL,'',''),(43358,'2025-08-17 20:49:37','PHP Warning','',' PHP Warning:  Undefined array key 0 in C:\\wamp64\\www\\lib\\tcpdf\\6.10.0\\tcpdf.php on line 12121\r',0,NULL,'',''),(43359,'2025-08-17 20:49:37','PHP Warning','',' PHP Warning:  Undefined array key 1 in C:\\wamp64\\www\\lib\\tcpdf\\6.10.0\\tcpdf.php on line 12121\r',0,NULL,'',''),(43360,'2025-08-17 20:49:37','PHP Warning','',' PHP Warning:  Undefined array key 0 in C:\\wamp64\\www\\lib\\tcpdf\\6.10.0\\tcpdf.php on line 12121\r',0,NULL,'',''),(43361,'2025-08-17 20:49:37','PHP Warning','',' PHP Warning:  Undefined array key 1 in C:\\wamp64\\www\\lib\\tcpdf\\6.10.0\\tcpdf.php on line 12121\r',0,NULL,'',''),(43362,'2025-08-17 20:49:37','PHP Warning','',' PHP Warning:  Undefined array key 0 in C:\\wamp64\\www\\lib\\tcpdf\\6.10.0\\tcpdf.php on line 12121\r',0,NULL,'',''),(43363,'2025-08-17 20:49:37','PHP Warning','',' PHP Warning:  Undefined array key 1 in C:\\wamp64\\www\\lib\\tcpdf\\6.10.0\\tcpdf.php on line 12121\r',0,NULL,'',''),(43364,'2025-08-17 20:49:37','PHP Warning','',' PHP Warning:  Undefined array key 0 in C:\\wamp64\\www\\lib\\tcpdf\\6.10.0\\tcpdf.php on line 12121\r',0,NULL,'',''),(43365,'2025-08-17 20:49:37','PHP Warning','',' PHP Warning:  Undefined array key 1 in C:\\wamp64\\www\\lib\\tcpdf\\6.10.0\\tcpdf.php on line 12121\r',0,NULL,'',''),(43366,'2025-08-17 20:49:37','PHP Warning','',' PHP Warning:  Undefined array key 0 in C:\\wamp64\\www\\lib\\tcpdf\\6.10.0\\tcpdf.php on line 12121\r',0,NULL,'',''),(43367,'2025-08-17 20:49:37','PHP Warning','',' PHP Warning:  Undefined array key 1 in C:\\wamp64\\www\\lib\\tcpdf\\6.10.0\\tcpdf.php on line 12121\r',0,NULL,'',''),(43368,'2025-08-17 20:49:37','PHP Warning','',' PHP Warning:  Undefined array key 0 in C:\\wamp64\\www\\lib\\tcpdf\\6.10.0\\tcpdf.php on line 12121\r',0,NULL,'',''),(43369,'2025-08-17 20:49:37','PHP Warning','',' PHP Warning:  Undefined array key 1 in C:\\wamp64\\www\\lib\\tcpdf\\6.10.0\\tcpdf.php on line 12121\r',0,NULL,'',''),(43370,'2025-08-17 20:49:37','PHP Warning','',' PHP Warning:  Undefined array key 0 in C:\\wamp64\\www\\lib\\tcpdf\\6.10.0\\tcpdf.php on line 12121\r',0,NULL,'',''),(43371,'2025-08-17 20:49:37','PHP Warning','',' PHP Warning:  Undefined array key 1 in C:\\wamp64\\www\\lib\\tcpdf\\6.10.0\\tcpdf.php on line 12121\r',0,NULL,'',''),(43372,'2025-08-17 20:49:37','PHP Warning','',' PHP Warning:  Undefined array key 0 in C:\\wamp64\\www\\lib\\tcpdf\\6.10.0\\tcpdf.php on line 12121\r',0,NULL,'',''),(43373,'2025-08-17 20:49:37','PHP Warning','',' PHP Warning:  Undefined array key 1 in C:\\wamp64\\www\\lib\\tcpdf\\6.10.0\\tcpdf.php on line 12121\r',0,NULL,'',''),(43374,'2025-08-17 20:49:37','PHP Warning','',' PHP Warning:  Undefined array key 0 in C:\\wamp64\\www\\lib\\tcpdf\\6.10.0\\tcpdf.php on line 12121\r',0,NULL,'',''),(43375,'2025-08-17 20:49:37','PHP Warning','',' PHP Warning:  Undefined array key 1 in C:\\wamp64\\www\\lib\\tcpdf\\6.10.0\\tcpdf.php on line 12121\r',0,NULL,'',''),(43376,'2025-08-17 20:49:37','PHP Warning','',' PHP Warning:  Undefined array key 0 in C:\\wamp64\\www\\lib\\tcpdf\\6.10.0\\tcpdf.php on line 12121\r',0,NULL,'',''),(43377,'2025-08-17 20:49:37','PHP Warning','',' PHP Warning:  Undefined array key 1 in C:\\wamp64\\www\\lib\\tcpdf\\6.10.0\\tcpdf.php on line 12121\r',0,NULL,'',''),(43378,'2025-08-17 20:49:37','PHP Warning','',' PHP Warning:  Undefined array key 0 in C:\\wamp64\\www\\lib\\tcpdf\\6.10.0\\tcpdf.php on line 12121\r',0,NULL,'',''),(43379,'2025-08-17 20:49:37','PHP Warning','',' PHP Warning:  Undefined array key 1 in C:\\wamp64\\www\\lib\\tcpdf\\6.10.0\\tcpdf.php on line 12121\r',0,NULL,'',''),(43380,'2025-08-17 20:49:37','PHP Warning','',' PHP Warning:  Undefined array key 0 in C:\\wamp64\\www\\lib\\tcpdf\\6.10.0\\tcpdf.php on line 12121\r',0,NULL,'',''),(43381,'2025-08-17 20:49:37','PHP Warning','',' PHP Warning:  Undefined array key 1 in C:\\wamp64\\www\\lib\\tcpdf\\6.10.0\\tcpdf.php on line 12121\r',0,NULL,'',''),(43382,'2025-08-17 20:49:37','PHP Warning','',' PHP Warning:  Undefined array key 0 in C:\\wamp64\\www\\lib\\tcpdf\\6.10.0\\tcpdf.php on line 12121\r',0,NULL,'',''),(43383,'2025-08-17 20:49:37','PHP Warning','',' PHP Warning:  Undefined array key 1 in C:\\wamp64\\www\\lib\\tcpdf\\6.10.0\\tcpdf.php on line 12121\r',0,NULL,'',''),(43384,'2025-08-17 20:49:37','PHP Warning','',' PHP Warning:  Undefined array key 0 in C:\\wamp64\\www\\lib\\tcpdf\\6.10.0\\tcpdf.php on line 12121\r',0,NULL,'',''),(43385,'2025-08-17 20:49:37','PHP Warning','',' PHP Warning:  Undefined array key 1 in C:\\wamp64\\www\\lib\\tcpdf\\6.10.0\\tcpdf.php on line 12121\r',0,NULL,'',''),(43386,'2025-08-17 20:49:37','PHP Warning','',' PHP Warning:  Undefined array key 0 in C:\\wamp64\\www\\lib\\tcpdf\\6.10.0\\tcpdf.php on line 12121\r',0,NULL,'',''),(43387,'2025-08-17 20:49:37','PHP Warning','',' PHP Warning:  Undefined array key 1 in C:\\wamp64\\www\\lib\\tcpdf\\6.10.0\\tcpdf.php on line 12121\r',0,NULL,'',''),(43388,'2025-08-17 20:49:37','PHP Warning','',' PHP Warning:  Undefined array key 0 in C:\\wamp64\\www\\lib\\tcpdf\\6.10.0\\tcpdf.php on line 12121\r',0,NULL,'',''),(43389,'2025-08-17 20:49:37','PHP Warning','',' PHP Warning:  Undefined array key 1 in C:\\wamp64\\www\\lib\\tcpdf\\6.10.0\\tcpdf.php on line 12121\r',0,NULL,'',''),(43390,'2025-08-17 20:49:37','PHP Warning','',' PHP Warning:  Undefined array key 0 in C:\\wamp64\\www\\lib\\tcpdf\\6.10.0\\tcpdf.php on line 12121\r',0,NULL,'',''),(43391,'2025-08-17 20:49:37','PHP Warning','',' PHP Warning:  Undefined array key 1 in C:\\wamp64\\www\\lib\\tcpdf\\6.10.0\\tcpdf.php on line 12121\r',0,NULL,'',''),(43392,'2025-08-17 20:49:37','PHP Warning','',' PHP Warning:  Undefined array key 0 in C:\\wamp64\\www\\lib\\tcpdf\\6.10.0\\tcpdf.php on line 12121\r',0,NULL,'',''),(43393,'2025-08-17 20:49:37','PHP Warning','',' PHP Warning:  Undefined array key 1 in C:\\wamp64\\www\\lib\\tcpdf\\6.10.0\\tcpdf.php on line 12121\r',0,NULL,'',''),(43394,'2025-08-17 20:49:37','PHP Warning','',' PHP Warning:  Undefined array key 0 in C:\\wamp64\\www\\lib\\tcpdf\\6.10.0\\tcpdf.php on line 12121\r',0,NULL,'',''),(43395,'2025-08-17 20:49:37','PHP Warning','',' PHP Warning:  Undefined array key 1 in C:\\wamp64\\www\\lib\\tcpdf\\6.10.0\\tcpdf.php on line 12121\r',0,NULL,'',''),(43396,'2025-08-17 20:49:37','PHP Warning','',' PHP Warning:  Undefined array key 0 in C:\\wamp64\\www\\lib\\tcpdf\\6.10.0\\tcpdf.php on line 12121\r',0,NULL,'',''),(43397,'2025-08-17 20:49:37','PHP Warning','',' PHP Warning:  Undefined array key 1 in C:\\wamp64\\www\\lib\\tcpdf\\6.10.0\\tcpdf.php on line 12121\r',0,NULL,'',''),(43398,'2025-08-17 20:49:37','PHP Warning','',' PHP Warning:  Undefined array key 0 in C:\\wamp64\\www\\lib\\tcpdf\\6.10.0\\tcpdf.php on line 12121\r',0,NULL,'',''),(43399,'2025-08-17 20:49:37','PHP Warning','',' PHP Warning:  Undefined array key 1 in C:\\wamp64\\www\\lib\\tcpdf\\6.10.0\\tcpdf.php on line 12121\r',0,NULL,'',''),(43400,'2025-08-17 20:49:37','PHP Warning','',' PHP Warning:  Undefined array key 0 in C:\\wamp64\\www\\lib\\tcpdf\\6.10.0\\tcpdf.php on line 12121\r',0,NULL,'',''),(43401,'2025-08-17 20:49:37','PHP Warning','',' PHP Warning:  Undefined array key 1 in C:\\wamp64\\www\\lib\\tcpdf\\6.10.0\\tcpdf.php on line 12121\r',0,NULL,'',''),(43402,'2025-08-17 20:49:37','PHP Warning','',' PHP Warning:  Undefined array key 0 in C:\\wamp64\\www\\lib\\tcpdf\\6.10.0\\tcpdf.php on line 12121\r',0,NULL,'',''),(43403,'2025-08-17 20:49:37','PHP Warning','',' PHP Warning:  Undefined array key 1 in C:\\wamp64\\www\\lib\\tcpdf\\6.10.0\\tcpdf.php on line 12121\r',0,NULL,'',''),(43404,'2025-08-17 20:49:37','PHP Warning','',' PHP Warning:  Undefined array key 0 in C:\\wamp64\\www\\lib\\tcpdf\\6.10.0\\tcpdf.php on line 12121\r',0,NULL,'',''),(43405,'2025-08-17 20:49:37','PHP Warning','',' PHP Warning:  Undefined array key 1 in C:\\wamp64\\www\\lib\\tcpdf\\6.10.0\\tcpdf.php on line 12121\r',0,NULL,'',''),(43406,'2025-08-17 20:49:37','PHP Warning','',' PHP Warning:  Undefined array key 0 in C:\\wamp64\\www\\lib\\tcpdf\\6.10.0\\tcpdf.php on line 12121\r',0,NULL,'',''),(43407,'2025-08-17 20:49:37','PHP Warning','',' PHP Warning:  Undefined array key 1 in C:\\wamp64\\www\\lib\\tcpdf\\6.10.0\\tcpdf.php on line 12121\r',0,NULL,'',''),(43408,'2025-08-17 20:49:37','PHP Warning','',' PHP Warning:  Undefined array key 0 in C:\\wamp64\\www\\lib\\tcpdf\\6.10.0\\tcpdf.php on line 12121\r',0,NULL,'',''),(43409,'2025-08-17 20:49:37','PHP Warning','',' PHP Warning:  Undefined array key 1 in C:\\wamp64\\www\\lib\\tcpdf\\6.10.0\\tcpdf.php on line 12121\r',0,NULL,'',''),(43410,'2025-08-17 20:49:37','PHP Warning','',' PHP Warning:  Undefined array key 0 in C:\\wamp64\\www\\lib\\tcpdf\\6.10.0\\tcpdf.php on line 12121\r',0,NULL,'',''),(43411,'2025-08-17 20:49:37','PHP Warning','',' PHP Warning:  Undefined array key 1 in C:\\wamp64\\www\\lib\\tcpdf\\6.10.0\\tcpdf.php on line 12121\r',0,NULL,'',''),(43412,'2025-08-17 20:49:37','PHP Warning','',' PHP Warning:  Undefined array key 0 in C:\\wamp64\\www\\lib\\tcpdf\\6.10.0\\tcpdf.php on line 12121\r',0,NULL,'',''),(43413,'2025-08-17 20:49:37','PHP Warning','',' PHP Warning:  Undefined array key 1 in C:\\wamp64\\www\\lib\\tcpdf\\6.10.0\\tcpdf.php on line 12121\r',0,NULL,'',''),(43414,'2025-08-17 20:49:37','PHP Warning','',' PHP Warning:  Undefined array key 0 in C:\\wamp64\\www\\lib\\tcpdf\\6.10.0\\tcpdf.php on line 12121\r',0,NULL,'',''),(43415,'2025-08-17 20:49:37','PHP Warning','',' PHP Warning:  Undefined array key 1 in C:\\wamp64\\www\\lib\\tcpdf\\6.10.0\\tcpdf.php on line 12121\r',0,NULL,'',''),(43416,'2025-08-17 20:49:37','PHP Warning','',' PHP Warning:  Undefined array key 0 in C:\\wamp64\\www\\lib\\tcpdf\\6.10.0\\tcpdf.php on line 12121\r',0,NULL,'',''),(43417,'2025-08-17 20:49:37','PHP Warning','',' PHP Warning:  Undefined array key 1 in C:\\wamp64\\www\\lib\\tcpdf\\6.10.0\\tcpdf.php on line 12121\r',0,NULL,'',''),(43418,'2025-08-17 20:49:37','PHP Warning','',' PHP Warning:  Undefined array key 0 in C:\\wamp64\\www\\lib\\tcpdf\\6.10.0\\tcpdf.php on line 12121\r',0,NULL,'',''),(43419,'2025-08-17 20:49:37','PHP Warning','',' PHP Warning:  Undefined array key 1 in C:\\wamp64\\www\\lib\\tcpdf\\6.10.0\\tcpdf.php on line 12121\r',0,NULL,'',''),(43420,'2025-08-17 20:49:37','PHP Warning','',' PHP Warning:  Undefined array key 0 in C:\\wamp64\\www\\lib\\tcpdf\\6.10.0\\tcpdf.php on line 12121\r',0,NULL,'',''),(43421,'2025-08-17 20:49:37','PHP Warning','',' PHP Warning:  Undefined array key 1 in C:\\wamp64\\www\\lib\\tcpdf\\6.10.0\\tcpdf.php on line 12121\r',0,NULL,'',''),(43422,'2025-08-17 20:49:37','PHP Warning','',' PHP Warning:  Undefined array key 0 in C:\\wamp64\\www\\lib\\tcpdf\\6.10.0\\tcpdf.php on line 12121\r',0,NULL,'',''),(43423,'2025-08-17 20:49:37','PHP Warning','',' PHP Warning:  Undefined array key 1 in C:\\wamp64\\www\\lib\\tcpdf\\6.10.0\\tcpdf.php on line 12121\r',0,NULL,'',''),(43424,'2025-08-17 20:49:37','PHP Warning','',' PHP Warning:  Undefined array key 0 in C:\\wamp64\\www\\lib\\tcpdf\\6.10.0\\tcpdf.php on line 12121\r',0,NULL,'',''),(43425,'2025-08-17 20:49:37','PHP Warning','',' PHP Warning:  Undefined array key 1 in C:\\wamp64\\www\\lib\\tcpdf\\6.10.0\\tcpdf.php on line 12121\r',0,NULL,'',''),(43426,'2025-08-17 20:49:37','PHP Warning','',' PHP Warning:  Undefined array key 0 in C:\\wamp64\\www\\lib\\tcpdf\\6.10.0\\tcpdf.php on line 12121\r',0,NULL,'',''),(43427,'2025-08-17 20:49:37','PHP Warning','',' PHP Warning:  Undefined array key 1 in C:\\wamp64\\www\\lib\\tcpdf\\6.10.0\\tcpdf.php on line 12121\r',0,NULL,'',''),(43428,'2025-08-17 20:49:37','PHP Warning','',' PHP Warning:  Undefined array key 0 in C:\\wamp64\\www\\lib\\tcpdf\\6.10.0\\tcpdf.php on line 12121\r',0,NULL,'',''),(43429,'2025-08-17 20:49:37','PHP Warning','',' PHP Warning:  Undefined array key 1 in C:\\wamp64\\www\\lib\\tcpdf\\6.10.0\\tcpdf.php on line 12121\r',0,NULL,'',''),(43430,'2025-08-17 20:49:37','PHP Warning','',' PHP Warning:  Undefined array key 0 in C:\\wamp64\\www\\lib\\tcpdf\\6.10.0\\tcpdf.php on line 12121\r',0,NULL,'',''),(43431,'2025-08-17 20:49:37','PHP Warning','',' PHP Warning:  Undefined array key 1 in C:\\wamp64\\www\\lib\\tcpdf\\6.10.0\\tcpdf.php on line 12121\r',0,NULL,'',''),(43432,'2025-08-17 20:49:37','PHP Warning','',' PHP Warning:  Undefined array key 0 in C:\\wamp64\\www\\lib\\tcpdf\\6.10.0\\tcpdf.php on line 12121\r',0,NULL,'',''),(43433,'2025-08-17 20:49:37','PHP Warning','',' PHP Warning:  Undefined array key 1 in C:\\wamp64\\www\\lib\\tcpdf\\6.10.0\\tcpdf.php on line 12121\r',0,NULL,'',''),(43434,'2025-08-17 20:49:37','PHP Warning','',' PHP Warning:  Undefined array key 0 in C:\\wamp64\\www\\lib\\tcpdf\\6.10.0\\tcpdf.php on line 12121\r',0,NULL,'',''),(43435,'2025-08-17 20:49:37','PHP Warning','',' PHP Warning:  Undefined array key 1 in C:\\wamp64\\www\\lib\\tcpdf\\6.10.0\\tcpdf.php on line 12121\r',0,NULL,'',''),(43436,'2025-08-17 20:49:37','PHP Warning','',' PHP Warning:  Undefined array key 0 in C:\\wamp64\\www\\lib\\tcpdf\\6.10.0\\tcpdf.php on line 12121\r',0,NULL,'',''),(43437,'2025-08-17 20:49:37','PHP Warning','',' PHP Warning:  Undefined array key 1 in C:\\wamp64\\www\\lib\\tcpdf\\6.10.0\\tcpdf.php on line 12121\r',0,NULL,'',''),(43438,'2025-08-17 20:49:37','PHP Warning','',' PHP Warning:  Undefined array key 0 in C:\\wamp64\\www\\lib\\tcpdf\\6.10.0\\tcpdf.php on line 12121\r',0,NULL,'',''),(43439,'2025-08-17 20:49:37','PHP Warning','',' PHP Warning:  Undefined array key 1 in C:\\wamp64\\www\\lib\\tcpdf\\6.10.0\\tcpdf.php on line 12121\r',0,NULL,'',''),(43440,'2025-08-17 20:49:37','PHP Warning','',' PHP Warning:  Undefined array key 0 in C:\\wamp64\\www\\lib\\tcpdf\\6.10.0\\tcpdf.php on line 12121\r',0,NULL,'',''),(43441,'2025-08-17 20:49:37','PHP Warning','',' PHP Warning:  Undefined array key 1 in C:\\wamp64\\www\\lib\\tcpdf\\6.10.0\\tcpdf.php on line 12121\r',0,NULL,'',''),(43442,'2025-08-17 20:49:37','PHP Warning','',' PHP Warning:  Undefined array key 0 in C:\\wamp64\\www\\lib\\tcpdf\\6.10.0\\tcpdf.php on line 12121\r',0,NULL,'',''),(43443,'2025-08-17 20:49:37','PHP Warning','',' PHP Warning:  Undefined array key 1 in C:\\wamp64\\www\\lib\\tcpdf\\6.10.0\\tcpdf.php on line 12121\r',0,NULL,'',''),(43444,'2025-08-17 20:49:37','PHP Warning','',' PHP Warning:  Undefined array key 0 in C:\\wamp64\\www\\lib\\tcpdf\\6.10.0\\tcpdf.php on line 12121\r',0,NULL,'',''),(43445,'2025-08-17 20:49:37','PHP Warning','',' PHP Warning:  Undefined array key 1 in C:\\wamp64\\www\\lib\\tcpdf\\6.10.0\\tcpdf.php on line 12121\r',0,NULL,'',''),(43446,'2025-08-17 20:49:37','PHP Warning','',' PHP Warning:  Undefined array key 0 in C:\\wamp64\\www\\lib\\tcpdf\\6.10.0\\tcpdf.php on line 12121\r',0,NULL,'',''),(43447,'2025-08-17 20:49:37','PHP Warning','',' PHP Warning:  Undefined array key 1 in C:\\wamp64\\www\\lib\\tcpdf\\6.10.0\\tcpdf.php on line 12121\r',0,NULL,'',''),(43448,'2025-08-17 20:49:37','PHP Warning','',' PHP Warning:  Undefined array key 0 in C:\\wamp64\\www\\lib\\tcpdf\\6.10.0\\tcpdf.php on line 12121\r',0,NULL,'',''),(43449,'2025-08-17 20:49:37','PHP Warning','',' PHP Warning:  Undefined array key 1 in C:\\wamp64\\www\\lib\\tcpdf\\6.10.0\\tcpdf.php on line 12121\r',0,NULL,'',''),(43450,'2025-08-17 20:49:37','PHP Warning','',' PHP Warning:  Undefined array key 0 in C:\\wamp64\\www\\lib\\tcpdf\\6.10.0\\tcpdf.php on line 12121\r',0,NULL,'',''),(43451,'2025-08-17 20:49:37','PHP Warning','',' PHP Warning:  Undefined array key 1 in C:\\wamp64\\www\\lib\\tcpdf\\6.10.0\\tcpdf.php on line 12121\r',0,NULL,'',''),(43452,'2025-08-17 20:49:37','PHP Warning','',' PHP Warning:  Undefined array key 0 in C:\\wamp64\\www\\lib\\tcpdf\\6.10.0\\tcpdf.php on line 12121\r',0,NULL,'',''),(43453,'2025-08-17 20:49:37','PHP Warning','',' PHP Warning:  Undefined array key 1 in C:\\wamp64\\www\\lib\\tcpdf\\6.10.0\\tcpdf.php on line 12121\r',0,NULL,'',''),(43454,'2025-08-17 20:49:37','PHP Warning','',' PHP Warning:  Undefined array key 0 in C:\\wamp64\\www\\lib\\tcpdf\\6.10.0\\tcpdf.php on line 12121\r',0,NULL,'',''),(43455,'2025-08-17 20:49:37','PHP Warning','',' PHP Warning:  Undefined array key 1 in C:\\wamp64\\www\\lib\\tcpdf\\6.10.0\\tcpdf.php on line 12121\r',0,NULL,'',''),(43456,'2025-08-17 20:49:37','PHP Warning','',' PHP Warning:  Undefined array key 0 in C:\\wamp64\\www\\lib\\tcpdf\\6.10.0\\tcpdf.php on line 12121\r',0,NULL,'',''),(43457,'2025-08-17 20:49:37','PHP Warning','',' PHP Warning:  Undefined array key 1 in C:\\wamp64\\www\\lib\\tcpdf\\6.10.0\\tcpdf.php on line 12121\r',0,NULL,'',''),(43458,'2025-08-17 20:49:37','PHP Warning','',' PHP Warning:  Undefined array key 0 in C:\\wamp64\\www\\lib\\tcpdf\\6.10.0\\tcpdf.php on line 12121\r',0,NULL,'',''),(43459,'2025-08-17 20:49:37','PHP Warning','',' PHP Warning:  Undefined array key 1 in C:\\wamp64\\www\\lib\\tcpdf\\6.10.0\\tcpdf.php on line 12121\r',0,NULL,'',''),(43460,'2025-08-17 20:49:37','PHP Warning','',' PHP Warning:  Undefined array key 0 in C:\\wamp64\\www\\lib\\tcpdf\\6.10.0\\tcpdf.php on line 12121\r',0,NULL,'',''),(43461,'2025-08-17 20:49:37','PHP Warning','',' PHP Warning:  Undefined array key 1 in C:\\wamp64\\www\\lib\\tcpdf\\6.10.0\\tcpdf.php on line 12121\r',0,NULL,'',''),(43462,'2025-08-17 20:49:37','PHP Warning','',' PHP Warning:  Undefined array key 0 in C:\\wamp64\\www\\lib\\tcpdf\\6.10.0\\tcpdf.php on line 12121\r',0,NULL,'',''),(43463,'2025-08-17 20:49:37','PHP Warning','',' PHP Warning:  Undefined array key 1 in C:\\wamp64\\www\\lib\\tcpdf\\6.10.0\\tcpdf.php on line 12121\r',0,NULL,'',''),(43464,'2025-08-17 20:49:37','PHP Warning','',' PHP Warning:  Undefined array key 0 in C:\\wamp64\\www\\lib\\tcpdf\\6.10.0\\tcpdf.php on line 12121\r',0,NULL,'',''),(43465,'2025-08-17 20:49:37','PHP Warning','',' PHP Warning:  Undefined array key 1 in C:\\wamp64\\www\\lib\\tcpdf\\6.10.0\\tcpdf.php on line 12121\r',0,NULL,'',''),(43466,'2025-08-17 20:49:37','PHP Warning','',' PHP Warning:  Undefined array key 0 in C:\\wamp64\\www\\lib\\tcpdf\\6.10.0\\tcpdf.php on line 12121\r',0,NULL,'',''),(43467,'2025-08-17 20:49:37','PHP Warning','',' PHP Warning:  Undefined array key 1 in C:\\wamp64\\www\\lib\\tcpdf\\6.10.0\\tcpdf.php on line 12121\r',0,NULL,'',''),(43468,'2025-08-17 20:49:37','PHP Warning','',' PHP Warning:  Undefined array key 0 in C:\\wamp64\\www\\lib\\tcpdf\\6.10.0\\tcpdf.php on line 12121\r',0,NULL,'',''),(43469,'2025-08-17 20:49:37','PHP Warning','',' PHP Warning:  Undefined array key 1 in C:\\wamp64\\www\\lib\\tcpdf\\6.10.0\\tcpdf.php on line 12121\r',0,NULL,'',''),(43470,'2025-08-17 20:49:37','PHP Warning','',' PHP Warning:  Undefined array key 0 in C:\\wamp64\\www\\lib\\tcpdf\\6.10.0\\tcpdf.php on line 12121\r',0,NULL,'',''),(43471,'2025-08-17 20:49:37','PHP Warning','',' PHP Warning:  Undefined array key 1 in C:\\wamp64\\www\\lib\\tcpdf\\6.10.0\\tcpdf.php on line 12121\r',0,NULL,'',''),(43472,'2025-08-17 20:49:37','PHP Warning','',' PHP Warning:  Undefined array key 0 in C:\\wamp64\\www\\lib\\tcpdf\\6.10.0\\tcpdf.php on line 12121\r',0,NULL,'',''),(43473,'2025-08-17 20:49:37','PHP Warning','',' PHP Warning:  Undefined array key 1 in C:\\wamp64\\www\\lib\\tcpdf\\6.10.0\\tcpdf.php on line 12121\r',0,NULL,'',''),(43474,'2025-08-17 20:49:37','PHP Warning','',' PHP Warning:  Undefined array key 0 in C:\\wamp64\\www\\lib\\tcpdf\\6.10.0\\tcpdf.php on line 12121\r',0,NULL,'',''),(43475,'2025-08-17 20:49:37','PHP Warning','',' PHP Warning:  Undefined array key 1 in C:\\wamp64\\www\\lib\\tcpdf\\6.10.0\\tcpdf.php on line 12121\r',0,NULL,'',''),(43476,'2025-08-17 20:49:37','PHP Warning','',' PHP Warning:  Undefined array key 0 in C:\\wamp64\\www\\lib\\tcpdf\\6.10.0\\tcpdf.php on line 12121\r',0,NULL,'',''),(43477,'2025-08-17 20:49:37','PHP Warning','',' PHP Warning:  Undefined array key 1 in C:\\wamp64\\www\\lib\\tcpdf\\6.10.0\\tcpdf.php on line 12121\r',0,NULL,'',''),(43478,'2025-08-17 20:49:37','PHP Warning','',' PHP Warning:  Undefined array key 0 in C:\\wamp64\\www\\lib\\tcpdf\\6.10.0\\tcpdf.php on line 12121\r',0,NULL,'',''),(43479,'2025-08-17 20:49:37','PHP Warning','',' PHP Warning:  Undefined array key 1 in C:\\wamp64\\www\\lib\\tcpdf\\6.10.0\\tcpdf.php on line 12121\r',0,NULL,'',''),(43480,'2025-08-17 20:49:37','PHP Warning','',' PHP Warning:  Undefined array key 0 in C:\\wamp64\\www\\lib\\tcpdf\\6.10.0\\tcpdf.php on line 12121\r',0,NULL,'',''),(43481,'2025-08-17 20:49:37','PHP Warning','',' PHP Warning:  Undefined array key 1 in C:\\wamp64\\www\\lib\\tcpdf\\6.10.0\\tcpdf.php on line 12121\r',0,NULL,'',''),(43482,'2025-08-17 20:49:37','PHP Warning','',' PHP Warning:  Undefined array key 0 in C:\\wamp64\\www\\lib\\tcpdf\\6.10.0\\tcpdf.php on line 12121\r',0,NULL,'',''),(43483,'2025-08-17 20:49:37','PHP Warning','',' PHP Warning:  Undefined array key 1 in C:\\wamp64\\www\\lib\\tcpdf\\6.10.0\\tcpdf.php on line 12121\r',0,NULL,'',''),(43484,'2025-08-17 20:49:37','PHP Warning','',' PHP Warning:  Undefined array key 0 in C:\\wamp64\\www\\lib\\tcpdf\\6.10.0\\tcpdf.php on line 12121\r',0,NULL,'',''),(43485,'2025-08-17 20:49:37','PHP Warning','',' PHP Warning:  Undefined array key 1 in C:\\wamp64\\www\\lib\\tcpdf\\6.10.0\\tcpdf.php on line 12121\r',0,NULL,'',''),(43486,'2025-08-17 20:49:37','PHP Warning','',' PHP Warning:  Undefined array key 0 in C:\\wamp64\\www\\lib\\tcpdf\\6.10.0\\tcpdf.php on line 12121\r',0,NULL,'',''),(43487,'2025-08-17 20:49:37','PHP Warning','',' PHP Warning:  Undefined array key 1 in C:\\wamp64\\www\\lib\\tcpdf\\6.10.0\\tcpdf.php on line 12121\r',0,NULL,'',''),(43488,'2025-08-17 20:49:37','PHP Warning','',' PHP Warning:  Undefined array key 0 in C:\\wamp64\\www\\lib\\tcpdf\\6.10.0\\tcpdf.php on line 12121\r',0,NULL,'',''),(43489,'2025-08-17 20:49:37','PHP Warning','',' PHP Warning:  Undefined array key 1 in C:\\wamp64\\www\\lib\\tcpdf\\6.10.0\\tcpdf.php on line 12121\r',0,NULL,'',''),(43490,'2025-08-17 20:49:37','PHP Warning','',' PHP Warning:  Undefined array key 0 in C:\\wamp64\\www\\lib\\tcpdf\\6.10.0\\tcpdf.php on line 12121\r',0,NULL,'',''),(43491,'2025-08-17 20:49:37','PHP Warning','',' PHP Warning:  Undefined array key 1 in C:\\wamp64\\www\\lib\\tcpdf\\6.10.0\\tcpdf.php on line 12121\r',0,NULL,'',''),(43492,'2025-08-17 20:49:37','PHP Warning','',' PHP Warning:  Undefined array key 0 in C:\\wamp64\\www\\lib\\tcpdf\\6.10.0\\tcpdf.php on line 12121\r',0,NULL,'',''),(43493,'2025-08-17 20:49:37','PHP Warning','',' PHP Warning:  Undefined array key 1 in C:\\wamp64\\www\\lib\\tcpdf\\6.10.0\\tcpdf.php on line 12121\r',0,NULL,'',''),(43494,'2025-08-17 20:49:37','PHP Warning','',' PHP Warning:  Undefined array key 0 in C:\\wamp64\\www\\lib\\tcpdf\\6.10.0\\tcpdf.php on line 12121\r',0,NULL,'',''),(43495,'2025-08-17 20:49:37','PHP Warning','',' PHP Warning:  Undefined array key 1 in C:\\wamp64\\www\\lib\\tcpdf\\6.10.0\\tcpdf.php on line 12121\r',0,NULL,'',''),(43496,'2025-08-17 20:49:38','PHP Warning','',' PHP Warning:  Undefined variable $height_carte in C:\\wamp64\\www\\previlux\\base\\jw\\etats\\territoires\\rendu\\pdf_territoire.php on line 1613\r',0,NULL,'',''),(43497,'2025-08-17 20:49:38','PHP Warning','',' PHP Warning:  Cannot modify header information - headers already sent by (output started at C:\\wamp64\\www\\lib\\tcpdf\\6.10.0\\tcpdf.php:12121) in C:\\wamp64\\www\\lib\\tcpdf\\6.10.0\\tcpdf.php on line 7764\r',0,NULL,'',''),(43498,'2025-08-17 20:49:51','PHP Warning','',' PHP Warning:  Undefined array key 0 in C:\\wamp64\\www\\lib\\tcpdf\\6.10.0\\tcpdf.php on line 12121\r',0,NULL,'',''),(43499,'2025-08-17 20:49:51','PHP Warning','',' PHP Warning:  Undefined array key 1 in C:\\wamp64\\www\\lib\\tcpdf\\6.10.0\\tcpdf.php on line 12121\r',0,NULL,'',''),(43500,'2025-08-17 20:49:51','PHP Warning','',' PHP Warning:  Undefined array key 0 in C:\\wamp64\\www\\lib\\tcpdf\\6.10.0\\tcpdf.php on line 12121\r',0,NULL,'',''),(43501,'2025-08-17 20:49:51','PHP Warning','',' PHP Warning:  Undefined array key 1 in C:\\wamp64\\www\\lib\\tcpdf\\6.10.0\\tcpdf.php on line 12121\r',0,NULL,'',''),(43502,'2025-08-17 20:49:51','PHP Warning','',' PHP Warning:  Undefined array key 0 in C:\\wamp64\\www\\lib\\tcpdf\\6.10.0\\tcpdf.php on line 12121\r',0,NULL,'',''),(43503,'2025-08-17 20:49:51','PHP Warning','',' PHP Warning:  Undefined array key 1 in C:\\wamp64\\www\\lib\\tcpdf\\6.10.0\\tcpdf.php on line 12121\r',0,NULL,'',''),(43504,'2025-08-17 20:49:51','PHP Warning','',' PHP Warning:  Undefined array key 0 in C:\\wamp64\\www\\lib\\tcpdf\\6.10.0\\tcpdf.php on line 12121\r',0,NULL,'',''),(43505,'2025-08-17 20:49:51','PHP Warning','',' PHP Warning:  Undefined array key 1 in C:\\wamp64\\www\\lib\\tcpdf\\6.10.0\\tcpdf.php on line 12121\r',0,NULL,'',''),(43506,'2025-08-17 20:49:51','PHP Warning','',' PHP Warning:  Undefined array key 0 in C:\\wamp64\\www\\lib\\tcpdf\\6.10.0\\tcpdf.php on line 12121\r',0,NULL,'',''),(43507,'2025-08-17 20:49:51','PHP Warning','',' PHP Warning:  Undefined array key 1 in C:\\wamp64\\www\\lib\\tcpdf\\6.10.0\\tcpdf.php on line 12121\r',0,NULL,'',''),(43508,'2025-08-17 20:49:51','PHP Warning','',' PHP Warning:  Undefined array key 0 in C:\\wamp64\\www\\lib\\tcpdf\\6.10.0\\tcpdf.php on line 12121\r',0,NULL,'',''),(43509,'2025-08-17 20:49:51','PHP Warning','',' PHP Warning:  Undefined array key 1 in C:\\wamp64\\www\\lib\\tcpdf\\6.10.0\\tcpdf.php on line 12121\r',0,NULL,'',''),(43510,'2025-08-17 20:49:51','PHP Warning','',' PHP Warning:  Undefined array key 0 in C:\\wamp64\\www\\lib\\tcpdf\\6.10.0\\tcpdf.php on line 12121\r',0,NULL,'',''),(43511,'2025-08-17 20:49:51','PHP Warning','',' PHP Warning:  Undefined array key 1 in C:\\wamp64\\www\\lib\\tcpdf\\6.10.0\\tcpdf.php on line 12121\r',0,NULL,'',''),(43512,'2025-08-17 20:49:51','PHP Warning','',' PHP Warning:  Undefined array key 0 in C:\\wamp64\\www\\lib\\tcpdf\\6.10.0\\tcpdf.php on line 12121\r',0,NULL,'',''),(43513,'2025-08-17 20:49:51','PHP Warning','',' PHP Warning:  Undefined array key 1 in C:\\wamp64\\www\\lib\\tcpdf\\6.10.0\\tcpdf.php on line 12121\r',0,NULL,'',''),(43514,'2025-08-17 20:49:51','PHP Warning','',' PHP Warning:  Undefined array key 0 in C:\\wamp64\\www\\lib\\tcpdf\\6.10.0\\tcpdf.php on line 12121\r',0,NULL,'',''),(43515,'2025-08-17 20:49:51','PHP Warning','',' PHP Warning:  Undefined array key 1 in C:\\wamp64\\www\\lib\\tcpdf\\6.10.0\\tcpdf.php on line 12121\r',0,NULL,'',''),(43516,'2025-08-17 20:49:51','PHP Warning','',' PHP Warning:  Undefined array key 0 in C:\\wamp64\\www\\lib\\tcpdf\\6.10.0\\tcpdf.php on line 12121\r',0,NULL,'',''),(43517,'2025-08-17 20:49:51','PHP Warning','',' PHP Warning:  Undefined array key 1 in C:\\wamp64\\www\\lib\\tcpdf\\6.10.0\\tcpdf.php on line 12121\r',0,NULL,'',''),(43518,'2025-08-17 20:49:51','PHP Warning','',' PHP Warning:  Undefined array key 0 in C:\\wamp64\\www\\lib\\tcpdf\\6.10.0\\tcpdf.php on line 12121\r',0,NULL,'',''),(43519,'2025-08-17 20:49:51','PHP Warning','',' PHP Warning:  Undefined array key 1 in C:\\wamp64\\www\\lib\\tcpdf\\6.10.0\\tcpdf.php on line 12121\r',0,NULL,'',''),(43520,'2025-08-17 20:49:51','PHP Warning','',' PHP Warning:  Undefined array key 0 in C:\\wamp64\\www\\lib\\tcpdf\\6.10.0\\tcpdf.php on line 12121\r',0,NULL,'',''),(43521,'2025-08-17 20:49:51','PHP Warning','',' PHP Warning:  Undefined array key 1 in C:\\wamp64\\www\\lib\\tcpdf\\6.10.0\\tcpdf.php on line 12121\r',0,NULL,'',''),(43522,'2025-08-17 20:49:51','PHP Warning','',' PHP Warning:  Undefined array key 0 in C:\\wamp64\\www\\lib\\tcpdf\\6.10.0\\tcpdf.php on line 12121\r',0,NULL,'',''),(43523,'2025-08-17 20:49:51','PHP Warning','',' PHP Warning:  Undefined array key 1 in C:\\wamp64\\www\\lib\\tcpdf\\6.10.0\\tcpdf.php on line 12121\r',0,NULL,'',''),(43524,'2025-08-17 20:49:51','PHP Warning','',' PHP Warning:  Undefined array key 0 in C:\\wamp64\\www\\lib\\tcpdf\\6.10.0\\tcpdf.php on line 12121\r',0,NULL,'',''),(43525,'2025-08-17 20:49:51','PHP Warning','',' PHP Warning:  Undefined array key 1 in C:\\wamp64\\www\\lib\\tcpdf\\6.10.0\\tcpdf.php on line 12121\r',0,NULL,'',''),(43526,'2025-08-17 20:49:51','PHP Warning','',' PHP Warning:  Undefined array key 0 in C:\\wamp64\\www\\lib\\tcpdf\\6.10.0\\tcpdf.php on line 12121\r',0,NULL,'',''),(43527,'2025-08-17 20:49:51','PHP Warning','',' PHP Warning:  Undefined array key 1 in C:\\wamp64\\www\\lib\\tcpdf\\6.10.0\\tcpdf.php on line 12121\r',0,NULL,'',''),(43528,'2025-08-17 20:49:51','PHP Warning','',' PHP Warning:  Undefined array key 0 in C:\\wamp64\\www\\lib\\tcpdf\\6.10.0\\tcpdf.php on line 12121\r',0,NULL,'',''),(43529,'2025-08-17 20:49:51','PHP Warning','',' PHP Warning:  Undefined array key 1 in C:\\wamp64\\www\\lib\\tcpdf\\6.10.0\\tcpdf.php on line 12121\r',0,NULL,'',''),(43530,'2025-08-17 20:49:51','PHP Warning','',' PHP Warning:  Undefined array key 0 in C:\\wamp64\\www\\lib\\tcpdf\\6.10.0\\tcpdf.php on line 12121\r',0,NULL,'',''),(43531,'2025-08-17 20:49:51','PHP Warning','',' PHP Warning:  Undefined array key 1 in C:\\wamp64\\www\\lib\\tcpdf\\6.10.0\\tcpdf.php on line 12121\r',0,NULL,'',''),(43532,'2025-08-17 20:49:51','PHP Warning','',' PHP Warning:  Undefined array key 0 in C:\\wamp64\\www\\lib\\tcpdf\\6.10.0\\tcpdf.php on line 12121\r',0,NULL,'',''),(43533,'2025-08-17 20:49:51','PHP Warning','',' PHP Warning:  Undefined array key 1 in C:\\wamp64\\www\\lib\\tcpdf\\6.10.0\\tcpdf.php on line 12121\r',0,NULL,'',''),(43534,'2025-08-17 20:49:51','PHP Warning','',' PHP Warning:  Undefined array key 0 in C:\\wamp64\\www\\lib\\tcpdf\\6.10.0\\tcpdf.php on line 12121\r',0,NULL,'',''),(43535,'2025-08-17 20:49:51','PHP Warning','',' PHP Warning:  Undefined array key 1 in C:\\wamp64\\www\\lib\\tcpdf\\6.10.0\\tcpdf.php on line 12121\r',0,NULL,'',''),(43536,'2025-08-17 20:49:51','PHP Warning','',' PHP Warning:  Undefined array key 0 in C:\\wamp64\\www\\lib\\tcpdf\\6.10.0\\tcpdf.php on line 12121\r',0,NULL,'',''),(43537,'2025-08-17 20:49:51','PHP Warning','',' PHP Warning:  Undefined array key 1 in C:\\wamp64\\www\\lib\\tcpdf\\6.10.0\\tcpdf.php on line 12121\r',0,NULL,'',''),(43538,'2025-08-17 20:49:51','PHP Warning','',' PHP Warning:  Undefined array key 0 in C:\\wamp64\\www\\lib\\tcpdf\\6.10.0\\tcpdf.php on line 12121\r',0,NULL,'',''),(43539,'2025-08-17 20:49:51','PHP Warning','',' PHP Warning:  Undefined array key 1 in C:\\wamp64\\www\\lib\\tcpdf\\6.10.0\\tcpdf.php on line 12121\r',0,NULL,'',''),(43540,'2025-08-17 20:49:51','PHP Warning','',' PHP Warning:  Undefined array key 0 in C:\\wamp64\\www\\lib\\tcpdf\\6.10.0\\tcpdf.php on line 12121\r',0,NULL,'',''),(43541,'2025-08-17 20:49:51','PHP Warning','',' PHP Warning:  Undefined array key 1 in C:\\wamp64\\www\\lib\\tcpdf\\6.10.0\\tcpdf.php on line 12121\r',0,NULL,'',''),(43542,'2025-08-17 20:49:51','PHP Warning','',' PHP Warning:  Undefined array key 0 in C:\\wamp64\\www\\lib\\tcpdf\\6.10.0\\tcpdf.php on line 12121\r',0,NULL,'',''),(43543,'2025-08-17 20:49:51','PHP Warning','',' PHP Warning:  Undefined array key 1 in C:\\wamp64\\www\\lib\\tcpdf\\6.10.0\\tcpdf.php on line 12121\r',0,NULL,'',''),(43544,'2025-08-17 20:49:51','PHP Warning','',' PHP Warning:  Undefined array key 0 in C:\\wamp64\\www\\lib\\tcpdf\\6.10.0\\tcpdf.php on line 12121\r',0,NULL,'',''),(43545,'2025-08-17 20:49:51','PHP Warning','',' PHP Warning:  Undefined array key 1 in C:\\wamp64\\www\\lib\\tcpdf\\6.10.0\\tcpdf.php on line 12121\r',0,NULL,'',''),(43546,'2025-08-17 20:49:51','PHP Warning','',' PHP Warning:  Undefined variable $height_carte in C:\\wamp64\\www\\previlux\\base\\jw\\etats\\territoires\\rendu\\pdf_territoire.php on line 1613\r',0,NULL,'',''),(43547,'2025-08-17 20:49:51','PHP Warning','',' PHP Warning:  Cannot modify header information - headers already sent by (output started at C:\\wamp64\\www\\lib\\tcpdf\\6.10.0\\tcpdf.php:12121) in C:\\wamp64\\www\\lib\\tcpdf\\6.10.0\\tcpdf.php on line 7764\r',0,NULL,'',''),(43548,'2025-08-17 20:50:19','PHP Warning','',' PHP Warning:  Undefined variable $height_carte in C:\\wamp64\\www\\previlux\\base\\jw\\etats\\territoires\\rendu\\pdf_territoire.php on line 1613\r',0,NULL,'',''),(43549,'2025-08-17 20:51:03','PHP Warning','',' PHP Warning:  Undefined array key 0 in C:\\wamp64\\www\\lib\\tcpdf\\6.10.0\\tcpdf.php on line 12121\r',0,NULL,'',''),(43550,'2025-08-17 20:51:03','PHP Warning','',' PHP Warning:  Undefined array key 1 in C:\\wamp64\\www\\lib\\tcpdf\\6.10.0\\tcpdf.php on line 12121\r',0,NULL,'',''),(43551,'2025-08-17 20:51:03','PHP Warning','',' PHP Warning:  Undefined array key 0 in C:\\wamp64\\www\\lib\\tcpdf\\6.10.0\\tcpdf.php on line 12121\r',0,NULL,'',''),(43552,'2025-08-17 20:51:03','PHP Warning','',' PHP Warning:  Undefined array key 1 in C:\\wamp64\\www\\lib\\tcpdf\\6.10.0\\tcpdf.php on line 12121\r',0,NULL,'',''),(43553,'2025-08-17 20:51:03','PHP Warning','',' PHP Warning:  Undefined array key 0 in C:\\wamp64\\www\\lib\\tcpdf\\6.10.0\\tcpdf.php on line 12121\r',0,NULL,'',''),(43554,'2025-08-17 20:51:03','PHP Warning','',' PHP Warning:  Undefined array key 1 in C:\\wamp64\\www\\lib\\tcpdf\\6.10.0\\tcpdf.php on line 12121\r',0,NULL,'',''),(43555,'2025-08-17 20:51:03','PHP Warning','',' PHP Warning:  Undefined array key 0 in C:\\wamp64\\www\\lib\\tcpdf\\6.10.0\\tcpdf.php on line 12121\r',0,NULL,'',''),(43556,'2025-08-17 20:51:03','PHP Warning','',' PHP Warning:  Undefined array key 1 in C:\\wamp64\\www\\lib\\tcpdf\\6.10.0\\tcpdf.php on line 12121\r',0,NULL,'',''),(43557,'2025-08-17 20:51:03','PHP Warning','',' PHP Warning:  Undefined array key 0 in C:\\wamp64\\www\\lib\\tcpdf\\6.10.0\\tcpdf.php on line 12121\r',0,NULL,'',''),(43558,'2025-08-17 20:51:03','PHP Warning','',' PHP Warning:  Undefined array key 1 in C:\\wamp64\\www\\lib\\tcpdf\\6.10.0\\tcpdf.php on line 12121\r',0,NULL,'',''),(43559,'2025-08-17 20:51:03','PHP Warning','',' PHP Warning:  Undefined array key 0 in C:\\wamp64\\www\\lib\\tcpdf\\6.10.0\\tcpdf.php on line 12121\r',0,NULL,'',''),(43560,'2025-08-17 20:51:03','PHP Warning','',' PHP Warning:  Undefined array key 1 in C:\\wamp64\\www\\lib\\tcpdf\\6.10.0\\tcpdf.php on line 12121\r',0,NULL,'',''),(43561,'2025-08-17 20:51:03','PHP Warning','',' PHP Warning:  Undefined array key 0 in C:\\wamp64\\www\\lib\\tcpdf\\6.10.0\\tcpdf.php on line 12121\r',0,NULL,'',''),(43562,'2025-08-17 20:51:03','PHP Warning','',' PHP Warning:  Undefined array key 1 in C:\\wamp64\\www\\lib\\tcpdf\\6.10.0\\tcpdf.php on line 12121\r',0,NULL,'',''),(43563,'2025-08-17 20:51:03','PHP Warning','',' PHP Warning:  Undefined array key 0 in C:\\wamp64\\www\\lib\\tcpdf\\6.10.0\\tcpdf.php on line 12121\r',0,NULL,'',''),(43564,'2025-08-17 20:51:03','PHP Warning','',' PHP Warning:  Undefined array key 1 in C:\\wamp64\\www\\lib\\tcpdf\\6.10.0\\tcpdf.php on line 12121\r',0,NULL,'',''),(43565,'2025-08-17 20:51:03','PHP Warning','',' PHP Warning:  Undefined array key 0 in C:\\wamp64\\www\\lib\\tcpdf\\6.10.0\\tcpdf.php on line 12121\r',0,NULL,'',''),(43566,'2025-08-17 20:51:03','PHP Warning','',' PHP Warning:  Undefined array key 1 in C:\\wamp64\\www\\lib\\tcpdf\\6.10.0\\tcpdf.php on line 12121\r',0,NULL,'',''),(43567,'2025-08-17 20:51:03','PHP Warning','',' PHP Warning:  Undefined array key 0 in C:\\wamp64\\www\\lib\\tcpdf\\6.10.0\\tcpdf.php on line 12121\r',0,NULL,'',''),(43568,'2025-08-17 20:51:03','PHP Warning','',' PHP Warning:  Undefined array key 1 in C:\\wamp64\\www\\lib\\tcpdf\\6.10.0\\tcpdf.php on line 12121\r',0,NULL,'',''),(43569,'2025-08-17 20:51:03','PHP Warning','',' PHP Warning:  Undefined array key 0 in C:\\wamp64\\www\\lib\\tcpdf\\6.10.0\\tcpdf.php on line 12121\r',0,NULL,'',''),(43570,'2025-08-17 20:51:03','PHP Warning','',' PHP Warning:  Undefined array key 1 in C:\\wamp64\\www\\lib\\tcpdf\\6.10.0\\tcpdf.php on line 12121\r',0,NULL,'',''),(43571,'2025-08-17 20:51:03','PHP Warning','',' PHP Warning:  Undefined array key 0 in C:\\wamp64\\www\\lib\\tcpdf\\6.10.0\\tcpdf.php on line 12121\r',0,NULL,'',''),(43572,'2025-08-17 20:51:03','PHP Warning','',' PHP Warning:  Undefined array key 1 in C:\\wamp64\\www\\lib\\tcpdf\\6.10.0\\tcpdf.php on line 12121\r',0,NULL,'',''),(43573,'2025-08-17 20:51:03','PHP Warning','',' PHP Warning:  Undefined array key 0 in C:\\wamp64\\www\\lib\\tcpdf\\6.10.0\\tcpdf.php on line 12121\r',0,NULL,'',''),(43574,'2025-08-17 20:51:03','PHP Warning','',' PHP Warning:  Undefined array key 1 in C:\\wamp64\\www\\lib\\tcpdf\\6.10.0\\tcpdf.php on line 12121\r',0,NULL,'',''),(43575,'2025-08-17 20:51:03','PHP Warning','',' PHP Warning:  Undefined array key 0 in C:\\wamp64\\www\\lib\\tcpdf\\6.10.0\\tcpdf.php on line 12121\r',0,NULL,'',''),(43576,'2025-08-17 20:51:03','PHP Warning','',' PHP Warning:  Undefined array key 1 in C:\\wamp64\\www\\lib\\tcpdf\\6.10.0\\tcpdf.php on line 12121\r',0,NULL,'',''),(43577,'2025-08-17 20:51:03','PHP Warning','',' PHP Warning:  Undefined array key 0 in C:\\wamp64\\www\\lib\\tcpdf\\6.10.0\\tcpdf.php on line 12121\r',0,NULL,'',''),(43578,'2025-08-17 20:51:03','PHP Warning','',' PHP Warning:  Undefined array key 1 in C:\\wamp64\\www\\lib\\tcpdf\\6.10.0\\tcpdf.php on line 12121\r',0,NULL,'',''),(43579,'2025-08-17 20:51:03','PHP Warning','',' PHP Warning:  Undefined array key 0 in C:\\wamp64\\www\\lib\\tcpdf\\6.10.0\\tcpdf.php on line 12121\r',0,NULL,'',''),(43580,'2025-08-17 20:51:03','PHP Warning','',' PHP Warning:  Undefined array key 1 in C:\\wamp64\\www\\lib\\tcpdf\\6.10.0\\tcpdf.php on line 12121\r',0,NULL,'',''),(43581,'2025-08-17 20:51:03','PHP Warning','',' PHP Warning:  Undefined array key 0 in C:\\wamp64\\www\\lib\\tcpdf\\6.10.0\\tcpdf.php on line 12121\r',0,NULL,'',''),(43582,'2025-08-17 20:51:03','PHP Warning','',' PHP Warning:  Undefined array key 1 in C:\\wamp64\\www\\lib\\tcpdf\\6.10.0\\tcpdf.php on line 12121\r',0,NULL,'',''),(43583,'2025-08-17 20:51:03','PHP Warning','',' PHP Warning:  Undefined array key 0 in C:\\wamp64\\www\\lib\\tcpdf\\6.10.0\\tcpdf.php on line 12121\r',0,NULL,'',''),(43584,'2025-08-17 20:51:03','PHP Warning','',' PHP Warning:  Undefined array key 1 in C:\\wamp64\\www\\lib\\tcpdf\\6.10.0\\tcpdf.php on line 12121\r',0,NULL,'',''),(43585,'2025-08-17 20:51:03','PHP Warning','',' PHP Warning:  Undefined array key 0 in C:\\wamp64\\www\\lib\\tcpdf\\6.10.0\\tcpdf.php on line 12121\r',0,NULL,'',''),(43586,'2025-08-17 20:51:03','PHP Warning','',' PHP Warning:  Undefined array key 1 in C:\\wamp64\\www\\lib\\tcpdf\\6.10.0\\tcpdf.php on line 12121\r',0,NULL,'',''),(43587,'2025-08-17 20:51:03','PHP Warning','',' PHP Warning:  Undefined array key 0 in C:\\wamp64\\www\\lib\\tcpdf\\6.10.0\\tcpdf.php on line 12121\r',0,NULL,'',''),(43588,'2025-08-17 20:51:03','PHP Warning','',' PHP Warning:  Undefined array key 1 in C:\\wamp64\\www\\lib\\tcpdf\\6.10.0\\tcpdf.php on line 12121\r',0,NULL,'',''),(43589,'2025-08-17 20:51:03','PHP Warning','',' PHP Warning:  Undefined array key 0 in C:\\wamp64\\www\\lib\\tcpdf\\6.10.0\\tcpdf.php on line 12121\r',0,NULL,'',''),(43590,'2025-08-17 20:51:03','PHP Warning','',' PHP Warning:  Undefined array key 1 in C:\\wamp64\\www\\lib\\tcpdf\\6.10.0\\tcpdf.php on line 12121\r',0,NULL,'',''),(43591,'2025-08-17 20:51:03','PHP Warning','',' PHP Warning:  Undefined array key 0 in C:\\wamp64\\www\\lib\\tcpdf\\6.10.0\\tcpdf.php on line 12121\r',0,NULL,'',''),(43592,'2025-08-17 20:51:03','PHP Warning','',' PHP Warning:  Undefined array key 1 in C:\\wamp64\\www\\lib\\tcpdf\\6.10.0\\tcpdf.php on line 12121\r',0,NULL,'',''),(43593,'2025-08-17 20:51:03','PHP Warning','',' PHP Warning:  Undefined array key 0 in C:\\wamp64\\www\\lib\\tcpdf\\6.10.0\\tcpdf.php on line 12121\r',0,NULL,'',''),(43594,'2025-08-17 20:51:03','PHP Warning','',' PHP Warning:  Undefined array key 1 in C:\\wamp64\\www\\lib\\tcpdf\\6.10.0\\tcpdf.php on line 12121\r',0,NULL,'',''),(43595,'2025-08-17 20:51:03','PHP Warning','',' PHP Warning:  Undefined array key 0 in C:\\wamp64\\www\\lib\\tcpdf\\6.10.0\\tcpdf.php on line 12121\r',0,NULL,'',''),(43596,'2025-08-17 20:51:03','PHP Warning','',' PHP Warning:  Undefined array key 1 in C:\\wamp64\\www\\lib\\tcpdf\\6.10.0\\tcpdf.php on line 12121\r',0,NULL,'',''),(43597,'2025-08-17 20:51:03','PHP Warning','',' PHP Warning:  Undefined array key 0 in C:\\wamp64\\www\\lib\\tcpdf\\6.10.0\\tcpdf.php on line 12121\r',0,NULL,'',''),(43598,'2025-08-17 20:51:03','PHP Warning','',' PHP Warning:  Undefined array key 1 in C:\\wamp64\\www\\lib\\tcpdf\\6.10.0\\tcpdf.php on line 12121\r',0,NULL,'',''),(43599,'2025-08-17 20:51:03','PHP Warning','',' PHP Warning:  Undefined array key 0 in C:\\wamp64\\www\\lib\\tcpdf\\6.10.0\\tcpdf.php on line 12121\r',0,NULL,'',''),(43600,'2025-08-17 20:51:03','PHP Warning','',' PHP Warning:  Undefined array key 1 in C:\\wamp64\\www\\lib\\tcpdf\\6.10.0\\tcpdf.php on line 12121\r',0,NULL,'',''),(43601,'2025-08-17 20:51:03','PHP Warning','',' PHP Warning:  Undefined array key 0 in C:\\wamp64\\www\\lib\\tcpdf\\6.10.0\\tcpdf.php on line 12121\r',0,NULL,'',''),(43602,'2025-08-17 20:51:03','PHP Warning','',' PHP Warning:  Undefined array key 1 in C:\\wamp64\\www\\lib\\tcpdf\\6.10.0\\tcpdf.php on line 12121\r',0,NULL,'',''),(43603,'2025-08-17 20:51:03','PHP Warning','',' PHP Warning:  Undefined array key 0 in C:\\wamp64\\www\\lib\\tcpdf\\6.10.0\\tcpdf.php on line 12121\r',0,NULL,'',''),(43604,'2025-08-17 20:51:03','PHP Warning','',' PHP Warning:  Undefined array key 1 in C:\\wamp64\\www\\lib\\tcpdf\\6.10.0\\tcpdf.php on line 12121\r',0,NULL,'',''),(43605,'2025-08-17 20:51:03','PHP Warning','',' PHP Warning:  Undefined array key 0 in C:\\wamp64\\www\\lib\\tcpdf\\6.10.0\\tcpdf.php on line 12121\r',0,NULL,'',''),(43606,'2025-08-17 20:51:03','PHP Warning','',' PHP Warning:  Undefined array key 1 in C:\\wamp64\\www\\lib\\tcpdf\\6.10.0\\tcpdf.php on line 12121\r',0,NULL,'',''),(43607,'2025-08-17 20:51:03','PHP Warning','',' PHP Warning:  Undefined array key 0 in C:\\wamp64\\www\\lib\\tcpdf\\6.10.0\\tcpdf.php on line 12121\r',0,NULL,'',''),(43608,'2025-08-17 20:51:03','PHP Warning','',' PHP Warning:  Undefined array key 1 in C:\\wamp64\\www\\lib\\tcpdf\\6.10.0\\tcpdf.php on line 12121\r',0,NULL,'',''),(43609,'2025-08-17 20:51:03','PHP Warning','',' PHP Warning:  Undefined array key 0 in C:\\wamp64\\www\\lib\\tcpdf\\6.10.0\\tcpdf.php on line 12121\r',0,NULL,'',''),(43610,'2025-08-17 20:51:03','PHP Warning','',' PHP Warning:  Undefined array key 1 in C:\\wamp64\\www\\lib\\tcpdf\\6.10.0\\tcpdf.php on line 12121\r',0,NULL,'',''),(43611,'2025-08-17 20:51:03','PHP Warning','',' PHP Warning:  Undefined array key 0 in C:\\wamp64\\www\\lib\\tcpdf\\6.10.0\\tcpdf.php on line 12121\r',0,NULL,'',''),(43612,'2025-08-17 20:51:03','PHP Warning','',' PHP Warning:  Undefined array key 1 in C:\\wamp64\\www\\lib\\tcpdf\\6.10.0\\tcpdf.php on line 12121\r',0,NULL,'',''),(43613,'2025-08-17 20:51:03','PHP Warning','',' PHP Warning:  Undefined array key 0 in C:\\wamp64\\www\\lib\\tcpdf\\6.10.0\\tcpdf.php on line 12121\r',0,NULL,'',''),(43614,'2025-08-17 20:51:03','PHP Warning','',' PHP Warning:  Undefined array key 1 in C:\\wamp64\\www\\lib\\tcpdf\\6.10.0\\tcpdf.php on line 12121\r',0,NULL,'',''),(43615,'2025-08-17 20:51:03','PHP Warning','',' PHP Warning:  Undefined array key 0 in C:\\wamp64\\www\\lib\\tcpdf\\6.10.0\\tcpdf.php on line 12121\r',0,NULL,'',''),(43616,'2025-08-17 20:51:03','PHP Warning','',' PHP Warning:  Undefined array key 1 in C:\\wamp64\\www\\lib\\tcpdf\\6.10.0\\tcpdf.php on line 12121\r',0,NULL,'',''),(43617,'2025-08-17 20:51:03','PHP Warning','',' PHP Warning:  Undefined array key 0 in C:\\wamp64\\www\\lib\\tcpdf\\6.10.0\\tcpdf.php on line 12121\r',0,NULL,'',''),(43618,'2025-08-17 20:51:03','PHP Warning','',' PHP Warning:  Undefined array key 1 in C:\\wamp64\\www\\lib\\tcpdf\\6.10.0\\tcpdf.php on line 12121\r',0,NULL,'',''),(43619,'2025-08-17 20:51:03','PHP Warning','',' PHP Warning:  Undefined array key 0 in C:\\wamp64\\www\\lib\\tcpdf\\6.10.0\\tcpdf.php on line 12121\r',0,NULL,'',''),(43620,'2025-08-17 20:51:03','PHP Warning','',' PHP Warning:  Undefined array key 1 in C:\\wamp64\\www\\lib\\tcpdf\\6.10.0\\tcpdf.php on line 12121\r',0,NULL,'',''),(43621,'2025-08-17 20:51:03','PHP Warning','',' PHP Warning:  Undefined array key 0 in C:\\wamp64\\www\\lib\\tcpdf\\6.10.0\\tcpdf.php on line 12121\r',0,NULL,'',''),(43622,'2025-08-17 20:51:03','PHP Warning','',' PHP Warning:  Undefined array key 1 in C:\\wamp64\\www\\lib\\tcpdf\\6.10.0\\tcpdf.php on line 12121\r',0,NULL,'',''),(43623,'2025-08-17 20:51:03','PHP Warning','',' PHP Warning:  Undefined array key 0 in C:\\wamp64\\www\\lib\\tcpdf\\6.10.0\\tcpdf.php on line 12121\r',0,NULL,'',''),(43624,'2025-08-17 20:51:03','PHP Warning','',' PHP Warning:  Undefined array key 1 in C:\\wamp64\\www\\lib\\tcpdf\\6.10.0\\tcpdf.php on line 12121\r',0,NULL,'',''),(43625,'2025-08-17 20:51:03','PHP Warning','',' PHP Warning:  Undefined array key 0 in C:\\wamp64\\www\\lib\\tcpdf\\6.10.0\\tcpdf.php on line 12121\r',0,NULL,'',''),(43626,'2025-08-17 20:51:03','PHP Warning','',' PHP Warning:  Undefined array key 1 in C:\\wamp64\\www\\lib\\tcpdf\\6.10.0\\tcpdf.php on line 12121\r',0,NULL,'',''),(43627,'2025-08-17 20:51:03','PHP Warning','',' PHP Warning:  Undefined array key 0 in C:\\wamp64\\www\\lib\\tcpdf\\6.10.0\\tcpdf.php on line 12121\r',0,NULL,'',''),(43628,'2025-08-17 20:51:03','PHP Warning','',' PHP Warning:  Undefined array key 1 in C:\\wamp64\\www\\lib\\tcpdf\\6.10.0\\tcpdf.php on line 12121\r',0,NULL,'',''),(43629,'2025-08-17 20:51:03','PHP Warning','',' PHP Warning:  Undefined array key 0 in C:\\wamp64\\www\\lib\\tcpdf\\6.10.0\\tcpdf.php on line 12121\r',0,NULL,'',''),(43630,'2025-08-17 20:51:03','PHP Warning','',' PHP Warning:  Undefined array key 1 in C:\\wamp64\\www\\lib\\tcpdf\\6.10.0\\tcpdf.php on line 12121\r',0,NULL,'',''),(43631,'2025-08-17 20:51:03','PHP Warning','',' PHP Warning:  Undefined array key 0 in C:\\wamp64\\www\\lib\\tcpdf\\6.10.0\\tcpdf.php on line 12121\r',0,NULL,'',''),(43632,'2025-08-17 20:51:03','PHP Warning','',' PHP Warning:  Undefined array key 1 in C:\\wamp64\\www\\lib\\tcpdf\\6.10.0\\tcpdf.php on line 12121\r',0,NULL,'',''),(43633,'2025-08-17 20:51:03','PHP Warning','',' PHP Warning:  Undefined array key 0 in C:\\wamp64\\www\\lib\\tcpdf\\6.10.0\\tcpdf.php on line 12121\r',0,NULL,'',''),(43634,'2025-08-17 20:51:03','PHP Warning','',' PHP Warning:  Undefined array key 1 in C:\\wamp64\\www\\lib\\tcpdf\\6.10.0\\tcpdf.php on line 12121\r',0,NULL,'',''),(43635,'2025-08-17 20:51:03','PHP Warning','',' PHP Warning:  Undefined array key 0 in C:\\wamp64\\www\\lib\\tcpdf\\6.10.0\\tcpdf.php on line 12121\r',0,NULL,'',''),(43636,'2025-08-17 20:51:03','PHP Warning','',' PHP Warning:  Undefined array key 1 in C:\\wamp64\\www\\lib\\tcpdf\\6.10.0\\tcpdf.php on line 12121\r',0,NULL,'',''),(43637,'2025-08-17 20:51:03','PHP Warning','',' PHP Warning:  Undefined array key 0 in C:\\wamp64\\www\\lib\\tcpdf\\6.10.0\\tcpdf.php on line 12121\r',0,NULL,'',''),(43638,'2025-08-17 20:51:03','PHP Warning','',' PHP Warning:  Undefined array key 1 in C:\\wamp64\\www\\lib\\tcpdf\\6.10.0\\tcpdf.php on line 12121\r',0,NULL,'',''),(43639,'2025-08-17 20:51:03','PHP Warning','',' PHP Warning:  Undefined array key 0 in C:\\wamp64\\www\\lib\\tcpdf\\6.10.0\\tcpdf.php on line 12121\r',0,NULL,'',''),(43640,'2025-08-17 20:51:03','PHP Warning','',' PHP Warning:  Undefined array key 1 in C:\\wamp64\\www\\lib\\tcpdf\\6.10.0\\tcpdf.php on line 12121\r',0,NULL,'',''),(43641,'2025-08-17 20:51:03','PHP Warning','',' PHP Warning:  Undefined array key 0 in C:\\wamp64\\www\\lib\\tcpdf\\6.10.0\\tcpdf.php on line 12121\r',0,NULL,'',''),(43642,'2025-08-17 20:51:03','PHP Warning','',' PHP Warning:  Undefined array key 1 in C:\\wamp64\\www\\lib\\tcpdf\\6.10.0\\tcpdf.php on line 12121\r',0,NULL,'',''),(43643,'2025-08-17 20:51:03','PHP Warning','',' PHP Warning:  Undefined array key 0 in C:\\wamp64\\www\\lib\\tcpdf\\6.10.0\\tcpdf.php on line 12121\r',0,NULL,'',''),(43644,'2025-08-17 20:51:03','PHP Warning','',' PHP Warning:  Undefined array key 1 in C:\\wamp64\\www\\lib\\tcpdf\\6.10.0\\tcpdf.php on line 12121\r',0,NULL,'',''),(43645,'2025-08-17 20:51:03','PHP Warning','',' PHP Warning:  Undefined array key 0 in C:\\wamp64\\www\\lib\\tcpdf\\6.10.0\\tcpdf.php on line 12121\r',0,NULL,'',''),(43646,'2025-08-17 20:51:03','PHP Warning','',' PHP Warning:  Undefined array key 1 in C:\\wamp64\\www\\lib\\tcpdf\\6.10.0\\tcpdf.php on line 12121\r',0,NULL,'',''),(43647,'2025-08-17 20:51:03','PHP Warning','',' PHP Warning:  Undefined array key 0 in C:\\wamp64\\www\\lib\\tcpdf\\6.10.0\\tcpdf.php on line 12121\r',0,NULL,'',''),(43648,'2025-08-17 20:51:03','PHP Warning','',' PHP Warning:  Undefined array key 1 in C:\\wamp64\\www\\lib\\tcpdf\\6.10.0\\tcpdf.php on line 12121\r',0,NULL,'',''),(43649,'2025-08-17 20:51:03','PHP Warning','',' PHP Warning:  Undefined array key 0 in C:\\wamp64\\www\\lib\\tcpdf\\6.10.0\\tcpdf.php on line 12121\r',0,NULL,'',''),(43650,'2025-08-17 20:51:03','PHP Warning','',' PHP Warning:  Undefined array key 1 in C:\\wamp64\\www\\lib\\tcpdf\\6.10.0\\tcpdf.php on line 12121\r',0,NULL,'',''),(43651,'2025-08-17 20:51:03','PHP Warning','',' PHP Warning:  Undefined array key 0 in C:\\wamp64\\www\\lib\\tcpdf\\6.10.0\\tcpdf.php on line 12121\r',0,NULL,'',''),(43652,'2025-08-17 20:51:03','PHP Warning','',' PHP Warning:  Undefined array key 1 in C:\\wamp64\\www\\lib\\tcpdf\\6.10.0\\tcpdf.php on line 12121\r',0,NULL,'',''),(43653,'2025-08-17 20:51:03','PHP Warning','',' PHP Warning:  Undefined array key 0 in C:\\wamp64\\www\\lib\\tcpdf\\6.10.0\\tcpdf.php on line 12121\r',0,NULL,'',''),(43654,'2025-08-17 20:51:03','PHP Warning','',' PHP Warning:  Undefined array key 1 in C:\\wamp64\\www\\lib\\tcpdf\\6.10.0\\tcpdf.php on line 12121\r',0,NULL,'',''),(43655,'2025-08-17 20:51:03','PHP Warning','',' PHP Warning:  Undefined array key 0 in C:\\wamp64\\www\\lib\\tcpdf\\6.10.0\\tcpdf.php on line 12121\r',0,NULL,'',''),(43656,'2025-08-17 20:51:03','PHP Warning','',' PHP Warning:  Undefined array key 1 in C:\\wamp64\\www\\lib\\tcpdf\\6.10.0\\tcpdf.php on line 12121\r',0,NULL,'',''),(43657,'2025-08-17 20:51:03','PHP Warning','',' PHP Warning:  Undefined array key 0 in C:\\wamp64\\www\\lib\\tcpdf\\6.10.0\\tcpdf.php on line 12121\r',0,NULL,'',''),(43658,'2025-08-17 20:51:03','PHP Warning','',' PHP Warning:  Undefined array key 1 in C:\\wamp64\\www\\lib\\tcpdf\\6.10.0\\tcpdf.php on line 12121\r',0,NULL,'',''),(43659,'2025-08-17 20:51:03','PHP Warning','',' PHP Warning:  Undefined array key 0 in C:\\wamp64\\www\\lib\\tcpdf\\6.10.0\\tcpdf.php on line 12121\r',0,NULL,'',''),(43660,'2025-08-17 20:51:03','PHP Warning','',' PHP Warning:  Undefined array key 1 in C:\\wamp64\\www\\lib\\tcpdf\\6.10.0\\tcpdf.php on line 12121\r',0,NULL,'',''),(43661,'2025-08-17 20:51:03','PHP Warning','',' PHP Warning:  Undefined array key 0 in C:\\wamp64\\www\\lib\\tcpdf\\6.10.0\\tcpdf.php on line 12121\r',0,NULL,'',''),(43662,'2025-08-17 20:51:03','PHP Warning','',' PHP Warning:  Undefined array key 1 in C:\\wamp64\\www\\lib\\tcpdf\\6.10.0\\tcpdf.php on line 12121\r',0,NULL,'',''),(43663,'2025-08-17 20:51:03','PHP Warning','',' PHP Warning:  Undefined array key 0 in C:\\wamp64\\www\\lib\\tcpdf\\6.10.0\\tcpdf.php on line 12121\r',0,NULL,'',''),(43664,'2025-08-17 20:51:03','PHP Warning','',' PHP Warning:  Undefined array key 1 in C:\\wamp64\\www\\lib\\tcpdf\\6.10.0\\tcpdf.php on line 12121\r',0,NULL,'',''),(43665,'2025-08-17 20:51:03','PHP Warning','',' PHP Warning:  Undefined array key 0 in C:\\wamp64\\www\\lib\\tcpdf\\6.10.0\\tcpdf.php on line 12121\r',0,NULL,'',''),(43666,'2025-08-17 20:51:03','PHP Warning','',' PHP Warning:  Undefined array key 1 in C:\\wamp64\\www\\lib\\tcpdf\\6.10.0\\tcpdf.php on line 12121\r',0,NULL,'',''),(43667,'2025-08-17 20:51:03','PHP Warning','',' PHP Warning:  Undefined array key 0 in C:\\wamp64\\www\\lib\\tcpdf\\6.10.0\\tcpdf.php on line 12121\r',0,NULL,'',''),(43668,'2025-08-17 20:51:03','PHP Warning','',' PHP Warning:  Undefined array key 1 in C:\\wamp64\\www\\lib\\tcpdf\\6.10.0\\tcpdf.php on line 12121\r',0,NULL,'',''),(43669,'2025-08-17 20:51:03','PHP Warning','',' PHP Warning:  Undefined array key 0 in C:\\wamp64\\www\\lib\\tcpdf\\6.10.0\\tcpdf.php on line 12121\r',0,NULL,'',''),(43670,'2025-08-17 20:51:03','PHP Warning','',' PHP Warning:  Undefined array key 1 in C:\\wamp64\\www\\lib\\tcpdf\\6.10.0\\tcpdf.php on line 12121\r',0,NULL,'',''),(43671,'2025-08-17 20:51:03','PHP Warning','',' PHP Warning:  Undefined array key 0 in C:\\wamp64\\www\\lib\\tcpdf\\6.10.0\\tcpdf.php on line 12121\r',0,NULL,'',''),(43672,'2025-08-17 20:51:03','PHP Warning','',' PHP Warning:  Undefined array key 1 in C:\\wamp64\\www\\lib\\tcpdf\\6.10.0\\tcpdf.php on line 12121\r',0,NULL,'',''),(43673,'2025-08-17 20:51:03','PHP Warning','',' PHP Warning:  Undefined array key 0 in C:\\wamp64\\www\\lib\\tcpdf\\6.10.0\\tcpdf.php on line 12121\r',0,NULL,'',''),(43674,'2025-08-17 20:51:03','PHP Warning','',' PHP Warning:  Undefined array key 1 in C:\\wamp64\\www\\lib\\tcpdf\\6.10.0\\tcpdf.php on line 12121\r',0,NULL,'',''),(43675,'2025-08-17 20:51:03','PHP Warning','',' PHP Warning:  Undefined array key 0 in C:\\wamp64\\www\\lib\\tcpdf\\6.10.0\\tcpdf.php on line 12121\r',0,NULL,'',''),(43676,'2025-08-17 20:51:03','PHP Warning','',' PHP Warning:  Undefined array key 1 in C:\\wamp64\\www\\lib\\tcpdf\\6.10.0\\tcpdf.php on line 12121\r',0,NULL,'',''),(43677,'2025-08-17 20:51:03','PHP Warning','',' PHP Warning:  Undefined variable $height_carte in C:\\wamp64\\www\\previlux\\base\\jw\\etats\\territoires\\rendu\\pdf_territoire.php on line 1613\r',0,NULL,'',''),(43678,'2025-08-17 20:51:03','PHP Warning','',' PHP Warning:  Cannot modify header information - headers already sent by (output started at C:\\wamp64\\www\\lib\\tcpdf\\6.10.0\\tcpdf.php:12121) in C:\\wamp64\\www\\lib\\tcpdf\\6.10.0\\tcpdf.php on line 7764\r',0,NULL,'',''),(43679,'2025-08-17 20:51:18','PHP Warning','',' PHP Warning:  Undefined variable $height_carte in C:\\wamp64\\www\\previlux\\base\\jw\\etats\\territoires\\rendu\\pdf_territoire.php on line 1613\r',0,NULL,'',''),(43680,'2025-08-17 20:52:06','PHP Warning','',' PHP Warning:  Undefined variable $height_carte in C:\\wamp64\\www\\previlux\\base\\jw\\etats\\territoires\\rendu\\pdf_territoire.php on line 1617\r',0,NULL,'',''),(43681,'2025-08-17 20:52:25','PHP Warning','',' PHP Warning:  Undefined variable $height_carte in C:\\wamp64\\www\\previlux\\base\\jw\\etats\\territoires\\rendu\\pdf_territoire.php on line 1617\r',0,NULL,'',''),(43682,'2025-08-17 20:53:05','PHP Warning','',' PHP Warning:  Undefined array key 0 in C:\\wamp64\\www\\lib\\tcpdf\\6.10.0\\tcpdf.php on line 12121\r',0,NULL,'',''),(43683,'2025-08-17 20:53:05','PHP Warning','',' PHP Warning:  Undefined array key 1 in C:\\wamp64\\www\\lib\\tcpdf\\6.10.0\\tcpdf.php on line 12121\r',0,NULL,'',''),(43684,'2025-08-17 20:53:05','PHP Warning','',' PHP Warning:  Undefined array key 0 in C:\\wamp64\\www\\lib\\tcpdf\\6.10.0\\tcpdf.php on line 12121\r',0,NULL,'',''),(43685,'2025-08-17 20:53:05','PHP Warning','',' PHP Warning:  Undefined array key 1 in C:\\wamp64\\www\\lib\\tcpdf\\6.10.0\\tcpdf.php on line 12121\r',0,NULL,'',''),(43686,'2025-08-17 20:53:05','PHP Warning','',' PHP Warning:  Undefined array key 0 in C:\\wamp64\\www\\lib\\tcpdf\\6.10.0\\tcpdf.php on line 12121\r',0,NULL,'',''),(43687,'2025-08-17 20:53:05','PHP Warning','',' PHP Warning:  Undefined array key 1 in C:\\wamp64\\www\\lib\\tcpdf\\6.10.0\\tcpdf.php on line 12121\r',0,NULL,'',''),(43688,'2025-08-17 20:53:05','PHP Warning','',' PHP Warning:  Undefined array key 0 in C:\\wamp64\\www\\lib\\tcpdf\\6.10.0\\tcpdf.php on line 12121\r',0,NULL,'',''),(43689,'2025-08-17 20:53:05','PHP Warning','',' PHP Warning:  Undefined array key 1 in C:\\wamp64\\www\\lib\\tcpdf\\6.10.0\\tcpdf.php on line 12121\r',0,NULL,'',''),(43690,'2025-08-17 20:53:05','PHP Warning','',' PHP Warning:  Undefined array key 0 in C:\\wamp64\\www\\lib\\tcpdf\\6.10.0\\tcpdf.php on line 12121\r',0,NULL,'',''),(43691,'2025-08-17 20:53:05','PHP Warning','',' PHP Warning:  Undefined array key 1 in C:\\wamp64\\www\\lib\\tcpdf\\6.10.0\\tcpdf.php on line 12121\r',0,NULL,'',''),(43692,'2025-08-17 20:53:05','PHP Warning','',' PHP Warning:  Undefined array key 0 in C:\\wamp64\\www\\lib\\tcpdf\\6.10.0\\tcpdf.php on line 12121\r',0,NULL,'',''),(43693,'2025-08-17 20:53:05','PHP Warning','',' PHP Warning:  Undefined array key 1 in C:\\wamp64\\www\\lib\\tcpdf\\6.10.0\\tcpdf.php on line 12121\r',0,NULL,'',''),(43694,'2025-08-17 20:53:05','PHP Warning','',' PHP Warning:  Undefined array key 0 in C:\\wamp64\\www\\lib\\tcpdf\\6.10.0\\tcpdf.php on line 12121\r',0,NULL,'',''),(43695,'2025-08-17 20:53:05','PHP Warning','',' PHP Warning:  Undefined array key 1 in C:\\wamp64\\www\\lib\\tcpdf\\6.10.0\\tcpdf.php on line 12121\r',0,NULL,'',''),(43696,'2025-08-17 20:53:05','PHP Warning','',' PHP Warning:  Undefined array key 0 in C:\\wamp64\\www\\lib\\tcpdf\\6.10.0\\tcpdf.php on line 12121\r',0,NULL,'',''),(43697,'2025-08-17 20:53:05','PHP Warning','',' PHP Warning:  Undefined array key 1 in C:\\wamp64\\www\\lib\\tcpdf\\6.10.0\\tcpdf.php on line 12121\r',0,NULL,'',''),(43698,'2025-08-17 20:53:05','PHP Warning','',' PHP Warning:  Undefined array key 0 in C:\\wamp64\\www\\lib\\tcpdf\\6.10.0\\tcpdf.php on line 12121\r',0,NULL,'',''),(43699,'2025-08-17 20:53:05','PHP Warning','',' PHP Warning:  Undefined array key 1 in C:\\wamp64\\www\\lib\\tcpdf\\6.10.0\\tcpdf.php on line 12121\r',0,NULL,'',''),(43700,'2025-08-17 20:53:05','PHP Warning','',' PHP Warning:  Undefined array key 0 in C:\\wamp64\\www\\lib\\tcpdf\\6.10.0\\tcpdf.php on line 12121\r',0,NULL,'',''),(43701,'2025-08-17 20:53:05','PHP Warning','',' PHP Warning:  Undefined array key 1 in C:\\wamp64\\www\\lib\\tcpdf\\6.10.0\\tcpdf.php on line 12121\r',0,NULL,'',''),(43702,'2025-08-17 20:53:05','PHP Warning','',' PHP Warning:  Undefined array key 0 in C:\\wamp64\\www\\lib\\tcpdf\\6.10.0\\tcpdf.php on line 12121\r',0,NULL,'',''),(43703,'2025-08-17 20:53:05','PHP Warning','',' PHP Warning:  Undefined array key 1 in C:\\wamp64\\www\\lib\\tcpdf\\6.10.0\\tcpdf.php on line 12121\r',0,NULL,'',''),(43704,'2025-08-17 20:53:05','PHP Warning','',' PHP Warning:  Undefined array key 0 in C:\\wamp64\\www\\lib\\tcpdf\\6.10.0\\tcpdf.php on line 12121\r',0,NULL,'',''),(43705,'2025-08-17 20:53:05','PHP Warning','',' PHP Warning:  Undefined array key 1 in C:\\wamp64\\www\\lib\\tcpdf\\6.10.0\\tcpdf.php on line 12121\r',0,NULL,'',''),(43706,'2025-08-17 20:53:05','PHP Warning','',' PHP Warning:  Undefined array key 0 in C:\\wamp64\\www\\lib\\tcpdf\\6.10.0\\tcpdf.php on line 12121\r',0,NULL,'',''),(43707,'2025-08-17 20:53:05','PHP Warning','',' PHP Warning:  Undefined array key 1 in C:\\wamp64\\www\\lib\\tcpdf\\6.10.0\\tcpdf.php on line 12121\r',0,NULL,'',''),(43708,'2025-08-17 20:53:05','PHP Warning','',' PHP Warning:  Undefined array key 0 in C:\\wamp64\\www\\lib\\tcpdf\\6.10.0\\tcpdf.php on line 12121\r',0,NULL,'',''),(43709,'2025-08-17 20:53:05','PHP Warning','',' PHP Warning:  Undefined array key 1 in C:\\wamp64\\www\\lib\\tcpdf\\6.10.0\\tcpdf.php on line 12121\r',0,NULL,'',''),(43710,'2025-08-17 20:53:05','PHP Warning','',' PHP Warning:  Undefined array key 0 in C:\\wamp64\\www\\lib\\tcpdf\\6.10.0\\tcpdf.php on line 12121\r',0,NULL,'',''),(43711,'2025-08-17 20:53:05','PHP Warning','',' PHP Warning:  Undefined array key 1 in C:\\wamp64\\www\\lib\\tcpdf\\6.10.0\\tcpdf.php on line 12121\r',0,NULL,'',''),(43712,'2025-08-17 20:53:05','PHP Warning','',' PHP Warning:  Undefined array key 0 in C:\\wamp64\\www\\lib\\tcpdf\\6.10.0\\tcpdf.php on line 12121\r',0,NULL,'',''),(43713,'2025-08-17 20:53:05','PHP Warning','',' PHP Warning:  Undefined array key 1 in C:\\wamp64\\www\\lib\\tcpdf\\6.10.0\\tcpdf.php on line 12121\r',0,NULL,'',''),(43714,'2025-08-17 20:53:05','PHP Warning','',' PHP Warning:  Undefined array key 0 in C:\\wamp64\\www\\lib\\tcpdf\\6.10.0\\tcpdf.php on line 12121\r',0,NULL,'',''),(43715,'2025-08-17 20:53:05','PHP Warning','',' PHP Warning:  Undefined array key 1 in C:\\wamp64\\www\\lib\\tcpdf\\6.10.0\\tcpdf.php on line 12121\r',0,NULL,'',''),(43716,'2025-08-17 20:53:05','PHP Warning','',' PHP Warning:  Undefined array key 0 in C:\\wamp64\\www\\lib\\tcpdf\\6.10.0\\tcpdf.php on line 12121\r',0,NULL,'',''),(43717,'2025-08-17 20:53:05','PHP Warning','',' PHP Warning:  Undefined array key 1 in C:\\wamp64\\www\\lib\\tcpdf\\6.10.0\\tcpdf.php on line 12121\r',0,NULL,'',''),(43718,'2025-08-17 20:53:05','PHP Warning','',' PHP Warning:  Undefined array key 0 in C:\\wamp64\\www\\lib\\tcpdf\\6.10.0\\tcpdf.php on line 12121\r',0,NULL,'',''),(43719,'2025-08-17 20:53:05','PHP Warning','',' PHP Warning:  Undefined array key 1 in C:\\wamp64\\www\\lib\\tcpdf\\6.10.0\\tcpdf.php on line 12121\r',0,NULL,'',''),(43720,'2025-08-17 20:53:05','PHP Warning','',' PHP Warning:  Undefined array key 0 in C:\\wamp64\\www\\lib\\tcpdf\\6.10.0\\tcpdf.php on line 12121\r',0,NULL,'',''),(43721,'2025-08-17 20:53:05','PHP Warning','',' PHP Warning:  Undefined array key 1 in C:\\wamp64\\www\\lib\\tcpdf\\6.10.0\\tcpdf.php on line 12121\r',0,NULL,'',''),(43722,'2025-08-17 20:53:05','PHP Warning','',' PHP Warning:  Undefined array key 0 in C:\\wamp64\\www\\lib\\tcpdf\\6.10.0\\tcpdf.php on line 12121\r',0,NULL,'',''),(43723,'2025-08-17 20:53:05','PHP Warning','',' PHP Warning:  Undefined array key 1 in C:\\wamp64\\www\\lib\\tcpdf\\6.10.0\\tcpdf.php on line 12121\r',0,NULL,'',''),(43724,'2025-08-17 20:53:05','PHP Warning','',' PHP Warning:  Undefined array key 0 in C:\\wamp64\\www\\lib\\tcpdf\\6.10.0\\tcpdf.php on line 12121\r',0,NULL,'',''),(43725,'2025-08-17 20:53:05','PHP Warning','',' PHP Warning:  Undefined array key 1 in C:\\wamp64\\www\\lib\\tcpdf\\6.10.0\\tcpdf.php on line 12121\r',0,NULL,'',''),(43726,'2025-08-17 20:53:05','PHP Warning','',' PHP Warning:  Undefined array key 0 in C:\\wamp64\\www\\lib\\tcpdf\\6.10.0\\tcpdf.php on line 12121\r',0,NULL,'',''),(43727,'2025-08-17 20:53:05','PHP Warning','',' PHP Warning:  Undefined array key 1 in C:\\wamp64\\www\\lib\\tcpdf\\6.10.0\\tcpdf.php on line 12121\r',0,NULL,'',''),(43728,'2025-08-17 20:53:05','PHP Warning','',' PHP Warning:  Undefined array key 0 in C:\\wamp64\\www\\lib\\tcpdf\\6.10.0\\tcpdf.php on line 12121\r',0,NULL,'',''),(43729,'2025-08-17 20:53:05','PHP Warning','',' PHP Warning:  Undefined array key 1 in C:\\wamp64\\www\\lib\\tcpdf\\6.10.0\\tcpdf.php on line 12121\r',0,NULL,'',''),(43730,'2025-08-17 20:53:06','PHP Warning','',' PHP Warning:  Undefined variable $height_carte in C:\\wamp64\\www\\previlux\\base\\jw\\etats\\territoires\\rendu\\pdf_territoire.php on line 1617\r',0,NULL,'',''),(43731,'2025-08-17 20:53:06','PHP Warning','',' PHP Warning:  Cannot modify header information - headers already sent by (output started at C:\\wamp64\\www\\lib\\tcpdf\\6.10.0\\tcpdf.php:12121) in C:\\wamp64\\www\\lib\\tcpdf\\6.10.0\\tcpdf.php on line 7764\r',0,NULL,'',''),(43732,'2025-08-17 20:53:27','PHP Warning','',' PHP Warning:  Undefined variable $height_carte in C:\\wamp64\\www\\previlux\\base\\jw\\etats\\territoires\\rendu\\pdf_territoire.php on line 1620\r',0,NULL,'',''),(43733,'2025-08-17 20:53:33','PHP Warning','',' PHP Warning:  Undefined variable $height_carte in C:\\wamp64\\www\\previlux\\base\\jw\\etats\\territoires\\rendu\\pdf_territoire.php on line 1620\r',0,NULL,'',''),(43734,'2025-08-17 20:53:37','PHP Warning','',' PHP Warning:  Undefined variable $height_carte in C:\\wamp64\\www\\previlux\\base\\jw\\etats\\territoires\\rendu\\pdf_territoire.php on line 1620\r',0,NULL,'',''),(43735,'2025-08-17 20:58:31','PHP Warning','',' PHP Warning:  Undefined variable $height_carte in C:\\wamp64\\www\\previlux\\base\\jw\\etats\\territoires\\rendu\\pdf_territoire.php on line 1620\r',0,NULL,'',''),(43736,'2025-08-17 20:58:35','PHP Warning','',' PHP Warning:  Undefined variable $height_carte in C:\\wamp64\\www\\previlux\\base\\jw\\etats\\territoires\\rendu\\pdf_territoire.php on line 1620\r',0,NULL,'',''),(43737,'2025-08-21 07:29:32','PHP Fatal error','',' PHP Fatal error:  Failed opening required \'C:/wamp64/www/geobureau/base/config/link_service.php\' (include_path=\'.;C:\\php\\pear\') in Unknown on line 0\r',0,NULL,'',''),(43738,'2025-08-21 07:47:28','PHP Warning','',' PHP Warning:  Undefined variable $title in C:\\wamp64\\www\\geobureau\\base\\config\\header.inc.php on line 181\r',0,NULL,'',''),(43739,'2025-08-21 07:47:33','PHP Warning','',' PHP Warning:  Undefined variable $title in C:\\wamp64\\www\\geobureau\\base\\config\\header.inc.php on line 181\r',0,NULL,'',''),(43740,'2025-08-21 07:47:41','PHP Warning','',' PHP Warning:  Undefined variable $title in C:\\wamp64\\www\\geobureau\\base\\config\\header.inc.php on line 181\r',0,NULL,'',''),(43741,'2025-08-21 07:47:42','PHP Warning','',' PHP Warning:  Undefined variable $title in C:\\wamp64\\www\\geobureau\\base\\config\\header.inc.php on line 181\r',0,NULL,'',''),(43742,'2025-08-21 07:47:57','PHP Warning','',' PHP Warning:  Undefined variable $title in C:\\wamp64\\www\\geobureau\\base\\config\\header.inc.php on line 181\r',0,NULL,'',''),(43743,'2025-08-21 16:05:31','MySQL Error','DELETE FROM tco_quartiers WHERE 1=1 AND id_quartier = \'4\'','Cannot delete or update a parent row: a foreign key constraint fails (`pneumogeobureau`.`tco_quartiers_points`, CONSTRAINT `tco_quartiers_points_ibfk_1` FOREIGN KEY (`id_quartier`) REFERENCES `tco_quartiers` (`id_quartier`) ON DELETE RESTRICT ON UPDATE CA',1451,0,'154.67.89.228','/geobureau/base/config/crud/delete.php?&id_quartier=4&nb_primary_key=1&table_name=tco_quartiers');

--
-- Table structure for table `log_sql_numrows`
--

CREATE TABLE `log_sql_numrows` (
  `id_log_sql_numrow` int NOT NULL AUTO_INCREMENT,
  `datetime` datetime NOT NULL,
  `line` int NOT NULL,
  `field` varchar(255) CHARACTER SET utf8mb4 COLLATE utf8mb4_general_ci NOT NULL,
  `id_personnel` int DEFAULT NULL,
  `adresse_ip_client` varchar(15) CHARACTER SET utf8mb4 COLLATE utf8mb4_general_ci NOT NULL,
  `file` varchar(255) CHARACTER SET utf8mb4 COLLATE utf8mb4_general_ci NOT NULL,
  PRIMARY KEY (`id_log_sql_numrow`)
) ENGINE=InnoDB AUTO_INCREMENT=295 DEFAULT CHARSET=utf8mb4 COLLATE=utf8mb4_general_ci;

--
-- Dumping data for table `log_sql_numrows`
--


--
-- Table structure for table `log_user_agent`
--

CREATE TABLE `log_user_agent` (
  `platform` varchar(50) CHARACTER SET utf8mb4 COLLATE utf8mb4_general_ci NOT NULL,
  `browser` varchar(50) CHARACTER SET utf8mb4 COLLATE utf8mb4_general_ci NOT NULL,
  `majorver` varchar(50) CHARACTER SET utf8mb4 COLLATE utf8mb4_general_ci NOT NULL,
  `nb` int NOT NULL,
  PRIMARY KEY (`platform`,`browser`,`majorver`)
) ENGINE=InnoDB DEFAULT CHARSET=utf8mb4 COLLATE=utf8mb4_general_ci;

--
-- Dumping data for table `log_user_agent`
--


--
-- Table structure for table `params`
--

CREATE TABLE `params` (
  `id_param` varchar(40) CHARACTER SET utf8mb4 COLLATE utf8mb4_general_ci NOT NULL DEFAULT '',
  `texte` mediumtext CHARACTER SET utf8mb4 COLLATE utf8mb4_general_ci NOT NULL,
  `commentaire` varchar(255) CHARACTER SET utf8mb4 COLLATE utf8mb4_general_ci NOT NULL DEFAULT '',
  PRIMARY KEY (`id_param`)
) ENGINE=InnoDB DEFAULT CHARSET=utf8mb4 COLLATE=utf8mb4_general_ci;

--
-- Dumping data for table `params`
--

INSERT INTO `params` VALUES ('adresse_tco','Le Port',''),('SMS_from','PLRREUCOM','');

--
-- Table structure for table `paris_metro`
--

CREATE TABLE `paris_metro` (
  `numero` int NOT NULL,
  `text_color` char(7) CHARACTER SET utf8mb4 COLLATE utf8mb4_general_ci NOT NULL,
  `background_color` char(7) CHARACTER SET utf8mb4 COLLATE utf8mb4_general_ci NOT NULL,
  PRIMARY KEY (`numero`)
) ENGINE=InnoDB DEFAULT CHARSET=utf8mb4 COLLATE=utf8mb4_general_ci;

--
-- Dumping data for table `paris_metro`
--

INSERT INTO `paris_metro` VALUES (1,'#000000','#F2C931'),(2,'#FFFFFF','#216EB4'),(3,'#FFFFFF','#9A9940'),(4,'#FFFFFF','#BB4D98'),(5,'#000000','#FF8B53'),(6,'#000000','#79BB92'),(7,'#000000','#DF9AB1'),(8,'#000000','#C5A3CA'),(9,'#000000','#CDC83F'),(10,'#000000','#DFB039'),(11,'#FFFFFF','#8E6538'),(12,'#FFFFFF','#328E5B'),(13,'#000000','#89C7D6'),(14,'#FFFFFF','#67328E'),(15,'#FFFFFF','#A90F32'),(16,'#FFFFFF','#EC7CAE'),(17,'#FFFFFF','#95BF32');

--
-- Table structure for table `paris_rer`
--

CREATE TABLE `paris_rer` (
  `numero` char(1) CHARACTER SET utf8mb4 COLLATE utf8mb4_general_ci NOT NULL,
  `text_color` char(7) CHARACTER SET utf8mb4 COLLATE utf8mb4_general_ci NOT NULL,
  PRIMARY KEY (`numero`)
) ENGINE=InnoDB DEFAULT CHARSET=utf8mb4 COLLATE=utf8mb4_general_ci;

--
-- Dumping data for table `paris_rer`
--

INSERT INTO `paris_rer` VALUES ('A','#D1302F'),('B','#427DBD'),('C','#FCD946'),('D','#5E9620'),('E','#BD76A1');

--
-- Table structure for table `personnel_services`
--

CREATE TABLE `personnel_services` (
  `id_personnel` int NOT NULL,
  `id_service` int NOT NULL,
  PRIMARY KEY (`id_personnel`,`id_service`),
  KEY `id_service` (`id_service`),
  CONSTRAINT `personnel_services_ibfk_2` FOREIGN KEY (`id_personnel`) REFERENCES `personnel` (`id_personnel`) ON UPDATE CASCADE,
  CONSTRAINT `personnel_services_ibfk_3` FOREIGN KEY (`id_service`) REFERENCES `services` (`id_service`) ON UPDATE CASCADE
) ENGINE=InnoDB DEFAULT CHARSET=utf8mb4 COLLATE=utf8mb4_general_ci;

--
-- Dumping data for table `personnel_services`
--

INSERT INTO `personnel_services` VALUES (1,2),(2,2),(1,3),(2,3),(1,4),(2,4);

--
-- Table structure for table `services`
--

CREATE TABLE `services` (
  `id_service` int NOT NULL AUTO_INCREMENT,
  `service` varchar(40) CHARACTER SET utf8mb4 COLLATE utf8mb4_general_ci NOT NULL,
  `icon` varchar(100) CHARACTER SET utf8mb4 COLLATE utf8mb4_general_ci NOT NULL,
  `icon_color` char(6) CHARACTER SET utf8mb4 COLLATE utf8mb4_general_ci NOT NULL,
  PRIMARY KEY (`id_service`),
  KEY `service` (`service`)
) ENGINE=InnoDB AUTO_INCREMENT=12 DEFAULT CHARSET=utf8mb4 COLLATE=utf8mb4_general_ci;

--
-- Dumping data for table `services`
--

INSERT INTO `services` VALUES (1,'home','bi-house','50CBEF'),(2,'Sympathisants','bi bi-file-earmark-person','0000FF'),(3,'Documentation','bi bi-journal','FF6A00'),(4,'admin','bi-gear-fill','CFCFCF');

--
-- Table structure for table `services_menus`
--

CREATE TABLE `services_menus` (
  `id_menu` int NOT NULL AUTO_INCREMENT,
  `id_service` int NOT NULL,
  `menu` varchar(255) CHARACTER SET utf8mb4 COLLATE utf8mb4_general_ci NOT NULL,
  `url` varchar(255) CHARACTER SET utf8mb4 COLLATE utf8mb4_general_ci NOT NULL,
  PRIMARY KEY (`id_menu`),
  KEY `id_service` (`id_service`),
  CONSTRAINT `services_menus_ibfk_1` FOREIGN KEY (`id_service`) REFERENCES `services` (`id_service`) ON UPDATE CASCADE
) ENGINE=InnoDB AUTO_INCREMENT=49 DEFAULT CHARSET=utf8mb4 COLLATE=utf8mb4_general_ci;

--
-- Dumping data for table `services_menus`
--

INSERT INTO `services_menus` VALUES (1,2,'Sympathisants',''),(2,2,'Bureaux de vote',''),(7,3,'Documentation',''),(8,4,'Monitoring','/geobureau/base/admin/monitoring/info_systeme/index.php'),(9,4,'Bibliothèques','/geobureau/base/admin/libraries/index.php'),(10,4,'Paramètres / Email',''),(11,4,'Services / Menus','/geobureau/base/admin/menus/index.php'),(12,4,'<i class=\"bi bi-server fa-lg\"></i>','/geobureau/base/admin/base_de_donnee/index.php'),(13,4,'Sauvegarde','/geobureau/base/admin/file_cabinet/index.php?id_usage=backup');

--
-- Table structure for table `services_ss_menus`
--

CREATE TABLE `services_ss_menus` (
  `id_ss_menu` int NOT NULL AUTO_INCREMENT,
  `id_menu` int NOT NULL,
  `ss_menu` varchar(255) CHARACTER SET utf8mb4 COLLATE utf8mb4_general_ci NOT NULL,
  `categorie` varchar(255) CHARACTER SET utf8mb4 COLLATE utf8mb4_general_ci NOT NULL,
  `url` varchar(255) CHARACTER SET utf8mb4 COLLATE utf8mb4_general_ci NOT NULL,
  `query_string` varchar(255) CHARACTER SET utf8mb4 COLLATE utf8mb4_general_ci NOT NULL,
  `icon` varchar(255) CHARACTER SET utf8mb4 COLLATE utf8mb4_general_ci NOT NULL,
  PRIMARY KEY (`id_ss_menu`),
  KEY `id_menu` (`id_menu`),
  CONSTRAINT `services_ss_menus_ibfk_1` FOREIGN KEY (`id_menu`) REFERENCES `services_menus` (`id_menu`) ON UPDATE CASCADE
) ENGINE=InnoDB AUTO_INCREMENT=125 DEFAULT CHARSET=utf8mb4 COLLATE=utf8mb4_general_ci;

--
-- Dumping data for table `services_ss_menus`
--

INSERT INTO `services_ss_menus` VALUES (94,1,'Sympathisants','','/geobureau/base/personnel/index.php','',''),(96,1,'Récup GPS','','/geobureau/base/sympathisants/get_all_geodesic.php','',''),(97,1,'Villes','','/geobureau/base/config/crud/index.php','title=Villes&table_name=tco_villes',''),(98,1,'Bassins de vie','','/geobureau/base/config/crud/index.php','title=Quartiers&table_name=tco_quartiers',''),(99,1,'Carte','','/geobureau/base/personnel/map/index.php','',''),(100,2,'Bureaux de vote','','/geobureau/base/bureaux_vote/index.php','',''),(101,2,'Personnel','','/geobureau/base/bureaux_vote/personnel_bureau/index.php','',''),(103,2,'Import GPS','','/geobureau/base/bureaux_vote/import_GPS.php','',''),(104,2,'Carte','','/geobureau/base/bureaux_vote/map/index.php','',''),(105,2,'Rôles','','/geobureau/base/config/crud/index.php','title=Roles&table_name=tco_bureau_vote_fonctions',''),(107,7,'Documentation','','/geobureau/base/documentation/index.php','',''),(108,7,'Mots clés','','/geobureau/base/documentation/mots_cles/index.php','',''),(110,8,'Infos et logs','','/geobureau/base/admin/monitoring/index.php','display_all_config_value=0',''),(111,8,'Log authentification','','/geobureau/base/admin/monitoring/authentification_log/index.php','',''),(115,10,'Parametres','','/geobureau/base/config/crud/index.php','table_name=params&title=Parametres',''),(116,10,'Mailer','','/geobureau/base/config/crud/index.php','table_name=mailer&title=Mailer','');

--
-- Table structure for table `sms_send`
--

CREATE TABLE `sms_send` (
  `id_sms_send` int NOT NULL AUTO_INCREMENT,
  `SmsIds` int unsigned NOT NULL,
  `datetime` datetime NOT NULL,
  `id_tco_personnel` int unsigned NOT NULL,
  `telephone_mobile` varchar(50) CHARACTER SET utf8mb4 COLLATE utf8mb4_general_ci NOT NULL,
  `message` text CHARACTER SET utf8mb4 COLLATE utf8mb4_general_ci NOT NULL,
  `ovh_message` varchar(255) CHARACTER SET utf8mb4 COLLATE utf8mb4_general_ci NOT NULL,
  `ovh_status` int NOT NULL,
  PRIMARY KEY (`id_sms_send`),
  KEY `id_tco_personnel` (`id_tco_personnel`),
  CONSTRAINT `sms_send_ibfk_1` FOREIGN KEY (`id_tco_personnel`) REFERENCES `tco_personnel` (`id_tco_personnel`) ON DELETE RESTRICT ON UPDATE CASCADE
) ENGINE=InnoDB DEFAULT CHARSET=utf8mb4 COLLATE=utf8mb4_general_ci;

--
-- Dumping data for table `sms_send`
--


--
-- Table structure for table `sql_error_codes`
--

CREATE TABLE `sql_error_codes` (
  `errno` int NOT NULL,
  `error_message` varchar(255) CHARACTER SET utf8mb4 COLLATE utf8mb4_general_ci DEFAULT NULL,
  PRIMARY KEY (`errno`)
) ENGINE=InnoDB DEFAULT CHARSET=utf8mb4 COLLATE=utf8mb4_general_ci;

--
-- Dumping data for table `sql_error_codes`
--

INSERT INTO `sql_error_codes` VALUES (3,'Error writing file'),(1000,'Hashchk error'),(1001,'isamchk error'),(1002,'NO'),(1003,'YES'),(1004,'Can\'t create file'),(1005,'Can\'t create table'),(1006,'Can\'t create database'),(1007,'Can\'t create database; database exists'),(1008,'Can\'t drop database'),(1009,'Unknown error'),(1010,'Error dropping database (can\'t delete)'),(1011,'Error dropping database (can\'t rmdir)'),(1012,'Can\'t read record in system table'),(1013,'Can\'t get status of'),(1014,'Can\'t get working directory'),(1015,'Can\'t lock file'),(1016,'Can\'t open file'),(1017,'Can\'t find file'),(1018,'Can\'t read dir'),(1019,'Can\'t change dir'),(1020,'Record has changed since last read in table'),(1021,'Disk full'),(1022,'Can\'t write; duplicate key in table'),(1023,'Error on close of'),(1024,'Error reading file'),(1025,'Error on rename of'),(1026,'Error writing file'),(1027,'File is locked against change'),(1028,'Sort aborted'),(1029,'View doesn\'t exist'),(1030,'Got error'),(1031,'Unknown command'),(1032,'Can\'t get hostname'),(1033,'Error in handshake'),(1034,'Access denied for user to database'),(1035,'Access denied for user'),(1036,'No database selected'),(1037,'Unknown database'),(1038,'Table exists'),(1039,'Unknown table'),(1040,'Too many connections'),(1041,'Out of memory'),(1042,'Can\'t get hostname for your address'),(1043,'Unknown command'),(1044,'Access denied for user'),(1045,'Access denied for user'),(1046,'No database selected'),(1047,'Unknown database'),(1048,'Column cannot be null'),(1049,'Unknown database'),(1050,'Table already exists'),(1051,'Unknown table'),(1052,'Column in field list is ambiguous'),(1053,'Server shutdown'),(1054,'Unknown column'),(1055,'Expression # in field list is ambiguous'),(1056,'Can\'t group on fields'),(1057,'Column # in field list is ambiguous'),(1058,'Column count doesn\'t match value count'),(1059,'Identifier name is too long'),(1060,'Duplicate column name'),(1061,'Duplicate key name'),(1062,'Duplicate entry'),(1063,'Incorrect column specifier for column'),(1064,'Syntax error'),(1065,'Query was empty'),(1066,'Not unique table/alias'),(1067,'Invalid default value for'),(1068,'Multiple primary key defined'),(1069,'Too many keys specified'),(1070,'Too many key parts specified'),(1071,'Specified key was too long'),(1072,'Key column doesn\'t exist in table'),(1073,'BLOB column can\'t be used in key specification'),(1074,'Incorrect table definition; there can be only one auto column'),(1075,'Incorrect table definition; there can be only one auto column'),(1076,'Incorrect table definition; there can be only one auto column'),(1077,'Incorrect table definition; there can be only one auto column'),(1078,'Incorrect table definition; there can be only one auto column'),(1079,'Incorrect table definition; there can be only one auto column'),(1080,'Incorrect table definition; there can be only one auto column'),(1081,'Can\'t rename table'),(1082,'Duplicate entry'),(1083,'Field count doesn\'t match row count'),(1084,'Unknown thread id'),(1085,'Unknown file'),(1086,'Can\'t open shared memory; server failed to initialize IPC key'),(1087,'Can\'t create IP socket'),(1088,'File exists'),(1089,'You can\'t delete all columns with ALTER TABLE; use DROP TABLE instead'),(1090,'You can\'t delete all columns with ALTER TABLE; use DROP TABLE instead'),(1091,'Can\'t DROP '),(1092,'Can\'t DROP '),(1093,'You can\'t specify target table \''),(1094,'You can\'t specify target table \''),(1095,'You are not owner of thread'),(1096,'No tables used'),(1097,'Invalid use of NULL value'),(1098,'Can\'t group on MySQL extensions'),(1099,'Cross dependency found in OUTER JOIN; examine your ON conditions'),(1100,'Table already exists'),(1101,'Table has no primary key'),(1102,'Table is in use'),(1103,'Table is locked'),(1104,'Table was not locked with LOCK TABLES'),(1105,'Invalid connection string option'),(1114,'The table is full'),(1136,'Column count doesn\'t match value count at row'),(1146,'Table doesn\'t exist'),(1216,'Cannot add or update a child row'),(1217,'Cannot delete or update a parent row'),(1451,'Cannot delete or update a parent row'),(1452,'Cannot add or update a child row'),(1525,'Incorrect global transaction ID'),(1690,'Double precision value is out of range in'),(1772,'Data for column'),(3141,'Invalid connection string option'),(3780,'Referencing column \'column_name\' and referenced column \'column_name\' in foreign key constraint \'constraint_name\' are incompatible.');

--
-- Table structure for table `tco_bureau_vote`
--

CREATE TABLE `tco_bureau_vote` (
  `id_bureau_vote` int NOT NULL AUTO_INCREMENT,
  `id_bureau_vote_lieu` int NOT NULL,
  `nom_bureau` varchar(50) CHARACTER SET utf8mb4 COLLATE utf8mb4_general_ci NOT NULL,
  PRIMARY KEY (`id_bureau_vote`),
  KEY `tco_sous_bureau_vote_ibfk_1` (`id_bureau_vote_lieu`),
  CONSTRAINT `tco_bureau_vote_ibfk_1` FOREIGN KEY (`id_bureau_vote_lieu`) REFERENCES `tco_bureau_vote_lieux` (`id_bureau_vote_lieu`) ON DELETE CASCADE ON UPDATE CASCADE
) ENGINE=InnoDB AUTO_INCREMENT=1600 DEFAULT CHARSET=utf8mb4 COLLATE=utf8mb4_general_ci;

--
-- Dumping data for table `tco_bureau_vote`
--

INSERT INTO `tco_bureau_vote` VALUES (1,1,'Bureau 1'),(2,2,'Bureau 2'),(3,2,'Bureau 3'),(4,2,'Bureau 4'),(5,3,'Bureau 5'),(6,3,'Bureau 6'),(7,3,'Bureau 7'),(8,4,'Bureau 8'),(9,4,'Bureau 9'),(10,4,'Bureau 10'),(11,5,'Bureau 11'),(12,5,'Bureau 12'),(13,5,'Bureau 13'),(14,6,'Bureau 14'),(15,6,'Bureau 15'),(16,7,'Bureau 16'),(17,7,'Bureau 17'),(18,8,'Bureau 18'),(19,8,'Bureau 19'),(20,9,'Bureau 20'),(21,9,'Bureau 21'),(22,9,'Bureau 22'),(23,9,'Bureau 23'),(24,9,'Bureau 24'),(25,9,'Bureau 25'),(26,9,'Bureau 26'),(27,10,'Bureau 27'),(28,10,'Bureau 28'),(29,11,'Bureau 29'),(30,11,'Bureau 30'),(31,11,'Bureau 31'),(32,11,'Bureau 32'),(33,12,'Bureau 33'),(34,12,'Bureau 34'),(35,13,'Bureau 35'),(36,13,'Bureau 36'),(37,13,'Bureau 37'),(38,14,'Bureau 38'),(39,15,'Bureau 39'),(40,15,'Bureau 40'),(41,15,'Bureau 41'),(42,16,'Bureau 42'),(43,16,'Bureau 43'),(44,17,'Bureau 44'),(45,17,'Bureau 45'),(46,17,'Bureau 46'),(47,17,'Bureau 47'),(48,18,'Bureau 48'),(49,18,'Bureau 49'),(50,18,'Bureau 50'),(51,18,'Bureau 51'),(52,19,'Bureau 52'),(53,19,'Bureau 53'),(54,19,'Bureau 54'),(55,20,'Bureau 55'),(56,20,'Bureau 56'),(57,20,'Bureau 57'),(58,20,'Bureau 58'),(59,21,'Bureau 59'),(60,21,'Bureau 60'),(61,21,'Bureau 61'),(62,22,'Bureau 62'),(63,22,'Bureau 63'),(64,22,'Bureau 64'),(65,23,'Bureau 65'),(66,23,'Bureau 66'),(67,24,'Bureau 67'),(68,25,'Bureau 68'),(69,26,'Bureau 69'),(70,27,'Bureau 70'),(71,27,'Bureau 71'),(72,27,'Bureau 72'),(73,28,'Bureau 73'),(74,28,'Bureau 74'),(75,28,'Bureau 75'),(76,29,'Bureau 76'),(77,29,'Bureau 77'),(78,30,'Bureau 78'),(79,31,'Bureau 79'),(80,31,'Bureau 80'),(81,32,'Bureau 81'),(82,32,'Bureau 82'),(83,33,'Bureau 83'),(84,33,'Bureau 84'),(85,33,'Bureau 85'),(86,34,'Bureau 86'),(87,35,'Bureau 87'),(88,35,'Bureau 88'),(89,35,'Bureau 89'),(90,36,'Bureau 90'),(91,36,'Bureau 91'),(92,37,'Bureau 92'),(93,37,'Bureau 93'),(94,38,'Bureau 94'),(95,39,'Bureau 95'),(96,39,'Bureau 96'),(97,39,'Bureau 97'),(98,39,'Bureau 98'),(99,39,'Bureau 99'),(100,40,'Bureau 100'),(101,40,'Bureau 101'),(102,41,'Bureau 102'),(103,41,'Bureau 103'),(104,42,'Bureau 104'),(105,42,'Bureau 105'),(106,42,'Bureau 106'),(107,43,'Bureau 107'),(108,43,'Bureau 108'),(109,44,'Bureau 109'),(110,44,'Bureau 110'),(111,44,'Bureau 111'),(112,45,'Bureau 112'),(113,46,'Bureau 113'),(114,47,'Bureau 114'),(115,47,'Bureau 115'),(116,47,'Bureau 116'),(117,48,'Bureau 117'),(118,48,'Bureau 118'),(119,49,'Bureau 119'),(120,50,'Bureau 120'),(121,50,'Bureau 121');

--
-- Table structure for table `tco_bureau_vote_fonctions`
--

CREATE TABLE `tco_bureau_vote_fonctions` (
  `id_fonction` int NOT NULL AUTO_INCREMENT,
  `fonction` varchar(50) CHARACTER SET utf8mb4 COLLATE utf8mb4_general_ci NOT NULL,
  PRIMARY KEY (`id_fonction`),
  UNIQUE KEY `role` (`fonction`)
) ENGINE=InnoDB AUTO_INCREMENT=8 DEFAULT CHARSET=utf8mb4 COLLATE=utf8mb4_general_ci;

--
-- Dumping data for table `tco_bureau_vote_fonctions`
--

INSERT INTO `tco_bureau_vote_fonctions` VALUES (4,'Assesseur'),(5,'Assesseur suppléant'),(7,'Délégué suppléant'),(6,'Délégué titulaire'),(1,'Pdt'),(2,'Pdt remplaçant'),(3,'Secrétaire');

--
-- Table structure for table `tco_bureau_vote_lieux`
--

CREATE TABLE `tco_bureau_vote_lieux` (
  `id_bureau_vote_lieu` int NOT NULL AUTO_INCREMENT,
  `nom` varchar(255) CHARACTER SET utf8mb4 COLLATE utf8mb4_general_ci NOT NULL,
  `adresse` varchar(255) CHARACTER SET utf8mb4 COLLATE utf8mb4_general_ci NOT NULL,
  `code_postal` varchar(20) CHARACTER SET utf8mb4 COLLATE utf8mb4_general_ci NOT NULL,
  `ville` varchar(50) CHARACTER SET utf8mb4 COLLATE utf8mb4_general_ci NOT NULL,
  `latitude` decimal(9,6) NOT NULL,
  `longitude` decimal(9,6) NOT NULL,
  PRIMARY KEY (`id_bureau_vote_lieu`)
) ENGINE=InnoDB AUTO_INCREMENT=213 DEFAULT CHARSET=utf8mb4 COLLATE=utf8mb4_general_ci;

--
-- Dumping data for table `tco_bureau_vote_lieux`
--

INSERT INTO `tco_bureau_vote_lieux` VALUES (1,'HOTEL DE VILLE','2, place du Général de Gaulle','97460','SAINT PAUL',-21.009169,55.269755),(2,'ECOLE PRIMAIRE SARDA GARRIGA','9, rue Sarda Garriga','97460','SAINT PAUL',-21.010422,55.270260),(3,'ECOLE ELEMENTAIRE EUGENE DAYOT','11, rue Pothier','97460','SAINT PAUL',-21.004126,55.278504),(4,'ECOLE ELEMENTAIRE J.LUC DALY ERAYA (GRANDE FONTAINE)','175, Chemin du Tour des Roches','97460','SAINT PAUL',-21.010438,55.283517),(5,'ECOLE ELEMENTAIRE LOUISE SIARANE (L\'ETANG)','169, boulevard Front de Mer','97460','SAINT PAUL',-20.989812,55.282542),(6,'C.A.S.E. RUE JACQUOT',' 1 Rue Jacquot','97460','Saint-Paul',-20.983815,55.287286),(7,'ECOLE PRIMAIRE EMILE HUGOT (SAVANNA)','21, rue Courbe','97460','SAINT PAUL',-20.985512,55.294433),(8,'ECOLE ELEMENTAIRE CHOCAS - PLAINE','20 chemin Neuf Bois de Nèfles Saint-Paul','97411','Saint-Paul',-21.000584,55.324884),(9,'ECOLE ELEMENTAIRE COMBAVAS -LA PLAINE','50 rue des Flamboyants La Plaine','97411','Saint-Paul',-20.979930,55.327049),(10,'ECOLE PRIMAIRE JASMIN ROBERT (SANS SOUCI)','163 route de Sans Souci, Bois de Nèfles Saint-Paul','97411','Saint-Paul',-20.978645,55.344815),(11,'ECOLE PRIMAIRE BOIS-DE-NEFLES','32 rue de l\'Église','97411','Saint-Paul',-20.999714,55.327337),(12,'ECOLE PRIMAIRE L. H. HUBERT DELISLE (Hangar)','211 chemin Combavas, Bois de Nèfles','97411','Saint-Paul',-20.994191,55.326563),(13,'ECOLE PRIMAIRE RUISSEAU','6, Chemin Polpost','97411','BOIS DE NEFLES',-21.008801,55.322673),(14,'CASE DE BOUILLON','4 chemin Lérytrine Jardin Bouillon','97460','Saint-Paul',-21.011872,55.281172),(15,'ECOLE ELEMENTAIREBLANCHE PIERSON','5 rue Claude de Sigoyer, Plateau Caillou','97460','Saint-Paul',-21.024058,55.266078),(16,'ECOLE PRIMAIRE  JEAN MONNET (Z.A.C RENAISSANCE)','1 bis rue des Saphirs','97460','Saint-Paul',-21.023486,55.264620),(17,'ECOLE PRIMAIRE ADELE FERRAND (FLEURIMONT 1)','102 lotissement Les Combavas','97460','Saint-Paul',-21.029658,55.266922),(18,'ECOLE ELEMENTAIRE FLEURIMONT II','87, rue Cendragon','97460','SAINT PAUL',-21.035667,55.272999),(19,'ECOLE PRIMAIRE LOUISE PAYET(BOIS ROUGE)','6 rue Pion d\'Inde, Bois Rouge','97460','Saint-Paul',-21.024972,55.285490),(20,'ECOLE PRIMAIRE BELLEMENE','333, rue Montrouge','97460','SAINT PAUL',-21.014667,55.307752),(21,'ECOLE  ELEMENTAIRE GUILLAUME','62 rue Albert Lougnon','97460','Saint-Paul',-21.022559,55.297840),(22,'ECOLE MATERNELLE LES FOURMIS','145, Rue Louise et Jouan','97423','LE GUILLAUME',-21.040315,55.300845),(23,'ECOLE PRIMAIRE  BAC ROUGE','19 route du Maïdo, Le Guillaume','97423','Saint-Paul',-21.046168,55.333070),(24,'ECOLE PRIMAIRE  ILET DES ORANGERS','Ilet des Orangers, Mafate','97419 ','Saint-Paul',-20.966916,55.326258),(25,'ECOLE PRIMAIRE ROCHE PLATE','ROCHE PLATE','97411','Saint-Paul',-21.094810,55.265880),(26,'ECOLE PRIMAIRE DE MARLA','MARLA','97411','Saint-Paul',-21.103346,55.429222),(27,'ECOLE ELEMENTAIRELECONTE DELISLE','40 chemin des Écoles','97435','Saint-Paul',-21.051237,55.271018),(28,'ECOLE PRIMAIRE BERNICA','21, Route de Fatima','97435','SAINT-GILLES-LES-HAUTS',-21.046617,55.284620),(29,'ECOLE PRIMAIRE TAN ROUGE','212, Route de Tan Rouge','97435','SAINT-GILLES-LES-HAUTS',-21.061269,55.296898),(30,'ECOLE PRIMAIREBRAS CANOT','104 route de Bras Canot, Saint-Gilles-les-Hauts','97435','Saint-Paul',-21.050270,55.269241),(31,'ECOLE PRIMAIRE PAUL J. BENARD','139 route Hubert Delisle, quartier Tan Rouge','97435','Saint-Paul',-21.064675,55.307572),(32,'ECOLE PRIMAIRE EVENOR LUCAS (BOUCAN CANOT)','11, rue du Grand Hôtel','97434','ST GILLES LES BAINS',-21.052681,55.226293),(33,'ECOLE PRIMAIREGRAND FOND','151 chemin Summer','97434','Saint-Paul',-21.045226,55.227723),(34,'MAISON DE QUARTIER DE CARROSSE','5, rue des Espadons','97434','ST GILLES LES BAINS',-21.056559,55.231068),(35,'ECOLE ELEMENTAIRE CARROSSE','10, Chemin Carrosse','97434','ST GILLES LES BAINS',-21.054169,55.230938),(36,'ECOLE PRIMAIRE ROQUEFEUIL','46, Avenue de la Grande Ourse','97434','ST GILLES LES BAINS',-21.061128,55.228191),(37,'ECOLE ELEMENTAIRE ERMITAGELES BAINS','1 rue des Maldives','97434','Saint-Paul',-21.075131,55.226036),(38,'ECOLE MATERNELLE LES BOUGAINVILLIERS (ERMITAGE LES BAINS)','34 ruelle des Ajoncs, Ermitage Les Bains','97434 ','Saint-Paul',-21.082039,55.228074),(39,'ECOLE ELEMENTAIRE SALINE LES BAINS','24 route nationale Trou d\'Eau','97434','Saint-Paul',-21.095080,55.237343),(40,'ECOLE PRIMAIRE DE L\'EPERON','369, Chemin Summer n° 2','97435','ST GILLES LES HAUTS',-21.040320,55.274079),(41,'ECOLE PRIMAIRE MATHILDE FRAPPIER DE MONTBENOIT','2, Chemin Joli Coeur','97435','ST GILLES LES HAUTS',-21.049016,55.262900),(42,'ECOLE ELEMENTAIRE VILLELE','13, rue des Petits Bois','97435','ST GILLES LES HAUTS',-21.048081,55.268928),(43,'ECOLE PRIMAIRE ERMITAGELES HAUTS','205 chemin Fond de Puits','97422','Saint-Paul',-21.071966,55.258223),(44,'ECOLE PRIMAIREMARCEL LAURET (EUCALYPTUS)','35 chemin Gros Eucalyptus, La Saline','97422','Saint-Paul',-21.078618,55.266063),(45,'ECOLE MATERNELLE CORBEIL','15, Chemin Corbeil','97422','LA SALINE',-21.065647,55.279923),(46,'ECOLE PRIMAIREALIETTE HORTENSE','24 rue Cazanove','97422','Saint-Paul',-21.085881,55.271103),(47,'ECOLE ELEMENTAIRE J.ALBANY (SALINE A)','37 rue du Relais','97422','Saint-Paul',-21.085485,55.268219),(48,'ECOLE MATERNELLE BARRAGE','16, rue Wan Hoï','97422','LA SALINE',-21.100273,55.274349),(49,'ECOLE MATERNELLE DES TROIS BASSINS','25 allée des Écoliers','97426','Les Trois-Bassins',-21.104602,55.291687),(50,'ECOLE ELEMENTAIRE ANNE MARIE SOUPAPOULLE (RAVINE DANIEL)','67, Route Hubert Delisle','97422','LA SALINE',-21.088179,55.305678);

--
-- Table structure for table `tco_bureau_vote_personnel`
--

CREATE TABLE `tco_bureau_vote_personnel` (
  `id_personnel_bureau` int NOT NULL,
  `id_bureau_vote` int NOT NULL,
  `id_fonction` int NOT NULL,
  PRIMARY KEY (`id_personnel_bureau`,`id_bureau_vote`,`id_fonction`),
  KEY `id_bureau_vote` (`id_bureau_vote`),
  KEY `id_fonction` (`id_fonction`),
  CONSTRAINT `tco_bureau_vote_personnel_ibfk_1` FOREIGN KEY (`id_bureau_vote`) REFERENCES `tco_bureau_vote` (`id_bureau_vote`) ON DELETE RESTRICT ON UPDATE CASCADE,
  CONSTRAINT `tco_bureau_vote_personnel_ibfk_2` FOREIGN KEY (`id_personnel_bureau`) REFERENCES `tco_personnel_bureau` (`id_personnel_bureau`) ON DELETE RESTRICT ON UPDATE CASCADE,
  CONSTRAINT `tco_bureau_vote_personnel_ibfk_3` FOREIGN KEY (`id_fonction`) REFERENCES `tco_bureau_vote_fonctions` (`id_fonction`) ON DELETE RESTRICT ON UPDATE CASCADE
) ENGINE=InnoDB DEFAULT CHARSET=utf8mb4 COLLATE=utf8mb4_general_ci;

--
-- Dumping data for table `tco_bureau_vote_personnel`
--

INSERT INTO `tco_bureau_vote_personnel` VALUES (28,1,1),(128,1,3),(156,1,2),(3,2,1),(4,2,3),(5,3,1),(6,3,3),(7,4,1),(8,4,3),(9,5,1),(10,5,3),(84,5,4),(11,6,1),(12,6,3),(13,7,1),(14,7,3),(15,8,1),(16,8,3),(17,9,1),(18,9,3),(19,10,1),(20,10,3),(21,11,1),(22,11,3),(23,12,1),(24,12,3),(25,13,1),(26,13,3),(27,14,1),(28,14,3),(29,15,1),(30,15,3),(31,16,1),(32,16,3),(33,17,1),(34,17,3),(35,18,1),(36,18,3),(37,19,1),(38,19,3),(39,20,1),(40,20,3),(41,21,1),(42,21,3),(43,22,1),(44,22,3),(45,23,1),(46,23,3),(47,24,1),(48,24,3),(49,25,1),(50,25,3),(51,26,1),(52,26,3),(53,27,1),(54,27,3),(55,28,1),(56,28,3),(57,29,1),(58,29,3),(59,30,1),(60,30,3),(61,31,1),(62,31,3),(63,32,1),(64,32,3),(65,33,1),(66,33,3),(67,34,1),(68,34,3),(69,35,1),(70,35,3),(71,36,1),(72,36,3),(73,37,1),(74,37,3),(75,38,1),(76,38,3),(77,39,1),(78,39,3),(79,40,1),(80,40,3),(81,41,1),(82,41,3),(83,42,1),(84,42,3),(85,43,1),(86,43,3),(87,44,1),(88,44,3),(89,45,1),(90,45,3),(91,46,1),(92,46,3),(93,47,1),(94,47,3),(95,48,1),(96,48,3),(97,49,1),(98,49,3),(99,50,1),(100,50,3),(101,51,1),(102,51,3),(103,52,1),(104,52,3),(105,53,1),(106,53,3),(107,54,1),(108,54,3),(109,55,1),(110,55,3),(111,56,1),(112,56,3),(113,57,1),(114,57,3),(115,58,1),(116,58,3),(117,59,1),(118,59,3),(119,60,1),(120,60,3),(121,61,1),(122,61,3),(123,62,1),(124,62,3),(125,63,1),(126,63,3),(127,64,1),(128,64,3),(129,65,1),(130,65,3),(131,66,1),(132,66,3),(133,67,1),(134,67,3),(135,68,1),(136,68,3),(137,69,1),(138,69,3),(139,70,1),(140,70,3),(141,71,1),(142,71,3),(143,72,1),(144,72,3),(145,73,1),(146,73,3),(147,74,1),(148,74,3),(149,75,1),(150,75,3),(151,76,1),(152,76,3),(153,77,1),(154,77,3),(155,78,1),(156,78,3),(157,79,1),(158,79,3),(159,80,1),(160,80,3),(161,81,1),(162,81,3),(163,82,1),(164,82,3),(165,83,1),(166,83,3),(167,84,1),(168,84,3),(169,85,1),(170,85,3),(171,86,1),(172,86,3),(173,87,1),(174,87,3),(175,88,1),(176,88,3),(177,89,1),(178,89,3),(179,90,1),(180,90,3),(181,91,1),(182,91,3),(183,92,1),(184,92,3),(185,93,1),(186,93,3),(187,94,1),(188,94,3),(189,95,1),(190,95,3),(191,96,1),(192,96,3),(193,97,1),(194,97,3),(195,98,1),(196,98,3),(197,99,1),(198,99,3),(199,100,1),(200,100,3),(201,101,1),(202,101,3),(203,102,1),(204,102,3),(205,103,1),(206,103,3),(207,104,1),(208,104,3),(209,105,1),(210,105,3),(211,106,1),(212,106,3),(213,107,1),(214,107,3),(215,108,1),(216,108,3),(217,109,1),(218,109,3),(219,110,1),(220,110,3),(221,111,1),(222,111,3),(223,112,1),(224,112,3),(225,113,1),(226,113,3),(227,114,1),(228,114,3),(229,115,1),(230,115,3),(231,116,1),(232,116,3),(233,117,1),(234,117,3),(235,118,1),(236,118,3),(237,119,1),(238,119,3),(239,120,1),(240,120,3),(241,121,1),(242,121,3);

--
-- Table structure for table `tco_personnel`
--

CREATE TABLE `tco_personnel` (
  `id_tco_personnel` int unsigned NOT NULL AUTO_INCREMENT,
  `nom` varchar(255) CHARACTER SET utf8mb4 COLLATE utf8mb4_general_ci DEFAULT NULL,
  `prenom` varchar(255) CHARACTER SET utf8mb4 COLLATE utf8mb4_general_ci DEFAULT NULL,
  `date_naissance` date DEFAULT NULL,
  `adresse_1` varchar(255) CHARACTER SET utf8mb4 COLLATE utf8mb4_general_ci DEFAULT NULL,
  `adresse_2` varchar(255) CHARACTER SET utf8mb4 COLLATE utf8mb4_general_ci DEFAULT NULL,
  `code_postal` varchar(5) CHARACTER SET utf8mb4 COLLATE utf8mb4_general_ci DEFAULT NULL,
  `ville` varchar(255) CHARACTER SET utf8mb4 COLLATE utf8mb4_general_ci DEFAULT NULL,
  `telephone_fixe` varchar(15) CHARACTER SET utf8mb4 COLLATE utf8mb4_general_ci DEFAULT NULL,
  `telephone_mobile` varchar(15) CHARACTER SET utf8mb4 COLLATE utf8mb4_general_ci DEFAULT NULL,
  `color` char(8) CHARACTER SET utf8mb4 COLLATE utf8mb4_general_ci NOT NULL,
  `longitude` decimal(9,6) DEFAULT NULL,
  `latitude` decimal(9,6) DEFAULT NULL,
  PRIMARY KEY (`id_tco_personnel`),
  KEY `nom` (`nom`),
  KEY `prenom` (`prenom`),
  KEY `date_naissance` (`date_naissance`),
  KEY `adresse_1` (`adresse_1`),
  KEY `adresse_2` (`adresse_2`),
  KEY `code_postal` (`code_postal`),
  KEY `ville` (`ville`),
  KEY `telephone_fixe` (`telephone_fixe`),
  KEY `telephone_mobile` (`telephone_mobile`),
  KEY `color` (`color`),
  KEY `longitude` (`longitude`),
  KEY `latitude` (`latitude`)
) ENGINE=InnoDB AUTO_INCREMENT=4437 DEFAULT CHARSET=utf8mb4 COLLATE=utf8mb4_general_ci;

--
-- Dumping data for table `tco_personnel`
--

INSERT INTO `tco_personnel` VALUES (81,'Garnier','Coralie','0000-00-00','RESIDENCE LES NAIDES','SAINT GILLES LES HAUTS','97435','SAINT GILLES LES HAUTS','','0692000162','FFFF0000',55.269241,-21.050270),(97,'Dijoux','Océane','0000-00-00','35 RUE FOND MAUNIER','','97435','SAINT GILLES LES HAUTS','','0692000166','FF000000',55.268974,-21.050773),(101,'Gauvin','Amandine','0000-00-00','144 CHEMIN DES BARRIERES','BAC ROUGE','97423','LE GUILLAUME','','0692000118','FF00B050',55.311643,-21.039299),(142,'Hoarau','Mathieu','0000-00-00','2 CHEMIN DES ABEILLES','','97423','LE GUILLAUME','','0692000063','FF000000',55.305023,-21.045265),(156,'Rivière','Daniel','0000-00-00','17 CHEMIN LA GLACIERE','','97423','LE GUILLAUME','','0692000229','FF000000',55.295218,-21.032457),(314,'Lebreton','Patrick','0000-00-00','159 ROUTE DU MAIDO','PETITE FRANCE','97423','LE GUILLAUME','','0692000232','FF00B050',55.315914,-21.038796),(375,'Hoarau','Chloé','0000-00-00','26 RUE DES CAMPHRIERS LOT LES FANJANS','','97423','LE GUILLAUME','','0692000225','FF000000',55.296509,-21.039195),(415,'Mussard','Raphaël','0000-00-00','60 CHEMIN FLORIAN','TAN ROUGE','97435','SAINT GILLES LES HAUTS','','0692000208','FF00B050',55.293908,-21.057657),(666,'Rivière','Lucas','0000-00-00','29 CHEMIN LAW WA','','97423','LE GUILLAUME','','0692000094','FF000000',55.295814,-21.034912),(725,'Turpin','Anthony','2020-12-06','11 IMPASSE DE CYPRES','TAN ROUGE','97435','SAINT GILLES LES HAUTS','','0692000231','FF00B050',55.296898,-21.061269),(756,'Dijoux','Stéphanie','0000-00-00','45 RUE EUCALYPTUS','EUCALYPTUS','97422','SALINE LES HAUTS','','0692000112','FF000000',55.263924,-21.078300),(773,'Lebon','Romain','0000-00-00','19 RUE EVARISTE DE PARNY','','97460','SAINT PAUL','','0692000035','FFFF0000',55.270855,-21.008254),(860,'Gauvin','Julien','0000-00-00','30 RUE DES MYOSOTIS','','97423','LE GUILLAUME','','0692000091','FF000000',55.296794,-21.039323),(951,'Lauret','Lucas','0000-00-00','42 CHEMIN DES JAMROSES','','97423','LE GUILLAUME','','0692000120','FFFF0000',55.291508,-21.033396),(1090,'Grondin','Coralie','0000-00-00','11 RUE DES ETOURNEAUX APPT 2 MAIL DE L EPERON','PLATEAU CAILLOU','97460','SAINT PAUL','','0692000084','FFFF0000',55.269963,-21.021816),(1101,'Lebon','Océane','0000-00-00','13 RUE SALOMON','EUCALYPTUS','97422','SALINE LES HAUTS','','0692000062','FF00B050',55.266395,-21.079064),(1105,'Bègue','Lucas','0000-00-00','9 IMPASSE DES TULIPIERS','LA PLAINE','97411','BOIS DE NEFLES SAINT PAUL','','0692000068','FFFF0000',55.330511,-20.981304),(1106,'Bègue','Anaïs','0000-00-00','29 CHEMIN DES SENSITIVES','','97423','LE GUILLAUME','','0692000149','FFFF0000',55.303323,-21.049959),(1126,'Mussard','Daniel','0000-00-00','6 TER CHEMIN DE L AUBERGE','BERNICA','97435','SAINT GILLES LES HAUTS','','0692000073','FFFF0000',55.283663,-21.045121),(1227,'Payet','Mickaël','0000-00-00','17 B CHEMIN CELESTIN','TAN ROUGE','97435','SAINT GILLES LES HAUTS','','0692000137','FF000000',55.302396,-21.059046),(1296,'Bègue','Amandine','0000-00-00','5 RUE DE LA HAYE','','97420','LE PORT','','0692000014','FFFF0000',55.293679,-20.934046),(1300,'Turpin','Anaïs','0000-00-00','3 IMPASSE RENE','SATEC 2','97420','LE PORT','0262423666','0692000123','FF000000',55.294484,-20.934482),(1303,'Petit','André','0000-00-00','8 RUE DE SETE',' ','97420','LE PORT','0262438119','0692000107','FFFF0000',55.292477,-20.941154),(1306,'Petit','Camille','0000-00-00','1 BIS RUE AUGUSTE LACAUSSADE','','97420','LE PORT','','0692000161','FF000000',55.289440,-20.945013),(1315,'Morel','Lucas','2038-05-00','20 ALLEE COPERNIC','ZUP','97420','LE PORT','','0692000146','FFFF0000',55.300401,-20.935113),(1323,'Maillot','Joël','0000-00-00','26 ALLEE JOSEE MARTI ZUP 3','','97420','LE PORT','','0692000020','FFFF0000',55.304707,-20.937717),(1336,'Petit','Marie','2045-03-07','8 RUE PIERRE CAVANE','RIVIERE DES GALETS','97420','LE PORT','','0692000080','FFFF0000',55.315814,-20.956757),(1337,'Petit','Raphaël','2029-12-05','6 ALLEE SAINTE BEUVE','','97420','LE PORT','','0692000026','FFFF0000',55.296932,-20.945206),(1383,'Martin','Raphaël','0000-00-00','3 AVENUE SALVADOR ALLIENDE','','97419','LA POSSESSION','','0692000078','FF000000',55.328755,-20.945758),(1411,'Fontaine','Stéphanie','0000-00-00','68 RUE JEAN HINGLO','PICHETTE','97419','LA POSSESSION','','0692000086','FFFF0000',55.341656,-20.963357),(1447,'Martin','Camille','0000-00-00','68 RUE RAYMOND MONDON APPT 10 RESIDENCE MYRIADELES','LA CORNICHE','97419','LA POSSESSION','','0692000213','FFFF0000',55.341778,-20.924236),(1481,'Durand','Emilie','0000-00-00','123 RUE LOUIS ARAGON CITE EMILE ZOLA','','97419','LA POSSESSION','','0692000077','FF000000',2.224784,48.639388),(1540,'Grondin','Mathieu','0000-00-00','54 RUE MOULIN JOLI','RIVIERE DES GALETS','97419','LA POSSESSION','','0692000219','FF00B050',55.321956,-20.961636),(1906,'Durand','Jean','2029-04-00','106 CHEMIN 4 ROBINETS','4 ROBINETS','97436','SAINT LEU','','0692000131','FF00B050',55.288573,-21.196368),(1910,'Lebreton','Daniel','0000-00-00','35 CHEMIN FLORUSSE PAYET','CHALOUPE','97416','SAINT LEU','','0692000151','FF000000',55.327004,-21.170486),(1911,'Garnier','Léa','0000-00-00','35 CHEMIN FLORUSSE PAYET','CHALOUPE','97416','SAINT LEU','','0692000108','FF00B050',55.327004,-21.170486),(1924,'Hoareau','Léa','0000-00-00','APPT 16 ENTREE C PERLE DE CORAIL 3 SIDR','','97436','SAINT LEU','','0692000082','FF000000',55.291380,-21.166399),(1939,'Boyer','Romain','0000-00-00','159 CHEMIN CASIMIR','','97436','SAINT LEU','','0692000087','FFFF0000',55.294496,-21.195929),(1942,'Payet','Camille','2027-07-02','36 RUELLE DES ATTES APPT 38 BAT C','','97436','SAINT LEU','','0692000083','FF000000',55.289455,-21.177250),(1951,'Souprayenmestry','André','0000-00-00','139 RUE DU GENERAL LAMBERT','','97436','SAINT LEU','','0692000211','FFFF0000',55.288123,-21.169888),(1965,'Maillot','Daniel','0000-00-00','27 CHEMIN 4 ROBINETS','','97436','SAINT LEU','','0692000047','FF000000',55.290825,-21.196411),(1975,'Rivière','Julien','2019-05-02','52 CHEMIN DES BANOIRS','CITE PECHEUR','97436','SAINT LEU','','0692000013','FF000000',55.297017,-21.180717),(2342,'Fontaine','Romain','0000-00-00','22 RUE PERSEE','RAVINE DANIEL','97422','SAINT PAUL','','0692000113','FFFF0000',55.307529,-21.086717),(2344,'Boyer','Julien','2021-08-07','10 BIS CHEMIN BIEN AIME','ERMITAGE LES HAUTS','97422','SALINE LES HAUTS','','0692000195','FF000000',55.260059,-21.071105),(2347,'Gauvin','Lucas','0000-00-00','23 RUE DES CARAMBOLES','LA PLAINE','97411','BOIS DE NEFLES SAINT PAUL','','0692000172','FF000000',55.320823,-20.980025),(2353,'Souprayenmestry','Anthony','0000-00-00','10 CHEMIN PROSPER','BELLEMENE','97460','SAINT PAUL','','0692000049','FF000000',55.294027,-21.023054),(2369,'Lauret','Joël','0000-00-00','105 ROUTE HUBERT DELISLE','TAN ROUGE','97435','SAINT GILLES LES HAUTS','','0692000228','FF00B050',55.307572,-21.064675),(2392,'Durand','Anthony','0000-00-00','39 CHEMIN DUCLEANDRE','BAC ROUGE','97423','LE GUILLAUME','','0692000023','FFFF0000',55.313159,-21.036176),(2393,'Turpin','Joël','0000-00-00','39 CHEMIN DUCLEANDRE','BAC ROUGE','97423','LE GUILLAUME','','0692000150','FFFF0000',55.313159,-21.036176),(2396,'Durand','Léa','0000-00-00','23 LOTISSEMENT LES CORMORANS','PLATEAU CAILLOU','97460','SAINT PAUL','','0692000212','FF000000',55.268657,-21.020890),(2399,'Grondin','Mickaël','0000-00-00','120 CHEMIN CANOT','BELLEMENE CANOT','97460','SAINT PAUL','','0692000111','FFFF0000',55.305815,-21.025783),(2403,'Morel','Chloé','0000-00-00','60 CHEMIN DE LA PISCINE','','97411','BOIS DE NEFLES SAINT PAUL','','0692000173','FF00B050',55.330764,-21.000696),(2406,'Robert','Romain','0000-00-00','RESIDENCE LES NAIDES','SAINT GILLES LES HAUTS','97435','SAINT GILLES LES HAUTS','','0692000061','FFFF0000',55.269241,-21.050270),(2413,'Grondin','Léa','0000-00-00','37 CHEMIN TAMATAVE','','97435','SAINT GILLES LES HAUTS','','0692000030','FF00B050',55.263316,-21.045987),(2422,'Petit','Mickaël','0000-00-00','35 RUE FOND MAUNIER','','97435','SAINT GILLES LES HAUTS','','0692000215','FF000000',55.268974,-21.050773),(2423,'Morel','Mathieu','0000-00-00','416 CHEMIN DIJOUX','PALMISTE','97423','LE GUILLAUME','','0692000011','FFFF0000',55.324656,-21.061469),(2436,'Rivière','Chloé','0000-00-00','73 CHEMIN FPND DE PUITS','ERMITAGE LES HAUTS','97422','SALINE LES HAUTS','','0692000121','FF000000',55.265261,-21.073505),(2445,'Boyer','Océane','0000-00-00','19 BIS ROUTE HUBERT DELISLE','LE RUISSEAU','97411','BOIS DE NEFLES SAINT PAUL','','0692000114','FF00B050',55.477077,-20.904741),(2449,'Lebreton','Anthony','0000-00-00','19 BIS ROUTE HUBERT DELISLE','LE RUISSEAU','97411','BOIS DE NEFLES SAINT PAUL','','0692000205','FF00B050',55.477077,-20.904741),(2460,'Garnier','Mickaël','0000-00-00','36 BIS ALLEE DES TOURNESOLS','BELLEMENE CANOT','97460','SAINT PAUL','','0692000189','FF00B050',55.307643,-21.028540),(2489,'Garnier','André','0000-00-00','48 CHEMIN BIEN AIME','','97422','SALINE LES HAUTS','','0692000081','FF000000',55.259053,-21.070359),(2490,'Bègue','Chloé','0000-00-00','2 CHEMIN DE LA PISCINE','','97411','BOIS DE NEFLES SAINT PAUL','','0692000095','FFFF0000',55.328220,-20.999232),(2495,'Boyer','Coralie','0000-00-00','20 RUE JEAN BERNARD ROUSSEAU','LA CAVERNE','97460','SAINT PAUL','','0692000006','FF00B050',55.267107,-21.012096),(2496,'Barret','Marie','0000-00-00','39 BIS RUE MOIVOIGNA','ERMITAGE LES HAUTS','97422','SALINE LES HAUTS','','0692000210','FF000000',55.262296,-21.071252),(2522,'Boyer','Stéphanie','0000-00-00','1 CHEMIN TERRE ROUGE','RAVINE DANIEL','97422','SALINE LES HAUTS','','0692000060','FF00B050',NULL,NULL),(2547,'Rivière','Anaïs','0000-00-00','13 IMPASSE DU VIEUX TANGUE','','97423','LE GUILLAUME','','0692000175','FFFF0000',55.326773,-21.043158),(2548,'Payet','Océane','0000-00-00','13 IMPASSE DU VIEUX TANGUE','PETITE FRANCE','97423','LE GUILLAUME','','0692000218','FFFF0000',55.326773,-21.043158),(2559,'Gauvin','Sarah','0000-00-00','42 RUE TI COQ LES PETRELS APPT 19 BAT A','LA PLAINE','97411','BOIS DE NEFLES SAINT PAUL','','0692000064','FF000000',55.316479,-20.980466),(2579,'Boyer','Sarah','0000-00-00','107 CHEMIN BIEN AIME','ERMITAGE LES HAUTS','97422','SALINE LES HAUTS','','0692000168','FF000000',55.256115,-21.070451),(2581,'Maillot','Raphaël','0000-00-00','107 CHEMIN BIEN AIME','ERMITAGE LES HAUTS','97422','SALINE LES HAUTS','','0692000182','FF000000',55.256115,-21.070451),(2601,'Barret','Raphaël','0000-00-00','176 CHEMIN FOND DE PUITS','ERMITAGE LES HAUTS','97422','SALINE LES HAUTS','','0692000156','FF000000',55.263348,-21.072552),(2606,'Durand','Camille','0000-00-00','68 RUE DES AGAVES','LA PLAINE','97411','BOIS DE NEFLES SAINT PAUL','','0692000239','FF000000',55.325548,-20.977157),(2616,'Souprayenmestry','Léa','0000-00-00','19 RUE MICKA','BARRAGE','97422','SALINE LES HAUTS','','0692000238','FF000000',55.273849,-21.100417),(2622,'Mussard','Jean','0000-00-00','6 RUE DU GRAINOIRE','','97422','SALINE LES HAUTS','','0692000235','FF000000',55.288536,-21.095164),(2656,'Robert','Noémie','0000-00-00','138 CHEMIN DES BRINGELIERS','PETITE FRANCE','97423','LE GUILLAUME','','0692000223','FF000000',55.321823,-21.041668),(2657,'Hoarau','Noémie','0000-00-00','138 CHEMIN DES BRINGELIERS','PETITE FRANCE','97423','LE GUILLAUME','','0692000171','FF000000',55.321823,-21.041668),(2668,'Morel','Julien','2026-07-02','107 CHEMIN BIEN AIME','','97422','SALINE LES HAUTS','','0692000065','FF000000',55.256115,-21.070451),(2677,'Moutou','Patrick','0000-00-00','40 RUE TERRAIN L&#039;AVION LOGEMENT 2 VILLAGE DES AINES','','97435','SAINT GILLES LES HAUTS','','0692000206','FF000000',55.253029,-21.040196),(2700,'Gauvin','Océane','0000-00-00','26 RUE DES CAMPHRIERS LOT LES FANJANS','','97423','LE GUILLAUME','','0692000010','FF000000',55.296509,-21.039195),(2704,'Lebon','Julien','0000-00-00','10 RUE DES BENJOINS','','97423','LE GUILLAUME','','0692000143','FFFF0000',55.301595,-21.040417),(2722,'Grondin','André','0000-00-00','10 RUE DU ROLLIER APPT 11','Résidence les TIMIZES','97411','BOIS DE NEFLES SAINT PAUL','','0692000003','FF00B050',55.456094,-20.888930),(2738,'Lauret','Julien','0000-00-00','60 CHEMIN FLORIAN','TAN ROUGE','97435','SAINT GILLES LES HAUTS','','0692000039','FF00B050',55.293908,-21.057657),(2740,'Boyer','Amandine','0000-00-00','60 CHEMIN FLORIAN','TAN ROUGE','97435','SAINT GILLES LES HAUTS','','0692000222','FF00B050',55.293908,-21.057657),(2779,'Lebreton','Lucas','0000-00-00','APPT 7 3 CHEMIN ZITTE SIDR GROUPE FATAK',' ','97411','BOIS DE NEFLES SAINT PAUL','','0692000016','FF000000',55.327636,-21.000702),(2795,'Moutou','Daniel','0000-00-00','33 RUE DES CERISIERS','LA PLAINE','97411','BOIS DE NEFLES SAINT PAUL','','0692000125','FF00B050',55.319130,-20.981330),(2800,'Lebon','Sarah','0000-00-00','126 CHEMIN ROMELY','','97422','SALINE LES HAUTS','','0692000116','FF000000',55.292155,-21.077223),(2801,'Lebon','Noémie','0000-00-00','32 RUE ROMELY','','97422','SALINE LES HAUTS','','0692000197','FF000000',55.306788,-21.075649),(2813,'Martin','Marie','0000-00-00','12 RUE VALIHA PORTE 9 MALOYA','LA PLAINE','97411','BOIS DE NEFLES SAINT PAUL','','0692000132','FFFF0000',55.324709,-20.989033),(2822,'Moutou','Joël','0000-00-00','30 RUE INCANA','ERMITAGE LONGUET','97422','SALINE LES HAUTS','','0692000098','FF000000',55.268493,-21.073481),(2841,'Lauret','Noémie','0000-00-00','87 RUE MAHATMA GANDHI','VILLELE','97435','SAINT GILLES LES HAUTS','','0692000093','FF000000',55.256220,-21.056616),(2855,'Mussard','Gaëlle','2031-09-08','92 CHEMIN FOND DE PUITS','ERMITAGE LES HAUTS','97422','SALINE LES HAUTS','','0692000100','FF000000',55.264580,-21.073065),(2870,'Dalleau','Anthony','2038-05-04','118 RUE MARIUS ET ARY LEBLOND APPT 38 RESIDENCE LA BUSE','','97460','SAINT PAUL','','0692000153','FFFF0000',55.274790,-21.005830),(2878,'Souprayenmestry','Marie','0000-00-00','173 CHEMIN BERNARDIN','BOIS ROUGE','97460','SAINT PAUL','','0692000184','FFFF0000',55.286713,-21.026678),(2887,'Gauvin','Noémie','0000-00-00','51 CHEMIN DES BERGERS','','97423','LE GUILLAUME','','0692000145','FF000000',55.294392,-21.028653),(2892,'Bègue','Daniel','0000-00-00','30 CHEMIN DES BARRIERES','COCHE MAHOT','97422','SALINE LES HAUTS','','0692000203','FF000000',55.338925,-21.011139),(2897,'Turpin','Chloé','0000-00-00','15 CHEMIN CHEVALIER','FLEURIMONT','97435','SAINT GILLES LES HAUTS','','0692000069','FF000000',55.270833,-21.037454),(2902,'Dalleau','Raphaël','0000-00-00','55 CITE PANON','','97460','SAINT PAUL','','0692000234','FF000000',55.279321,-21.001755),(2903,'Hoareau','Jean','0000-00-00','55 CITE PANON','','97460','SAINT PAUL','','0692000001','FF000000',55.279321,-21.001755),(2904,'Souprayenmestry','Gaëlle','0000-00-00','22 RUE DU VIEUX TAMARIN','FLEURIMONT','97460','SAINT PAUL','','0692000022','FF000000',55.266569,-21.033674),(2907,'Durand','Raphaël','0000-00-00','90 CHEMIN DE LA CIGALE','BOIS ROUGE','97460','SAINT PAUL','','0692000104','FF000000',55.286865,-21.022313),(2916,'Bernard','Léa','2028-09-06','16 IMPASSE DES TIARES','','97411','BOIS DE NEFLES SAINT PAUL','','0692000160','FFFF0000',55.327995,-20.994772),(2932,'Gauvin','Thierry','0000-00-00','8 BIS CHEMIN SAINTERNE','','97411','BOIS DE NEFLES SAINT PAUL','','0692000226','FF00B050',55.330456,-20.996053),(2938,'Maillot','Anthony','0000-00-00','100 CHEMIN DE LA PISCINE','','97411','BOIS DE NEFLES SAINT PAUL','','0692000101','FFFF0000',55.331567,-21.001899),(2940,'Dalleau','Joël','0000-00-00','78 CHEMIN HOAREAU','','97411','BOIS DE NEFLES SAINT PAUL','','0692000072','FF00B050',55.324884,-21.000584),(2943,'Turpin','Lucas','0000-00-00','35 RUE CLAUDE DE SIGOYER APPT 15','PLATEAU CAILLOU','97460','SAINT PAUL','','0692000042','FF000000',55.266145,-21.024153),(2959,'Martin','Patrick','0000-00-00','8 LOTISSEMENT LES CORMORANS','PLATEAU CAILLOU','97460','SAINT PAUL','','0692000024','FFFF0000',55.268437,-21.020211),(3003,'Dijoux','Sarah','0000-00-00','196 CHEMIN DES COMBAVAS','','97411','BOIS DE NEFLES SAINT PAUL','','0692000220','FF00B050',55.324208,-20.996471),(3014,'Moutou','Anaïs','0000-00-00','20 CHEMIN DE MAIRIE','TAN ROUGE','97435','SAINT PAUL','','0692000071','FFFF0000',55.285204,-21.054739),(3020,'Robert','Julien','0000-00-00','54 CHEMIN SUMMER 3','','97423','LE GUILLAUME','','0692000169','FFFF0000',55.292179,-21.034170),(3033,'Bègue','Joël','0000-00-00','4 ALLEE DU GINGEMBRE APPT 12 RESIDENCEEPERON EGLISE ','EPERON','97435','SAINT GILLES LES HAUTS','','0692000176','FF000000',55.255429,-21.042429),(3037,'Maillot','Patrick','0000-00-00','57 RUE SALOMON','EUCALYPTUS','97422','SALINE LES HAUTS','','0692000128','FFFF0000',55.288480,-21.027908),(3045,'Bègue','Thierry','0000-00-00','9 B IMPASSE DES CYPRES','TAN ROUGE','97435','SAINT PAUL','','0692000122','FFFF0000',55.296898,-21.061269),(3050,'Bernard','Jean','2020-12-06','11 IMPASSE DE CYPRES','TAN ROUGE','97435','SAINT GILLES LES HAUTS','','0692000079','FF00B050',55.296898,-21.061269),(3051,'Morel','Sarah','2030-02-08','223 ROUTE HUBERT DELISLE','TAN ROUGE','97435','SAINT GILLES LES HAUTS','','0692000038','FF00B050',55.307572,-21.064675),(3059,'Morel','Anaïs','0000-00-00','16 CHEMIN AUBRAS','','97423','LE GUILLAUME','','0692000227','FF000000',55.300480,-21.034963),(3068,'Mussard','Joël','0000-00-00','39 CHEMIN TOBY','LE RUISSEAU','97411','BOIS DE NEFLES SAINT PAUL','','0692000046','FF00B050',55.324884,-21.000584),(3076,'Dalleau','Anaïs','0000-00-00','58 RUE DES CARAMBOLES','LA PLAINE','97411','BOIS DE NEFLES SAINT PAUL','','0692000045','FF000000',55.318829,-20.980101),(3089,'Dalleau','Daniel','0000-00-00','321 CHEMIN COUR VUE BELLE','VUE BELLE','97422','SALINE LES HAUTS','','0692000099','FFFF0000',55.276326,-21.075244),(3090,'Hoareau','Camille','0000-00-00','9 TER IMPASSE DES GRANDS BOIS','CHAMPS DE MERLES','97435','SAINT PAUL','','0692000109','FFFF0000',55.263634,-21.047618),(3100,'Hoarau','Océane','2035-12-01','20 CITERNE PARTAGE','','97423','LE GUILLAUME','','0692000036','FF000000',55.309605,-21.043773),(3115,'Hoarau','Romain','0000-00-00','18 CHEMIN CRESSON LAPERRIERE','GRANDE FONTAINE','97460','SAINT PAUL','','0692000009','FF000000',55.304973,-20.998683),(3125,'Moutou','Anthony','0000-00-00','40 BIS CHEMIN DES CEDRES','GRANDE FONTAINE','97460','SAINT PAUL','','0692000179','FF000000',55.287841,-21.010236),(3149,'Grondin','Romain','0000-00-00','36 ALLEE DES TOURNESOLS','BELLEMENE CANOT','97460','SAINT PAUL','','0692000165','FFFF0000',55.307431,-21.028550),(3158,'Lauret','Amandine','0000-00-00','33 ROUTE DU GUILLAUME','LE RUISSEAU','97411','BOIS DE NEFLES SAINT PAUL','','0692000066','FF00B050',55.320199,-21.011630),(3159,'Barret','Anthony','0000-00-00','25 TER RUE MOIVOIGNA','ERMITAGE LES HAUTS','97422','SALINE LES HAUTS','','0692000075','FF000000',55.261520,-21.071255),(3163,'Mussard','Emilie','2029-07-09','26 BIS RUE MOIVOIGNA','ERMITAGE LES HAUTS','97422','SALINE LES HAUTS','','0692000181','FF000000',55.262296,-21.071252),(3165,'Durand','Marie','0000-00-00','31 RUE MOIVOIGNA','ERMITAGE LES HAUTS','97422','SALINE LES HAUTS','','0692000158','FF000000',55.261757,-21.070953),(3166,'Lebreton','Anaïs','0000-00-00','29 RUELLE DES AMANDES','LA PLAINE','97411','BOIS DE NEFLES SAINT PAUL','','0692000097','FF000000',55.321250,-20.987997),(3219,'Souprayenmestry','Raphaël','2034-01-01','118 RUE MARIUS ET ARRY LEBLOND APPT 11 RESIDENCE LA BUSE','','97460','SAINT PAUL','','0692000130','FFFF0000',55.274790,-21.005830),(3225,'Barret','Daniel','0000-00-00','43 BIS CHEMIN PAUSE QUARTIER PAUSE','TAN ROUGE','97435','SAINT PAUL','','0692000021','FFFF0000',55.294690,-21.059872),(3234,'Lebreton','Chloé','0000-00-00','78 RUE ST LOUIS','LA BUTTE','97460','SAINT PAUL','','0692000043','FF000000',55.264148,-21.030748),(3242,'Lebreton','Gaëlle','0000-00-00','33 RUE ROLAND GARROS','','97411','BOIS DE NEFLES SAINT PAUL','','0692000178','FF000000',55.324884,-21.000584),(3257,'Robert','Stéphanie','0000-00-00','27 CITE CATHOLIQUE','','97423','LE GUILLAUME','','0692000034','FF000000',55.300773,-21.033495),(3266,'Mussard','Anthony','0000-00-00','124 CHEMIN DE LA DIGUE','TROIS CHEMINS LA PLAINE','97411','BOIS DE NEFLES SAINT PAUL','','0692000127','FFFF0000',NULL,NULL),(3272,'Payet','Léa','0000-00-00','7 RUELLE D ANGOULEME APPT 23','LA CAVERNE','97460','SAINT PAUL','','0692000056','FF00B050',55.267557,-21.011883),(3276,'Moutou','Gaëlle','0000-00-00','42 CHEMIN DES JAMROSES','','97423','LE GUILLAUME','','0692000152','FFFF0000',55.291508,-21.033396),(3292,'Souprayenmestry','Emilie','0000-00-00','128 RUE HUBERTDE LISLE','','97423','LE GUILLAUME','','0692000103','FF000000',55.305859,-21.040494),(3302,'Hoareau','André','0000-00-00','121 IMPASSE ROBERT JOAKIM','SANS SOUCIS','97411','BOIS DE NEFLES SAINT PAUL','','0692000055','FF00B050',55.324884,-21.000584),(3317,'Moutou','Emilie','0000-00-00','36 RUE DES CAYAMBES','SAVANNA','97460','SAINT PAUL','','0692000233','FFFF0000',55.297017,-20.985565),(3324,'Bernard','Emilie','0000-00-00','25 RUE DES ACACCIAS','','97422','SALINE LES HAUTS','','0692000025','FF000000',55.288149,-21.097921),(3326,'Dijoux','Romain','0000-00-00','25 IMPASSE DU TEMPLE GANECHA APPT 31 LES JACARANDAS','','97435','SAINT GILLES LES HAUTS','','0692000139','FF000000',55.265686,-21.059217),(3327,'Fontaine','Mathieu','0000-00-00','25 IMPASSE DU TEMPLE GANECHA APPT 31 LES JACARANDAS','','97435','SAINT GILLES LES HAUTS','','0692000167','FF000000',55.265686,-21.059217),(3342,'Fontaine','Sarah','0000-00-00','41 CHEMIN SAINTERNE','','97411','BOIS DE NEFLES SAINT PAUL','','0692000194','FFFF0000',55.332247,-20.994433),(3350,'Robert','Amandine','0000-00-00','1 RUE JACQUES PREVERT CARE DE L EPERON APT 2','EPERON','97435','SAINT GILLES LES HAUTS','','0692000196','FFFF0000',-0.511279,47.443721),(3367,'Robert','Sarah','0000-00-00','82 CHEMIN PAVE LOUGNON','BELLEMENE','97460','SAINT PAUL','','0692000142','FFFF0000',55.294926,-21.018744),(3373,'Hoareau','Mickaël','0000-00-00','72 CHEMIN CHAMP DE MERLE','','97435','SAINT GILLES LES HAUTS','','0692000163','FFFF0000',55.261696,-21.046732),(3377,'Hoarau','Amandine','0000-00-00','57 RUE BALAFON APPT 39','EPERON','97435','SAINT GILLES LES HAUTS','','0692000144','FFFF0000',55.258698,-21.041874),(3386,'Lebon','Stéphanie','0000-00-00','30 RUE DE LA DIGUE','TROIS CHEMINS LA PLAINE','97411','BOIS DE NEFLES SAINT PAUL','','0692000008','FFFF0000',NULL,NULL),(3393,'Martin','Emilie','0000-00-00','153 RUE DES ARGONAUTES','SAINT GILLES LES BAINS','97460','SAINT PAUL','','0692000051','FFFF0000',55.226293,-21.052681),(3409,'Fontaine','Coralie','0000-00-00','31 CHEMIN LEBON','','97423','LE GUILLAUME','','0692000032','FF000000',55.301159,-21.036380),(3411,'Dalleau','Thierry','0000-00-00','','','97423','LE GUILLAUME','','0692000018','FF000000',NULL,NULL),(3443,'Turpin','Gaëlle','0000-00-00','76 RUE DE LA DIGUE','TROIS CHEMINS LA PLAINE','97411','BOIS DE NEFLES SAINT PAUL','','0692000204','FFFF0000',NULL,NULL),(3451,'Dijoux','Léa','0000-00-00','6 TER CHEMIN DE L AUBERGE','BERNICA','97435','SAINT GILLES LES HAUTS','','0692000004','FFFF0000',55.283663,-21.045121),(3459,'Bernard','André','0000-00-00','145 BIS CHEMIN DE L EVEQUE APPT 33 BAT C RESIDENCE BARRAGE','BARRAGE','97422','SALINE LES HAUTS','','0692000133','FF000000',55.274134,-21.097607),(3488,'Dijoux','Mathieu','0000-00-00','123 CHEMIN LALLEMAND','','97423','LE GUILLAUME','','0692000193','FF000000',55.320568,-21.051289),(3494,'Bernard','Raphaël','0000-00-00','167 CHEMIN COMBAVAS APPT 19 BALCON MON REPOS','','97411','BOIS DE NEFLES SAINT PAUL','','0692000052','FF00B050',55.326828,-20.990330),(3499,'Maillot','Jean','0000-00-00','4 ALLEE DES GINGEMBRE','EPERON','97435','SAINT GILLES LES HAUTS','','0692000209','FF000000',55.255429,-21.042429),(3508,'Garnier','Camille','0000-00-00','253 CHEMIN DE LA PISCINE LOTISSEMENT PAUL ET VIRGINIE','','97411','BOIS DE NEFLES SAINT PAUL','','0692000135','FF000000',55.336291,-21.005763),(3527,'Lebreton','Thierry','0000-00-00','52 RUE PERIAMODELY','','97422','SALINE LES HAUTS','','0692000070','FF000000',55.288149,-21.097921),(3540,'Turpin','Daniel','0000-00-00','90 CHEMIN COMBAVA','LA PLAINE','97411','BOIS DE NEFLES SAINT PAUL','0262096427','0692000177','FF000000',55.325503,-20.988993),(3550,'Bernard','Coralie','0000-00-00','50 CHEMIN CRYPTOMERIA','TAN ROUGE','97435','SAINT GILLES LES HAUTS','','0692000214','FF000000',55.313320,-21.073878),(3554,'Gauvin','Mathieu','0000-00-00','5 IMPASSE DES BLEUETS','VILLELE','97435','SAINT GILLES LES HAUTS','','0692000037','FF00B050',55.227332,-21.054345),(3556,'Durand','Patrick','0000-00-00','5 IMPASSE DES BLEUETS','VILLELE','97435','SAINT GILLES LES HAUTS','','0692000050','FF00B050',NULL,NULL),(3559,'Lauret','Chloé','0000-00-00','6 RUE DES ECOLES','','97435','SAINT GILLES LES HAUTS','','0692000147','FFFF0000',NULL,NULL),(3562,'Bernard','Marie','0000-00-00','10 RUE DES BENJOINS','','97423','LE GUILLAUME','','0692000106','FFFF0000',NULL,NULL),(3573,'Dijoux','Mickaël','0000-00-00','146 RUE DU CIMETIERE','RAVINE DANIEL','97422','SALINE LES HAUTS','','0692000085','FF000000',NULL,NULL),(3574,'Robert','Mathieu','0000-00-00','146 RUE DU CIMETIERE','RAVINE DANIEL','97422','SALINE LES HAUTS','','0692000115','FF000000',NULL,NULL),(3575,'Maillot','Gaëlle','0000-00-00','146 RUE DU CIMETIERE','RAVINE DANIEL','97422','SALINE LES HAUTS','','0692000074','FF000000',NULL,NULL),(3579,'Moutou','Chloé','0000-00-00','APPT 64 12 RUE DES ETOURNEAUX','PLATEAU CAILLOU','97460','SAINT PAUL','','0692000017','FFFF0000',NULL,NULL),(3590,'Turpin','Thierry','0000-00-00','47 CHEMIN LARTIN','','97422','SALINE LES HAUTS','0262209228','0692000096','FF000000',NULL,NULL),(3591,'Hoareau','Romain','0000-00-00','72 RUE LOUISE ET JOUAN APPT 38 BAT D','','97423','LE GUILLAUME','','0692000217','FF000000',NULL,NULL),(3592,'Barret','Gaëlle','0000-00-00','342 CHEMIN TAN ROUGE','TAN ROUGE','97435','SAINT GILLES LES HAUTS','','0692000048','FF00B050',NULL,NULL),(3603,'Payet','Coralie','0000-00-00','31 ALLEE HERACLITE','ZAC 2','97420','LE PORT','','0692000110','FF00B050',NULL,NULL),(3605,'Payet','André','2027-12-00','7 RUE ZELINDOR','','97420','LE PORT','','0692000029','FF000000',NULL,NULL),(3606,'Rivière','Thierry','0000-00-00','2 PLACE FLORA TRISTAN APPT 921','','97420','LE PORT','','0692000148','FFFF0000',NULL,NULL),(3608,'Hoareau','Marie','2033-02-07','10 RUE ANNA SEGHERS','SAY PISCINE','97420','LE PORT','','0692000028','FF00B050',NULL,NULL),(3620,'Barret','Jean','0000-00-00','19 RUE MAXIME GORKY','RIVIERE DES GALETS','97420','LE PORT','','0692000183','FFFF0000',NULL,NULL),(3628,'Lebon','Lucas','0000-00-00','8 RUE DE SETE',' ','97420','LE PORT','0262438119','0692000224','FFFF0000',NULL,NULL),(3630,'Morel','Amandine','0000-00-00','12 ALLEE ANDRE GIDE','ZAC 2','97420','LE PORT','','0692000092','FF00B050',NULL,NULL),(3632,'Rivière','Amandine','0000-00-00','2 RUE JEAN HINGLO','RIVIERE DES GALETS','97420','LE PORT','','0692000040','FFFF0000',NULL,NULL),(3644,'Martin','Léa','0000-00-00','9 RUE ARMAND GENSONNE','RIVIERE DES GALETS','97420','LE PORT','','0692000186','FFFF0000',NULL,NULL),(3653,'Fontaine','Mickaël','0000-00-00','6 RUE DE NANTES','EPUISEMENT','97420','LE PORT','','0692000059','FFFF0000',NULL,NULL),(3654,'Payet','Marie','0000-00-00','6 RUE DE NANTES','EPUISEMENT','97420','LE PORT','','0692000002','FFFF0000',NULL,NULL),(3657,'Garnier','Marie','0000-00-00','11 RUELLE BOSSANO CITE CARAMBOLE','RIVIERE DES GALETS','97420','LE PORT','','0692000054','FF000000',NULL,NULL),(3660,'Petit','Jean','0000-00-00','15 ALLEEWATANABE KAZAN','EPUISEMENT','97420','LE PORT','','0692000053','FF00B050',NULL,NULL),(3663,'Robert','Océane','2033-11-05','36 RUE DE LA SOURCE DENISE','','97420','LE PORT','','0692000088','FF000000',NULL,NULL),(3668,'Morel','Noémie','0000-00-00','61HLMR COTUR 6 PLACE BLAISE','CITE ARISTE BOLON','97420','LE PORT','','0692000119','FF00B050',NULL,NULL),(3670,'Lebon','Amandine','0000-00-00','7 ALLEE FERNAND LEGER',' ','97420','LE PORT','','0692000170','FF000000',NULL,NULL),(3674,'Dijoux','Camille','0000-00-00','11 RUE LEO LAGRANGE APPT 9 BAT 4 EPICES','','97420','LE PORT','','0692000031','FF000000',NULL,NULL),(3676,'Hoareau','Coralie','0000-00-00','14 BOULEVARD DES MASCAREIGNES APPT 41 MAGELLAN','','97420','LE PORT','','0692000136','FF00B050',NULL,NULL),(3678,'Hoarau','Sarah','2035-00-08','3 RUE BELA KUN APPT 13','RIVIERE DES GALETS','97420','LE PORT','','0692000090','FF000000',NULL,NULL),(3685,'Garnier','Jean','2026-12-06','2 PLACE FLORA TRISTAN APPT 916 BAT B','SIDR 2','97420','LE PORT','0262304573','0692000027','FF000000',NULL,NULL),(3688,'Hoarau','Julien','0000-00-00','16 PLACE FRANCOIS BROUSSAIS','','97420','LE PORT','','0692000117','FF000000',NULL,NULL),(3689,'Mussard','Patrick','0000-00-00','2 ALLEE AVICENNE APPT 4','LA GARE ROUTIERE','97420','LE PORT','','0692000154','FF000000',NULL,NULL),(3700,'Hoarau','Lucas','0000-00-00','15 RUE DES PLANTEURS','PARC SAINTE THERESE','97419','LA POSSESSION','0262251268','0692000198','FF00B050',NULL,NULL),(3702,'Turpin','Noémie','0000-00-00','3 IMPASSE MAUD FONTENOY','MOULIN JOLI','97419','LA POSSESSION','','0692000015','FF000000',NULL,NULL),(3722,'Garnier','Stéphanie','0000-00-00','76 RUE ROMAIN ROLAND APT 18 MELCHIOR','','97419','LA POSSESSION','','0692000216','FFFF0000',NULL,NULL),(3725,'Boyer','Mathieu','2028-08-04','51 IMPASSE MAURICE KRIEGEL','','97419','LA POSSESSION','','0692000141','FFFF0000',NULL,NULL),(3729,'Rivière','Noémie','0000-00-00','11 RUE BOIS VERT','RIVIERE DES GALETS','97419','LA POSSESSION','','0692000067','FFFF0000',NULL,NULL),(3740,'Hoareau','Stéphanie','0000-00-00','9 RUE LUC DONAT LOT LES COTEAUX','MOULIN JOLI','97419','LA POSSESSION','','0692000190','FFFF0000',NULL,NULL),(3745,'Robert','Mickaël','0000-00-00','7 IMPASSE ALAMBIC','SAINTE THERESE','97419','LA POSSESSION','','0692000007','FFFF0000',NULL,NULL),(3759,'Durand','André','0000-00-00','10 CHEMIN VAR','RAVINE A MARQUET','97419','LA POSSESSION','0262132186','0692000185','FF00B050',NULL,NULL),(3766,'Payet','Romain','0000-00-00','42 RUE DE MOSCOU','SAINTE THERESE','97419','LA POSSESSION','','0692000191','FF00B050',NULL,NULL),(3767,'Fontaine','Océane','2034-12-09','42 RUE DE MOSCOU','SAINTE THERESE','97419','LA POSSESSION','','0692000140','FF00B050',NULL,NULL),(3772,'Grondin','Stéphanie','0000-00-00','68 RUE RAYMOND MONDON APPT 10 RESIDENCE MYRIADELES','LA CORNICHE','97419','LA POSSESSION','','0692000138','FFFF0000',NULL,NULL),(3785,'Martin','André','0000-00-00','74 RUE EUGENE DELOUISE','RIVIERE DES GALETS','97419','LA POSSESSION','','0692000159','FF00B050',NULL,NULL),(3796,'Barret','Patrick','2023-01-08','2 RUE DE LA BAIE D ANTONGIL APT 61 SIDR CIRUS ','SAINTE THERESE','97419','LA POSSESSION','','0692000102','FFFF0000',NULL,NULL),(3803,'Petit','Léa','0000-00-00','21 RUE BOIS VERT','','97419','LA POSSESSION','','0692000134','FF000000',NULL,NULL),(3806,'Gauvin','Chloé','0000-00-00','123 RUE LOUIS ARAGON CITE EMILE ZOLA','','97419','LA POSSESSION','','0692000199','FF000000',NULL,NULL),(3815,'Lebon','Mathieu','0000-00-00','74 RUE SAINT ALME',' ','97419','LA POSSESSION','','0692000089','FFFF0000',NULL,NULL),(3831,'Lebreton','Joël','0000-00-00','17 RUE DES FLAMBOYANTS','HALTE LA','97419','LA POSSESSION','','0692000124','FFFF0000',NULL,NULL),(3833,'Martin','Jean','0000-00-00','9 BIS RUE KARL MARX','SAINTE THERESE','97419','LA POSSESSION','','0692000105','FFFF0000',NULL,NULL),(3836,'Maillot','Emilie','0000-00-00','71 RUE SAINT ALME','RIVIERE DES GALETS','97419','LA POSSESSION','0393944337','0692000155','FFFF0000',NULL,NULL),(3837,'Martin','Coralie','2031-00-00','74 RUE DU PÈRE MICHEL','RIVIERE DES GALETS','97419','LA POSSESSION','','0692000240','FFFF0000',NULL,NULL),(3853,'Fontaine','Julien','0000-00-00','71 CHEMIN ST ALME','','97419','LA POSSESSION','','0692000221','FF000000',NULL,NULL),(3856,'Souprayenmestry','Jean','0000-00-00','52 RUE DES BEGONIAS','RAVINE A MALHEUR','97419','LA POSSESSION','','0692000157','FFFF0000',NULL,NULL),(3859,'Barret','Emilie','0000-00-00','51 RUE JEAN JACQUES ROUSSEAU','SAINTE THERESE','97419','LA POSSESSION','','0692000129','FFFF0000',NULL,NULL),(3863,'Petit','Coralie','0000-00-00','54 RUE MOULIN JOLI','RIVIERE DES GALETS','97419','LA POSSESSION','','0692000188','FF00B050',NULL,NULL),(3873,'Moutou','Thierry','0000-00-00','37 RUE NARUDA LOT ORION','ZAC SAINT LAURENT','97419','LA POSSESSION','','0692000044','FF000000',NULL,NULL),(4221,'Lauret','Thierry','0000-00-00','71 CHEMIN LORENCY RIVIERE','LA CHALOUPE','97416','SAINT LEU','','0692000174','FF00B050',NULL,NULL),(4224,'Lauret','Sarah','0000-00-00','4 IMPASSE ALEXANDRE DUMAS','CITE PECHEUR','97436','SAINT LEU','','0692000012','FF000000',NULL,NULL),(4226,'Mussard','Anaïs','0000-00-00','514 CHEMIN SURPRISE','LA FONTAINE','97436','SAINT LEU','','0692000019','FF00B050',NULL,NULL),(4227,'Bègue','Noémie','0000-00-00','87 CHEMIN DE LA BATTERIE','','97436','SAINT LEU','','0692000041','FF000000',NULL,NULL),(4237,'Bernard','Camille','0000-00-00','35 CHEMIN FLORUSSE PAYET','CHALOUPE','97416','SAINT LEU','','0692000187','FF000000',NULL,NULL),(4238,'Dijoux','Coralie','0000-00-00','475 CHEMIN LA SURPRISE','','97436','SAINT LEU','','0692000058','FF000000',NULL,NULL),(4239,'Maillot','Marie','0000-00-00','510 CHEMIN DE LA SURPRISE','LA FONTAINE','97436','SAINT LEU','0262085784','0692000236','FF00B050',NULL,NULL),(4247,'Boyer','Mickaël','0000-00-00','35 CHEMIN FLORUSSE PAYET','CHALOUPE','97416','SAINT LEU','','0692000033','FF000000',NULL,NULL),(4256,'Rivière','Joël','0000-00-00','29 ALLEE DES FIGUIERS','ETANG SAINT LEU','97436','SAINT LEU','','0692000202','FFFF0000',NULL,NULL),(4271,'Souprayenmestry','Patrick','2030-00-05','22 ALLEE DES COMBAVAS','ETANG ST LEU','97436','SAINT LEU','','0692000076','FF000000',NULL,NULL),(4273,'Payet','Stéphanie','0000-00-00','30 CHEMIN BOIS DE POMME','BRAS MOUTON','97436','SAINT LEU','','0692000164','FF000000',NULL,NULL),(4281,'Grondin','Océane','2027-02-02','48 RUE DU COMMANDANT COUSTEAU','','97436','SAINT LEU','','0692000192','FF00B050',NULL,NULL),(4284,'Bègue','Gaëlle','2022-10-01','106 CHEMIN 4 ROBINETS','4 ROBINETS','97436','SAINT LEU','','0692000230','FF00B050',NULL,NULL),(4288,'Barret','André','0000-00-00','48 CHEMIN CASIMIR','','97436','SAINT LEU','','0692000237','FFFF0000',0.000000,0.000000),(4291,'Dalleau','Emilie','0000-00-00','27 CHEMIN 4 ROBINETS','','97436','SAINT LEU','','0692000207','FF000000',NULL,NULL),(4293,'Grondin','Camille','0000-00-00','457 CHEMIN DUBUISSON','ETANG ST LEU','97436','SAINT LEU','','0692000057','FF000000',NULL,NULL),(4296,'Dalleau','Patrick','0000-00-00','2 SENTIER DE LA SALETTE','','97436','SAINT LEU','','0692000180','FF000000',NULL,NULL),(4298,'Fontaine','Camille','0000-00-00','510 CHEMIN DE LA SURPRISE','LA FONTAINE','97436','SAINT LEU','','0692000005','FF00B050',NULL,NULL),(4299,'Dalleau','Gaëlle','2027-02-03','52 CHEMIN DES BANOIRS','','97436','SAINT LEU','','0692000126','FF000000',NULL,NULL),(4300,'Lauret','Anaïs','2019-05-02','52 CHEMIN DES BANOIRS','CITE PECHEUR','97436','SAINT LEU','','0692000201','FF000000',NULL,NULL),(4302,'Morel','Thierry','0000-00-00','29 AVENUE DES ALIZEE','','97436','SAINT LEU','','0692000200','FF000000',NULL,NULL);

--
-- Table structure for table `tco_personnel_bureau`
--

CREATE TABLE `tco_personnel_bureau` (
  `id_personnel_bureau` int NOT NULL AUTO_INCREMENT,
  `nom` varchar(100) CHARACTER SET utf8mb4 COLLATE utf8mb4_general_ci NOT NULL,
  `prenom` varchar(100) CHARACTER SET utf8mb4 COLLATE utf8mb4_general_ci NOT NULL,
  `date_naissance` date NOT NULL,
  `telephone` varchar(20) CHARACTER SET utf8mb4 COLLATE utf8mb4_general_ci NOT NULL,
  PRIMARY KEY (`id_personnel_bureau`)
) ENGINE=InnoDB AUTO_INCREMENT=3147 DEFAULT CHARSET=utf8mb4 COLLATE=utf8mb4_general_ci;

--
-- Dumping data for table `tco_personnel_bureau`
--

INSERT INTO `tco_personnel_bureau` VALUES (1,'RENE','Eric','0000-00-00','0692 33 74 99'),(2,'BLAND Ép. NOEL','Sonia','0000-00-00','0692 76 00 34'),(3,'SADOUCHARANE-MOGONE Ép. BUCHLE','Marie Suzelle','0000-00-00','0693 94 09 95'),(4,'FELICITE','Aude','0000-00-00','0692 90 37 34'),(5,'ROUGEAU','Hélène Juliette','0000-00-00','0692 71 02 46'),(6,'LATCHIMY PEROUMAL','Hillary Marie Tcharly','0000-00-00','0692 86 31 84'),(7,'OMARJEE','Irchad','0000-00-00','0693 94 02 55'),(8,'ADAM','Hassen','0000-00-00','0692 88 34 47'),(9,'LEBRETON (YCARD)','Laetitia Evelyne','0000-00-00','0693 94 08 71'),(10,'MAGDELEINE','Patrick','0000-00-00','0692 60 27 94'),(11,'OROSMANE','Joëlle Marie Catherine','0000-00-00','0692 63 77 04\n0693 9'),(12,'DAMBREVILLE','Rollande Jeanne Monique','0000-00-00','0693 62 10 97'),(13,'NORMAND','Aurore','0000-00-00','0693 11 67 63'),(14,'CADJEE','Oumar','0000-00-00','0693 02 54 24'),(15,'CHAROLAIS (HOARAU)','Marie Céline Antoinette','0000-00-00','0693 02 61 34'),(16,'IVOULA','Sabine','0000-00-00','0693 03 78 80'),(17,'COULANDON (HIPPOLYTE)','Benjamine Armelle','0000-00-00','0692 70 25 90'),(18,'LABIE','Gilles Alexandre','0000-00-00','0693 94 41 27'),(19,'ZUIDERZEE','Françoise Marie Gilda','0000-00-00','0692 76 50 89'),(20,'FRANCOIS','Hemraj Haaron Pascal','0000-00-00','0693 42 66 31'),(21,'FRADELIN','Jean Frédéric','0000-00-00','0692 29 22 13'),(22,'MARDENALOM Ép. SINAMA POUJOLLE','Marie-Claude','0000-00-00','0692 70 72 85'),(23,'DAIN','Jean-Kévin','0000-00-00','0693 94 65 88'),(24,'JUCOURT','Aurélie','0000-00-00','0692 17 61 16'),(25,'DJUNIA Ép. NILOKY','Paméla','0000-00-00','0692 64 28 38'),(26,'MARIAYE','Rosa','0000-00-00','0692 11 50 41'),(27,'TOSSEM','Jean Hugues','0000-00-00','0692 70 22 00'),(28,'AUBRAS','Betty Marie Adrienne','0000-00-00','0692 76 03 43'),(29,'ITEMA ILAHA','Marie Chrislene','0000-00-00','0692 15 05 87'),(30,'DAIN','Idriss Said','0000-00-00','0692 74 71 81'),(31,'GONTHIER','Louis Jean Christian','0000-00-00','0692 91 39 22'),(32,'BIMA','Mathieu','0000-00-00','0693 46 29 44'),(33,'PREMONT Ép RAIPIN PARVEDY','Rose-Mery','0000-00-00','0692 81 91 95'),(34,'SOMABOU Ép. DUBARD','Marie Clarisse','0000-00-00','0692 68 86 35'),(35,'MYRTHE Ép. HOARAU','Marie Yvette','0000-00-00','0692 02 19 17'),(36,'THOMAS','Mélissa Marie Cindy','0000-00-00','0692 10 95 91'),(37,'ALEXIS','Eric','0000-00-00','0692 77 35 96'),(38,'VIRIEUX','Laurent   Gilbert','0000-00-00','0692 37 18 79'),(39,'PALAMA','Guillaume Jean','0000-00-00','0692 07 34 02'),(40,'BIENAIME','Marine','0000-00-00','0693 84 31 10'),(41,'FRANCO','Antonio José','0000-00-00','0692 70 95 69'),(42,'DE LANUX','Ketty Marie Sophie','0000-00-00','0692 77 92 17'),(43,'HOARAU Ép. AKHOUN','Marie Béatrice','0000-00-00','0692 54 06 34'),(44,'TIMON','Chloée Marie Anaïs','0000-00-00','0693 02 90 50'),(45,'DERMENONVILLE Ép. GRONDIN','Marie Huguette','0000-00-00','0693 94 14 92'),(46,'IBAR','Géraldo','0000-00-00','0692 57 76 71'),(47,'HOARAU','Nathalie','0000-00-00','0692 89 88 44'),(48,'LE PAPE','Karine Marie-Noëlle','0000-00-00','0692 53 35 89'),(49,'GRINDU','Dorian','0000-00-00','0692 30 83 33'),(50,'JUVENAL','Manon','0000-00-00','0693 84 77 46'),(51,'EGATA-PATCHE Ep. RAMAYE-SINAMALLEE','Marie Annise','0000-00-00','0692 88 75 76'),(52,'CENDRIER Ép. AURE','Marie-Anne Sergine','0000-00-00','0692 63 60 62'),(53,'MYRTHE','Henry Philippe','0000-00-00','0692 64 42 21'),(54,'ALEXIS','Valérie','0000-00-00','0692 90 38 81'),(55,'GRONDIN Ép. MAILLOT','Marie Rose Nadia','0000-00-00','0692 88 21 54'),(56,'AUGUSTINE','Etienne Jeannick','0000-00-00','0692 15 22 06'),(57,'LEBRETON','Jean-Paul','0000-00-00','0692 23 50 78'),(58,'LAVIELLE','Camille','0000-00-00','0692 82 38 03'),(59,'ZITTE Ép. LEBRETON','Anne Marie Edwige','0000-00-00','0693 94 01 31\n0692 6'),(60,'LEBRETON','Emilie','0000-00-00','0692 77 64 65'),(61,'MARCEAU','Jean Pierre Michel','0000-00-00','0693 94 73 38'),(62,'ROMILY Ep. THIANCOURT','Davina','0000-00-00','0693 04 20 10'),(63,'LUCIEN Ép. FLORIANT','Marie Anick','0000-00-00','0692 71 61 07'),(64,'HOARAU','Marie Karine','0000-00-00','0692 54 08 39'),(65,'GALMAR','Jean-Jacques','0000-00-00','0692 09 18 96'),(66,'PERROT','Gaëlle','0000-00-00','0692 87 94 14'),(67,'THOMAS','Marie Claudia','0000-00-00','0692 11 53 58'),(68,'VOLTIGE','Laurent Germain','0000-00-00','0692 13 32 37'),(69,'CRIGHTON','Yann','0000-00-00','0693 94 14 03'),(70,'GOVINDAMA','Angélique','0000-00-00','0693 01 37 41'),(71,'NIRLO','Dalila','0000-00-00','0693 21 42 77'),(72,'LAURET','Nelson Jean Denis','0000-00-00','0692 86 73 67'),(73,'VATEL','Jonathan','0000-00-00','0692 54 68 14'),(74,'NIRLO','France-May','0000-00-00','0692 76 74 63'),(75,'MORAOU','Valérian Nathanael','0000-00-00','0692 56 65 39'),(76,'ITEMA MOUCHA','Richelaine','0000-00-00','0692 16 85 25'),(77,'HERODE','Gianni Jean Frédéric','0000-00-00','0692 87 98 21'),(78,'ACASTE','Marie Sabine','0000-00-00','0693 01 79 21'),(79,'NARSAMA','Erwan','0000-00-00','0692 62 50 74'),(80,'GAMIN','Nohanne Marie Anielle Davila','0000-00-00','0692 84 76 51'),(81,'ORUS','Sandrine Marie Geneviève','0000-00-00','0692 65 84 54'),(82,'MARBOIS','Marie Nadia','0000-00-00','0692 79 90 13'),(83,'PERSÉE','Pierrot Daniel','0000-00-00','0692 65 58 19'),(84,'BEGUE','Georges Marie André','0000-00-00','0693 01 28 61'),(85,'RADAKICHENIN (MINATCHY)','Nila','0000-00-00','0693 02 58 27'),(86,'GOULAMOUSSENE Ép. SEVETIAN','Jacqueline Marie Béatrix','0000-00-00','0692 17 76 51'),(87,'CARPIN','Marie Jacqueline','0000-00-00','0693 94 96 28'),(88,'LAW-HIME','Marie Tatiana','0000-00-00','0693 55 88 76'),(89,'MOREL-COIANIZ','Mireille','0000-00-00','0693 94 81 08'),(90,'KICHENAMA','Marie Nicole','0000-00-00','0692 32 26 79'),(91,'MANSARD','Jayson Kévin','0000-00-00','0693 46 87 50'),(92,'CARPAYE','Samantha','0000-00-00','0692 51 19 42'),(93,'MOUNIAMA Ép. CUVELIER','Marie Bernadette','0000-00-00','0692 71 71 09'),(94,'SOUTON','Catherine','0000-00-00','0692 99 71 93'),(95,'SOUPRAMANIEN','Jean-Valérian','0000-00-00','0692 35 73 97'),(96,'RIVIERE','Paul Laurent','0000-00-00','0692 77 08 38'),(97,'BLUKER','Sylvestre','0000-00-00','0692 61 16 97'),(98,'CURAT','Anthony Jean-Brice','0000-00-00','0692 52 29 56'),(99,'TIFAIRE-RINAMBALY','Marie Sylvette','0000-00-00','0693 02 98 84'),(100,'LALLIER','Marc','0000-00-00','0692 41 13 62'),(101,'CUVELIER Ép. MOUTAMAN- SEVAGAMY','Rose-Marie','0000-00-00','0692 19 71 12'),(102,'FELICITE','Doriane Marie-Laetitia','0000-00-00','0693 03 82 56'),(103,'HUNG-CHEI-TUI','Jean Yves','0000-00-00','0692 72 51 30'),(104,'HUNG-CHEI-TUI','Jean-Fred','0000-00-00','0692 85 54 18'),(105,'LABY-BOUGET','Natacha Marie Sergine','0000-00-00','0692 46 90 83'),(106,'MALLY','Géraldine','0000-00-00','0692 06 75 25'),(107,'MAROUDIN VIRAMALÉ','Frédéric François','0000-00-00','0692 15 82 32'),(108,'ALAMELLE Ép. LAPIERRE','Marie Aïdée','0000-00-00','0692 89 53 49'),(109,'SÉRAPHIN Ép. LANGLET','Marie Suzanne','0000-00-00','0692 67 92 70'),(110,'GASPAL','Christine Sandra','0000-00-00','0693 04 91 49'),(111,'BELLAVOINE','Yoenn Marc Antoine','0000-00-00','0692 91 17 54'),(112,'MARIE-MARTHE','Meralyne','0000-00-00','0692 14 90 01'),(113,'GOVINDAMA','Georges Marie Sylvestre','0000-00-00','0692 56 82 63'),(114,'SAINT-ALME','Marie Lolita','0000-00-00','0692 08 80 57'),(115,'PALLAS','Betty Marie-Roselyne','0000-00-00','0692 25 84 68'),(116,'LANGEVILLIER Ép. LARDAL','Marie Brigitte','0000-00-00','0692 34 00 14'),(117,'CHEREAU Ép. NEMAZINE','Marie Pascaline','0000-00-00','0692 09 14 59'),(118,'GRONDIN Ép. GAUTHIER','Chantal Marie-Sylvaine','0000-00-00','0692 56 40 91'),(119,'CHEREAU','Marie Claudette','0000-00-00','0692 15 29 84'),(120,'VIRANIN-HOUPIARPANIN','Emeline Chloé','0000-00-00','0692 16 47 76'),(121,'LARDAL','Jocelyn','0000-00-00','0692 23 15 51'),(122,'IAFARE','Daphnée Aude','0000-00-00','0692 35 73 05'),(123,'CURCIO','Charles-André Noël Roger','0000-00-00','0692 80 93 61'),(124,'TARISTAS','Elodie','0000-00-00','0692 12 40 98'),(125,'PALINEDAGA','Emmanuelle','0000-00-00','0693 84 55 91'),(126,'SEVERIN (TELEF)','Marie Laurence','0000-00-00','0692 19 42 17'),(127,'JEAN-BAPTISTE','Jean-Noël','0000-00-00','0693 02 38 90'),(128,'AUBRAS','Régine Marie Françoise','0000-00-00','0692 82 95 17'),(129,'CHANEL','Jean-Marie Bruno','0000-00-00','0692 88 24 70'),(130,'HOUSSEIN Ep MARIE-MARTHE','Rafaelle Marion Andréa','0000-00-00','0692 58 71 39'),(131,'NIRLO','Félicia Marie-Sylvie','0000-00-00','0692 66 95 09'),(132,'MAILLOT','Graziella Marie','0000-00-00','0692 56 10 58'),(133,'HEURTIN','Sabine Marie Lourde','0000-00-00','0693 01 24 51'),(134,'ARIAPOUTRY-VIRIN','Marie Elisabeth','0000-00-00','0692 86 80 78'),(135,'MOUROUVIN','Marie Georgette','0000-00-00','0692 27 42 80'),(136,'HOAREAU','Benjamin','0000-00-00','0692 64 92 93'),(137,'MARIE-LOUISE','Jean Philippe','0000-00-00','0693 94 48 33'),(138,'FIDELE Ép. MARIE LOUISE','Marie Olga','0000-00-00','0692 67 62 92'),(139,'ICHIZA-IMAHO','Marie Julietta','0000-00-00','0692 64 46 77'),(140,'ELKAMAN','Brian Jean Kevin','0000-00-00','0692 50 71 48'),(141,'LEVENEUR','Carole Marie-Bertrande','0000-00-00','0692 53 62 88\n0693 0'),(142,'TELL Ep MOUNIAMA-MOUNICAN','Aurélie','0000-00-00','0692 37 74 57'),(143,'HIBON','Pascal Jean-Hugues','0000-00-00','0693 39 72 91'),(144,'ZITTE','Murielle Denise','0000-00-00','0692 15 29 51'),(145,'LOUGNON','Laurence Elisabeth','0000-00-00','0692 68 64 56'),(146,'PALINEDAGA','Emmanuelle','0000-00-00','0693 84 55 91'),(147,'CAPOUTRIE','Jacques','0000-00-00','0693 39 73 25'),(148,'LATCHIMY','Gaelle','0000-00-00','0692 57 89 90'),(149,'LAURET','Daniel François Mary','0000-00-00','0692 09 68 19'),(150,'CATHERINE Ép. LARTIN','Marie Yvette','0000-00-00','0692 89 69 59'),(151,'HOARAU','Jean Dominique','0000-00-00','0692 88 25 99'),(152,'DUMONT','Marie Annie-Claude','0000-00-00','0692 53 56 03'),(153,'JEAN-BAPTISTE','Jean-Marie Yannick','0000-00-00','0692 25 54 45'),(154,'FERRERE','Murielle Anna','0000-00-00','0692 62 13 63'),(155,'MOIMBA','Marie Flore','0000-00-00','0692 57 63 46'),(156,'BENOIST Ep. CATHERINE','Anne-Lise Daniele','0000-00-00','0693 65 91 72'),(157,'MARIE-LOUISE','Richeville','0000-00-00','0692 88 61 63'),(158,'CRESCENCE Ép. FLORIANT','Marie Joceline','0000-00-00','0692 67 90 65'),(159,'PAYET','Alix Bernard','0000-00-00','0692 03 66 32'),(160,'CUVELIER','Ketty','0000-00-00','0693 03 40 45'),(161,'FLORIANT','Tristan Jimmy Rosaire Fabrice','0000-00-00','0693 44 05 44'),(162,'LATCHIMY','Jean-Michel','0000-00-00','0692 77 05 99'),(163,'HOAREAU','Steven Antoine','0000-00-00','0692 77 03 16'),(164,'MARIE ELISE','Christiane Marie Rosetia','0000-00-00','0692 98 86 73'),(165,'DEPLANCKE','Christophe Jean','0000-00-00','0692 82 73 83'),(166,'PERMALNAICK','Maxime Freddy','0000-00-00','0692 82 81 17'),(167,'BOURBON','Jean-Max Raoul','0000-00-00','0692 90 03 75'),(168,'EGATA-PATCHE','David Emmanuel','0000-00-00','0692 30 31 15'),(169,'MAILLE','Didier Jean Michel','0000-00-00','0692 18 56 33'),(170,'SINCERE','Marie-Line','0000-00-00','0692 82 71 67'),(171,'SALLÉ','Virginie','0000-00-00','0693 02 16 30'),(172,'MOREL','Jean Olivier','0000-00-00','0692 85 01 03'),(173,'RABATEL Ép. GUINET','Christine Juliette Reine','0000-00-00','0692 37 84 67'),(174,'LAM SOO','Julie Audrey','0000-00-00','0692 63 45 52'),(175,'ENCANA (ALBORA)','Samantha','0000-00-00','0693 65 60 91'),(176,'LEPINAY','Cédric Bruno','0000-00-00','0692 85 44 30'),(177,'SINCERE','Jean-Vivien','0000-00-00','0692 12 44 82'),(178,'TELLIER','Cécile Anne Marie','0000-00-00','0692 07 66 76'),(179,'PAYET','Gwennaelle Maite France','0000-00-00','0693 13 21 02'),(180,'ZITTE Ép GERARD','Marie Lourdes Sandra','0000-00-00','0692 65 59 75'),(181,'LOCAME','Patricia Marie Yolande','0000-00-00','0692 19 64 92'),(182,'BATAILLE','Armande','0000-00-00','0692 17 12 24'),(183,'RAMSAMY (LEBON)','Marielle Marie Fabrice','0000-00-00','0693 33 49 84'),(184,'CAPRON','Julien Serge','0000-00-00','0692 93 09 71'),(185,'CROISSIAUX','Maguy Marie-Pierre','0000-00-00','0692 77 33 66'),(186,'SINGAINY','Marie Joëlle','0000-00-00','0692 36 59 05'),(187,'ROBERT','Laurent Judex','0000-00-00','0692 77 80 99'),(188,'FONTAINE','Pascal Thierry Aimery','0000-00-00','0693 94 00 86'),(189,'FERRAND','Robert Roger François','0000-00-00','0692 60 70 99'),(190,'SERVEAUX Ép. LEONETTE','Marie-Line','0000-00-00','0692 82 71 67'),(191,'ACASTE','Daphnée Marie-Migline','0000-00-00','0692 15 56 88'),(192,'ACASTE','Cheryl Marie-Wendy','0000-00-00','0693 54 13 06'),(193,'COUSIN','Marie Mélissa','0000-00-00','0692 04 83 55'),(194,'VERBARD','Angélique Marie Emilie','0000-00-00','0692 79 22 04'),(195,'NATIVEL','Jean-François','0000-00-00','0692 20 27 22'),(196,'GULDARY','Marie Armande','0000-00-00','0692 61 21 65'),(197,'CHAREYRE Ep. RACINE','Delphine Valérie','0000-00-00','0693 61 94 84'),(198,'NICLIN Ep GENTIL','Sabine Marie Sophie','0000-00-00','0693 94 26 94'),(199,'DALAMA','Marie Céline','0000-00-00','0692 56 61 32\n0692 6'),(200,'PERROT Ép. SOUTON','Martine','0000-00-00','0692 25 89 61'),(201,'GUYON','Sébastien Laurent','0000-00-00','0693 94 29 82'),(202,'MOUNIAMA','Windie Maire Emilienne','0000-00-00','0693 99 22 58'),(203,'HERMIER','Nolwenn Delphine Yvonne','0000-00-00','0692 91 05 82'),(204,'DOBARIA Ép. DESSIMIETTI','Martine Marie','0000-00-00','0692 83 03 24'),(205,'MASSÉ','Mathieu Jacques Raymond','0000-00-00','0692 51 32 52'),(206,'DRULE','Marie-Christine','0000-00-00','0693 50 33 59'),(207,'VINGADASSALOM','Jérémie','0000-00-00','0692 87 28 76'),(208,'SADEYEN','Jean Patrick','0000-00-00','0692 86 43 55'),(209,'VINGADASSALOM','Jean-Claude','0000-00-00','0692 44 21 30'),(210,'CARLOT','Eric','0000-00-00','0692 99 75 28'),(211,'POININ-COULIN','Alexis Franchin','0000-00-00','0692 71 56 87'),(212,'CONSTANTE','Patricia','0000-00-00','0692 85 11 70'),(213,'GAMIN','Caliste Gilbert','0000-00-00','0692 76 27 25'),(214,'SEMANELE Ep. GAMIN','Pascaline Marie','0000-00-00','0692 76 27 25\n0692 6'),(215,'MOONESWAMY','Rumagen','0000-00-00','0692 16 71 26'),(216,'GALAOR','Myrvil Jean Philippe','0000-00-00','0692 69 32 42'),(217,'VIRAMA COUTAYE','Dominique Jean Luc','0000-00-00','0693 94 65 96'),(218,'PERIANMODELY','Indra','0000-00-00','0692 28 87 32'),(219,'TARISTAS Ep. MOUNICHY','Marie Nathalie','0000-00-00','0692 50 79 28'),(220,'PERIANAYAGOM-MARY Ép. PERROT','Gilberte','0000-00-00','0692 71 58 97'),(221,'VIRAMA COUTAYE','Satyanand','0000-00-00','0692 10 22 89'),(222,'SEVETIAN','Jérémy Alain','0000-00-00','0693 03 10 03'),(223,'LARTIN','Betty Marie Cindy','0000-00-00','0692 70 08 83'),(224,'RAMALINGOM-RAMASSAMY','Johny','0000-00-00','0692 50 04 54'),(225,'ARNE','Jean-Sergio Marie','0000-00-00','0692 70 11 58'),(226,'VOTREA Ép. VELPRAT','Marina','0000-00-00','0692 92 74 57'),(227,'ALCMEON','Jimmy Laurent Claude','0000-00-00','0692 85 27 38'),(228,'CARNET','Fabien Olivier','0000-00-00','0693 06 59 48'),(229,'BELLON','Guyto Jean Daniel','0000-00-00','0693 94 20 50'),(230,'MAROUDIN-VIRAMALÉ','Nicolas','0000-00-00','0692 90 08 00'),(231,'TALASSIA','Tony','0000-00-00','0692 80 33 07'),(232,'IRSAPOULLÉ','Marie Sylvie Josette','0000-00-00','0692 72 43 88'),(233,'METANIRE','Jean Julius','0000-00-00','0692 71 71 65'),(234,'GAMIN Ép. LEBRETON','Cindy Marie Sandra','0000-00-00','0692 10 99 30'),(235,'METANIRE (GAMIN)','Marie Louisie','0000-00-00','0692 78 48 21'),(236,'LIGDAMIS','Lydia','0000-00-00','0692 11 26 70'),(237,'FLORESTAN','Antoine Luc','0000-00-00','0693 94 92 49'),(238,'ALCMEON Ép. HILARIC','Leila Marie-Christina','0000-00-00','0693 02 21 14'),(239,'TAURAN','Julian','0000-00-00','0693 94 24 85'),(240,'LAO-KAN','Natacha Marie Julie','0000-00-00','0692 20 16 45'),(241,'CRESCENCE','Yvrin','0000-00-00','0692 82 19 11'),(242,'ROMELY','Anaick','0000-00-00','0692 13 61 21');

--
-- Table structure for table `tco_quartiers`
--

CREATE TABLE `tco_quartiers` (
  `id_quartier` int unsigned NOT NULL AUTO_INCREMENT,
  `nom_quartier` varchar(255) CHARACTER SET utf8mb4 COLLATE utf8mb4_general_ci DEFAULT NULL,
  `id_tco_ville` int unsigned NOT NULL,
  PRIMARY KEY (`id_quartier`),
  KEY `id_tco_ville` (`id_tco_ville`)
) ENGINE=InnoDB AUTO_INCREMENT=13 DEFAULT CHARSET=utf8mb4 COLLATE=utf8mb4_general_ci;

--
-- Dumping data for table `tco_quartiers`
--

INSERT INTO `tco_quartiers` VALUES (1,'Le Port Maritime',1),(2,'ZAC2000',1),(3,'Coeur Saignant',1),(4,'ZAC Saint Laurent',2),(5,'Parc boisé',1),(6,'Maloya',1),(7,'Saint‑Paul Centre',3),(8,'La Plaine – Bois‑de‑Nèfles',3),(9,'Saint‑Gilles‑les‑Bains (bassin du littoral Ouest)',3),(10,'La Saline',3),(11,'Le Guillaume',3),(12,'Plateau-Caillou',3);

--
-- Table structure for table `tco_quartiers_points`
--

CREATE TABLE `tco_quartiers_points` (
  `id_point` int NOT NULL AUTO_INCREMENT,
  `id_quartier` int unsigned NOT NULL,
  `latitude` decimal(9,6) NOT NULL,
  `longitude` decimal(9,6) NOT NULL,
  PRIMARY KEY (`id_point`),
  KEY `id_quartier` (`id_quartier`),
  CONSTRAINT `tco_quartiers_points_ibfk_1` FOREIGN KEY (`id_quartier`) REFERENCES `tco_quartiers` (`id_quartier`) ON DELETE RESTRICT ON UPDATE CASCADE
) ENGINE=InnoDB AUTO_INCREMENT=630 DEFAULT CHARSET=utf8mb4 COLLATE=utf8mb4_general_ci;

--
-- Dumping data for table `tco_quartiers_points`
--

INSERT INTO `tco_quartiers_points` VALUES (1,1,-20.945958,55.282080),(2,1,-20.944556,55.283883),(3,1,-20.940508,55.284698),(4,1,-20.940828,55.288260),(5,1,-20.936620,55.289247),(6,1,-20.935778,55.286930),(7,1,-20.934976,55.287187),(8,1,-20.935177,55.289505),(9,1,-20.933934,55.289934),(10,1,-20.931569,55.297015),(11,1,-20.934936,55.299075),(12,1,-20.943674,55.297787),(13,1,-20.947361,55.293753),(14,1,-20.945958,55.282080),(15,2,-20.947871,55.311904),(16,2,-20.947059,55.309470),(17,2,-20.944167,55.311904),(18,2,-20.944565,55.313136),(19,2,-20.945288,55.322918),(20,2,-20.947473,55.320880),(21,2,-20.948329,55.321543),(22,2,-20.952003,55.317245),(23,2,-20.947325,55.312425),(24,2,-20.947871,55.311904),(25,4,-20.953270,55.331828),(26,4,-20.954482,55.330719),(27,4,-20.954065,55.329679),(28,4,-20.953245,55.328922),(29,4,-20.954217,55.328665),(30,4,-20.954141,55.327272),(31,4,-20.952449,55.327232),(32,4,-20.950505,55.328462),(33,4,-20.947551,55.330787),(34,4,-20.948548,55.332341),(35,4,-20.949218,55.333436),(36,4,-20.952260,55.332977),(37,4,-20.952209,55.332139),(38,4,-20.953270,55.331828),(53,3,-20.953618,55.299226),(54,3,-20.950324,55.302614),(55,3,-20.952347,55.306235),(56,3,-20.949414,55.310473),(57,3,-20.951206,55.312871),(58,3,-20.952679,55.310845),(59,3,-20.954875,55.312639),(60,3,-20.958256,55.309220),(61,3,-20.954745,55.302104),(62,3,-20.955150,55.298994),(63,3,-20.953618,55.299226),(64,5,-20.943930,55.297690),(65,5,-20.941946,55.297884),(66,5,-20.939280,55.300759),(67,5,-20.940483,55.307840),(68,5,-20.949922,55.301939),(69,5,-20.948359,55.299622),(70,5,-20.943930,55.297690),(510,7,-20.999700,55.269700),(511,7,-20.999900,55.280400),(512,7,-21.001600,55.289900),(513,7,-21.004600,55.298300),(514,7,-21.008700,55.305700),(515,7,-21.013500,55.311000),(516,7,-21.018900,55.314200),(517,7,-21.024500,55.315300),(518,7,-21.030000,55.314200),(519,7,-21.035300,55.311000),(520,7,-21.040100,55.305700),(521,7,-21.043700,55.298300),(522,7,-21.046700,55.289900),(523,7,-21.048400,55.280400),(524,7,-21.048600,55.269700),(525,7,-21.048400,55.259000),(526,7,-21.046700,55.249500),(527,7,-21.043700,55.242100),(528,7,-21.040100,55.235700),(529,7,-21.035300,55.229500),(530,8,-21.025000,55.332000),(531,8,-21.024800,55.342700),(532,8,-21.023100,55.352200),(533,8,-21.020100,55.360600),(534,8,-21.016000,55.368000),(535,8,-21.011200,55.373300),(536,8,-21.005800,55.376500),(537,8,-21.000200,55.377600),(538,8,-20.994700,55.376500),(539,8,-20.989500,55.373300),(540,8,-20.984700,55.368000),(541,8,-20.980600,55.360600),(542,8,-20.977600,55.352200),(543,8,-20.975900,55.342700),(544,8,-20.975700,55.332000),(545,8,-20.975900,55.321300),(546,8,-20.977600,55.311800),(547,8,-20.980600,55.303400),(548,8,-20.984700,55.296000),(549,8,-20.989500,55.292800),(550,9,-21.033000,55.216000),(551,9,-21.032800,55.226700),(552,9,-21.031100,55.236200),(553,9,-21.028100,55.244600),(554,9,-21.024000,55.252000),(555,9,-21.019200,55.257300),(556,9,-21.013800,55.260500),(557,9,-21.008200,55.261600),(558,9,-21.002700,55.260500),(559,9,-20.997500,55.257300),(560,9,-20.992700,55.252000),(561,9,-20.988600,55.244600),(562,9,-20.985600,55.236200),(563,9,-20.983900,55.226700),(564,9,-20.983700,55.216000),(565,9,-20.983900,55.205300),(566,9,-20.985600,55.195800),(567,9,-20.988600,55.187400),(568,9,-20.992700,55.180000),(569,9,-20.997500,55.176800),(570,10,-21.095000,55.221000),(571,10,-21.094800,55.231700),(572,10,-21.093100,55.241200),(573,10,-21.090100,55.249600),(574,10,-21.086000,55.257000),(575,10,-21.081200,55.262300),(576,10,-21.075800,55.265500),(577,10,-21.070200,55.266600),(578,10,-21.064700,55.265500),(579,10,-21.059500,55.262300),(580,10,-21.054700,55.257000),(581,10,-21.050600,55.249600),(582,10,-21.047600,55.241200),(583,10,-21.045900,55.231700),(584,10,-21.045700,55.221000),(585,10,-21.045900,55.210300),(586,10,-21.047600,55.200800),(587,10,-21.050600,55.192400),(588,10,-21.054700,55.187000),(589,10,-21.059500,55.183800),(590,11,-21.054000,55.296000),(591,11,-21.053800,55.306700),(592,11,-21.052100,55.316200),(593,11,-21.049100,55.324600),(594,11,-21.045000,55.332000),(595,11,-21.040200,55.337300),(596,11,-21.034800,55.340500),(597,11,-21.029200,55.341600),(598,11,-21.023700,55.340500),(599,11,-21.018500,55.337300),(600,11,-21.013700,55.332000),(601,11,-21.009600,55.324600),(602,11,-21.006600,55.316200),(603,11,-21.004900,55.306700),(604,11,-21.004700,55.296000),(605,11,-21.004900,55.285300),(606,11,-21.006600,55.275800),(607,11,-21.009600,55.267400),(608,11,-21.013700,55.262000),(609,11,-21.018500,55.258800),(610,12,-21.014000,55.305000),(611,12,-21.013800,55.315700),(612,12,-21.012100,55.325200),(613,12,-21.009100,55.333600),(614,12,-21.005000,55.341000),(615,12,-21.000200,55.346300),(616,12,-20.994800,55.349500),(617,12,-20.989200,55.350600),(618,12,-20.983700,55.349500),(619,12,-20.978500,55.346300),(620,12,-20.973700,55.341000),(621,12,-20.970600,55.333600),(622,12,-20.968900,55.325200),(623,12,-20.967200,55.315700),(624,12,-20.967000,55.305000),(625,12,-20.967200,55.294300),(626,12,-20.968900,55.284800),(627,12,-20.970600,55.276400),(628,12,-20.973700,55.269000),(629,12,-20.978500,55.265800);

--
-- Table structure for table `tco_villes`
--

CREATE TABLE `tco_villes` (
  `id_tco_ville` int unsigned NOT NULL AUTO_INCREMENT,
  `ville` varchar(255) CHARACTER SET utf8mb4 COLLATE utf8mb4_general_ci NOT NULL,
  `longitude` decimal(9,6) NOT NULL,
  `latitude` decimal(9,6) NOT NULL,
  `zoom` tinyint unsigned NOT NULL,
  PRIMARY KEY (`id_tco_ville`)
) ENGINE=InnoDB AUTO_INCREMENT=5 DEFAULT CHARSET=utf8mb4 COLLATE=utf8mb4_general_ci;

--
-- Dumping data for table `tco_villes`
--

INSERT INTO `tco_villes` VALUES (1,'Le Port',55.291910,-20.937300,12),(2,'La Possession',55.335120,-20.928900,12),(3,'Saint Paul',55.270000,-21.010000,12);

--
-- Dumping events for database 'pneumogeobureau'
--

--
-- Dumping routines for database 'pneumogeobureau'
--
/*!50112 PREPARE s FROM @disable_bulk_load */;
/*!50112 EXECUTE s */;
/*!50112 DEALLOCATE PREPARE s */;


