(10146,5305,'maladies_intercurrentes','Talonnière droite pour entorse pied droit','',0),(10147,5306,'maladies_intercurrentes','PREVENAR 13 suspension injectable Vaccin pneumococcique polyosidique conjugué (13-valent, adsorbé)','1 amp en IM',0),(10149,5307,'maladies_intercurrentes','Radiographie thoracique ','',0),(10150,5307,'maladies_intercurrentes','TDM des sinus','',0),(10151,5308,'maladies_intercurrentes','NFS -Plaquettes','',0),(10152,5308,'maladies_intercurrentes','IgE Totales','',0),(10153,5309,'maladies_intercurrentes','SINGULAIR 10 mg, comprimé pelliculé','1cp le soir',0),(10154,5309,'maladies_intercurrentes','SERETIDE 250 microgrammes/25 microgrammes/dose, suspension pour inhalation en flacon pressurisé','2 b m et s ',0),(10156,5310,'affection_exonorante','Augmentin 1gx3/j ','',0),(10157,5310,'affection_exonorante','ULTRALEVURE 200 mg, gélule','2X2/j',0),(10158,5310,'affection_exonorante','LAROSCORBINE 1 g, comprimé effervescent','le m ',0),(10159,5311,'maladies_intercurrentes','SINGULAIR 10 mg, comprimé pelliculé','1 cp le s ',0),(10160,5313,'maladies_intercurrentes','NFS -Plaquettes','',0),(10161,5313,'maladies_intercurrentes','Pro BNP','',0),(10162,5312,'affection_exonorante','NFS -Plaquettes','',0),(10163,5312,'affection_exonorante','Pro BNP','',0),(10164,4151,'affection_exonorante','MOPRAL 20 mg, gélule gastro-résistante','1 cp le s pdt la durée de la corticothérapie orale',0),(10165,5314,'affection_exonorante','Location d\'un appareil d\'aérosolthérapie ','',0),(10167,5315,'affection_exonorante','Xolair 375 mg le mercredi 21/12/2016 et 04/01/2017','',0),(10168,5317,'affection_exonorante','AZITHROMYCINE ARROW 250 mg, comprimé pelliculé','1cp X3/semaine Lun,Mer,Vendredi',0),(10169,5317,'affection_exonorante','SPAGULAX MUCILAGE PUR, granulés en sachet dose','1 sachet/j',0),(10170,5317,'affection_exonorante','All bran à Score','',0),(10171,5318,'affection_exonorante','Gril costal','',0),(10172,5319,'affection_exonorante','PAROEX 0,12 POUR CENT, solution pour bain de bouche','gargarisme m et s pdt 1 mois',0),(10173,5319,'affection_exonorante','Striverdi respimat 2 b en une seule prise','',0),(10174,5320,'maladies_intercurrentes','Radiographie thoracique','',0),(10175,5320,'maladies_intercurrentes','TDM des sinus','',0),(10176,5321,'maladies_intercurrentes','NFS -Plaquettes','',0),(10177,5321,'maladies_intercurrentes','IgE totales','',0),(10178,5322,'maladies_intercurrentes','Sertetide 250  B m  et s avec rinçage','',0),(10179,5322,'maladies_intercurrentes','Chambre d','',0),(10180,5322,'maladies_intercurrentes','Singulair 10 mg 1 cp le s ','',0),(10181,5322,'maladies_intercurrentes','2 mois de traitement','',0),(10182,5323,'maladies_intercurrentes','PAROEX 0,12 POUR CENT, solution pour bain de bouche','gargarisme m et s ',0),(10183,5323,'maladies_intercurrentes','RINOCLENIL 100 microgrammes/dose, suspension pour pulvérisation nasale','1 pulv ds chq narine m et s ',0),(10184,5324,'maladies_intercurrentes','PAROEX 0,12 POUR CENT, solution pour bain de bouche','gargarisme m et s ',0),(10185,5324,'maladies_intercurrentes','RINOCLENIL 100 microgrammes/dose, suspension pour pulvérisation nasale','1 pulv ds chq narine m et s',0),(10186,5325,'maladies_intercurrentes','Radiographie thoracique ','',0),(10187,5325,'maladies_intercurrentes','TDM des sinus','',0),(10188,5326,'maladies_intercurrentes','NFS-Plaquettes','',0),(10189,5326,'maladies_intercurrentes','IgE Totales','',0),(10190,5327,'maladies_intercurrentes','','',0),(10191,5328,'maladies_intercurrentes','SERETIDE 125 microgrammes/25 microgrammes/dose, suspension pour inhalation en flacon pressurisé',' B m et s avec rinçage',0),(10192,5328,'maladies_intercurrentes','SINGULAIR 5 mg, comprimé à croquer','1 cp le s ',0),(10193,5329,'maladies_intercurrentes','Radiographie thoracique','',0),(10194,5329,'maladies_intercurrentes','TDM des sinus','',0),(10195,5330,'maladies_intercurrentes','NFS Plaquettes','',0),(10196,5330,'maladies_intercurrentes','CRP/IgE totales','',0),(10197,5331,'maladies_intercurrentes','Seretide 125 1B m et s avec rinçage','',0),(10198,5331,'maladies_intercurrentes','SINGULAIR 5 mg, comprimé à croquer','1 cp le s ',0),(10199,5332,'maladies_intercurrentes','PAROEX 0,12 POUR CENT, solution pour bain de bouche','gargarisme m et s ',0),(10200,5332,'maladies_intercurrentes','RINOCLENIL 100 microgrammes/dose, suspension pour pulvérisation nasale','1 pulv ds chq narine m et s ',0),(10201,5333,'maladies_intercurrentes','Polykaraya 2 sachets m et s ','',0),(10202,5333,'maladies_intercurrentes','PINAVERIUM ARROW 100 mg, comprimé pelliculé','1cp m et s ',0),(10203,5333,'maladies_intercurrentes','SMECTA, poudre pour suspension buvable en sachet','1 scht m et s ',0),(10204,5334,'maladies_intercurrentes','Radiographie thoracique','',0),(10205,5335,'maladies_intercurrentes','SYMBICORT TURBUHALER 400/12 microgrammes/dose, poudre pour inhalation','2B m et s avec rinçage',0),(10206,5335,'maladies_intercurrentes','Solupred 25 mg le m au milieu du repas en diminuant de 5 mg ts les 5 jrs en vue arret','',0),(10207,4731,'affection_exonorante','Serum physiologique instillation narinaire','',0),(10208,5336,'affection_exonorante','Location d\'un appareil d\'aérosolthérapie','',0),(10209,5337,'affection_exonorante','Aérosolthérapie BICARBONATE 14 p.mille m et s avant la kinésiethérapie ','',0),(10210,5337,'affection_exonorante','Spiolto 2B consécutives ','',0),(10213,5338,'maladies_intercurrentes','1 litre d','',0),(10214,5338,'maladies_intercurrentes','SPAGULAX MUCILAGE PUR, granulés en sachet dose','1 sachet le m ',0),(10215,5338,'maladies_intercurrentes','All bran son le matin ','',0),(10216,5339,'maladies_intercurrentes','PAROEX 0,12 POUR CENT, solution pour bain de bouche','gargarisme m et s ',0),(10217,5339,'maladies_intercurrentes','RINOCLENIL 100 microgrammes/dose, suspension pour pulvérisation nasale','1 pulv ds chq narine m et s ',0),(10218,5339,'maladies_intercurrentes','Aérosolthérapie pulmicort m et s avec rinçage','',0),(10219,5340,'maladies_intercurrentes','Location d\'un appareil d\'aérosolthérapie ','',0),(10221,5341,'maladies_intercurrentes','Echographie abdominale','',0),(10222,5341,'maladies_intercurrentes','Grille  costale','',0),(10223,5342,'maladies_intercurrentes','PAROEX 0,12 POUR CENT, solution pour bain de bouche','garhgarisme m et s',0),(10224,5342,'maladies_intercurrentes','RINOCLENIL 100 microgrammes/dose, suspension pour pulvérisation nasale','1 pulv ds chq narine m et s ',0),(10225,5342,'maladies_intercurrentes','Amoxicilline 1g x3 pdt 7 jrs','',0),(10226,5342,'maladies_intercurrentes','Relvar ellipta 1B /j ','',0),(10227,5343,'maladies_intercurrentes','Location d\'un appareil d\'aérosolthérapie ','',0),(10228,5344,'maladies_intercurrentes','Paroex','gargarisme m et s ',0),(10229,5344,'maladies_intercurrentes','RINOCLENIL 100 microgrammes/dose, suspension pour pulvérisation nasale','1pulv ds chq narine m et s ',0),(10230,5344,'maladies_intercurrentes','Aérosolthérapie PULMICORT 0.5 mg/2 ml','m et s ',0),(10231,5345,'affection_exonorante','Aérosothérapie BRICANYL -ATROVENT X2/j','',0),(10232,5345,'affection_exonorante','Aérosolthérapie Budesonide m et s avec rinçage','',0),(10235,5345,'affection_exonorante','Striverdi respimat 2B consécutives','1 cp le s ',0),(10236,5346,'affection_exonorante','Kinésiethérapie respiratoire à domicile','',0),(10237,5347,'maladies_intercurrentes','IgE Totales','',0),(10238,5348,'maladies_intercurrentes','TDM des sinus','',0),(10239,5349,'maladies_intercurrentes','Mopral 40 mg m et s ','',0),(10240,5349,'maladies_intercurrentes','GAVISCON, suspension buvable en sachet','1X3/j',0),(10241,5350,'affection_exonorante','Location d\'un appareil d\'aérosolthérapie ','',0),(10242,5351,'maladies_intercurrentes','TDM des sinus','',0),(10243,5351,'maladies_intercurrentes','Radiographie thoracique','',0),(10244,5352,'maladies_intercurrentes','NFS _Plaquettes','',0),(10245,5352,'maladies_intercurrentes','IgE totales','',0),(10246,5353,'affection_exonorante','Radiographie thoracique face et profil ','',0),(10247,5354,'maladies_intercurrentes','TDM thoracique sans injection','',0),(10248,5355,'maladies_intercurrentes','PNEUMO 23, solution injectable en seringue pré-remplie. vaccin pneumococcique polyosidique','1 injection en IM.',0),(10249,5356,'maladies_intercurrentes','SMECTA, poudre pour suspension buvable en sachet','1 sachet X3/j ',0),(10250,5356,'maladies_intercurrentes','CARBOLEVURE ENFANTS, gélule','2X2/j',0),(10251,5357,'maladies_intercurrentes','Radiographie thoracique','',0),(10252,5357,'maladies_intercurrentes','TDM des sinus','',0),(10253,5358,'maladies_intercurrentes','NFS -Plaquettes','',0),(10254,5358,'maladies_intercurrentes','IgE Totales','',0),(10255,5359,'maladies_intercurrentes','Seretide 250 2B m et s avec rinçage ','',0),(10256,5359,'maladies_intercurrentes','Chambre d','',0),(10257,5359,'maladies_intercurrentes','SINGULAIR 10 mg, comprimé pelliculé','1 cp le s ',0),(10258,5360,'affection_exonorante','GDS à Air ambiant','',0),(10259,5362,'maladies_intercurrentes','Radiographie thoracique','',0),(10261,5363,'maladies_intercurrentes','Location d\'un appareil d\'aérosolthérapie ','',0),(10262,5364,'maladies_intercurrentes','Aérosolthérapie bicarbonate 14 p.m.','m et s ',0),(10263,5365,'maladies_intercurrentes','ERYTHROCINE 250 mg, granulés pour solution buvable en sachet-dose','X3/j  m ,midi et s ',0),(10264,5366,'maladies_intercurrentes','GDS à AA','',0),(10265,5366,'maladies_intercurrentes','NFS -Plaquttes','',0),(10266,5367,'affection_exonorante','Ultibro 1B/j','',0),(10267,5367,'affection_exonorante','Relvar ellipta 1b avec rinçage','',0),(10268,5368,'affection_exonorante','GDS à AA','',0),(10269,5368,'affection_exonorante','NFS Plaquettes','',0),(10270,5369,'affection_exonorante','Radiographie thoracique','',0),(10271,5370,'maladies_intercurrentes','Aérosolthérapie PULMICORT X/j ','',0),(10272,5370,'maladies_intercurrentes','ERYTHROCINE 1000 mg, granulés pour solution buvable en sachet-dose','3 fois /j pendant 10jrs',0),(10273,5371,'maladies_intercurrentes','SINGULAIR 10 mg, comprimé pelliculé','1 cp le s ',0),(10274,5371,'maladies_intercurrentes','SERETIDE 250 microgrammes/25 microgrammes/dose, suspension pour inhalation en flacon pressurisé','2B m et s avec un ',0),(10275,5371,'maladies_intercurrentes','Chambre d\'inhalation','',0),(10276,5372,'maladies_intercurrentes','TDM des Sinus','',0),(10277,5373,'maladies_intercurrentes','NFS-Plaquettes','',0),(10278,5373,'maladies_intercurrentes','IgE Totales','',0),(10279,5374,'maladies_intercurrentes','DICETEL 50 mg, comprimé pelliculé','1cp m et s ',0),(10280,5374,'maladies_intercurrentes','Polykaraya 2 sachets m et s ','',0),(10281,5375,'maladies_intercurrentes','SINGULAIR 10 mg, comprimé pelliculé','1 cp le s ',0),(10282,5375,'maladies_intercurrentes','AERIUS 5 mg, comprimé pelliculé','1 cp le s ',0),(10283,5375,'maladies_intercurrentes','Relvar ellipta 1B le m','',0),(10284,5375,'maladies_intercurrentes','DOLIPRANE 1000 mg, comprimé',' 1 gel m et s ',0),(10285,5375,'maladies_intercurrentes','RINOCLENIL 100 microgrammes/dose, suspension pour pulvérisation nasale','1 pulv ds chq narine m et s ',0),(10286,5148,'affection_exonorante','Aérosolthérapie BRICANYL-ATROVENT X2/j','',0),(10287,5148,'affection_exonorante','Spiriva respimat','2B/j',0),(10288,5148,'affection_exonorante','ALVESCO 160 microgrammes/dose, solution pour inhalation en flacon pressurisé','1B/j à l',0),(10289,5376,'maladies_intercurrentes','Location d\'un appareil d\'aérosolthérapie enfant','',0),(10290,5377,'maladies_intercurrentes','Aérosolthérapie PULMICORT 0.5 mg/2ml m et s ','',0),(10291,5377,'maladies_intercurrentes','Serum physiologique unidose 10 ml 20 doses ','',0),(10292,5377,'maladies_intercurrentes','Erythrocine sac de 250 mg 1 sachet m et s soit 500 mg/j ','7 jrs de traitement',0),(10293,5379,'maladies_intercurrentes','Aérosolthérapie BRICANYL-ATROVENT X2/j','',0),(10294,5379,'maladies_intercurrentes','Aérosolthérapie PULMICORT x2/j avec rinçage','',0),(10295,5379,'maladies_intercurrentes','ONBREZ BREEZHALER 300 microgrammes, poudre pour inhalation en gélule','2B/j',0),(10296,5379,'maladies_intercurrentes','Seebri breezhaler 1B/j','',0),(10297,5379,'maladies_intercurrentes','Ventoline 2 B en cas de besoin','',0),(10298,5380,'maladies_intercurrentes','IRM cérébral','',0),(10299,5381,'maladies_intercurrentes','NFS -plaquettes ','',0),(10300,5381,'maladies_intercurrentes','IgE Totales','',0),(10301,5382,'maladies_intercurrentes','Radiographie thoracique','',0),(10302,5382,'maladies_intercurrentes','TDM des sinus','',0),(10303,5383,'maladies_intercurrentes','Aérosolthérapie PULMICORT m et s ','',0),(10304,5383,'maladies_intercurrentes','SERETIDE 250 2 B m et s avec une chambre d','',0),(10305,5383,'maladies_intercurrentes','PAROEX 0,12 POUR CENT, solution pour bain de bouche','gargarisme m et s ',0),(10306,5383,'maladies_intercurrentes','RINOCLENIL 100 microgrammes/dose, suspension pour pulvérisation nasale','1 pulv ds chq narine m et s ',0),(10307,5384,'maladies_intercurrentes','SPAGULAX MUCILAGE PUR, granulés','2 btes ',0),(10308,5384,'maladies_intercurrentes','Polykaraya 2 sachets m et s ','2 btes',0),(10309,5384,'maladies_intercurrentes','Efferalgan cp eff','2 btes ',0),(10310,5384,'maladies_intercurrentes','Efferalgan cp non effe ','2btes',0),(10311,5385,'maladies_intercurrentes','Rulid 150 mg m et s pdt 10 jrs ','',0),(10312,4829,'maladies_intercurrentes','Ventoline 2B X3/j','',0),(10313,5386,'affection_exonorante','GDS à AA','',0),(10314,5387,'affection_exonorante','Relvar b/j avec rinçage','',0),(10315,5387,'affection_exonorante','Striverdi Respimat 2B en continue','',0),(10316,5388,'affection_exonorante','Kinésiethérapie respiratoire TVD ','3 séances /semaine ',0),(10317,5389,'affection_exonorante','Striverdi respimat ','2b consécutives',0),(10323,5390,'maladies_intercurrentes','NFS-plaquettes','',0),(10324,5390,'maladies_intercurrentes','IgE Totales','',0),(10325,5391,'maladies_intercurrentes','Radiographie thoracique','',0),(10326,5391,'maladies_intercurrentes','TDM des sinus','',0),(10327,5392,'maladies_intercurrentes','1 chambre d\'inhalation por SERETIDE','',0),(10328,5393,'maladies_intercurrentes','Echographie abdominale','',0),(10329,5393,'maladies_intercurrentes','IRM rachidien','',0),(10330,5394,'maladies_intercurrentes','ECBU','',0),(10331,5394,'maladies_intercurrentes','Protéinurie','',0),(10332,5395,'maladies_intercurrentes','Relvar Ellipta1B/j avec  rinçage ','',0),(10333,5395,'maladies_intercurrentes','Striverdi respimat 2B consécutives ','',0),(10334,5396,'maladies_intercurrentes','Locatio n d\'un appareil d\'aérosolthérapie','',0),(10335,5397,'maladies_intercurrentes','PAROEX 0,12 POUR CENT, solution pour bain de bouche','gargarisme m et s ',0),(10336,5397,'maladies_intercurrentes','RINOCLENIL 100 microgrammes/dose, suspension pour pulvérisation nasale','1 pulv ds chq narine m et s ',0),(10337,5397,'maladies_intercurrentes','PULMICORT 1 mg/2 ml, suspension pour inhalation par nébuliseur en récipient unidose','m  et s en aérosolthérapie',0),(10338,5397,'maladies_intercurrentes','Mopral 40 ùmg /j pendant 1 mois ','',0),(10339,5131,'affection_exonorante','Kinésiethérapie de déambulation 3 séances /semaine ','',0),(10340,5398,'affection_exonorante','NFS plaquettes','',0),(10341,5398,'affection_exonorante','CRP','',0),(10342,5398,'affection_exonorante','Prealbuminémie et albuminémie','',0),(10343,5399,'maladies_intercurrentes','PAROEX 0,12 POUR CENT, solution pour bain de bouche','gargarisme m et s ',0),(10344,5399,'maladies_intercurrentes','RINOCLENIL 100 microgrammes/dose, suspension pour pulvérisation nasale','1 pulv ds chq narine m et s ',0),(10345,5399,'maladies_intercurrentes','FORADIL 12 microgrammes, poudre pour inhalation en gélule','m et s ',0),(10346,5399,'maladies_intercurrentes','MIFLONIL 400 microgrammes, poudre pour inhalation en gélule','m et s avec rinçage',0),(10347,2901,'maladies_intercurrentes','RINOCLENIL 100 microgrammes/dose, suspension pour pulvérisation nasale','1 pulv ds chq narine m et s pdt 10 jrs',0),(10348,5400,'affection_exonorante','Gril costal','',0),(10349,5400,'affection_exonorante','TDM thoracique','',0),(10350,5401,'affection_exonorante','NFS -plaquettes','',0),(10351,5401,'affection_exonorante','CRP','',0),(10352,5402,'affection_exonorante','Relvar ellipta 1 b/j avec rinçage','',0),(10353,5402,'affection_exonorante','Streverdi respimat 2 B consécutives /j','',0),(10354,5403,'maladies_intercurrentes','NFS -Plaquettes','',0),(10355,5403,'maladies_intercurrentes','T.P','',0),(10356,5403,'maladies_intercurrentes','TCA','',0),(10357,5404,'maladies_intercurrentes','Location d\'un appareil d\'aérosolthérapie ','',0),(10358,5405,'maladies_intercurrentes','Aérosolthérapie PULMICORT 1mg/2ml','m et s ',0),(10360,3619,'affection_exonorante','Aérosolthérapie bicarbonate 14p mille m et s ','',0),(10362,5406,'maladies_intercurrentes','SURBRONC EXPECTORANT AMBROXOL 30 mg, comprimé sécable','1 cp m et s',0),(10363,5407,'maladies_intercurrentes','Erythrocine 1g x3/j pendant 7 jrs','',0),(10364,5407,'maladies_intercurrentes','RINOCLENIL 100 microgrammes/dose, suspension pour pulvérisation nasale','1pulv ds chq narine 2fois/j',0),(10365,5407,'maladies_intercurrentes','PAROEX 0,12 POUR CENT, solution pour bain de bouche','m et s ',0),(10366,5408,'maladies_intercurrentes','Mopral 40 mg 1cp/j','',0),(10367,5409,'maladies_intercurrentes','Uroscanner','',0),(10368,3544,'affection_exonorante','SINGULAIR 10 mg, comprimé pelliculé','1 cp le s ',0),(10369,5410,'maladies_intercurrentes','Mopral 40 mg m et  s','',0),(10370,5410,'maladies_intercurrentes','GAVISCON, suspension buvable en sachet','1X3/j',0),(10371,4754,'maladies_intercurrentes','SURBRONC EXPECTORANT AMBROXOL 30 mg, comprimé sécable','1 cp m et s ',0),(10372,5248,'affection_exonorante','Mopral 40 mg m et s ','',0),(10373,5248,'affection_exonorante','Gaviscon 1 sachet x3/j','',0),(10374,5411,'maladies_intercurrentes','Radiographie thoracique','',0),(10375,5411,'maladies_intercurrentes','TDM des sinus','',0),(10376,5412,'maladies_intercurrentes','IgE taotales','',0),(10377,5412,'maladies_intercurrentes','NFS -Plaquettes','',0),(10378,5413,'maladies_intercurrentes','Seretide 250 mg m et s ','rinçage',0),(10379,5413,'maladies_intercurrentes','Chambre d','',0),(10380,5413,'maladies_intercurrentes','SINGULAIR 10 mg, comprimé pelliculé','1 cp le s ',0),(10381,5414,'affection_exonorante','Albuminémie','',0),(10382,5414,'affection_exonorante','Prealbuminémie','',0),(10383,5414,'affection_exonorante','CRP','',0),(10384,5414,'affection_exonorante','NFS-Plaquettes','',0),(10385,5415,'maladies_intercurrentes','Radiographie thoracique','',0),(10386,5416,'maladies_intercurrentes','MONOFLOCET 200 mg, comprimé pelliculé','1cp m et s pendant 7 jrs',0),(10387,5417,'maladies_intercurrentes','NFS-plqt','',0),(10388,5417,'maladies_intercurrentes','VS/CRP','',0),(10389,5417,'maladies_intercurrentes','ECBU','',0),(10390,5418,'maladies_intercurrentes','Ceinture abdominale','',0),(10391,5419,'maladies_intercurrentes','TDM thoracique sans injection','',0),(10392,5420,'maladies_intercurrentes','SINGULAIR 5 mg, comprimé à croquer','1 cp le s ',0),(10393,5421,'maladies_intercurrentes','PREVENAR 13 suspension injectable Vaccin pneumococcique polyosidique conjugué (13-valent, adsorbé)','1 amp en IM',0),(10394,5421,'maladies_intercurrentes','ZITHROMAX 250 mg, comprimé pelliculé','1 cp X3/semaine',0),(10396,5422,'maladies_intercurrentes','PREVENAR 13 suspension injectable Vaccin pneumococcique polyosidique conjugué (13-valent, adsorbé)','1 amp en IM',0),(10397,5423,'affection_exonorante','AZITHROMYCINE ARROW 250 mg, comprimé pelliculé','1cp X3/semaine ',0),(10398,5423,'affection_exonorante','GAVISCON, suspension buvable en sachet','1sachet x3/j',0),(10399,5424,'affection_exonorante','AZITHROMYCINE ARROW 250 mg, comprimé pelliculé','1cp X3/semaine ',0),(10400,5425,'affection_exonorante','ESOMEPRAZOLE ACTAVIS 40 mg, gélule gastro-résistante','1cp/j',0),(10401,5425,'affection_exonorante','GAVISCON, suspension buvable en flacon','1 sachetX3/j',0),(10402,5426,'maladies_intercurrentes','FAZOL G 300 mg, ovule','1 ovule le s pendant 3 jrs',0),(10403,5426,'maladies_intercurrentes','ITRACONAZOLE MYLAN 100 mg, gélule','200 mg/j pendant 2jrs puis J5 et J6 de chq cyclze menstruel pdt 6 mois',0),(10404,5427,'maladies_intercurrentes','NFS-plaquettes','',0),(10405,5428,'affection_exonorante','Arret aérosolthérapie ','',0),(10406,5429,'affection_exonorante','Location d\'aérosolthérapie ','',0),(10407,5430,'maladies_intercurrentes','Location d\'un appareil d\'aérosolthérapie','',0),(10408,5431,'maladies_intercurrentes','Aérosolthérapie Bicarbonate 14p.m. m et s ','',0),(10409,5190,'maladies_intercurrentes','Striverdi respimat 2b consécutives','',0),(10410,5432,'maladies_intercurrentes','Paroex gargarisme m et s ','',0),(10411,5432,'maladies_intercurrentes','RINOCLENIL 100 microgrammes/dose, suspension pour pulvérisation nasale','1 pulv ds chq narine m et s ',0),(10412,5432,'maladies_intercurrentes','Boire 1L500 fd\'eau/j','',0),(10413,5433,'affection_exonorante','AZITHROMYCINE ARROW 250 mg, comprimé pelliculé','1cpX3/semaine',0),(10414,5434,'maladies_intercurrentes','NFS-plaquettes','',0),(10415,5434,'maladies_intercurrentes','IgE Totales','',0),(10416,5435,'maladies_intercurrentes','TDM thoracique','',0),(10417,5435,'maladies_intercurrentes','TDM des sinus ','',0),(10418,5436,'affection_exonorante','Aérosolthérapie BRICANYL-ATROVENT X3/j','',0),(10419,5436,'affection_exonorante','Aérosolthérapie PULMICORT X2/j avec rinçage','',0),(10420,5436,'affection_exonorante','Cortancyl 60 mg ce jour en diminuant de 5mg ts les 2 jrs en vue arret','',0),(10421,5436,'affection_exonorante','Calci D3 m et s pdt la durée de la corticottt orale','',0),(10422,5436,'affection_exonorante','Mopral 20 mg le soir','',0),(10423,5436,'affection_exonorante','Augmentin 1gX3/j ','pdt 7 jrs',0),(10424,5436,'affection_exonorante','Ultralevure','2X2 /j pdt 7jrs',0),(10425,5437,'affection_exonorante','TDM TAP sans injection','',0),(10426,5438,'maladies_intercurrentes','PAROEX 0,12 POUR CENT, solution pour bain de bouche','gargarisme m et s ',0),(10427,5438,'maladies_intercurrentes','RINOCLENIL 100 microgrammes/dose, suspension pour pulvérisation nasale','1 pulv ds chq narine m et s ',0),(10428,4913,'affection_exonorante','SINGULAIR 10 mg, comprimé pelliculé','1cp le s',0),(10429,4913,'affection_exonorante','CLARITYNE 10 mg, comprimé','1 cp le s ',0),(10430,5439,'maladies_intercurrentes','Radiographie thoracique','',0),(10431,5440,'affection_exonorante','TDM thoracique ','',0),(10432,5441,'affection_exonorante','Striverdi 2b en une seule prise','',0),(10433,5441,'affection_exonorante','Aérosolthérapie BRICANYL -Atrovent x2/j','',0),(10434,5441,'affection_exonorante','Aérosomlthérapie pulmicort X2/j avec rinçage','',0),(10435,5441,'affection_exonorante','Zithromax 250 mg X3/semaine','',0),(10436,5443,'maladies_intercurrentes','Augmentin 1gX3/j pdt 10jrs','',0),(10437,5443,'maladies_intercurrentes','Aérsolthérapie BRICANYL -ATROVENT X2/j avec arret du BRICANYL si tachycardie','',0),(10438,5443,'maladies_intercurrentes','Aérosolthérapoie PULMICORT X2/j avec rinçage','',0),(10439,5443,'maladies_intercurrentes','ULTRALEVURE 200 mg, gélule','1gel x/2 pdt 10 jrs',0),(10441,5443,'maladies_intercurrentes','1 mois de traitement','',0),(10442,5444,'maladies_intercurrentes','Location d','',0),(10443,5445,'maladies_intercurrentes','Seretide 250 2b m et s avec une chambre d','avec rinçage',0),(10444,5445,'maladies_intercurrentes','RINOCLENIL 100 microgrammes/dose, suspension pour pulvérisation nasale','1 pulv ds chq narine m et s ',0),(10445,5445,'maladies_intercurrentes','Paroex gargarisme m et s ','',0),(10446,5446,'maladies_intercurrentes','SINGULAIR 10 mg, comprimé pelliculé','1 cp le s ',0),(10447,5447,'affection_exonorante','Radiographie thoracique','',0),(10449,5448,'maladies_intercurrentes','Examen des selles recherche bacterio et parasitologique ','examen direct,culture,antibiogramme',0),(10450,5449,'maladies_intercurrentes','Radiographie thoracique','',0),(10451,5450,'maladies_intercurrentes','SMECTA, poudre pour suspension buvable en sachet','3 sac. /j',0),(10452,5450,'maladies_intercurrentes','SERETIDE 250 b X2/j avec rinçage et une chambre d','1 mois de traitement',0),(10453,5450,'maladies_intercurrentes','PAROEX 0,12 POUR CENT, solution pour bain de bouche','gargarisme m et s pdt 5 jrs',0),(10454,4642,'affection_exonorante','MIFLONIL 400 microgrammes, poudre pour inhalation en gélule','1 gel inh m et s avec rinçage',0),(10455,5451,'affection_exonorante','Location d\'un appareil d\'aérosolthérapie','',0),(10456,5452,'affection_exonorante','Striverdi respimat 2b ds la foulée','',0),(10457,5452,'affection_exonorante','Relvar 1b/j avec rinçage','',0),(10458,5453,'affection_exonorante','Echodoppler artériel des M.I.','',0),(10459,5454,'affection_exonorante','GDS à AA','',0),(10460,5455,'affection_exonorante','GDS à AA','',0),(10461,5456,'affection_exonorante','TDM thoracique sans injection','',0),(10462,5457,'maladies_intercurrentes','Kinésiethérapie respiratoire TVD 3 séances / semaine au domicile du malade pendant 1 mois','',0),(10463,5458,'maladies_intercurrentes','SURBRONC EXPECTORANT AMBROXOL SANS SUCRE, solution buvable édulcorée à l','',0),(10464,5458,'maladies_intercurrentes','Striverdi respimat 2 b consécutives','',0),(10465,5458,'maladies_intercurrentes','Relvar 1B / j avec rinçage','',0),(10466,5459,'maladies_intercurrentes','','',0),(10467,5460,'maladies_intercurrentes','Striverdi respimat 2B consécutives','',0),(10468,5460,'maladies_intercurrentes','Relvar 1b/j avec rinçage','',0),(10469,5461,'maladies_intercurrentes','Relvar ellipta 1B/j avec rinçage','',0),(10470,5461,'maladies_intercurrentes','Striverdi respimat 2B consécutives','',0),(10471,5462,'maladies_intercurrentes','Radiographie thoracique','',0),(10472,5462,'maladies_intercurrentes','TD%M des sinus','',0),(10473,5463,'maladies_intercurrentes','NFS -plaquettes','',0),(10474,5464,'maladies_intercurrentes','Seretide 250 2b m et s avec rinçage','',0),(10475,5464,'maladies_intercurrentes','SINGULAIR 10 mg, comprimé pelliculé','1 cp le s ',0),(10476,5465,'maladies_intercurrentes','Seretide 250 2B m et s avec rinçage ','',0),(10477,5465,'maladies_intercurrentes','Chambre d','',0),(10478,5465,'maladies_intercurrentes','SINGULAIR 10 mg, comprimé pelliculé','1 cp le s ',0),(10479,5466,'maladies_intercurrentes','TDM thoracique sans injection ','',0),(10480,5466,'maladies_intercurrentes','TDM des sinus','',0),(10481,5467,'maladies_intercurrentes','NFS-plaquettes','',0),(10482,5468,'maladies_intercurrentes','NFS -plaquettes','',0),(10483,5468,'maladies_intercurrentes','Urée/creatinine','',0),(10484,5468,'maladies_intercurrentes','ASAT/ALAT','',0),(10485,5469,'affection_exonorante','NFS-Plaquettes','',0),(10486,5469,'affection_exonorante','VS/CRP','',0),(10487,5469,'affection_exonorante','Pro BNP','',0),(10488,5470,'maladies_intercurrentes','PREVENAR 13 suspension injectable Vaccin pneumococcique polyosidique conjugué (13-valent, adsorbé)','1 inj en IM',0),(10489,5471,'maladies_intercurrentes','Relvar 1B/j','rinçage',0),(10490,5473,'maladies_intercurrentes','Radiographie thoracique','',0),(10491,5473,'maladies_intercurrentes','TDM des sinus','',0),(10492,5474,'maladies_intercurrentes','Seretide 125 1B m et s avec rinçage','',0),(10493,5474,'maladies_intercurrentes','Chambre d','',0),(10494,5474,'maladies_intercurrentes','SINGULAIR 4 mg, comprimé à croquer','le s ',0),(10495,5475,'maladies_intercurrentes','Striverdi respimat 2 B consécutives','',0),(10496,5476,'affection_exonorante','Striverdi respimat 2b consécutives','',0),(10497,1228,'maladies_intercurrentes','DAFALGAN 1 g, comprimé pelliculé','1cp en cas de besoin',0),(10498,5345,'affection_exonorante','Relvar 1b/j avec rinçage','',0),(10499,5477,'maladies_intercurrentes','','',0),(10500,5478,'maladies_intercurrentes','Ventoline 2Bx2/j','',0),(10501,5478,'maladies_intercurrentes','DIPROSONE 0,05 POUR CENT, crème','2 applict/j  2 btes',0),(10502,5479,'maladies_intercurrentes','EFFERALGAN 500 mg, comprimé effervescent sécable','1 cp m et s ',0),(10503,5480,'affection_exonorante','Echodoppler artériel des M.I.','',0),(10504,5481,'maladies_intercurrentes','RINOCLENIL 100 microgrammes/dose, suspension pour pulvérisation nasale','1pulv ds chq narine m et s ',0),(10505,5481,'maladies_intercurrentes','PAROEX 0,12 POUR CENT, solution pour bain de bouche','gargarisme m et s ',0),(10506,5482,'affection_exonorante','AERIUS 5 mg, comprimé pelliculé','1cp le s ',0),(10507,5482,'affection_exonorante','Ventoline 2B en cas de besoin','2B X2/j',0),(10508,5483,'affection_exonorante','Mopral 40mg m et s ','',0),(10509,5485,'maladies_intercurrentes','Radiographie thoracique ','',0),(10511,5486,'maladies_intercurrentes','NFS-Plaquettes','',0),(10512,5486,'maladies_intercurrentes','IgE Totales','',0),(10513,5487,'maladies_intercurrentes','SPIRIVA RESPIMAT 2,5 microgrammes/dose, solution pour inhalation','2B consécutives/j',0),(10515,5487,'maladies_intercurrentes','Relvar ellipta 1b/j','',0),(10519,5488,'maladies_intercurrentes','Location d\'un appareil d\'aérosolthérapie','',0),(10520,5489,'maladies_intercurrentes','NFS -Plaquettes','',0),(10521,5489,'maladies_intercurrentes','IgE totales','',0),(10522,5490,'maladies_intercurrentes','RAST aux trophallergènes','',0),(10523,5491,'affection_exonorante','Arret aérosolthérapie ','',0),(10524,5492,'affection_exonorante','Aérosolthérapie ','',0),(10525,5493,'affection_exonorante','Aérosolthérapie avec masque et kit','',0),(10526,4445,'maladies_intercurrentes','Rinoclenil','1 pulv ds chq narine m et s pdt 15 jrs',0),(10527,4445,'maladies_intercurrentes','PAROEX 0,12 POUR CENT, solution pour bain de bouche','gargarisme m et s pdt 15 jrs ',0),(10528,5495,'affection_exonorante','NFS -Plaquettes','',0),(10529,5495,'affection_exonorante','VS/CRP','',0),(10530,5495,'affection_exonorante','Antigenurie pneumocoque/Legionellose','',0),(10531,5495,'affection_exonorante','ECBC Examen cyto bacteriologique des crachats','examen direct /culture/antibiogramme',0),(10533,5496,'maladies_intercurrentes','Augmentin 1gX3/j','',0),(10534,5496,'maladies_intercurrentes','ULTRALEVURE 200 mg, gélule','2X2/j',0),(10535,5497,'maladies_intercurrentes','Location d\'un appareil d\'aérosolthérapie ','',0),(10536,5498,'maladies_intercurrentes','Bicarbonate 14p.mille m et s ','',0),(10537,5498,'maladies_intercurrentes','Atrovent x2/j en aérosolthérapie ','',0),(10538,5499,'affection_exonorante','TDM thoracique ','',0),(10539,5500,'affection_exonorante','NFS-plaquettes','',0),(10540,5500,'affection_exonorante','VS/CRP','',0),(10542,5501,'maladies_intercurrentes','Spiolto respimat 2b consécutives ','',0),(10543,5502,'maladies_intercurrentes','TSH/T4','',0),(10544,5503,'maladies_intercurrentes','RAST aux trophallergènes','',0),(10545,5504,'maladies_intercurrentes','XATRAL LP 10 mg, comprimé à libération prolongée','1cp/j 1 bte',0),(10546,5504,'maladies_intercurrentes','SPAGULAX MUCILAGE PUR, granulés en sachet dose','1 bte',0),(10547,5504,'maladies_intercurrentes','EFFERALGAN 1 g, comprimé effervescent','1 bte',0),(10548,5504,'maladies_intercurrentes','Sparadrap hypoallergique','5 btes',0),(10550,5505,'affection_exonorante','Striverdi respimat 2 B consécutives ','',0),(10551,5505,'affection_exonorante','Relvar ellipta 1b/j avec rinçage','',0),(10552,5506,'maladies_intercurrentes','TDM des sinus','',0),(10553,5507,'maladies_intercurrentes','AUGMENTIN 100 mg/12,50 mg par ml ENFANTS, poudre pour suspension buvable en flacon (Rapport amoxicilline/acide clavulanique : 8/1)','1gX2/j',0),(10554,5507,'maladies_intercurrentes','ULTRALEVURE 200 mg, gélule','1gel m et s ',0),(10555,5508,'affection_exonorante','TDM thoracique','',0),(10556,5509,'affection_exonorante','NFS-Plaquettes','',0),(10557,5509,'affection_exonorante','Pro BNP','',0),(10558,5509,'affection_exonorante','GDS à AA','',0),(10559,4299,'affection_exonorante','Surbronc sirop 1 cuil mes m et s ','',0),(10560,5510,'maladies_intercurrentes','TDM thoracique ','',0),(10561,5512,'affection_exonorante','Striverdi respimat 2B consécutives','2 btes',0),(10562,5513,'affection_exonorante','NFS -Plqt','',0),(10563,5513,'affection_exonorante','CRP','',0),(10564,5513,'affection_exonorante','Pro BNP','',0),(10565,5514,'maladies_intercurrentes','Foradil 1gel inh à prendre av l\'effort','3 btes',0),(10566,5515,'maladies_intercurrentes','RULID 150 mg, comprimé enrobé','1cp m et s 15 mns av repas',0),(10567,5516,'maladies_intercurrentes','FUMAFER 33 mg/1 g, poudre orale','m et s ',0),(10568,5516,'maladies_intercurrentes','LAROSCORBINE 1 g, comprimé effervescent','1 cp le m ',0),(10569,5517,'maladies_intercurrentes','Relvar ellipta 1B/j avec rinçage','',0),(10570,5517,'maladies_intercurrentes','Striverdi respimat 2 b consécutives ','',0),(10571,5518,'affection_exonorante','Aérosolthérapie BRICANYL-ATROVENT X2/j','',0),(10572,5518,'affection_exonorante','Aérosolthérapie PULMICORT x2/j avec rinçage','',0),(10573,5518,'affection_exonorante','Relvar ellipta 1B/j avec rinçage','',0),(10574,5518,'affection_exonorante','Striverdi respimat 2B consécutives ','',0),(10575,5518,'affection_exonorante','RINOCLENIL 100 microgrammes/dose, suspension pour pulvérisation nasale','1pulv ds chq narine m et s ',0),(10576,5518,'affection_exonorante','Paroex gargarisme m et s ','',0),(10577,5518,'affection_exonorante','Serum physio instillation narinaire','',0),(10578,5519,'maladies_intercurrentes','Radiographie thoracique','',0),(10579,5519,'maladies_intercurrentes','TDM des sinus','',0),(10581,5520,'maladies_intercurrentes','NFS-plaquettes','',0),(10582,5520,'maladies_intercurrentes','IgE Totales','',0),(10583,5521,'maladies_intercurrentes','SINGULAIR 10 mg, comprimé pelliculé','1 cp le s ',0),(10584,5521,'maladies_intercurrentes','SERETIDE 250 microgrammes/25 microgrammes/dose, suspension pour inhalation en flacon pressurisé','2b m et s avec rinçage',0),(10585,5521,'maladies_intercurrentes','à l\'aide d\'une chambre d\'inhalation','',0),(10586,5522,'affection_exonorante','LASILIX SPECIAL 500 mg, comprimé sécable','125 mg m ',0),(10587,5522,'affection_exonorante','Diffu-K 600 mg ','1 gel m ',0),(10588,5522,'affection_exonorante','ATENOLOL ACCORD HEALTHCARE 50 mg, comprimé sécable','1 cp le ùm ',0),(10589,5522,'affection_exonorante','AMLODIPINE ARROW 5 mg, gélule','1 gel le m',0),(10590,5522,'affection_exonorante','INEXIUM 20 mg, comprimé gastro-résistant','2 cp le s ',0),(10592,5523,'affection_exonorante','NFS-Plaquettes','',0),(10593,5523,'affection_exonorante','GDS à AA','',0),(10594,5524,'affection_exonorante','Radiographie thoracique','',0),(10595,5525,'maladies_intercurrentes','Radiographie thoracique','',0),(10596,5525,'maladies_intercurrentes','TDM des sinus','',0),(10597,5526,'maladies_intercurrentes','NFS-plaquettes','',0),(10598,5526,'maladies_intercurrentes','IgE totales','',0),(10599,5527,'affection_exonorante','ULTRALEVURE 200 mg, gélule','2 gel m et s ',0),(10600,5527,'affection_exonorante','SMECTA, poudre pour suspension buvable en sachet','1 dsachet /j',0),(10601,5527,'affection_exonorante','MOPRAL  20 mg, comprimé gastro-résistant','1cp m et s ',0),(10602,5528,'maladies_intercurrentes','ZITHROMAX 250 mg, comprimé pelliculé','1cpx3 /semaine ',0),(10603,3544,'affection_exonorante','EFFERALGAN 500 mg, comprimé effervescent sécable',' 1cp/j',0),(10604,5529,'maladies_intercurrentes','RULID 150 mg, comprimé enrobé','1cp m et s ',0),(10605,5529,'maladies_intercurrentes','RINOCLENIL 100 microgrammes/dose, suspension pour pulvérisation nasale','1 pulv ds chq narine m et s ',0),(10606,5529,'maladies_intercurrentes','PAROEX 0,12 POUR CENT, solution pour bain de bouche','gargarisme m et s ',0),(10607,5530,'maladies_intercurrentes','Inexium 40 mg m et s ','',0),(10608,5530,'maladies_intercurrentes','GAVISCON, suspension buvable en sachet','1 sachet X3/j ',0),(10610,5531,'maladies_intercurrentes','Mag 2: 2 amp buv midi','1 bte',0),(10611,5532,'maladies_intercurrentes','Kinésiéthérapie de la colonne dorso lombaire','2 séances /semaine ',0),(10612,5533,'maladies_intercurrentes','Relvar ellipta 1b/j avec rinçage','',0),(10614,5534,'maladies_intercurrentes','TDM des sinus','',0),(10615,5535,'affection_exonorante','Relvar 1B/j avec rtinçage','',0),(10616,5535,'affection_exonorante','Striverdi respimat 2 B consécutives /j ','',0),(10617,5536,'maladies_intercurrentes','Kinésiethérapie abdominale','2 séances / semaine',0),(10618,5537,'maladies_intercurrentes','BUDESONIDE ARROW 0,5 mg/2 ml, suspension pour inhalation par nébuliseur en récipient unidose','2btes',0),(10619,5537,'maladies_intercurrentes','Betadine 5% ophtalmo 20 unidoses','',0),(10620,5537,'maladies_intercurrentes','Paroex','gargarisme m et s 3btes',0),(10621,5537,'maladies_intercurrentes','Amoxcicilline 1gX3/j 3btes','',0),(10622,5537,'maladies_intercurrentes','Rulid 150 1X2/j 2btes','',0),(10623,5538,'maladies_intercurrentes','DERINOX, solution pour pulvérisation nasale','1pulv ds chq narine X2/j',0),(10624,5539,'maladies_intercurrentes','PRIMPERAN 10 mg, comprimé sécable','1cpX3/j',0),(10625,5540,'maladies_intercurrentes','Location d\'un appareil d\'aérosolthérapie ','',0),(10626,5541,'maladies_intercurrentes','Aérosolthérapie BRICANYL -ATROVENT X2/j avec arret BRICANYL si tachycardie','',0),(10627,5541,'maladies_intercurrentes','Aérosolthérapie PULMICORT x2/j avec rinçage ','',0),(10628,5541,'maladies_intercurrentes','Seretide 250 m et s avec une chambre d\'inhalation','',0),(10630,5542,'maladies_intercurrentes','Radiographie thoracique','',0),(10631,5542,'maladies_intercurrentes','TDM des sinus','',0),(10632,5543,'maladies_intercurrentes','NFS -plaquettes','',0),(10633,5543,'maladies_intercurrentes','IgE Totales','',0),(10634,5544,'affection_exonorante','Seretide diskus 500 1B m et  s ','',0),(10635,5544,'affection_exonorante','SIMVASTATINE ZENTIVA 40 mg, comprimé pelliculé sécable','1cp le s ',0),(10636,5544,'affection_exonorante','DIPROSONE 0,05 POUR CENT, pommade','1applict /j',0),(10637,5545,'affection_exonorante','Spiolto respimat 2 B consécutives /j','',0),(10638,5546,'maladies_intercurrentes','Eludril gargarisme m et s ','',0),(10639,5546,'maladies_intercurrentes','RINOCLENIL 100 microgrammes/dose, suspension pour pulvérisation nasale','1 pulv ds chq narine m et s ',0),(10640,5546,'maladies_intercurrentes','Amoxicilline 1gx3/j ','',0),(10641,5546,'maladies_intercurrentes','Rozacrème applict m et s ','',0),(10642,5547,'maladies_intercurrentes','Polykaraya 1 sachetsX3/j au début ces repas','',0),(10643,5547,'maladies_intercurrentes','DICETEL 100 mg, comprimé pelliculé','X2/j',0),(10644,5548,'maladies_intercurrentes','Amoxicilline 500mg 2 cp X3/j','',0),(10645,5549,'maladies_intercurrentes','Anticorps anti nucléaires','',0),(10646,5549,'maladies_intercurrentes','ANCA','',0),(10647,5549,'maladies_intercurrentes','Facteur rhumatoides','',0),(10648,5549,'maladies_intercurrentes','Enzyme de conversion de l','',0),(10649,5549,'maladies_intercurrentes','Complexe Immuns circulants','',0),(10650,5549,'maladies_intercurrentes','Proteinurie des 24H','',0),(10651,5549,'maladies_intercurrentes','Anticorps anti-GBM','',0),(10652,5549,'maladies_intercurrentes','Anticorps antiphospholipides','',0),(10653,5549,'maladies_intercurrentes','Anticorps anti CCP (cyclic Citrillinated peptides)','',0),(10654,5549,'maladies_intercurrentes','Anticorps anti aspergillaires','',0),(10655,5549,'maladies_intercurrentes','Calcémie','',0),(10656,5549,'maladies_intercurrentes','ASAT/ALAT','',0),(10657,5549,'maladies_intercurrentes','Créatinine','',0),(10659,5550,'maladies_intercurrentes','MONOFLOCET 200 mg, comprimé pelliculé','7 cp m e t s ',0),(10660,5551,'maladies_intercurrentes','NFS -Plaquettes','',0),(10661,5551,'maladies_intercurrentes','IgE totales','',0),(10662,5551,'maladies_intercurrentes','Anticorps anti aspergillaires','',0),(10663,5552,'maladies_intercurrentes','Relvar 1b/j avec rinçage','',0),(10664,5552,'maladies_intercurrentes','Spiolto 2B consécutives ','',0),(10665,5552,'maladies_intercurrentes','Eludril gargarisme m et s ','',0),(10666,5552,'maladies_intercurrentes','Aérosolthérapie PULMICORT m et s ','',0),(10667,5553,'maladies_intercurrentes','Location d\'appareil d\'aérosolthérapie','',0),(10668,5554,'maladies_intercurrentes','Kinésiethérapie respiratoire avec réeducation à l\'effort ','3 séances / semaine pendant 2 mois ',0),(10669,5555,'affection_exonorante','Spiolto respimat 2B consécutives ','',0),(10670,5556,'affection_exonorante','Spiolto respimat 2 B consécutives','',0),(10671,5557,'maladies_intercurrentes','Location d\'un appareil d\'aérosolthérapie ','',0),(10672,5558,'maladies_intercurrentes','Aérosolthérapie de BUDESONIDE m et s avec un masque nasal','7 jrs de traitement',0),(10673,5558,'maladies_intercurrentes','Paracetamol Mylan 1g X3/j ','',0),(10674,5558,'maladies_intercurrentes','Amoxicilline 1g X3/j pdt 7 jrs','',0),(10675,5558,'maladies_intercurrentes','Eludril gargarisme m et s ','',0),(10676,5559,'maladies_intercurrentes','Relvar ellipta 1b/j avec rinçage','',0),(10677,5559,'maladies_intercurrentes','Spiolto 2 B consécutives','',0),(10678,5560,'maladies_intercurrentes','TDM des sinus','',0),(10679,5561,'maladies_intercurrentes','Pro BNP','',0),(10680,5561,'maladies_intercurrentes','IgE totales','',0),(10681,5562,'maladies_intercurrentes','Location de l\'appareil d\'aérosolthérapie','',0),(10682,5563,'affection_exonorante','Spiolto 2 B consécutives ','',0),(10683,5564,'maladies_intercurrentes','Relvar ellipta 1b/j avec rinçage','',0),(10684,5564,'maladies_intercurrentes','Striverdi respimat 2B consécutives ','',0),(10685,5565,'maladies_intercurrentes','Lo','',0),(10686,5565,'affection_exonorante','Location d\'un appareil d\'aérosolthérapie','',0),(10687,5566,'affection_exonorante','Aérosolthérapie BUDESONIDE m et s avec rinçage','',0),(10688,5566,'affection_exonorante','Remplacer spiriva par SPIOLTO 2 B consécutives ','',0),(10689,5566,'affection_exonorante','PAROEX 0,12 POUR CENT, solution pour bain de bouche','gargarisme m et s ',0),(10691,5567,'maladies_intercurrentes','TDM des Sinus','',0),(10692,5568,'maladies_intercurrentes','NFS -Plaquettes','',0),(10693,5568,'maladies_intercurrentes','IgE Totales','',0),(10694,5569,'maladies_intercurrentes','ZITHROMAX 250 mg, comprimé pelliculé','1cp X3/semaine',1),(10695,5570,'maladies_intercurrentes','Location d','',0),(10696,5571,'maladies_intercurrentes','Aérosolthérapie BUDESONIDE m et s avec rinçage','',0),(10698,5572,'affection_exonorante','Ceintutre lombaire','',0),(10699,5573,'affection_exonorante','Kinésiethérapie lombaire 3 séances / semaine','',0),(10700,5574,'maladies_intercurrentes','TOGD','',0),(10701,5575,'maladies_intercurrentes','Radiographie du bassin','',0),(10702,5576,'maladies_intercurrentes','Location d\'un appareil d\'aérosolthérapie ','',0),(10703,5577,'maladies_intercurrentes','Aérosolthérapie BUDESONIDE m et s avec rinçage','',0),(10704,5577,'maladies_intercurrentes','SERETIDE DISKUS 500 microgrammes/50 microgrammes/dose, poudre pour inhalation en récipient unidose','2B m et s ',0),(10705,5578,'affection_exonorante','Location d\'un appareil d\'aérosolthérapie','',0),(10706,5579,'affection_exonorante','Spiolto 2 B consécutives ','',0),(10707,5268,'maladies_intercurrentes','Relvar 1B/j','',0),(10708,5580,'maladies_intercurrentes','Mag 2  1amp buv/j','2btes',0),(10709,5581,'affection_exonorante','Spiriva respimat 2B consécutives ','',0),(10710,5582,'affection_exonorante','XOLAIR 600 mg/mois en S/C ','',0),(10711,5583,'maladies_intercurrentes','RAST aux trophallergènes','',0),(10712,5583,'maladies_intercurrentes','IgE Totales','',0),(10713,5584,'affection_exonorante','Kinésiethérapie ventilatoire 3 séances / semaine ','pdt 1 mois ',0),(10714,5585,'maladies_intercurrentes','NFS-Plaquettes','',0),(10715,5585,'maladies_intercurrentes','CRP','',0),(10716,5585,'maladies_intercurrentes','IgE Totales','',0),(10717,5586,'maladies_intercurrentes','Radiographie thoracique','',0),(10718,5586,'maladies_intercurrentes','TDM des sinus','',0),(10719,5588,'affection_exonorante','Location d\'un appareil d\'aérosolthérapie pendant 15 jrs','',0),(10720,5589,'affection_exonorante','Aérosolthéra^pie BUDESONIDE m et s avec rinçage','',0),(10721,5590,'affection_exonorante','Rulid 150 mg m et s ','',0),(10722,5591,'maladies_intercurrentes','IgE Totales','',0),(10723,5592,'maladies_intercurrentes','TDM thoracique sans injection','',0),(10724,5593,'maladies_intercurrentes','SYMBICORT TURBUHALER 400/12 microgrammes/dose, poudre pour inhalation','1B m et s avec rinçage',0),(10725,5593,'maladies_intercurrentes','SPIRIVA RESPIMAT 2,5 microgrammes/dose, solution pour inhalation','2b consécutives ',0),(10726,5593,'maladies_intercurrentes','SINGULAIR 10 mg, comprimé pelliculé','1 cp le s ',0),(10727,5593,'maladies_intercurrentes','AERIUS 5 mg, comprimé pelliculé','1cp le s ',0),(10728,5594,'maladies_intercurrentes','Ceinture lombaire','',0),(10729,5595,'maladies_intercurrentes','NIFLUGEL 2,5 %, gel','3 applications /j 1 bte',0),(10730,5595,'maladies_intercurrentes','ELUDRIL 0,5 ml/0,5 g pour 100 ml, solution pour bain de bouche','gargarisme m et s ',0),(10731,5595,'maladies_intercurrentes','Efferalgan 1 cp eff m,midi et s ','',0),(10732,5596,'affection_exonorante','SYMBICORT TURBUHALER 400/12 microgrammes/dose, poudre pour inhalation','1B m et s avec rinçage',0),(10733,5596,'affection_exonorante','Spiolto 2 B consécutives','',0),(10734,5597,'maladies_intercurrentes','NFS -Plaquettes','',0),(10735,5597,'maladies_intercurrentes','IgE Totales','',0),(10736,5598,'maladies_intercurrentes','Radiographie thoracique','',0),(10737,5598,'maladies_intercurrentes','TDM des sinus','',0),(10738,5599,'maladies_intercurrentes','TDM thoracique','',0),(10740,5600,'affection_exonorante','Clinutren 1 bte X2/j ','',0),(10741,5600,'affection_exonorante','Savon de désinfection','1 bte',0),(10742,5601,'maladies_intercurrentes','Radiographie thoracique','',0),(10743,5601,'maladies_intercurrentes','TDM des sinus','',0),(10744,5602,'maladies_intercurrentes','NFS plaquettes','',0),(10745,5602,'maladies_intercurrentes','IgE totales','',0),(10746,5603,'maladies_intercurrentes','Location d','',0),(10747,5604,'maladies_intercurrentes','Aérosolthérapie BUDESONIDE m et s avec rinçage','',0),(10748,5604,'maladies_intercurrentes','PAROEX 0,12 POUR CENT, solution pour bain de bouche','gargarisme m et s ',0),(10750,5605,'maladies_intercurrentes','Relvar ellipta 1B/j avec rinçage','1 bte',0),(10751,5606,'affection_exonorante','Ultibro 1B/j','',0),(10753,5607,'maladies_intercurrentes','GDS à AA','',0),(10754,5608,'maladies_intercurrentes','Kinésiethérapie respiratoire technique d\'entrainement à l\'effort','2 séances / semaine',0),(10755,5609,'maladies_intercurrentes','SPAGULAX MUCILAGE PUR, granulés','2btes',0),(10756,5610,'affection_exonorante','Aérosolthérapie BRICANYL-ATROVENT X2 à 3 fois /j','',0),(10757,5610,'affection_exonorante','Aérosolthérapie BUDESONIDE 1 fois/j','',0),(10758,5610,'affection_exonorante','Ventoline 2b à la demande','',0),(10759,5611,'maladies_intercurrentes','ESOMEPRAZOLE ACTAVIS 40 mg, gélule gastro-résistante','m et s ',0),(10760,5611,'maladies_intercurrentes','GAVISCON, suspension buvable en sachet','1X3/j',0),(10761,5612,'maladies_intercurrentes','Location d\'un appareil d\'aérosolthérapie ','',0),(10762,5613,'maladies_intercurrentes','Aérosolthérapie BUDESONIDE m et s avec rinçage','',0),(10763,5613,'maladies_intercurrentes','PAROEX 0,12 POUR CENT, solution pour bain de bouche','gargarisme m et s ',0),(10765,5614,'maladies_intercurrentes','RULID 150 mg, comprimé enrobé','1 cp m et s ',0),(10766,5615,'maladies_intercurrentes','Spiolto 2 B consécutives ','',0),(10767,5616,'maladies_intercurrentes','Kinésiethérapie respiratoire TVD ','3 séances / semaine ',0),(10768,5617,'maladies_intercurrentes','ZITHROMAX 250 mg, comprimé pelliculé','1cp X3/semaine',0),(10769,5617,'maladies_intercurrentes','Spiolto 2B consécutives ','',0),(10770,5617,'maladies_intercurrentes','Relvar 1b/j avec rinçage','',0),(10771,5618,'maladies_intercurrentes','RINOCLENIL 100 microgrammes/dose, suspension pour pulvérisation nasale','1 pulv ds chq narine m et s ',0),(10772,5618,'maladies_intercurrentes','PAROEX 0,12 POUR CENT, solution pour bain de bouche','gargarisme m et s',0),(10775,5619,'affection_exonorante','Aérosolthérapie atrovent -mucomst -ventoline ','X2/j',0),(10776,5620,'maladies_intercurrentes','TDM thoracique','',0),(10777,5620,'maladies_intercurrentes','TDM des sinus','',0),(10778,5621,'affection_exonorante','Scintigraphie osseuse ','',0),(10779,5621,'affection_exonorante','Cancer de la prostate avec radiothérapie en ','',0),(10780,5622,'affection_exonorante','PSA','',0),(10781,5623,'affection_exonorante','NFS-Plaquettes','',0),(10782,5623,'affection_exonorante','Pro-BNP','',0),(10783,5624,'affection_exonorante','Aérosolthérapie BRICANYL-ATROVENT X2/j','',0),(10784,5624,'affection_exonorante','Aérosolthérapie BUDESONIDE X2/j avec rinçage','',0),(10785,5624,'affection_exonorante','Relvar ellipta 1B/j avec rtinçage','',0),(10786,5625,'affection_exonorante','Location d\'un appareil d\'aérosolthérapie ','',0),(10787,5626,'maladies_intercurrentes','IRM cérébral voir lombaire','',0),(10788,5627,'maladies_intercurrentes','TDM des sinus','',0),(10789,5627,'maladies_intercurrentes','Radiographie thoracique','',0),(10790,5628,'maladies_intercurrentes','PAROEX 0,12 POUR CENT, solution pour bain de bouche','gargarisme m et s ',0),(10791,5628,'maladies_intercurrentes','Relvar ellipta 1B/j avec rinçage','',0),(10792,5628,'maladies_intercurrentes','Spiolto 2b consécutives','',0),(10793,5629,'maladies_intercurrentes','RINOCLENIL 100 microgrammes/dose, suspension pour pulvérisation nasale','1 pulv ds chq narine m et s ',0),(10794,5629,'maladies_intercurrentes','PAROEX 0,12 POUR CENT, solution pour bain de bouche','gargarisme m et s ',0),(10795,5630,'maladies_intercurrentes','Location d\'un appareil d\'aérosolthérapie pour bébé','',0),(10796,5631,'maladies_intercurrentes','BUDESONIDE ARROW 0,5 mg/2 ml, suspension pour inhalation par nébuliseur en récipient unidose',' m et s avec rinçage',0),(10797,5632,'maladies_intercurrentes','Kinésiethérapie respiratoire TVD ','3 séances / semaine',0),(10798,5633,'affection_exonorante','NFS-Plaquettes','',0),(10799,5633,'affection_exonorante','Pro-BNP','',0),(10800,5634,'maladies_intercurrentes','DAFLON 500 mg, comprimé pelliculé','2cpX3/j 2btes',1),(10801,5635,'maladies_intercurrentes','Aérosolthérapie BRICANYL-ATOVENT X2 /j ','arret BRICANYL si tachycardie',0),(10802,5635,'maladies_intercurrentes','Aérosolthérapie BUDESONIDE X2/j avec rinçage','',0),(10803,5636,'maladies_intercurrentes','Kinésiethérapie respiratoire TVD ','3 séances/semaine',0),(10804,5637,'maladies_intercurrentes','Spiolto 2 B consécutives ','',0),(10805,5637,'maladies_intercurrentes','Relvar 1b avec rinçage','',0),(10806,5637,'maladies_intercurrentes','Aérosolthérapie BRICANYL -ATROVENT X2/j ','arret du BRICANYL si tachycardie',0),(10807,5637,'maladies_intercurrentes','Aérosolthérapie BUDESONIDE X2/j avec rinçage','',0),(10808,5638,'maladies_intercurrentes','Location d\'un appareil d\'aérosolthérapie ','',0),(10809,5639,'maladies_intercurrentes','Mopral 40 mg le s','',0),(10810,5639,'maladies_intercurrentes','Gaviscn 1 sachet X3/j','',0),(10811,5639,'maladies_intercurrentes','SPAGULAX MUCILAGE PUR, granulés en sachet dose','1 sachet m et s ',0),(10812,5639,'maladies_intercurrentes','SOTALOL ALMUS 80 mg, comprimé sécable','1 cp/j',0),(10813,5640,'maladies_intercurrentes','Location d\'un appareil d\'aérosolthérapie','',0),(10814,5641,'maladies_intercurrentes','Aérosolthérapie BUDESONIDE m et s avec rinçage','',0),(10815,5642,'maladies_intercurrentes','Radiographie thoracique','',0),(10816,5643,'maladies_intercurrentes','NFS-plaquettes','',0),(10817,5644,'maladies_intercurrentes','Relvar ellipta 1 B/j avec rinçage','',0),(10818,5646,'maladies_intercurrentes','TDM des sinus','',0),(10819,5647,'maladies_intercurrentes','NFS-Plaquettes','',0),(10820,5647,'maladies_intercurrentes','IgE Totales','',0),(10821,5648,'maladies_intercurrentes','Seretide 250 mg m et s avec rinçage','chambre d\'inhalation',0),(10822,5648,'maladies_intercurrentes','SINGULAIR 5 mg, comprimé à croquer','1 cp le s ',0),(10823,5649,'affection_exonorante','Location d\'un appareil d\'aérosolthérapie','',0),(10824,5650,'affection_exonorante','Spiolto 2B consécutives','',0),(10825,5650,'affection_exonorante','Symbicort 400 1 B m et s avec rinçage','',0),(10826,5651,'maladies_intercurrentes','VOLTARENE EMULGEL 1 %, gel','1flacon',0),(10827,5651,'maladies_intercurrentes','EFFERALGAN 1 g, comprimé effervescent','1cp en cas de besoin 1 bte',0),(10828,5652,'affection_exonorante','Kinésiethérapie respiratoire TVD ','3 séances /semaine',0),(10829,5653,'affection_exonorante','TDM thoracique sans injection','',0),(10830,5654,'maladies_intercurrentes','Spiolto respimat 2B consécutives/j','',0),(10831,5655,'maladies_intercurrentes','AUGMENTIN 1 g/125 mg ADULTES, poudre pour suspension buvable en sachet-dose (Rapport amoxicilline/acide clavulanique : 8/1)','1gx3/j pendant 7 jrs',0),(10832,5655,'maladies_intercurrentes','ULTRALEVURE 200 mg, gélule','m et s pdt 7 jrs',0),(10834,5656,'affection_exonorante','Kinésiethérapie respiratoire','3 séances/semaine',0),(10835,5657,'affection_exonorante','Relvar ellipta 1 B/j','',0),(10836,5657,'affection_exonorante','Spiolto respimat 2 B consécutives','',0),(10838,5658,'affection_exonorante','TDM thoracique sans injection','',0),(10839,5659,'affection_exonorante','NFS-plaquettes','',0),(10840,5659,'affection_exonorante','Réticulocytes','',0),(10841,5659,'affection_exonorante','Fer Serique','',0),(10842,5659,'affection_exonorante','Ferritinémie','',0),(10843,5660,'affection_exonorante','TDM des sinus','',0),(10844,5661,'affection_exonorante','IgE Totale','',0),(10845,5662,'affection_exonorante','Mopral  40 mg m et s ','',0),(10846,5662,'affection_exonorante','GAVISCON NOURRISSONS, suspension buvable en flacon','1X3/j',0),(10847,5663,'maladies_intercurrentes','Mopral 40 mg m et s ','',0),(10848,5663,'maladies_intercurrentes','GAVISCON, suspension buvable en sachet','1 sachet X3/j',0),(10849,5664,'affection_exonorante','GDS à AA','',0),(10850,5665,'affection_exonorante','TDM thoracique sans injection','',0),(10851,5666,'maladies_intercurrentes','ESOMEPRAZOLE ACTAVIS 40 mg, gélule gastro-résistante','m et s ',0),(10852,5666,'maladies_intercurrentes','GAVISCON, suspension buvable en sachet','1X3/j',0),(10853,5667,'maladies_intercurrentes','GAVISCON, suspension buvable en sachet','1 sachet X3/j',0),(10854,5667,'maladies_intercurrentes','Mopral 40 mg m et s ','',0),(10855,5668,'maladies_intercurrentes','','',0),(10857,5669,'affection_exonorante','Kinésiethérapie respiratoire TVD ','2 séances / semaine',0),(10858,5670,'affection_exonorante','Spiolto 2 B consécutives ','',0),(10859,5671,'maladies_intercurrentes','Mag 2 2 amp buv midi ','',0),(10860,5672,'affection_exonorante','IRM cérébral','',0),(10861,5673,'affection_exonorante','NFS-Plaquettes','',0),(10862,5673,'affection_exonorante','TP','',0),(10863,5673,'affection_exonorante','TCA','',0),(10864,5674,'affection_exonorante','Exacyl 1 amp buv X3 si saignement','2 btres',0),(10865,5675,'maladies_intercurrentes','Spiolto 2 B consécutives ','',0),(10866,5675,'maladies_intercurrentes','Laroscorbine 2 cp eff le m ','',0),(10867,5676,'affection_exonorante','Appareil d\'aérosolthérapie ','',0),(10868,5677,'maladies_intercurrentes','Radiographie thoracique ','',0),(10869,5677,'maladies_intercurrentes','Radiographie des sinus','',0),(10870,5678,'maladies_intercurrentes','Location d\'un appareil d\'aérosolthérapie','',0),(10871,5679,'maladies_intercurrentes','Aérosolthérapie ATROVENT X2/j','',0),(10872,5679,'maladies_intercurrentes','Aérosolthérapie BUDESONIDE X2/j avec rinçage','',0),(10873,5679,'maladies_intercurrentes','Relvar 1B/j avec rinçage','',0),(10874,5679,'maladies_intercurrentes','Spiolto 2B consécutives','',0),(10875,5680,'maladies_intercurrentes','Radiographie thoracique','',0),(10876,5681,'maladies_intercurrentes','Radiographie thoracique','',0),(10877,5682,'maladies_intercurrentes','Radiographie thoracique','',0),(10878,5682,'maladies_intercurrentes','TDM des sinus','',0),(10879,5683,'maladies_intercurrentes','NFS -Plaquettes','',0),(10880,5683,'maladies_intercurrentes','IgE totales','',0),(10881,5684,'maladies_intercurrentes','Relvar ellipta 1b/j','',0),(10882,5684,'maladies_intercurrentes','Mopral 40 mg m et s ','',0),(10883,5684,'maladies_intercurrentes','GAVISCON, suspension buvable en sachet','1 sachet X3/j',0),(10884,5685,'maladies_intercurrentes','Spiolto 2B consécutives','',0),(10885,5685,'maladies_intercurrentes','Seretide 250 2b m et s avec une chambre d','',0),(10886,5685,'maladies_intercurrentes','AZITHROMYCINE ARROW 250 mg, comprimé pelliculé','1 cp X3 / semaine',0),(10888,5686,'maladies_intercurrentes','TDM thoracique','',0),(10889,5687,'maladies_intercurrentes','Location d\'un appareil d\'aérosolthérapie','',0),(10890,5688,'maladies_intercurrentes','Aérosolthérapie BUDESONIDE m et s avec rinçage','',0),(10891,5689,'maladies_intercurrentes','RULID 150 mg, comprimé enrobé 1X2 pdt 10jrs','',0),(10893,5690,'affection_exonorante','Striverdi 2 B consécutives/j','',0),(10895,5691,'maladies_intercurrentes','SPAGULAX MUCILAGE PUR, granulés','1 sachet/j',0),(10896,5692,'maladies_intercurrentes','PAROEX 0,12 POUR CENT, solution pour bain de bouche','gargarisme m et s ',0),(10897,5692,'maladies_intercurrentes','RINOCLENIL 100 microgrammes/dose, suspension pour pulvérisation nasale','1 ^pulv m et s ',0),(10898,5693,'maladies_intercurrentes','TDM thoracique sans injection','',0),(10899,5694,'maladies_intercurrentes','Location d\'un appareil d\'aérosolthérapie','',0),(10900,5695,'maladies_intercurrentes','Aérosolthérapie BUDESONIDE m et s ','',0),(10901,5695,'maladies_intercurrentes','Augmentin 1gX3/j','',0),(10902,5695,'maladies_intercurrentes','RULID 150 mg, comprimé enrobé','1 cp X2/j',0),(10903,5695,'maladies_intercurrentes','ULTRALEVURE 200 mg, gélule','1X2/j',0),(10904,5446,'maladies_intercurrentes','Symbicort 400 2B m et s avec rinçage','',0),(10905,5446,'maladies_intercurrentes','DEXERYL, crème en tube','2 tubes',0),(10906,1145,'affection_exonorante','Clinutren HP 1X3/j','',0),(10907,1145,'affection_exonorante','Augmentin 1gX3/j pdt 10jrs','',0),(10908,1145,'affection_exonorante','ULTRALEVURE 200 mg, gélule','2X2/j pdt 10 jrs',0),(10909,5696,'maladies_intercurrentes','Echodoppler des M.I.','',0),(10910,5697,'maladies_intercurrentes','Relvar ellipta 10B/j avec rinçage','',0),(10911,5697,'maladies_intercurrentes','Spiolto respimad 2B consécutives','',0),(10912,5698,'maladies_intercurrentes','ANTADYS 100 mg, comprimé pelliculé','1cp/j  1 bte',0),(10913,5698,'maladies_intercurrentes','EFFERALGAN 1 g, comprimé effervescent','1cp/j   1 bte',0),(10914,5699,'maladies_intercurrentes','NFS_Plaquettes','',0),(10915,5699,'maladies_intercurrentes','IgE totales','',0),(10916,5700,'maladies_intercurrentes','TDM des sinus','',0),(10917,5702,'maladies_intercurrentes','Relvar 1 B/j','',0),(10918,5702,'maladies_intercurrentes','Spiolto 2 b consécutives','',0),(10919,5702,'maladies_intercurrentes','Paroex gargarisme m et s ','',0),(10920,5702,'maladies_intercurrentes','Rinoclenil 1 pulv ds chq narine m et s ','',0),(10921,5704,'affection_exonorante','Augmentin 1g X3/j','',0),(10922,5704,'affection_exonorante','RULID 150 mg, comprimé enrobé','1 cp x2/j',0),(10923,5704,'affection_exonorante','ULTRALEVURE 200 mg, gélule','2X2/j',0),(10924,5705,'maladies_intercurrentes','Kinésiethérapie respiratoire et musculation des abdominaux ','3 séances /semaine',0),(10925,5706,'maladies_intercurrentes','TDM des sinus','',0),(10926,5707,'maladies_intercurrentes','IgE Totales','',0),(10927,5707,'maladies_intercurrentes','NFS  -Plaquettes','',0),(10928,5708,'maladies_intercurrentes','Relvar ellipta 1B/j avec rinçage','',0),(10929,5709,'maladies_intercurrentes','ZITHROMAX 250 mg, comprimé pelliculé','1x3/semaine',0),(10930,5709,'maladies_intercurrentes','AERIUS 5 mg, comprimé pelliculé','1cp le s ',0),(10931,5710,'maladies_intercurrentes','Kinésiethérapie respiratoire TVD ','2 séances /semaine',0),(10932,5711,'maladies_intercurrentes','Augmentin 1gX3/j pdt 10jrs','',0),(10933,5711,'maladies_intercurrentes','ULTRALEVURE 200 mg, gélule','2x2/j pdt 10jrs',0),(10934,5711,'maladies_intercurrentes','RULID 150 mg, comprimé enrobé m et s pdt 10jrs','',0),(10935,5711,'maladies_intercurrentes','Spiolto 2B consécutive','',0),(10936,5712,'maladies_intercurrentes','Mopral 40 mg m et s ','',0),(10937,5712,'maladies_intercurrentes','GAVISCON, suspension buvable en sachet','1X3/j',0),(10938,5713,'maladies_intercurrentes','Fungizone enfant 2cuil café m et s ','pdt 10 jrs',0),(10940,5714,'maladies_intercurrentes','ZITHROMAX 250 mg, comprimé pelliculé','1 cp x3/semaine',0),(10941,5715,'affection_exonorante','Seretide 500 2 b m et s avec rinçage','',0),(10942,5715,'affection_exonorante','Ventoline 2b en cas de besoin','',0),(10943,5715,'affection_exonorante','Singulair 10 mg 1 cp le s ','',0),(10944,5716,'maladies_intercurrentes','NFS -plaquettes','',0),(10945,5717,'maladies_intercurrentes','Seretide 250 2 B m et s avec rinçage','',0),(10946,5718,'maladies_intercurrentes','Atelle 4 ème doigt droit','',0),(10947,5719,'maladies_intercurrentes','HEXOMEDINE 1 POUR MILLE, solution pour application locale','1 bte ',0),(10949,5720,'maladies_intercurrentes','TDM thoracique sans injection','clinique ste clotilde',0),(10950,5721,'affection_exonorante','TDM des sinus','',0),(10951,5722,'maladies_intercurrentes','IRM cérébral','',0),(10952,5723,'maladies_intercurrentes','NFS-plaqiuettes','',0),(10953,5723,'maladies_intercurrentes','TP/TCA','',0),(10954,5724,'maladies_intercurrentes','Location d\'un appareil d\'aérosolthérapie ','',0),(10955,5725,'maladies_intercurrentes','Aérosolthérapie BUDESONIDE le s avec rinçage','',0),(10956,5725,'maladies_intercurrentes','Paroex gargarisme m et s ','',0),(10957,5725,'maladies_intercurrentes','RINOCLENIL 100 microgrammes/dose, suspension pour pulvérisation nasale','1 pulv ds chq narine m et s ',0),(10958,5556,'affection_exonorante','Aérosolthérapie BRICANYL-ATROVENT X2/j','',0),(10959,5556,'affection_exonorante','Aérosolthérapie BUDESONIDE X2/j avec rinçage','',0),(10960,5726,'affection_exonorante','TDM thoracique sans injection','',0),(10961,5727,'affection_exonorante','NFS-Plaquettes','',0),(10962,5727,'affection_exonorante','CRP','',0),(10963,5727,'affection_exonorante','Pro BNP','',0),(10964,5728,'affection_exonorante','Location d\'un appareil d\'aérosolthérapie','',0),(10965,5729,'affection_exonorante','Spiolto 2 B consécutives','',0),(10966,5729,'affection_exonorante','Aérosolthérapie BRICANYL-ATROVENT X2/j ','arret BRICANYL si tachycardie',0),(10967,5729,'affection_exonorante','Aérosolthérapie BUDESONIDE X2/j avec rinçage','',0),(10968,5729,'affection_exonorante','RINOCLENIL 100 microgrammes/dose, suspension pour pulvérisation nasale','1 pulv ds chq narine m et s ',0),(10969,5729,'affection_exonorante','PAROEX 0,12 POUR CENT, solution pour bain de bouche','gargarisme m et s ',0),(10970,5730,'affection_exonorante','Kinésiethérapie respiratoire TVD ','au domicile du patient ',0),(10972,5731,'maladies_intercurrentes','TDM thoracique sans injection','',0),(10973,5732,'maladies_intercurrentes','Spiolto 2B consécutives','',0),(10974,5732,'maladies_intercurrentes','Relvar ellipta 1b /j avec rinçage','',0),(10975,5733,'maladies_intercurrentes','Radiographie thoracique','',0),(10976,5734,'maladies_intercurrentes','','',0),(10977,5735,'maladies_intercurrentes','TITANOREINE A LA LIDOCAINE 2 POUR CENT, crème','1 tube',0),(10978,5736,'affection_exonorante','Mopral 40 mg le soir','',0),(10979,4390,'maladies_intercurrentes','Seretide 250 2B m et s avec rinçage','',0),(10980,5737,'maladies_intercurrentes','IgE Totales','',0),(10981,5738,'maladies_intercurrentes','Radiographie thoracique','',0),(10982,5739,'maladies_intercurrentes','Seretide 250 2B m et s avec rinçage ','',0),(10983,5740,'maladies_intercurrentes','Location d\'un appareil d\'aérosolthérapie ','',0),(10984,5741,'maladies_intercurrentes','Aérosolthérapie BUDESONIDE m et s ','avec rinçage ',0),(10985,5741,'maladies_intercurrentes','Paroex gargarisme m eb s','',0),(10986,5741,'maladies_intercurrentes','RINOCLENIL 100 microgrammes/dose, suspension pour pulvérisation nasale','1 pulv ds chq narine m et s ',0),(10987,5742,'maladies_intercurrentes','TDM thoracique sans inj','',0),(10988,5743,'maladies_intercurrentes','Location d\'un appareil d\'aérosolthérapie avec un kit naso buccal','',0),(10989,5744,'maladies_intercurrentes','Aérosolthérapie BUDESONIDE m et s avec rinçage','',0),(10990,5744,'maladies_intercurrentes','ROVAMYCINE 1 500 000 UI, comprimé pelliculé','X3/j pendant 7 jrs',0),(10991,5744,'maladies_intercurrentes','Paroex gargarisme m et s ','',0),(10992,5744,'maladies_intercurrentes','RINOCLENIL 100 microgrammes/dose, suspension pour pulvérisation nasale','1 pulv ds chq narine m et s ',0),(10993,5745,'maladies_intercurrentes','Glycémie à jeun ','',0),(10994,5745,'maladies_intercurrentes','Hemoglobine glyqué','',0),(10995,5746,'maladies_intercurrentes','TDM des sinus','',0),(10996,5747,'maladies_intercurrentes','RINOCLENIL 100 microgrammes/dose, suspension pour pulvérisation nasale','1pulv ds chq narine m et s ',0),(10997,5747,'maladies_intercurrentes','Paroex gargarisme m et s ','',0),(10998,5748,'affection_exonorante','Aérosolthérapie m et s ','IDE à domicile',0),(10999,5749,'affection_exonorante','Location d\'un appareil d\'aérosolthérapie depuis septembre 2016','',0),(11000,5750,'maladies_intercurrentes','Spiolto 2 B consécutives','',0),(11002,5751,'affection_exonorante','Aérosolthérapie BRICANYL-ATROVENT X2/j','',0),(11003,5751,'affection_exonorante','Aérosolthérapie BUDESONIDE X2/j avec rinçage','',0),(11004,5752,'maladies_intercurrentes','ZITHROMAX 250 mg, comprimé pelliculé','1cp x3/semaine',0),(11005,5753,'maladies_intercurrentes','EFFERALGAN 1 g, comprimé effervescent','1cp/j  2btes',0),(11006,5754,'affection_exonorante','TDM des sinus','',0),(11007,5755,'affection_exonorante','Kinésiethérapie respiratoire TVD ','5 séances/semaine',0),(11008,5756,'affection_exonorante','RINOCLENIL 100 microgrammes/dose, suspension pour pulvérisation nasale','1 pulv ds chq narine m et s ',0),(11009,5756,'affection_exonorante','PAROEX 0,12 POUR CENT, solution pour bain de bouche','gargarisme m et s ',0),(11010,5756,'affection_exonorante','Aérosolthérapie Bicarbonate 14 pm m et s ','',0),(11011,5017,'maladies_intercurrentes','AERIUS sirop à 0.5 mg/ml ','5 ml/j',0),(11012,1048,'affection_exonorante','Aérosolthérapie BUDESONIDE m et s avec rinçage','',0),(11013,1048,'affection_exonorante','PAROEX 0,12 POUR CENT, solution pour bain de bouche','gargarisme m et s pdt 10 jrs',0),(11014,1048,'affection_exonorante','RINOCLENIL 100 microgrammes/dose, suspension pour pulvérisation nasale','1 pulv ds chq narine m et s  pdt 10 jrs',0),(11015,4796,'maladies_intercurrentes','AERIUS 0,5 mg/ml, solution buvable','5 ml/j',0),(11016,5757,'affection_exonorante','Echographie des voies urinaires','',0),(11017,5758,'affection_exonorante','Urée','',0),(11018,5758,'affection_exonorante','Creatinine','',0),(11019,5758,'affection_exonorante','Pro-BNP','',0),(11020,5758,'affection_exonorante','NFS-plaquettes/reticulocytes','',0),(11021,5758,'affection_exonorante','Ferritinémie','',0),(11022,5758,'affection_exonorante','Coeff de saturation transferrine','',0),(11023,5759,'maladies_intercurrentes','KETUM 2,5 POUR CENT, gel','2btes',0),(11024,5759,'maladies_intercurrentes','AERIUS 0,5 mg/ml, solution buvable','10ml/j  1bte',0),(11025,5760,'maladies_intercurrentes','Ciflox sirop 100 mg m et s pdt 7 jrs ','',0),(11026,5761,'maladies_intercurrentes','Location d\'un appareil d\'aérosolthérapie','',0),(11027,5763,'maladies_intercurrentes','Aérsolthérapie BRICANYL-ATROVENTX2/j avec arret du BRICANYL si tachycardie','',0),(11028,5763,'maladies_intercurrentes','Aérosolthérapie BUDESONIDE X2/j avec rinçage','',0),(11029,5764,'maladies_intercurrentes','SPAGULAX MUCILAGE PUR, granulés en sachet dose','1 sachet m et s  1 bte',0),(11030,5765,'maladies_intercurrentes','Mopral 40 mg 1 cp le s ','',0),(11031,5765,'maladies_intercurrentes','GAVISCON, suspension buvable en flacon','1X3/j',0),(11033,5766,'maladies_intercurrentes','TDM thoracique sans injection','',0),(11034,5767,'maladies_intercurrentes','RINOCLENIL 100 microgrammes/dose, suspension pour pulvérisation nasale','1 pulv ds chq narine m et s ',0),(11035,5767,'maladies_intercurrentes','PAROEX 0,12 POUR CENT, solution pour bain de bouche','gargarisme m et s ',0),(11036,5768,'maladies_intercurrentes','Foradil 1 gel inh m et s ','',0),(11037,5768,'maladies_intercurrentes','OXEOL 10 mg, comprimé sécable','1 cp au coucher',0),(11038,5768,'maladies_intercurrentes','PAROEX 0,12 POUR CENT, solution pour bain de bouche','gargarisme m et s ',0),(11039,5768,'maladies_intercurrentes','NASACORT 55 microgrammes par dose, suspension pour pulvérisation nasale','2 doses / narine le m ',0),(11040,5769,'affection_exonorante','Oxygénothérapie de courte durée sur 3 mois ','',0),(11041,5769,'affection_exonorante','Appareil SIMTLYGO','',0),(11043,5769,'affection_exonorante','Adresse:7,Allée des Zimmias','',0),(11044,5769,'affection_exonorante','Résidence VITTORIA  Appt:No5','',0),(11045,5769,'affection_exonorante','97490 Ste Clotilde','',0),(11046,5769,'affection_exonorante','Tel:06.92.00.63.89','',0),(11047,5769,'affection_exonorante','0262.23.37.40','',0),(11048,5770,'maladies_intercurrentes','Location d\'un appareil d\'aérosolthérapie ','',0),(11049,5771,'maladies_intercurrentes','Aérosolthérapie Budesonide 1mg/2ml m et s avec rinçage','15 jrs de traitement',0),(11050,5771,'maladies_intercurrentes','Rulid 150 mg m et s pdt 7jrs','',0),(11051,5772,'maladies_intercurrentes','RINOCLENIL 100 microgrammes/dose, suspension pour pulvérisation nasale','1 pulv ds chq narine m et s ',0),(11052,5772,'maladies_intercurrentes','ELUDRIL 0,5 ml/0,5 g pour 100 ml, solution pour bain de bouche','le m pdt 15 jrs',0),(11053,5773,'affection_exonorante','IRM cérébral','',0),(11054,5774,'maladies_intercurrentes','PARIET 40 mg, comprimé gastro-résistant x2/j','',0),(11055,5775,'maladies_intercurrentes','Urée','',0),(11056,5775,'maladies_intercurrentes','Creatinine','',0),(11057,5775,'maladies_intercurrentes','DFG','',0),(11058,5776,'maladies_intercurrentes','PAROEX 0,12 POUR CENT, solution pour bain de bouche','gargarisme m et s ',0),(11059,5777,'maladies_intercurrentes','RHINOCORT 64 microgrammes/dose, suspension pour pulvérisation nasale','1pulv ds chq narine m et s 2 btres',0),(11060,5777,'maladies_intercurrentes','STILNOX 10 mg, comprimé pelliculé sécable','1cp/j  1 bte',0),(11061,5778,'maladies_intercurrentes','NFS -plaquettes','',0),(11062,5779,'affection_exonorante','Aérosolthérapie BRICANYL -ATROVENT X2/j','arret BRICANYL si tachycardie',0),(11063,5779,'affection_exonorante','Aérosolthérapie BUDESONIDE X2/j avec rinçage','',0),(11064,5779,'affection_exonorante','Mopral 40 mg 1 cp le s pdt 1 mois','',0),(11065,5779,'affection_exonorante','Spiolto 2B consécutives ','',0),(11066,5780,'affection_exonorante','Location d\'un appareil d\'aérosolthérapie ','',0),(11068,5781,'maladies_intercurrentes','Location d\'un appareil d\'aérosolthérapie ','',0),(11069,5782,'affection_exonorante','Aézrosolthérapie BUDESONIDE m et s avec rinçage','QSP 15 jrs de traitement',0),(11070,5782,'affection_exonorante','RULID 150 mg, comprimé enrobé m et s pdt 10 jrs','',0),(11071,5783,'maladies_intercurrentes','ADEPAL, comprimé enrobé','1cp/j   2 btes',1),(11072,5784,'maladies_intercurrentes','TDM thoracique sans injection','',0),(11073,5785,'maladies_intercurrentes','NFS-Plaquettes','',0),(11074,5785,'maladies_intercurrentes','Glycémie à jeun','',0),(11075,5785,'maladies_intercurrentes','HbAC 1  /Hb glyqué','',0),(11076,5785,'maladies_intercurrentes','Urée/Creatinine','',0),(11077,5785,'maladies_intercurrentes','ASAT/ALAT','',0),(11078,5785,'maladies_intercurrentes','Cholesterol Total ,HDL ,LDL','',0),(11079,5786,'maladies_intercurrentes','TDM thoracique sans injection','',0),(11080,5787,'affection_exonorante','Surbronc sirop 1 cuil mesure m et s ','',0),(11081,5787,'affection_exonorante','Aérosolthérapie BICARBONATE 14 p.m. m et s ','',0),(11082,5788,'maladies_intercurrentes','HEXOMEDINE 1 POUR MILLE, solution pour application locale','laisser trempler ds le flacon 5 mns X4/j ',0),(11083,5788,'maladies_intercurrentes','HEXOMEDINE TRANSCUTANEE 1,5 POUR MILLE, solution pour application locale','mettre après trempage',0),(11084,5789,'maladies_intercurrentes','Paroex gargarisme m et s ','',0),(11085,5789,'maladies_intercurrentes','RINOCLENIL 100 microgrammes/dose, suspension pour pulvérisation nasale','1 pulv ds chq narine m et s ',0),(11086,5790,'maladies_intercurrentes','TANGANIL 500 mg, comprimé','1cp x4/j si vertiges',0),(11087,5790,'maladies_intercurrentes','Ventoline 2B en cas de gène respiratoire','',0),(11088,5791,'maladies_intercurrentes','TDM des sinus','',0),(11089,5792,'maladies_intercurrentes','NFS-plaquettes','',0),(11090,5792,'maladies_intercurrentes','IgE Totales','',0),(11091,5794,'affection_exonorante','Spiolto 2B consécutives/j','',0),(11092,3339,'affection_exonorante','SYMBICORT TURBUHALER 400/12 microgrammes/dose, poudre pour inhalation','2B m et s ',0),(11093,3128,'maladies_intercurrentes','PAROEX 0,12 POUR CENT, solution pour bain de bouche','gargarisme m et s 10jrs /mois',0),(11094,5795,'maladies_intercurrentes','RINOCLENIL 100 microgrammes/dose, suspension pour pulvérisation nasale','1pulv ds chq narine m et s ',0),(11095,5795,'maladies_intercurrentes','PAROEX 0,12 POUR CENT, solution pour bain de bouche','gargarisme m et s ',0),(11096,5797,'maladies_intercurrentes','Location d\'un appareil d\'aérosolthérapie ','',0),(11097,5798,'maladies_intercurrentes','Auto-anticorps anti-centromères','',0),(11098,5799,'maladies_intercurrentes','AZITHROMYCINE ARROW 250 mg, comprimé pelliculé','1cp X3/semaine ',0),(11099,5800,'maladies_intercurrentes','SERETIDE 250 microgrammes/25 microgrammes/dose, suspension pour inhalation en flacon pressurisé','2 B m et s avec rinçage ',0),(11100,5801,'maladies_intercurrentes','ESOMEPRAZOLE ACTAVIS 40 mg, gélule gastro-résistante','m et s pendant 3 mois ',0),(11101,5802,'maladies_intercurrentes','Mopral 40 mg m et s pendant 1 mois ','',0),(11102,5803,'maladies_intercurrentes','Spiolto 2B consécutives ','1 bte',0),(11103,5804,'maladies_intercurrentes','Ferritinémie','',0),(11104,5804,'maladies_intercurrentes','Reticulocytes','',0),(11105,5805,'maladies_intercurrentes','TARDYFERON B9, comprimé pelliculé','1 cp/j',0),(11106,5806,'maladies_intercurrentes','Mise à jour vaccination anti tétanique','',0),(11107,5807,'maladies_intercurrentes','PAROEX 0,12 POUR CENT, solution pour bain de bouche','gargarisme m et s ',0),(11108,5807,'maladies_intercurrentes','RINOCLENIL 100 microgrammes/dose, suspension pour pulvérisation nasale','1 pulv ds chq narine m et s ',0),(11109,5808,'maladies_intercurrentes','Seretide 250 2 B m et s avec rinçage','',0),(11110,5808,'maladies_intercurrentes','1 chambre d\'inhalation','',0),(11111,5809,'maladies_intercurrentes','Radiographie thoracique','',0),(11112,5809,'maladies_intercurrentes','TDM des sinus','',0),(11113,5810,'maladies_intercurrentes','NFS -Plaquettes','',0),(11114,5810,'maladies_intercurrentes','IgE Totales','',0),(11115,5811,'affection_exonorante','TDM thoracique sans injection','',0),(11116,5812,'affection_exonorante','Spiolto 2 B consécutives','',0),(11117,5812,'affection_exonorante','Incruse 1B/j','',0),(11118,5812,'affection_exonorante','FLIXOTIDE 250 microgrammes/dose, suspension pour inhalation en flacon pressurisé','1 b x2 avec rinçage ',0),(11119,2138,'affection_exonorante','Aérosolthérapie ATROVENT X2/j ','',0),(11120,5813,'maladies_intercurrentes','TDM thoracique','',0),(11121,5814,'maladies_intercurrentes','RINOCLENIL 100 microgrammes/dose, suspension pour pulvérisation nasale','1 pulv ds chq narine m et s ',0),(11122,5814,'maladies_intercurrentes','PAROEX 0,12 POUR CENT, solution pour bain de bouche','gargarisme m et s ',0),(11123,5815,'maladies_intercurrentes','Seretide 250 2b m et s avec rinçage ','',0),(11124,5815,'maladies_intercurrentes','Chambre d\'inhalation','',0),(11125,5816,'maladies_intercurrentes','LAROSCORBINE 1 g, comprimé effervescent','',0),(11126,5816,'maladies_intercurrentes','XANAX 0,50 mg, comprimé sécable','1cp le s ',0),(11127,5817,'maladies_intercurrentes','PAROEX 0,12 POUR CENT, solution pour bain de bouche','gargarisme  m et s ',0),(11128,5817,'maladies_intercurrentes','RINOCLENIL 100 microgrammes/dose, suspension pour pulvérisation nasale','1 pulv ds chq narine m et s ',0),(11129,5818,'affection_exonorante','FORADIL 12 microgrammes, poudre pour inhalation en gélule','1 gel inh m et s ',0),(11130,5657,'affection_exonorante','HEXOMEDINE 0,1 POUR CENT, gel pour application locale','3 applications/j 2 btes',0),(11131,5819,'affection_exonorante','Ventoline 2b en cas de gène respiretoire','',0),(11132,5819,'affection_exonorante','RINOCLENIL 100 microgrammes/dose, suspension pour pulvérisation nasale','1 pulv ds chq narine m et s pendant 15 jrs',0),(11133,5819,'affection_exonorante','PAROEX 0,12 POUR CENT, solution pour bain de bouche','gargarisme m et s pdt 10 jrs',0),(11134,5820,'affection_exonorante','TDMM thoracique sans injection en 06/2017','',0),(11135,5821,'affection_exonorante','GDS à AA','',0),(11136,5822,'affection_exonorante','Location d\'un appareil d\'aérosolthérapie','',0),(11137,5823,'affection_exonorante','Aérosolthéra^pie BRICANYL-ATROVENTX2/j','',0),(11138,5823,'affection_exonorante','Aérozsolthérapie BUDESONIDE X2/j avec rinçage','',0),(11139,5825,'affection_exonorante','Aérosolthérapie BRICANYL-ATROVENT X2/j','',0),(11140,5825,'affection_exonorante','Aérosolthérapie BUDESONIDE X/J avec rinçage','',0),(11141,5825,'affection_exonorante','Ventoline 2b en cas de besoin','',0),(11142,5826,'maladies_intercurrentes','Effetralgan cp à dissoudre','1 cp/j 2btes',0),(11146,5827,'maladies_intercurrentes','TDM des sinus','',0),(11147,5828,'maladies_intercurrentes','SURBRONC EXPECTORANT AMBROXOL 30 mg, comprimé sécable','1cp m et s ',0),(11148,5828,'maladies_intercurrentes','PAROEX 0,12 POUR CENT, solution pour bain de bouche','gargarisme m et s',0),(11149,5828,'maladies_intercurrentes','AZITHROMYCINE ARROW 250 mg, comprimé pelliculé','1cp X3/semaine ',0),(11150,5829,'maladies_intercurrentes','NFS-Plaquettes','',0),(11151,5829,'maladies_intercurrentes','IgE Totales','',0),(11152,5830,'maladies_intercurrentes','Aérosolthérapie BUDESONIDE m ,midi et soir avec rinçage ','',0),(11153,5830,'maladies_intercurrentes','Aérosolthérapie BRICANYL-ATROVENT X2/j avec arret du BRICANYL si tachycardie.','',0),(11154,5830,'maladies_intercurrentes','RINOCLENIL 100 microgrammes/dose, suspension pour pulvérisation nasale','1 pulv ds chq narine m et s ',0),(11155,5830,'maladies_intercurrentes','PAROEX 0,12 POUR CENT, solution pour bain de bouche','gargarisme m et s ',0),(11156,5831,'maladies_intercurrentes','Location d','',0),(11157,5309,'maladies_intercurrentes','PAROEX 0,12 POUR CENT, solution pour bain de bouche','garhgarisme m et s ',0),(11158,5309,'maladies_intercurrentes','RINOCLENIL 100 microgrammes/dose, suspension pour pulvérisation nasale','1 pulv ds chq narine m et s ',0),(11159,5832,'maladies_intercurrentes','Kinésiethérapie respiratoire TVD et respiration nasale ','2 séances / semaine',0),(11160,5833,'maladies_intercurrentes','Location d\'un appareil d\'aérosolthérapie','',0),(11161,5834,'maladies_intercurrentes','Aérosolthérapie BUDESONIDE m eyt s avec rinçage','',0),(11162,5835,'affection_exonorante','Location d\'un appareil d\'aérosolthérapie avec kit naso buccal','',0),(11163,5836,'affection_exonorante','Aérosolthérapie BRICANYL X2/j arret si tachycardie','',0),(11164,5836,'affection_exonorante','Aérosolthérapie BUDESONIDE x2/j avec rinçage','',0),(11165,5836,'affection_exonorante','Spiolto 2 B consécutives ','',0),(11166,5836,'affection_exonorante','PAROEX 0,12 POUR CENT, solution pour bain de bouche','gargarisme m et s ',0),(11167,5837,'maladies_intercurrentes','TDM des sinus','',0),(11168,5838,'maladies_intercurrentes','Location d\'un nebuliseur pneumatique avec masque adapté pendant 1 mois','',0),(11169,5839,'maladies_intercurrentes','VENTOLINE 100 microgrammes/dose, /dose X2/j ','',0),(11170,5839,'maladies_intercurrentes','Budesonide 0.5 mg/2ml par inh par nebu recipient unidose','m et s ',0),(11171,5839,'maladies_intercurrentes','Serum physiologique NaCl unidoses 1 bte','',0),(11172,5840,'maladies_intercurrentes','NfS-plaquettes','',0),(11173,5840,'maladies_intercurrentes','IgE totales','',0),(11174,5840,'maladies_intercurrentes','CRP','',0),(11175,5841,'affection_exonorante','TDM thoracique à faire début juin 2017','',0),(11176,5842,'maladies_intercurrentes','Augmentin 1g X3 pendant 10jrs','',0),(11177,5842,'maladies_intercurrentes','RULID 150 mg, comprimé enrobé','1cpX2/j pendant 10jrs',0),(11178,5842,'maladies_intercurrentes','Spiolto 2 B consécutives pendant 1 mois','',0),(11179,5843,'maladies_intercurrentes','EFFERALGAN 1 g, comprimé effervescent','4 btes',0),(11180,5843,'maladies_intercurrentes','SPAGULAX MUCILAGE PUR, granulés en sachet dose','2btes',0),(11181,5844,'maladies_intercurrentes','Location d\'un appareil d\'aérosolthérapie pendant 15 jrs ','',0),(11182,5845,'maladies_intercurrentes','Aérosolthérapie BUDESONIDE m et s avec rinçage','15 jrs de traitement',0),(11183,5845,'maladies_intercurrentes','Paroex garagarisme m et s ','15 jrs de traitement',0),(11184,5845,'maladies_intercurrentes','RULID 150 mg, comprimé enrobé 1 cp x2 pendant 10 jrs','',0),(11185,5846,'affection_exonorante','Relvar 1B/j','',0),(11186,5847,'maladies_intercurrentes','TDM des sinus','',0),(11187,5849,'maladies_intercurrentes','NFS-plaquettes','',0),(11188,5849,'maladies_intercurrentes','IgE Totales','',0),(11189,5850,'maladies_intercurrentes','Location d\'un appareil d\'aérosolthérapie','',0),(11190,5851,'maladies_intercurrentes','Paroex gargarisme m eyt s pdt 15 jrs','',0),(11191,5851,'maladies_intercurrentes','Aérosolthérapie BUDESONIDE m et s avec rinçage','',0),(11192,5851,'maladies_intercurrentes','Relvar 1B/j avec rinçage','',0),(11193,5851,'maladies_intercurrentes','RINOCLENIL 100 microgrammes/dose, suspension pour pulvérisation nasale','1 pulv ds chq narine m et s ',0),(11194,5852,'maladies_intercurrentes','Radiographie thoracique','',0),(11195,5853,'maladies_intercurrentes','EXACYL 500 mg, comprimé pelliculé','2 cp m et s si hemoptysie',0),(11196,5854,'affection_exonorante','Aérosolthérapie Budesonide m et s avec rinçage','',0),(11197,5157,'affection_exonorante','NIFLUGEL 2,5 %, gel','applict m et s 2 btes',0),(11198,5855,'maladies_intercurrentes','Prélèvement de l\'expectoration pour ECBC par kinésiethérapie','',0),(11199,5856,'affection_exonorante','ECBC examen cyto bacteriomlogique des crachats ','',0),(11200,5856,'affection_exonorante','Ex Direct,Culture,antibiogramme','',0),(11201,962,'affection_exonorante','Chambre d\'inhalation','',0),(11202,5857,'maladies_intercurrentes','FORADIL 12 microgrammes, poudre pour inhalation en gélule','1gel inh m et s et en cas d\'effort.',0),(11203,5858,'maladies_intercurrentes','Radiographie thoracique','',0),(11204,5858,'maladies_intercurrentes','TDM des sinus','',0),(11205,5859,'maladies_intercurrentes','','',0),(11206,5860,'maladies_intercurrentes','NFS-plaquettes','',0),(11207,5860,'maladies_intercurrentes','IgE Totales','',0),(11208,5861,'maladies_intercurrentes','TDM des sinus','',0),(11209,5862,'maladies_intercurrentes','NFS-plaquettes','',0),(11210,5862,'maladies_intercurrentes','IgE Totales','',0),(11211,5863,'affection_exonorante','AZITHROMYCINE ARROW 250 mg, comprimé pelliculé','1cp X3/semaine',0),(11212,5863,'affection_exonorante','AERIUS 5 mg, comprimé pelliculé','1 cp le s ',0),(11213,5864,'affection_exonorante','Prélèvement de bouche recherche mycose par ecouvillon','ex direct ,culture ,antibiogramme',0),(11214,5865,'affection_exonorante','FUNGIZONE 10 POUR CENT, suspension buvable','3 fois/j',0),(11215,5866,'maladies_intercurrentes','Phosphogliv 1 à 2 capsulles  3 fois /j','2 btes',0),(11216,5867,'maladies_intercurrentes','Kinésiethérapie respiratoire avec réhabilitation ','',0),(11217,5867,'maladies_intercurrentes','3 séances /semaine ','',0),(11218,5869,'maladies_intercurrentes','PREVENAR 13 suspension injectable Vaccin pneumococcique polyosidique conjugué (13-valent, adsorbé)','en IM',0),(11219,5870,'maladies_intercurrentes','Radiographie thoracique','',0),(11220,5871,'affection_exonorante','Mopral 40 mg m et s ','',0),(11221,5871,'affection_exonorante','GAVISCON, suspension buvable en flacon','1 sachet X3/j',0),(11222,5872,'maladies_intercurrentes','PAROEX 0,12 POUR CENT, solution pour bain de bouche','garagarisme m et s',0),(11223,5872,'maladies_intercurrentes','RINOCLENIL 100 microgrammes/dose, suspension pour pulvérisation nasale','1pulv ds chq narine m et s ',0),(11225,5873,'maladies_intercurrentes','AURICULARUM, poudre et solvant pour suspension pour instillation auriculaire','5 à 10 gouttes m et s ',0),(11226,5873,'maladies_intercurrentes','Faire tiédir le flacon dans la main','',0),(11227,5874,'maladies_intercurrentes','EFFERALGAN 1 g, comprimé effervescent','1gx3/j',0),(11228,5874,'maladies_intercurrentes','PAROEX 0,12 POUR CENT, solution pour bain de bouche','gfargarisme m et s ',0),(11229,5874,'maladies_intercurrentes','Amoxicilline 1gX3/j','',0),(11232,5268,'maladies_intercurrentes','AZITHROMYCINE ARROW 250 mg, comprimé pelliculé','X3/semaine',0),(11233,5875,'affection_exonorante','Relvar ellipte 1b/j','',0),(11234,5875,'affection_exonorante','Symbicort 400 2b m et s avec rinçage','',0),(11235,5875,'affection_exonorante','Aérosolthét=rapie PULMICORT m et s avec rinçage','',0),(11236,5875,'affection_exonorante','SINGULAIR 10 mg, comprimé pelliculé','1 cp le s ',0),(11237,5875,'affection_exonorante','AERIUS 5 mg, comprimé pelliculé','11 cp;le s ',0),(11238,5875,'affection_exonorante','Ventoline 2b x3/j','',0),(11239,5875,'affection_exonorante','ZITHROMAX 250 mg, comprimé pelliculé','X3/sremaine',0),(11241,5876,'maladies_intercurrentes','Appareil d\'aérosolthérapie ','',0),(11242,5877,'maladies_intercurrentes','Septivon pour désinfection du circuit','1 bte',0),(11243,5878,'maladies_intercurrentes','SINGULAIR 5 mg, comprimé à croquer','1 cp le s au coucher ',0),(11244,5879,'maladies_intercurrentes','Location d\'un appareil d\'aérosolthérapie ','SEPRODOM',0),(11245,5880,'affection_exonorante','Radiopgraphie thoracique','',0),(11246,5881,'affection_exonorante','Pro BNP','',0),(11247,5881,'affection_exonorante','NFS-plaquettes','',0),(11248,5882,'maladies_intercurrentes','Radiographie thoracique','',0),(11250,5883,'maladies_intercurrentes','Augmentin 1gx3/j pendant 7 jrs','',0),(11251,5883,'maladies_intercurrentes','ULTRALEVURE 200 mg, gélule','1gelX2/j pendant 7 jrs',0),(11252,5884,'maladies_intercurrentes','Location d\'un appareil d\'aérosolthérapie','',0),(11253,5885,'maladies_intercurrentes','Aérosolthérapie BUDESONIDE 1mg/2ml','m et s ',0),(11255,5886,'affection_exonorante','Budesonide 1 mg/2ml aérosolthérapie  m et s avec rinçage','',0),(11256,5887,'affection_exonorante','Aérosolthérapie BRICANYL -ATROVENT avec arret BRICANYL si tachycardie','m et s ',0),(11257,5887,'affection_exonorante','Aérosolthérapie budesonide 1mg/2ml m et s avec rinçage','',0),(11258,5888,'affection_exonorante','Aérosolthérapie location d\'un appareil ','',0),(11259,5555,'affection_exonorante','SURBRONC EXPECTORANT AMBROXOL SANS SUCRE, solution buvable édulcorée à l\'acésulfame potassique et au sorbitol','1 cuil mesure m et s ',0),(11260,5108,'maladies_intercurrentes','Polykaraya 1 sachet/j au début des repas','',0),(11261,5108,'maladies_intercurrentes','Dicetel 100mg X2/j aux repas','',0),(11262,4435,'affection_exonorante','ATARAX 25 mg, comprimé pelliculé sécable','1 cp le s ',0),(11263,4435,'affection_exonorante','TERBUTALINE ARROW 5 mg/2 ml, solution pour inhalation par nébuliseur en récipient unidose','m et s ',0),(11265,4435,'affection_exonorante','IPRATROPIUM AGUETTANT ADULTES 0,5 mg/2 ml, solution pour inhalation par nébuliseur en récipient unidose','m et s ',0),(11266,5890,'affection_exonorante','TARDYFERON B9, comprimé pelliculé','1cp /j',0),(11267,5890,'affection_exonorante','VITAMINE B12 GERDA 1000 µg/4 ml, solution injectable (IM) et buvable','2 amp buv /j pdt 4 semaines',0),(11268,5891,'affection_exonorante','NFS -Plaquettes','',0),(11269,5892,'maladies_intercurrentes','PREVENAR 13 suspension injectable Vaccin pneumococcique polyosidique conjugué (13-valent, adsorbé)','1 amp en IM',0),(11270,5893,'affection_exonorante','PAROEX 0,12 POUR CENT, solution pour bain de bouche','gargarisme m et s ',0),(11271,5893,'affection_exonorante','Aérosolthérapie BUDESONIDE1mg/2ml','m et s ',0),(11272,5894,'affection_exonorante','Location d\'un appareil d\'aérosolthérapie','',0),(11273,5895,'maladies_intercurrentes','Cotrimoxazole 400 mg /80mg 1 cp le matin ','5 mois de traitement',0),(11274,5895,'maladies_intercurrentes','Acide mycophenolique (Cellcept) 750 mg CPR 1 cp m et s ','ou 500mg et 250 mg m et s ',0),(11275,5895,'maladies_intercurrentes','Solupred 5 mg CPR le matin ','',0),(11276,5895,'maladies_intercurrentes','Calcidose 500mg PDR Orale sachet 1 sachet le m ','',0),(11278,5896,'maladies_intercurrentes','GDS à AA','',0);

--
-- Table structure for table `params`
--

CREATE TABLE `params` (
  `id_param` varchar(40) NOT NULL DEFAULT '',
  `texte` text NOT NULL,
  `commentaire` text NOT NULL,
  PRIMARY KEY (`id_param`)
) ENGINE=InnoDB DEFAULT CHARSET=utf8;

--
-- Dumping data for table `params`
--

INSERT INTO `params` VALUES ('AM','971404397',''),('commentaire','Vous êtes prié d’apporter vos attestations de prise en charge\r\n(Carte vitale, mutuelle, CMU, attestation ALD).\r\nEn cas d’empêchement, veuillez nous contacter 48h avant le rendez-vous','Commentaire ligne 2'),('delai_mois_entre_2_efr','4','Délai en mois entre 2 EFR'),('email','bmtanguy@gmail.com',''),('entete','Ancien chef de service au CHU de Bellepierre\r\nAncien Médecin des Hôpitaux\r\n49 Allée des Topazes 97400 SAINT DENIS\r\nTéléphone : 02 62 41 77 53 - Fax : 0 970 630 637',''),('fax','0 970 630 637',''),('lettre_debut','Cher confrère','Début de la lettre'),('lettre_fin','Confraternellement,','Fin de lettre'),('lieu','49, allée des Topazes 97400 Saint-Denis (en face du CHU)','Lieu'),('lieu_cv_1','49, allée des Topazes','Lieu'),('lieu_cv_2','97400 Saint-Denis','Lieu'),('nom_docteur','Bernard TANGUY','Nom du docteur'),('pantone_enveloppe','363','Couleur 1'),('qualite_ligne_1','Médaille d\'Argent de l\'Académie Nationale de Médecine','Ligne 1'),('qualite_ligne_2','Ancien chef de Service au CHU de BellePierre','Ligne 2'),('qualite_ligne_3','Médecin Honoraire des Hôpitaux','Ligne 3'),('qualite_ligne_cv_1','Pneumologue','Ligne 1 Carte Visite'),('qualite_ligne_cv_2','Médaille d\'Argent de l\'Académie Nationale de Médecine','Ligne 2 Carte Visite'),('qualite_ligne_cv_3','Ancien chef de Service au CHU de BellePierre','Ligne 3 Carte Visite'),('qualite_ligne_cv_4','Médecin Honoraire des Hôpitaux','Ligne 4 Carte Visite'),('qualite_ligne_cv_5','Membre de la Société de Pneumologie de Langue Française','Ligne 5 Carte Visite'),('qualite_ligne_cv_6','Membre de l\'European Respiratory Society','Ligne 6 Carte Visite'),('RPPS','10002317096',''),('specialite','Pneumologue','Spécialité'),('telephone_1','02 62 41 77 53','Téléphone 1'),('telephone_2','','Téléphone 2');

--
-- Table structure for table `paris_metro`
--

CREATE TABLE `paris_metro` (
  `numero` int(11) NOT NULL,
  `text_color` char(7) NOT NULL,
  `background_color` char(7) NOT NULL,
  PRIMARY KEY (`numero`)
) ENGINE=InnoDB DEFAULT CHARSET=utf8;

--
-- Dumping data for table `paris_metro`
--

INSERT INTO `paris_metro` VALUES (1,'#000000','#F2C931'),(2,'#FFFFFF','#216EB4'),(3,'#FFFFFF','#9A9940'),(4,'#FFFFFF','#BB4D98'),(5,'#000000','#FF8B53'),(6,'#000000','#79BB92'),(7,'#000000','#DF9AB1'),(8,'#000000','#C5A3CA'),(9,'#000000','#CDC83F'),(10,'#000000','#DFB039'),(11,'#FFFFFF','#8E6538'),(12,'#FFFFFF','#328E5B'),(13,'#000000','#89C7D6'),(14,'#FFFFFF','#67328E'),(15,'#FFFFFF','#A90F32'),(16,'#FFFFFF','#EC7CAE'),(17,'#FFFFFF','#95BF32');

--
-- Table structure for table `personnel`
--

CREATE TABLE `personnel` (
  `id_personnel` int(11) NOT NULL AUTO_INCREMENT,
  `nom` varchar(50) NOT NULL DEFAULT '',
  `prenom` varchar(50) NOT NULL DEFAULT '',
  `email` varchar(50) NOT NULL,
  `password` char(40) NOT NULL,
  `pagesize` int(50) NOT NULL,
  `time_debut` int(2) NOT NULL,
  `time_fin` int(2) NOT NULL,
  `agenda_defaultview` enum('agendaDay','agendaWeek','month') NOT NULL,
  `agenda_version` enum('1','2','3') NOT NULL,
  `agenda_deces` enum('all','vivant','deces') NOT NULL,
  `nav_bar` enum('text','icon','icon_text') NOT NULL,
  `agenda_width` int(11) NOT NULL,
  `agenda_height` int(11) NOT NULL,
  `quadrichromie` tinyint(1) NOT NULL,
  PRIMARY KEY (`id_personnel`),
  UNIQUE KEY `email` (`email`),
  KEY `nom` (`nom`),
  KEY `prenom` (`prenom`),
  KEY `password` (`password`)
) ENGINE=InnoDB AUTO_INCREMENT=8 DEFAULT CHARSET=utf8;

--
-- Dumping data for table `personnel`
--

INSERT INTO `personnel` VALUES (1,'TANGUY','Bernard','bmtanguy@gmail.com','7eb539084629cd66139ebdac9695cbb55ff12a7a',20,8,21,'agendaWeek','1','vivant','icon_text',1250,800,1),(2,'T.','Dominique','domtanguy@gmail.com','4bf9e4b5a739f3b10ce8cba959d1d609d3f0dd51',20,8,21,'agendaWeek','1','vivant','icon_text',1500,780,1),(3,'TANGUY','Maurice','mtanguy@gmail.com','18415785f1ab4c6d296eee056f44c1f75b0b69bd',40,8,21,'agendaWeek','1','vivant','icon_text',1550,900,1),(4,'TANGUY','David','datanguy@yahoo.fr','003c737fd4d1b922cbb00527617cca62c9c07efb',40,8,21,'agendaWeek','1','all','icon_text',1240,700,1),(5,'Tanguy','Pierre','tanpays@gmail.com','7110eda4d09e062aa5e4a390b0a572ac0d2c0220',20,8,21,'agendaWeek','1','vivant','icon_text',1500,780,1),(6,'TANGUY','B. J.','btanguy@gmail.com','36dea0e2bdb975e5a1bc01789137cb9a7f299ffe',40,8,21,'agendaWeek','1','vivant','icon_text',1450,900,1),(7,'TAMADOUM','Kemnda','kemnda@kt-expert.com','255ab4d80e2645bdca59651578857c399a2e12da',20,8,21,'agendaWeek','1','vivant','icon_text',1120,700,1);

--
-- Table structure for table `personnel_conges`
--

CREATE TABLE `personnel_conges` (
  `id_personnel_conge` int(11) NOT NULL AUTO_INCREMENT,
  `id_personnel` int(11) NOT NULL,
  `nom` varchar(255) NOT NULL,
  `datetime_debut` datetime NOT NULL,
  `datetime_fin` datetime NOT NULL,
  PRIMARY KEY (`id_personnel_conge`),
  KEY `id_personnel` (`id_personnel`),
  CONSTRAINT `personnel_conges_ibfk_1` FOREIGN KEY (`id_personnel`) REFERENCES `personnel` (`id_personnel`) ON UPDATE CASCADE
) ENGINE=InnoDB AUTO_INCREMENT=174 DEFAULT CHARSET=utf8;

--
-- Dumping data for table `personnel_conges`
--

INSERT INTO `personnel_conges` VALUES (1,1,'Congrès','2014-03-10 00:00:00','2014-03-16 23:59:00'),(2,4,'Congés - Paris','2014-03-17 00:00:00','2014-03-23 23:59:00'),(3,1,'Congrès','2014-04-16 00:00:00','2014-04-20 23:59:00'),(4,2,'Congés','2014-04-23 00:00:00','2014-05-05 23:59:00'),(5,1,'Congrès SAV','2014-06-10 00:00:00','2014-06-16 23:59:00'),(6,6,'Assemblée Régionale','2014-07-18 00:00:00','2014-07-20 23:59:00'),(7,1,'Assemblée Régionale','2014-07-18 00:00:00','2014-07-20 23:59:00'),(8,2,'Assemblée Régionale','2014-07-18 00:00:00','2014-07-20 23:59:00'),(9,3,'Assemblée Régionale','2014-07-18 00:00:00','2014-07-20 23:59:00'),(10,3,'Permis de Conduire ;)','2014-08-07 00:00:00','2014-08-07 23:59:00'),(11,1,'Voyage MRU','2014-09-05 00:00:00','2014-09-07 23:59:00'),(12,6,'Dec2014 - Jan2015','2014-12-13 00:00:00','2015-01-11 23:59:00'),(13,3,'COGOHR','2014-09-15 00:00:00','2014-09-16 23:59:00'),(14,6,'Dentiste','2014-11-10 13:00:00','2014-11-10 18:00:00'),(15,6,'COGOHR','2014-09-15 00:00:00','2014-09-16 23:59:00'),(16,4,'Dec2014 - Jan2015 ','2014-12-13 00:00:00','2015-01-11 23:59:00'),(17,1,'La Rochelle / Paris / Nancy','2014-10-17 00:00:00','2014-10-22 23:59:00'),(18,1,'congrès spoi','2014-11-25 00:00:00','2014-11-28 23:59:00'),(19,1,'Congrès SPLF','2015-01-29 00:00:00','2015-02-04 23:59:00'),(20,2,'Voyage Nancy','2015-02-07 00:00:00','2015-02-26 23:59:00'),(21,2,'cs Dr Desgane niveau 4piece d\'identité, justificatif d\'adresse','2015-03-04 10:20:00','2015-03-04 11:20:00'),(22,6,'Formation sommeil','2015-06-13 00:00:00','2015-06-20 23:59:00'),(23,2,'Dentiste Akoon','2015-04-10 15:45:00','2015-04-10 16:45:00'),(24,6,'Formation AFGSU1','2015-08-27 00:00:00','2015-08-28 23:59:00'),(25,1,'Assemblée Régionale 2015','2015-07-24 00:00:00','2015-07-26 23:59:00'),(27,6,'Assemblée Régionale 2015','2015-07-24 00:00:00','2015-07-26 23:59:00'),(28,2,'Assemblée Régionale 2015','2015-07-24 00:00:00','2015-07-26 23:59:00'),(29,1,'congés pré-assemblée 2015','2015-07-23 00:00:00','2015-07-23 23:59:00'),(30,2,'congés pré-assemblée 2015','2015-07-23 00:00:00','2015-07-23 23:59:00'),(31,6,'congés pré-assemblée 2015','2015-07-23 00:00:00','2015-07-23 23:59:00'),(32,1,'congés post-assemblée 2015','2015-07-27 00:00:00','2015-07-27 23:59:00'),(33,2,'congés post-assemblée 2015','2015-07-27 00:00:00','2015-07-27 23:59:00'),(34,6,'congés post-assemblée 2015','2015-07-27 00:00:00','2015-07-27 23:59:00'),(35,2,'Formation AFGSU2','2015-09-16 00:00:00','2015-09-18 23:59:00'),(36,1,'Voyage Ile Maurice','2015-05-07 00:00:00','2015-05-10 23:59:00'),(37,3,'été 2015','2015-07-13 00:00:00','2015-07-26 23:59:00'),(38,6,'Dentiste','2015-05-18 14:30:00','2015-05-18 16:30:00'),(39,2,'Kiné','2015-05-26 15:00:00','2015-05-26 16:00:00'),(40,6,'Dentiste','2015-05-29 09:45:00','2015-05-29 11:45:00'),(41,6,'Semaine spéciale','2015-06-23 00:00:00','2015-06-28 23:59:00'),(42,2,'Dentiste','2015-06-25 14:45:00','2015-06-11 16:30:00'),(43,1,'Centre de Reeducation Fonctionnel - Bohringer','2015-06-25 13:00:00','2015-06-25 23:59:00'),(44,1,'RV Anesthésiste','2015-07-03 09:00:00','2015-07-03 10:30:00'),(47,2,'Rdv savs indispensable','2015-07-31 08:00:00','2015-07-31 13:05:00'),(48,2,'kiné','2015-07-17 10:30:00','2015-07-17 12:00:00'),(49,2,'kiné','2015-07-20 16:00:00','2015-07-20 16:30:00'),(50,6,'pas de rdv le jeudi matin','2015-09-24 00:00:00','2015-09-24 13:00:00'),(51,1,'ERS','2015-09-25 00:00:00','2015-10-04 23:59:00'),(53,1,'Congrès SPOI Tana','2015-12-09 00:00:00','2015-12-11 23:59:00'),(54,1,'AztraZeneca - Diabete et SAS','2015-10-08 16:30:00','2015-10-08 23:59:00'),(55,1,'Rdv Dr. Fremont','2015-08-28 09:00:00','2015-08-28 12:00:00'),(56,2,'Congrès SPOI Tana','2015-12-09 00:00:00','2015-12-11 23:59:00'),(57,2,'kine','2015-08-17 15:00:00','2015-08-17 15:30:00'),(58,2,'kiné','2015-08-24 15:00:00','2015-08-24 15:30:00'),(59,2,'kiné','2015-08-31 15:00:00','2015-08-31 15:30:00'),(60,1,'Arpentage terrain Jean Claude','2015-08-27 13:00:00','2015-08-27 14:00:00'),(61,1,'Rendez vous préparation de la Réunion du 8 octobre Dr. SOUYRIS 0262 94 12 88','2015-09-17 14:00:00','2015-09-17 15:00:00'),(62,6,'Congrès Sommeil Nantes','2015-11-16 00:00:00','2015-11-22 23:59:00'),(63,6,'Semaine spéciale, juin 2016','2016-05-31 00:00:00','2016-06-03 23:59:00'),(64,2,'dentiste','2015-08-27 14:00:00','2015-08-27 15:00:00'),(65,1,'kiné guéselin','2015-08-24 17:30:00','2015-08-24 18:00:00'),(66,1,'Kiné La Source','2015-09-08 17:00:00','2015-09-08 18:00:00'),(67,2,'Entretien infirmier','2015-09-15 13:40:00','2015-09-15 14:15:00'),(68,1,'kiné','2015-10-08 17:00:00','2015-10-08 18:00:00'),(69,1,'kiné','2015-10-09 17:00:00','2015-10-09 18:00:00'),(70,6,'Convocation : entretien infirmier','2015-10-22 13:00:00','2015-10-22 14:00:00'),(71,1,'CS Vaccination Madagascar','2015-10-26 11:50:00','2015-10-26 12:20:00'),(72,2,'CS Vaccin Madagas...','2015-10-26 11:30:00','2015-10-26 12:00:00'),(73,1,'semaine spéciale','2015-11-17 08:00:00','2015-10-25 18:59:00'),(74,1,'Dentiste','2015-11-06 12:45:00','2015-11-06 14:15:00'),(75,3,'Marche','2015-12-14 00:00:00','2015-12-14 23:59:00'),(76,1,'prédication salle','2015-11-20 16:00:00','2015-11-20 16:00:00'),(78,1,'kine','2015-10-30 10:00:00','2015-10-30 11:00:00'),(82,1,'kine','2015-11-05 17:00:00','2015-11-05 18:00:00'),(84,1,'kiné','2015-11-06 17:00:00','2015-11-06 18:00:00'),(86,2,'kiné','2015-10-27 15:00:00','2015-10-27 16:00:00'),(88,1,'kine','2015-11-03 17:00:00','2015-11-03 18:00:00'),(89,1,'kine','2015-11-10 17:00:00','2015-11-10 17:00:00'),(90,1,'kine','2015-11-12 17:30:00','2015-11-12 18:00:00'),(91,1,'kine','2015-11-13 17:00:00','2015-11-13 18:00:00'),(92,2,'WAI HOI','2015-12-18 00:00:00','2015-12-18 10:30:00'),(93,1,'CLH','2016-01-20 14:00:00','2016-01-20 23:59:00'),(94,1,'CPLH','2016-01-28 00:00:00','2016-02-02 23:59:00'),(95,6,'Congrès SFRMS, Strasbourg','2016-11-11 11:00:00','2016-11-20 20:20:00'),(96,1,'ERS, London','2016-09-03 00:00:00','2016-09-09 23:59:00'),(97,1,'Congrès SAV, La Rochelle - Quelle machine, quel réglage et accessoires','2016-06-16 00:00:00','2016-06-18 23:59:00'),(98,6,'La pratique de polygraphie et de la polysomnographie, Briancon','2016-02-29 00:00:00','2016-03-07 12:00:00'),(100,1,'soins dentaires','2016-01-11 16:40:00','2016-01-11 17:30:00'),(101,6,'apprentissage CIDELEC - SOS Oxy','2016-02-03 00:00:00','2016-02-03 23:59:00'),(102,1,'Assemblée District','2016-07-07 08:00:00','2016-07-10 23:00:00'),(103,2,'coiffeur','2016-01-15 16:00:00','2016-01-15 23:59:00'),(104,1,'Drentiste','2016-02-26 12:00:00','2016-02-26 15:00:00'),(105,2,'Rhumatholoque 23 J AUBERT F 21 65 34','2016-02-12 10:15:00','2016-02-12 12:00:00'),(106,6,'Dentiste','2016-03-18 00:00:00','2016-03-18 13:00:00'),(108,2,'Congés en métro Pierre','2016-04-30 06:45:00','2016-05-13 19:30:00'),(109,2,'prédication','2016-03-10 13:10:00','2016-03-10 15:15:00'),(110,2,'Prédication','2016-03-17 13:30:00','2016-03-17 15:15:00'),(112,1,'Cs O^phtalmo Dr villeroy','2016-04-06 11:00:00','2016-04-06 11:29:00'),(113,1,'Cs stomato Dr Vives','2016-04-15 11:31:00','2016-04-15 12:00:00'),(114,6,'Dentiste','2016-04-07 11:00:00','2016-04-07 14:30:00'),(115,6,'code','2016-05-25 14:00:00','2016-05-26 14:30:00'),(117,1,'Férié','2016-07-14 08:00:00','2016-07-14 18:00:00'),(118,1,'nouvellle locataire','2016-04-29 11:00:00','2016-04-29 12:00:00'),(119,6,'Dentiste','2016-09-02 08:00:00','2016-09-02 12:00:00'),(121,1,'vacances à Maurice','2016-07-14 08:00:00','2016-07-17 20:00:00'),(122,6,'prédication','2016-06-23 08:00:00','2016-06-23 23:59:00'),(123,1,'ass cir  ','2016-11-04 00:00:00','2016-11-05 23:59:00'),(126,2,'TPS','2016-08-01 14:15:00','2016-08-01 16:30:00'),(127,2,'TPS','2016-08-08 14:15:00','2016-08-08 17:00:00'),(128,1,'LONDRES','2016-09-02 08:00:00','2016-09-02 23:59:00'),(129,1,'congrès SPOI','2016-11-30 08:00:00','2016-12-03 20:20:00'),(130,1,'Fête Cafre','2016-12-20 08:00:00','2016-12-20 18:00:00'),(131,1,'RV Avocat','2016-09-15 16:35:00','2016-09-15 18:00:00'),(132,1,'TAMADOUM','2016-10-06 17:00:00','2016-10-06 18:30:00'),(133,2,'TPS','2016-09-25 16:00:00','2016-09-25 17:00:00'),(134,2,'TPS','2016-10-01 10:00:00','2016-10-01 11:00:00'),(135,1,'Kiné','2016-09-23 07:00:00','2016-09-23 07:30:00'),(136,5,'Congés','2016-12-19 08:30:00','2016-12-19 16:30:00'),(137,2,'dr Le Goc','2016-09-30 10:30:00','2016-09-30 23:59:00'),(138,2,'Dentiste','2016-10-24 15:45:00','2016-10-24 23:01:00'),(140,1,'SEMAINE SPÉCIALE','2017-02-02 00:00:00','2017-02-05 23:59:00'),(141,1,'Dominyc0262 204 402','2016-10-14 10:30:00','2016-10-14 11:45:00'),(142,2,'TPS','2016-10-26 15:00:00','2016-10-26 16:00:00'),(143,2,'séjour métropole','2017-02-06 00:00:00','2017-02-16 23:59:00'),(144,1,'congrès Strasbourg','2016-11-11 11:00:00','2016-11-19 20:20:00'),(146,5,'Congé réunion pour formation','2017-01-30 09:05:00','2017-01-30 15:30:00'),(147,6,'SAA - Semaine d\'Activité Acrue','2017-01-18 08:00:00','2017-01-22 17:00:00'),(148,1,'Congres CPLF Marseille','2017-01-26 08:00:00','2017-01-29 17:00:00'),(149,2,'mammographie : Mascarel','2017-01-23 07:45:00','2017-01-23 08:45:00'),(150,1,'Mémorial','2017-04-11 08:05:00','2017-04-11 17:00:00'),(151,6,'Rdv ophtalmo','2017-03-15 10:00:00','2017-03-15 13:00:00'),(152,6,'SAA','2017-05-24 00:00:00','2017-05-28 23:59:00'),(153,1,'Assemblée Régionale','2017-08-03 00:00:00','2017-08-07 23:59:00'),(154,2,'Assemblée Régionale','2017-08-03 00:00:00','2017-08-07 23:59:00'),(155,6,'Assemblée Régionale','2017-08-03 00:00:00','2017-08-07 23:59:00'),(157,1,'Allergo Nancy NATA Florence','2017-04-17 00:00:00','2017-04-23 23:59:00'),(158,1,'jour férié','2017-06-05 00:00:00','2017-06-05 23:59:00'),(159,1,'Victoire 1945','2017-05-08 00:00:00','2017-05-08 23:30:00'),(160,5,'Rv médical important','2017-03-23 08:28:00','2017-03-23 16:30:00'),(161,1,'14 Juillet','2017-07-14 14:00:00','2017-07-14 17:15:00'),(162,1,'1er Mai','2017-05-01 08:30:00','2017-05-01 17:30:00'),(163,1,'semaine spéciale','2017-06-14 08:00:00','2016-06-16 23:59:00'),(164,1,'A Maurice et Eléonore','2017-05-05 10:15:00','2017-05-05 11:00:00'),(165,2,'dentiste','2017-05-10 15:00:00','2017-05-10 17:00:00'),(166,2,'dentiste','2017-05-17 15:00:00','2017-05-17 17:00:00'),(167,2,'dentiste','2017-05-24 15:00:00','2017-05-24 17:00:00'),(168,2,'dentiste','2017-05-31 15:00:00','2017-05-31 17:00:00'),(169,1,'congès métropole','2017-04-24 08:30:00','2017-04-24 12:00:00'),(170,2,'dentiste','2017-06-07 15:00:00','2017-06-07 17:00:00'),(171,2,'ORL','2017-04-27 14:30:00','2017-04-27 17:00:00'),(172,5,'Congés du à l\'absence  du Dr Tanguy','2017-04-19 09:00:00','2017-04-21 16:30:00');

--
-- Table structure for table `personnel_obligatoire_services`
--

CREATE TABLE `personnel_obligatoire_services` (
  `id_personnel` int(11) NOT NULL,
  `id_type_rendez_vous` int(11) NOT NULL,
  PRIMARY KEY (`id_personnel`,`id_type_rendez_vous`),
  KEY `id_service` (`id_type_rendez_vous`),
  CONSTRAINT `personnel_obligatoire_services_ibfk_1` FOREIGN KEY (`id_personnel`) REFERENCES `personnel` (`id_personnel`) ON UPDATE CASCADE,
  CONSTRAINT `personnel_obligatoire_services_ibfk_2` FOREIGN KEY (`id_type_rendez_vous`) REFERENCES `type_rendez_vous` (`id_type_rendez_vous`) ON UPDATE CASCADE
) ENGINE=InnoDB DEFAULT CHARSET=utf8;

--
-- Dumping data for table `personnel_obligatoire_services`
--

INSERT INTO `personnel_obligatoire_services` VALUES (1,1),(6,3),(6,4),(6,5);

--
-- Table structure for table `personnel_services_agenda`
--

CREATE TABLE `personnel_services_agenda` (
  `id_personnel` int(11) NOT NULL,
  `id_service` int(11) NOT NULL,
  PRIMARY KEY (`id_personnel`,`id_service`),
  KEY `id_service` (`id_service`),
  CONSTRAINT `personnel_services_agenda_ibfk_2` FOREIGN KEY (`id_personnel`) REFERENCES `personnel` (`id_personnel`) ON UPDATE CASCADE,
  CONSTRAINT `personnel_services_agenda_ibfk_3` FOREIGN KEY (`id_service`) REFERENCES `services` (`id_service`) ON UPDATE CASCADE
) ENGINE=InnoDB DEFAULT CHARSET=utf8;

--
-- Dumping data for table `personnel_services_agenda`
--

INSERT INTO `personnel_services_agenda` VALUES (1,1),(2,1),(3,1),(4,1),(5,1),(6,1),(1,2),(2,2),(3,2),(4,2),(5,2),(6,2),(1,3),(2,3),(3,3),(4,3),(5,3),(6,3),(1,4),(2,4),(3,4),(4,4),(5,4),(6,4),(1,5),(2,5),(3,5),(4,5),(5,5),(6,5),(1,6),(4,6),(7,6),(4,7);

--
-- Table structure for table `personnel_type_rendez_vous`
--

CREATE TABLE `personnel_type_rendez_vous` (
  `id_personnel` int(11) NOT NULL,
  `id_type_rendez_vous` int(11) NOT NULL,
  PRIMARY KEY (`id_personnel`,`id_type_rendez_vous`),
  KEY `id_type_rendez_vous` (`id_type_rendez_vous`),
  CONSTRAINT `personnel_type_rendez_vous_ibfk_1` FOREIGN KEY (`id_personnel`) REFERENCES `personnel` (`id_personnel`) ON UPDATE CASCADE,
  CONSTRAINT `personnel_type_rendez_vous_ibfk_2` FOREIGN KEY (`id_type_rendez_vous`) REFERENCES `type_rendez_vous` (`id_type_rendez_vous`) ON UPDATE CASCADE
) ENGINE=InnoDB DEFAULT CHARSET=utf8;

--
-- Dumping data for table `personnel_type_rendez_vous`
--

INSERT INTO `personnel_type_rendez_vous` VALUES (1,4),(2,4),(3,4),(4,4),(6,4),(1,5),(2,5),(3,5),(4,5),(6,5);

--
-- Table structure for table `personnel_type_rendez_vous_groupe`
--

CREATE TABLE `personnel_type_rendez_vous_groupe` (
  `id_personnel` int(11) NOT NULL,
  `id_type_rendez_vous_groupe` int(11) NOT NULL,
  PRIMARY KEY (`id_personnel`,`id_type_rendez_vous_groupe`),
  KEY `id_type_rendez_vous_groupe` (`id_type_rendez_vous_groupe`),
  CONSTRAINT `personnel_type_rendez_vous_groupe_ibfk_1` FOREIGN KEY (`id_personnel`) REFERENCES `personnel` (`id_personnel`) ON UPDATE CASCADE,
  CONSTRAINT `personnel_type_rendez_vous_groupe_ibfk_2` FOREIGN KEY (`id_type_rendez_vous_groupe`) REFERENCES `type_rendez_vous_groupe` (`id_type_rendez_vous_groupe`) ON UPDATE CASCADE
) ENGINE=InnoDB DEFAULT CHARSET=utf8;

--
-- Dumping data for table `personnel_type_rendez_vous_groupe`
--

INSERT INTO `personnel_type_rendez_vous_groupe` VALUES (1,1),(2,1),(4,1),(6,1),(1,2),(2,2),(4,2),(6,2),(1,3),(2,3),(4,3),(6,3),(2,4),(6,4);

--
-- Table structure for table `services`
--

CREATE TABLE `services` (
  `id_service` int(11) NOT NULL AUTO_INCREMENT,
  `service` varchar(40) NOT NULL,
  `icon` varchar(100) NOT NULL,
  `icon_color` char(6) NOT NULL,
  PRIMARY KEY (`id_service`),
  KEY `service` (`service`)
) ENGINE=InnoDB AUTO_INCREMENT=8 DEFAULT CHARSET=utf8;

--
-- Dumping data for table `services`
--

INSERT INTO `services` VALUES (1,'home','fa-home','50CBEF'),(2,'recherche','fa-user','5982CF'),(3,'agenda','fa-calendar','E6564E'),(4,'courrier','fa-user-md','53B15B'),(5,'gestion','fa-wrench','50CBEF'),(6,'banque','fa-money','598D67'),(7,'admin','fa-cog','CFCFCF');

--
-- Table structure for table `services_menus`
--

CREATE TABLE `services_menus` (
  `id_menu` int(11) NOT NULL AUTO_INCREMENT,
  `id_service` int(11) NOT NULL,
  `menu` varchar(255) NOT NULL,
  `url` varchar(255) NOT NULL,
  PRIMARY KEY (`id_menu`),
  KEY `id_service` (`id_service`),
  CONSTRAINT `services_menus_ibfk_1` FOREIGN KEY (`id_service`) REFERENCES `services` (`id_service`) ON UPDATE CASCADE
) ENGINE=InnoDB AUTO_INCREMENT=21 DEFAULT CHARSET=utf8;

--
-- Dumping data for table `services_menus`
--

INSERT INTO `services_menus` VALUES (1,1,'Home','/cabinet/home/index.php'),(4,2,'Recherche','/cabinet/consultations/index.php'),(5,3,'Agenda','/cabinet/agenda/index.php'),(7,4,'Courrier medecin','/cabinet/medecins/courrier/index.php'),(8,5,'Statistiques','/cabinet/gestion/statistiques/index.php'),(9,5,'Actes','/cabinet/gestion/actes/index.php'),(10,5,'Médicaments','/cabinet/gestion/medicaments/index.php'),(11,5,'Alertes EFR','/cabinet/gestion/alertes/alertes_EFR.php'),(12,5,'Vos feuillets','/cabinet/gestion/vos_feuillets/index.php'),(13,5,'Parametres','/cabinet/gestion/parametres/parametres/index.php'),(14,5,'Mutelles','/cabinet/gestion/mutuelles/index.php'),(15,5,'Congés','/cabinet/gestion/conges/index.php'),(16,5,'Doublons / Intellio','/cabinet/gestion/intellio/index.php?date_consultation%5B0%5D=1'),(17,6,'Comptes bancaires','/cabinet/comptes_bancaires/index.php'),(18,7,'Monitoring',''),(19,7,'Services / Menus','/cabinet/admin/menus/index.php'),(20,7,'Base de données','/cabinet/admin/base_de_donnee/index.php');

--
-- Table structure for table `services_ss_menus`
--

CREATE TABLE `services_ss_menus` (
  `id_ss_menu` int(11) NOT NULL AUTO_INCREMENT,
  `id_menu` int(11) NOT NULL,
  `ss_menu` varchar(255) NOT NULL,
  `url` varchar(255) NOT NULL,
  `query_string` varchar(255) NOT NULL,
  `icon` varchar(255) NOT NULL,
  PRIMARY KEY (`id_ss_menu`),
  KEY `id_menu` (`id_menu`),
  CONSTRAINT `services_ss_menus_ibfk_1` FOREIGN KEY (`id_menu`) REFERENCES `services_menus` (`id_menu`) ON UPDATE CASCADE
) ENGINE=InnoDB AUTO_INCREMENT=11 DEFAULT CHARSET=utf8;

--
-- Dumping data for table `services_ss_menus`
--

INSERT INTO `services_ss_menus` VALUES (1,13,'Parametres','/cabinet/gestion/parametres/parametres/index.php','',''),(2,13,'Couleurs','/cabinet/gestion/parametres/couleurs/index.php','',''),(3,18,'Info sur le système','/cabinet/admin/monitoring/info_systeme/index.php','display_all_config_value=0',''),(4,18,'Log erreurs','/cabinet/admin/monitoring/error_log/index.php','',''),(5,18,'Erreurs SQL','/cabinet/admin/monitoring/sql_error_log/index.php','',''),(6,18,'Erreur num lignes SQL','/cabinet/admin/monitoring/sql_numrows_log/index.php','',''),(7,18,'Log PHP','/cabinet/admin/monitoring/php_errors/index.php','',''),(8,18,'Log apache','/cabinet/admin/monitoring/apache_errors/index.php','',''),(9,18,'Log authentification','/cabinet/admin/monitoring/authentification_log/index.php','',''),(10,18,'SNMP','/cabinet/admin/monitoring/snmp/index.php','ip=192.168.2.68','');

--
-- Table structure for table `type_rendez_vous`
--

CREATE TABLE `type_rendez_vous` (
  `id_type_rendez_vous` int(11) NOT NULL,
  `id_type_rendez_vous_groupe` int(11) NOT NULL,
  `intitule` varchar(50) NOT NULL,
  `abrege` varchar(5) NOT NULL,
  `duree_minutes` int(11) NOT NULL,
  `previsionnel` decimal(6,2) NOT NULL,
  `background_color` char(6) NOT NULL,
  `border_color` char(6) NOT NULL,
  PRIMARY KEY (`id_type_rendez_vous`),
  KEY `id_type_rendez_vous_groupe` (`id_type_rendez_vous_groupe`),
  CONSTRAINT `type_rendez_vous_ibfk_1` FOREIGN KEY (`id_type_rendez_vous_groupe`) REFERENCES `type_rendez_vous_groupe` (`id_type_rendez_vous_groupe`) ON UPDATE CASCADE
) ENGINE=InnoDB DEFAULT CHARSET=utf8;

--
-- Dumping data for table `type_rendez_vous`
--

INSERT INTO `type_rendez_vous` VALUES (1,1,'Consultation','Cs',30,32.60,'9CC773','73C61F'),(2,1,'Dépression','Depr',30,69.12,'339900','336633'),(3,2,'EFR','EFR',30,76.80,'FFF7DE','FFC10A'),(4,2,'Polygraphie Ventilatoire','PV',60,145.92,'CECBE7','8277E5'),(5,2,'Polysomnographie','PSG',60,214.27,'CE80E7','8277E5'),(6,3,'PPC','PPC',60,32.60,'33CCFF','8277E5'),(7,3,'TM6','TM6',60,32.60,'66FFFF','8277E5'),(8,4,'Autre','Autr',60,32.60,'0094FF','004A7F');

--
-- Table structure for table `type_rendez_vous_groupe`
--

CREATE TABLE `type_rendez_vous_groupe` (
  `id_type_rendez_vous_groupe` int(11) NOT NULL,
  `intitule` varchar(50) CHARACTER SET latin1 NOT NULL,
  PRIMARY KEY (`id_type_rendez_vous_groupe`)
) ENGINE=InnoDB DEFAULT CHARSET=utf8;

--
-- Dumping data for table `type_rendez_vous_groupe`
--

INSERT INTO `type_rendez_vous_groupe` VALUES (1,'Cs'),(2,'EFR Som'),(3,'PPC TM6'),(4,'Autre');


